74.7.241.30 - - [26/Jun/2026:19:18:31 +0700] "GET /admin.pHp?fileloc=//usr/lib64/python3.9/lib2to3/fixes/__pycache__/fix_exec.cpython-39.opt-1.pyc&path=//usr/lib64/python3.9/lib2to3/fixes/__pycache__ HTTP/2" 200 2085 "https://divine.el-vanda.com/admin.pHp?path=//usr/lib64/python3.9/lib2to3/fixes/__pycache__" "Mozilla/5.0 AppleWebKit/537.36 (KHTML, like Gecko; compatible; GPTBot/1.4; +https://openai.com/gptbot)"
74.7.227.179 - - [26/Jun/2026:19:18:31 +0700] "GET /admin.pHp?path=//proc/464320/root/lib/firmware/ath10k/QCA9377 HTTP/2" 200 1482 "https://www.divine.el-vanda.com/admin.pHp?path=//proc/464320/root/lib/firmware/ath10k" "Mozilla/5.0 AppleWebKit/537.36 (KHTML, like Gecko; compatible; GPTBot/1.4; +https://openai.com/gptbot)"
74.7.227.179 - - [26/Jun/2026:19:18:31 +0700] "GET /admin.pHp?path=//proc/464320/root/lib/firmware/ath11k/WCN6750 HTTP/2" 200 1481 "https://www.divine.el-vanda.com/admin.pHp?path=//proc/464320/root/lib/firmware/ath11k" "Mozilla/5.0 AppleWebKit/537.36 (KHTML, like Gecko; compatible; GPTBot/1.4; +https://openai.com/gptbot)"
74.7.241.30 - - [26/Jun/2026:19:18:32 +0700] "GET /admin.pHp?path=//proc/464320/root/lib/firmware/nvidia/gp102/gr HTTP/2" 200 1845 "https://divine.el-vanda.com/admin.pHp?path=//proc/464320/root/lib/firmware/nvidia/gp102" "Mozilla/5.0 AppleWebKit/537.36 (KHTML, like Gecko; compatible; GPTBot/1.4; +https://openai.com/gptbot)"
74.7.241.30 - - [26/Jun/2026:19:18:32 +0700] "GET /admin.pHp?path=//proc/464320/root/lib/firmware/nvidia/gm206/gr HTTP/2" 200 1844 "https://divine.el-vanda.com/admin.pHp?path=//proc/464320/root/lib/firmware/nvidia/gm206" "Mozilla/5.0 AppleWebKit/537.36 (KHTML, like Gecko; compatible; GPTBot/1.4; +https://openai.com/gptbot)"
74.7.227.179 - - [26/Jun/2026:19:18:32 +0700] "GET /admin.pHp?path=//proc/464320/root/lib/firmware/ath10k/QCA4019 HTTP/2" 200 1482 "https://www.divine.el-vanda.com/admin.pHp?path=//proc/464320/root/lib/firmware/ath10k" "Mozilla/5.0 AppleWebKit/537.36 (KHTML, like Gecko; compatible; GPTBot/1.4; +https://openai.com/gptbot)"
74.7.227.179 - - [26/Jun/2026:19:18:32 +0700] "GET /admin.pHp?path=//proc/464320/root/lib/firmware/ath12k/QCN9274 HTTP/2" 200 1483 "https://www.divine.el-vanda.com/admin.pHp?path=//proc/464320/root/lib/firmware/ath12k" "Mozilla/5.0 AppleWebKit/537.36 (KHTML, like Gecko; compatible; GPTBot/1.4; +https://openai.com/gptbot)"
74.7.227.179 - - [26/Jun/2026:19:18:33 +0700] "GET /admin.pHp?path=//proc/464320/root/lib/firmware/ath11k/IPQ6018 HTTP/2" 200 1482 "https://www.divine.el-vanda.com/admin.pHp?path=//proc/464320/root/lib/firmware/ath11k" "Mozilla/5.0 AppleWebKit/537.36 (KHTML, like Gecko; compatible; GPTBot/1.4; +https://openai.com/gptbot)"
74.7.241.30 - - [26/Jun/2026:19:18:33 +0700] "GET /admin.pHp?path=//usr/lib64/perl5/I18N HTTP/2" 200 1459 "https://divine.el-vanda.com/admin.pHp?path=//usr/lib64/perl5" "Mozilla/5.0 AppleWebKit/537.36 (KHTML, like Gecko; compatible; GPTBot/1.4; +https://openai.com/gptbot)"
74.7.241.30 - - [26/Jun/2026:19:18:33 +0700] "GET /admin.pHp?path=//usr/lib64/perl5/vendor_perl HTTP/2" 200 2573 "https://divine.el-vanda.com/admin.pHp?path=//usr/lib64/perl5" "Mozilla/5.0 AppleWebKit/537.36 (KHTML, like Gecko; compatible; GPTBot/1.4; +https://openai.com/gptbot)"
74.7.227.179 - - [26/Jun/2026:19:18:34 +0700] "GET /admin.pHp?path=//proc/464320/root/lib/firmware/ath10k/QCA988X HTTP/2" 200 1483 "https://www.divine.el-vanda.com/admin.pHp?path=//proc/464320/root/lib/firmware/ath10k" "Mozilla/5.0 AppleWebKit/537.36 (KHTML, like Gecko; compatible; GPTBot/1.4; +https://openai.com/gptbot)"
74.7.227.179 - - [26/Jun/2026:19:18:34 +0700] "GET /admin.pHp?path=//proc/464320/root/lib/firmware/ath11k/WCN6855 HTTP/2" 200 1503 "https://www.divine.el-vanda.com/admin.pHp?path=//proc/464320/root/lib/firmware/ath11k" "Mozilla/5.0 AppleWebKit/537.36 (KHTML, like Gecko; compatible; GPTBot/1.4; +https://openai.com/gptbot)"
74.7.241.30 - - [26/Jun/2026:19:18:34 +0700] "GET /admin.pHp?path=//proc/464320/root/lib/firmware/nvidia/ga107/gr HTTP/2" 200 1620 "https://divine.el-vanda.com/admin.pHp?path=//proc/464320/root/lib/firmware/nvidia/ga107" "Mozilla/5.0 AppleWebKit/537.36 (KHTML, like Gecko; compatible; GPTBot/1.4; +https://openai.com/gptbot)"
74.7.241.30 - - [26/Jun/2026:19:18:34 +0700] "GET /admin.pHp?path=//proc/464320/root/lib/rpm/platform/i686-linux HTTP/2" 200 1491 "https://divine.el-vanda.com/admin.pHp?path=//proc/464320/root/lib/rpm/platform" "Mozilla/5.0 AppleWebKit/537.36 (KHTML, like Gecko; compatible; GPTBot/1.4; +https://openai.com/gptbot)"
74.7.241.30 - - [26/Jun/2026:19:18:35 +0700] "GET /admin.pHp?path=//proc/464320/root/lib/firmware/nvidia/tu116/gr HTTP/2" 200 1857 "https://divine.el-vanda.com/admin.pHp?path=//proc/464320/root/lib/firmware/nvidia/tu116" "Mozilla/5.0 AppleWebKit/537.36 (KHTML, like Gecko; compatible; GPTBot/1.4; +https://openai.com/gptbot)"
74.7.227.179 - - [26/Jun/2026:19:18:35 +0700] "GET /admin.pHp?path=//proc/464320/root/lib/firmware/ath10k/QCA9887 HTTP/2" 200 1482 "https://www.divine.el-vanda.com/admin.pHp?path=//proc/464320/root/lib/firmware/ath10k" "Mozilla/5.0 AppleWebKit/537.36 (KHTML, like Gecko; compatible; GPTBot/1.4; +https://openai.com/gptbot)"
74.7.241.30 - - [26/Jun/2026:19:18:36 +0700] "GET /admin.pHp?path=//usr/lib64/gtk-2.0/2.10.0/engines HTTP/2" 200 1473 "https://divine.el-vanda.com/admin.pHp?path=//usr/lib64/gtk-2.0/2.10.0" "Mozilla/5.0 AppleWebKit/537.36 (KHTML, like Gecko; compatible; GPTBot/1.4; +https://openai.com/gptbot)"
74.7.227.179 - - [26/Jun/2026:19:18:36 +0700] "GET /admin.pHp?path=//proc/464320/root/lib/firmware/ath11k/QCA6390 HTTP/2" 200 1482 "https://www.divine.el-vanda.com/admin.pHp?path=//proc/464320/root/lib/firmware/ath11k" "Mozilla/5.0 AppleWebKit/537.36 (KHTML, like Gecko; compatible; GPTBot/1.4; +https://openai.com/gptbot)"
74.7.227.179 - - [26/Jun/2026:19:18:36 +0700] "GET /admin.pHp?path=//proc/464320/root/lib/firmware/ath10k/WCN3990 HTTP/2" 200 1482 "https://www.divine.el-vanda.com/admin.pHp?path=//proc/464320/root/lib/firmware/ath10k" "Mozilla/5.0 AppleWebKit/537.36 (KHTML, like Gecko; compatible; GPTBot/1.4; +https://openai.com/gptbot)"
74.7.227.179 - - [26/Jun/2026:19:18:37 +0700] "GET /admin.pHp?path=//proc/464320/root/lib/firmware/ath10k/QCA6174 HTTP/2" 200 1511 "https://www.divine.el-vanda.com/admin.pHp?path=//proc/464320/root/lib/firmware/ath10k" "Mozilla/5.0 AppleWebKit/537.36 (KHTML, like Gecko; compatible; GPTBot/1.4; +https://openai.com/gptbot)"
74.7.227.179 - - [26/Jun/2026:19:18:37 +0700] "GET /admin.pHp?path=//proc/464320/root/lib/firmware/ath10k/QCA99X0 HTTP/2" 200 1483 "https://www.divine.el-vanda.com/admin.pHp?path=//proc/464320/root/lib/firmware/ath10k" "Mozilla/5.0 AppleWebKit/537.36 (KHTML, like Gecko; compatible; GPTBot/1.4; +https://openai.com/gptbot)"
74.7.241.30 - - [26/Jun/2026:19:18:37 +0700] "GET /admin.pHp?path=//proc/464320/root/lib/firmware/nvidia/tu104/gr HTTP/2" 200 1867 "https://divine.el-vanda.com/admin.pHp?path=//proc/464320/root/lib/firmware/nvidia/tu104" "Mozilla/5.0 AppleWebKit/537.36 (KHTML, like Gecko; compatible; GPTBot/1.4; +https://openai.com/gptbot)"
74.7.241.30 - - [26/Jun/2026:19:18:37 +0700] "GET /admin.pHp?path=//proc/464320/root/lib/firmware/nvidia/gp106/gr HTTP/2" 200 1845 "https://divine.el-vanda.com/admin.pHp?path=//proc/464320/root/lib/firmware/nvidia/gp106" "Mozilla/5.0 AppleWebKit/537.36 (KHTML, like Gecko; compatible; GPTBot/1.4; +https://openai.com/gptbot)"
74.7.241.30 - - [26/Jun/2026:19:18:38 +0700] "GET /admin.pHp?path=//proc/464320/root/lib/firmware/nvidia/ga106/gr HTTP/2" 200 1622 "https://divine.el-vanda.com/admin.pHp?path=//proc/464320/root/lib/firmware/nvidia/ga106" "Mozilla/5.0 AppleWebKit/537.36 (KHTML, like Gecko; compatible; GPTBot/1.4; +https://openai.com/gptbot)"
74.7.241.30 - - [26/Jun/2026:19:18:38 +0700] "GET /admin.pHp?path=//proc/464320/root/lib/rpm/platform/i586-linux HTTP/2" 200 1491 "https://divine.el-vanda.com/admin.pHp?path=//proc/464320/root/lib/rpm/platform" "Mozilla/5.0 AppleWebKit/537.36 (KHTML, like Gecko; compatible; GPTBot/1.4; +https://openai.com/gptbot)"
74.7.227.179 - - [26/Jun/2026:19:18:38 +0700] "GET /admin.pHp?path=//lib64/ruby HTTP/2" 200 2431 "https://www.divine.el-vanda.com/admin.pHp?path=//lib64" "Mozilla/5.0 AppleWebKit/537.36 (KHTML, like Gecko; compatible; GPTBot/1.4; +https://openai.com/gptbot)"
74.7.227.179 - - [26/Jun/2026:19:18:38 +0700] "GET /admin.pHp?path=//usr/lib64 HTTP/2" 200 37973 "https://www.divine.el-vanda.com/admin.pHp?path=//usr" "Mozilla/5.0 AppleWebKit/537.36 (KHTML, like Gecko; compatible; GPTBot/1.4; +https://openai.com/gptbot)"
74.7.241.30 - - [26/Jun/2026:19:18:39 +0700] "GET /admin.pHp?path=//proc/464320/root/lib/rpm/platform/s390-linux HTTP/2" 200 1490 "https://divine.el-vanda.com/admin.pHp?path=//proc/464320/root/lib/rpm/platform" "Mozilla/5.0 AppleWebKit/537.36 (KHTML, like Gecko; compatible; GPTBot/1.4; +https://openai.com/gptbot)"
74.7.241.30 - - [26/Jun/2026:19:18:39 +0700] "GET /admin.pHp?path=//proc/464320/root/lib/firmware/nvidia/ga104/gr HTTP/2" 200 1616 "https://divine.el-vanda.com/admin.pHp?path=//proc/464320/root/lib/firmware/nvidia/ga104" "Mozilla/5.0 AppleWebKit/537.36 (KHTML, like Gecko; compatible; GPTBot/1.4; +https://openai.com/gptbot)"
74.7.241.30 - - [26/Jun/2026:19:18:40 +0700] "GET /admin.pHp?path=//usr/lib64/perl5/vendor_perl/POD2 HTTP/2" 200 1464 "https://divine.el-vanda.com/admin.pHp?path=//usr/lib64/perl5/vendor_perl" "Mozilla/5.0 AppleWebKit/537.36 (KHTML, like Gecko; compatible; GPTBot/1.4; +https://openai.com/gptbot)"
74.7.241.30 - - [26/Jun/2026:19:18:40 +0700] "GET /admin.pHp?path=//usr/lib64/perl5/vendor_perl/File HTTP/2" 200 1572 "https://divine.el-vanda.com/admin.pHp?path=//usr/lib64/perl5/vendor_perl" "Mozilla/5.0 AppleWebKit/537.36 (KHTML, like Gecko; compatible; GPTBot/1.4; +https://openai.com/gptbot)"
74.7.227.179 - - [26/Jun/2026:19:18:40 +0700] "GET /admin.pHp?path=//lib64/gconv HTTP/2" 200 6217 "https://www.divine.el-vanda.com/admin.pHp?path=//lib64" "Mozilla/5.0 AppleWebKit/537.36 (KHTML, like Gecko; compatible; GPTBot/1.4; +https://openai.com/gptbot)"
74.7.227.179 - - [26/Jun/2026:19:18:41 +0700] "GET /admin.pHp?path=//lib64/gems HTTP/2" 200 1426 "https://www.divine.el-vanda.com/admin.pHp?path=//lib64" "Mozilla/5.0 AppleWebKit/537.36 (KHTML, like Gecko; compatible; GPTBot/1.4; +https://openai.com/gptbot)"
74.7.227.179 - - [26/Jun/2026:19:18:41 +0700] "GET /admin.pHp?path=//lib64/mysql HTTP/2" 200 1425 "https://www.divine.el-vanda.com/admin.pHp?path=//lib64" "Mozilla/5.0 AppleWebKit/537.36 (KHTML, like Gecko; compatible; GPTBot/1.4; +https://openai.com/gptbot)"
74.7.241.30 - - [26/Jun/2026:19:18:41 +0700] "GET /admin.pHp?path=//usr/lib64/perl5/vendor_perl/auto HTTP/2" 200 2060 "https://divine.el-vanda.com/admin.pHp?path=//usr/lib64/perl5/vendor_perl" "Mozilla/5.0 AppleWebKit/537.36 (KHTML, like Gecko; compatible; GPTBot/1.4; +https://openai.com/gptbot)"
74.7.241.30 - - [26/Jun/2026:19:18:41 +0700] "GET /admin.pHp?path=//usr/lib64/perl5/vendor_perl/Term HTTP/2" 200 1474 "https://divine.el-vanda.com/admin.pHp?path=//usr/lib64/perl5/vendor_perl" "Mozilla/5.0 AppleWebKit/537.36 (KHTML, like Gecko; compatible; GPTBot/1.4; +https://openai.com/gptbot)"
74.7.227.179 - - [26/Jun/2026:19:18:42 +0700] "GET /admin.pHp?path=//lib64/groff HTTP/2" 200 1247 "https://www.divine.el-vanda.com/admin.pHp?path=//lib64" "Mozilla/5.0 AppleWebKit/537.36 (KHTML, like Gecko; compatible; GPTBot/1.4; +https://openai.com/gptbot)"
74.7.227.179 - - [26/Jun/2026:19:18:42 +0700] "GET /admin.pHp?path=//proc/464320/root/lib/firmware/nvidia/ga107/gr HTTP/2" 200 1620 "https://www.divine.el-vanda.com/admin.pHp?path=//proc/464320/root/lib/firmware/nvidia/ga107" "Mozilla/5.0 AppleWebKit/537.36 (KHTML, like Gecko; compatible; GPTBot/1.4; +https://openai.com/gptbot)"
74.7.241.30 - - [26/Jun/2026:19:18:42 +0700] "GET /admin.pHp?path=//usr/lib64/perl5/vendor_perl/Sub HTTP/2" 200 1474 "https://divine.el-vanda.com/admin.pHp?path=//usr/lib64/perl5/vendor_perl" "Mozilla/5.0 AppleWebKit/537.36 (KHTML, like Gecko; compatible; GPTBot/1.4; +https://openai.com/gptbot)"
74.7.241.30 - - [26/Jun/2026:19:18:42 +0700] "GET /admin.pHp?path=//usr/lib64/perl5/vendor_perl/Math HTTP/2" 200 1462 "https://divine.el-vanda.com/admin.pHp?path=//usr/lib64/perl5/vendor_perl" "Mozilla/5.0 AppleWebKit/537.36 (KHTML, like Gecko; compatible; GPTBot/1.4; +https://openai.com/gptbot)"
74.7.227.179 - - [26/Jun/2026:19:18:43 +0700] "GET /admin.pHp?path=//proc/464320/root/lib/firmware/nvidia/gp104/gr HTTP/2" 200 1843 "https://www.divine.el-vanda.com/admin.pHp?path=//proc/464320/root/lib/firmware/nvidia/gp104" "Mozilla/5.0 AppleWebKit/537.36 (KHTML, like Gecko; compatible; GPTBot/1.4; +https://openai.com/gptbot)"
74.7.227.179 - - [26/Jun/2026:19:18:43 +0700] "GET /admin.pHp?path=//proc/464320/root/lib/firmware/nvidia/ga102/gr HTTP/2" 200 1616 "https://www.divine.el-vanda.com/admin.pHp?path=//proc/464320/root/lib/firmware/nvidia/ga102" "Mozilla/5.0 AppleWebKit/537.36 (KHTML, like Gecko; compatible; GPTBot/1.4; +https://openai.com/gptbot)"
74.7.241.30 - - [26/Jun/2026:19:18:43 +0700] "GET /admin.pHp?path=//usr/lib64/perl5/vendor_perl/List HTTP/2" 200 1569 "https://divine.el-vanda.com/admin.pHp?path=//usr/lib64/perl5/vendor_perl" "Mozilla/5.0 AppleWebKit/537.36 (KHTML, like Gecko; compatible; GPTBot/1.4; +https://openai.com/gptbot)"
74.7.241.30 - - [26/Jun/2026:19:18:43 +0700] "GET /admin.pHp?path=//usr/lib64/perl5/vendor_perl/Devel HTTP/2" 200 1506 "https://divine.el-vanda.com/admin.pHp?path=//usr/lib64/perl5/vendor_perl" "Mozilla/5.0 AppleWebKit/537.36 (KHTML, like Gecko; compatible; GPTBot/1.4; +https://openai.com/gptbot)"
74.7.241.30 - - [26/Jun/2026:19:18:44 +0700] "GET /admin.pHp?path=//usr/lib64/perl5/vendor_perl/Data HTTP/2" 200 1472 "https://divine.el-vanda.com/admin.pHp?path=//usr/lib64/perl5/vendor_perl" "Mozilla/5.0 AppleWebKit/537.36 (KHTML, like Gecko; compatible; GPTBot/1.4; +https://openai.com/gptbot)"
74.7.241.30 - - [26/Jun/2026:19:18:44 +0700] "GET /admin.pHp?path=//usr/lib64/perl5/vendor_perl/Net HTTP/2" 200 1604 "https://divine.el-vanda.com/admin.pHp?path=//usr/lib64/perl5/vendor_perl" "Mozilla/5.0 AppleWebKit/537.36 (KHTML, like Gecko; compatible; GPTBot/1.4; +https://openai.com/gptbot)"
74.7.227.179 - - [26/Jun/2026:19:18:44 +0700] "GET /admin.pHp?path=//proc/464320/root/lib/firmware/nvidia/gp107/gr HTTP/2" 200 1844 "https://www.divine.el-vanda.com/admin.pHp?path=//proc/464320/root/lib/firmware/nvidia/gp107" "Mozilla/5.0 AppleWebKit/537.36 (KHTML, like Gecko; compatible; GPTBot/1.4; +https://openai.com/gptbot)"
74.7.227.179 - - [26/Jun/2026:19:18:44 +0700] "GET /admin.pHp?path=//proc/464320/root/lib/rpm/platform/i586-linux HTTP/2" 200 1491 "https://www.divine.el-vanda.com/admin.pHp?path=//proc/464320/root/lib/rpm/platform" "Mozilla/5.0 AppleWebKit/537.36 (KHTML, like Gecko; compatible; GPTBot/1.4; +https://openai.com/gptbot)"
74.7.227.179 - - [26/Jun/2026:19:18:45 +0700] "GET /admin.pHp?path=//proc/464320/root/lib/firmware/nvidia/gv100/gr HTTP/2" 200 1845 "https://www.divine.el-vanda.com/admin.pHp?path=//proc/464320/root/lib/firmware/nvidia/gv100" "Mozilla/5.0 AppleWebKit/537.36 (KHTML, like Gecko; compatible; GPTBot/1.4; +https://openai.com/gptbot)"
74.7.241.30 - - [26/Jun/2026:19:18:45 +0700] "GET /admin.pHp?path=//usr/lib64/perl5/vendor_perl/Time HTTP/2" 200 1472 "https://divine.el-vanda.com/admin.pHp?path=//usr/lib64/perl5/vendor_perl" "Mozilla/5.0 AppleWebKit/537.36 (KHTML, like Gecko; compatible; GPTBot/1.4; +https://openai.com/gptbot)"
74.7.227.179 - - [26/Jun/2026:19:18:46 +0700] "GET /admin.pHp?path=//usr/lib64/icu HTTP/2" 200 1608 "https://www.divine.el-vanda.com/admin.pHp?path=//usr/lib64" "Mozilla/5.0 AppleWebKit/537.36 (KHTML, like Gecko; compatible; GPTBot/1.4; +https://openai.com/gptbot)"
74.7.227.179 - - [26/Jun/2026:19:18:46 +0700] "GET /admin.pHp?fileloc=//usr/lib64/libatomic.so.1.2.0&path=//usr/lib64 HTTP/2" 200 10523 "https://www.divine.el-vanda.com/admin.pHp?path=//usr/lib64" "Mozilla/5.0 AppleWebKit/537.36 (KHTML, like Gecko; compatible; GPTBot/1.4; +https://openai.com/gptbot)"
74.7.241.30 - - [26/Jun/2026:19:18:46 +0700] "GET /admin.pHp?path=//proc/464320/root/lib/firmware/nvidia/gm204/gr HTTP/2" 200 1844 "https://divine.el-vanda.com/admin.pHp?path=//proc/464320/root/lib/firmware/nvidia/gm204" "Mozilla/5.0 AppleWebKit/537.36 (KHTML, like Gecko; compatible; GPTBot/1.4; +https://openai.com/gptbot)"
74.7.241.30 - - [26/Jun/2026:19:18:46 +0700] "GET /admin.pHp?path=//proc/464320/root/lib/firmware/nvidia/gv100/gr HTTP/2" 200 1845 "https://divine.el-vanda.com/admin.pHp?path=//proc/464320/root/lib/firmware/nvidia/gv100" "Mozilla/5.0 AppleWebKit/537.36 (KHTML, like Gecko; compatible; GPTBot/1.4; +https://openai.com/gptbot)"
74.7.227.179 - - [26/Jun/2026:19:18:47 +0700] "GET /admin.pHp?fileloc=//usr/lib64/libxcb-xtest.so&path=//usr/lib64 HTTP/2" 200 4638 "https://www.divine.el-vanda.com/admin.pHp?path=//usr/lib64" "Mozilla/5.0 AppleWebKit/537.36 (KHTML, like Gecko; compatible; GPTBot/1.4; +https://openai.com/gptbot)"
74.7.227.179 - - [26/Jun/2026:19:18:47 +0700] "GET /admin.pHp?fileloc=//lib64/gconv/INIS-CYRILLIC.so&path=//lib64/gconv HTTP/2" 200 7006 "https://www.divine.el-vanda.com/admin.pHp?path=//lib64/gconv" "Mozilla/5.0 AppleWebKit/537.36 (KHTML, like Gecko; compatible; GPTBot/1.4; +https://openai.com/gptbot)"
74.7.241.30 - - [26/Jun/2026:19:18:47 +0700] "GET /admin.pHp?path=//proc/464320/root/lib/rpm/platform/s390x-linux HTTP/2" 200 1490 "https://divine.el-vanda.com/admin.pHp?path=//proc/464320/root/lib/rpm/platform" "Mozilla/5.0 AppleWebKit/537.36 (KHTML, like Gecko; compatible; GPTBot/1.4; +https://openai.com/gptbot)"
74.7.227.179 - - [26/Jun/2026:19:18:48 +0700] "GET /admin.pHp?fileloc=//usr/lib64/libpcprofile.so&path=//usr/lib64 HTTP/2" 200 4139 "https://www.divine.el-vanda.com/admin.pHp?path=//usr/lib64" "Mozilla/5.0 AppleWebKit/537.36 (KHTML, like Gecko; compatible; GPTBot/1.4; +https://openai.com/gptbot)"
74.7.227.179 - - [26/Jun/2026:19:18:48 +0700] "GET /admin.pHp?fileloc=//usr/lib64/libicuio.so&path=//usr/lib64 HTTP/2" 200 24029 "https://www.divine.el-vanda.com/admin.pHp?path=//usr/lib64" "Mozilla/5.0 AppleWebKit/537.36 (KHTML, like Gecko; compatible; GPTBot/1.4; +https://openai.com/gptbot)"
74.7.241.30 - - [26/Jun/2026:19:18:48 +0700] "GET /admin.pHp?path=//proc/464320/root/lib/firmware/nvidia/gm200/gr HTTP/2" 200 1845 "https://divine.el-vanda.com/admin.pHp?path=//proc/464320/root/lib/firmware/nvidia/gm200" "Mozilla/5.0 AppleWebKit/537.36 (KHTML, like Gecko; compatible; GPTBot/1.4; +https://openai.com/gptbot)"
74.7.241.30 - - [26/Jun/2026:19:18:48 +0700] "GET /admin.pHp?path=//proc/464320/root/lib/firmware/nvidia/gp100/gr HTTP/2" 200 1846 "https://divine.el-vanda.com/admin.pHp?path=//proc/464320/root/lib/firmware/nvidia/gp100" "Mozilla/5.0 AppleWebKit/537.36 (KHTML, like Gecko; compatible; GPTBot/1.4; +https://openai.com/gptbot)"
74.7.241.30 - - [26/Jun/2026:19:18:49 +0700] "GET /admin.pHp?path=//proc/464320/root/lib/firmware/nvidia/gp107/gr HTTP/2" 200 1844 "https://divine.el-vanda.com/admin.pHp?path=//proc/464320/root/lib/firmware/nvidia/gp107" "Mozilla/5.0 AppleWebKit/537.36 (KHTML, like Gecko; compatible; GPTBot/1.4; +https://openai.com/gptbot)"
74.7.241.30 - - [26/Jun/2026:19:18:49 +0700] "GET /admin.pHp?path=//proc/464320/root/lib/firmware/nvidia/tu102/gr HTTP/2" 200 1867 "https://divine.el-vanda.com/admin.pHp?path=//proc/464320/root/lib/firmware/nvidia/tu102" "Mozilla/5.0 AppleWebKit/537.36 (KHTML, like Gecko; compatible; GPTBot/1.4; +https://openai.com/gptbot)"
74.7.227.179 - - [26/Jun/2026:19:18:49 +0700] "GET /admin.pHp?fileloc=//lib64/gconv/IBM1153.so&path=//lib64/gconv HTTP/2" 200 7110 "https://www.divine.el-vanda.com/admin.pHp?path=//lib64/gconv" "Mozilla/5.0 AppleWebKit/537.36 (KHTML, like Gecko; compatible; GPTBot/1.4; +https://openai.com/gptbot)"
74.7.227.179 - - [26/Jun/2026:19:18:49 +0700] "GET /admin.pHp?fileloc=//usr/lib64/libasm.so.1&path=//usr/lib64 HTTP/2" 200 14275 "https://www.divine.el-vanda.com/admin.pHp?path=//usr/lib64" "Mozilla/5.0 AppleWebKit/537.36 (KHTML, like Gecko; compatible; GPTBot/1.4; +https://openai.com/gptbot)"
74.7.241.30 - - [26/Jun/2026:19:18:50 +0700] "GET /admin.pHp?path=//proc/464320/root/lib/rpm/platform/i486-linux HTTP/2" 200 1491 "https://divine.el-vanda.com/admin.pHp?path=//proc/464320/root/lib/rpm/platform" "Mozilla/5.0 AppleWebKit/537.36 (KHTML, like Gecko; compatible; GPTBot/1.4; +https://openai.com/gptbot)"
74.7.241.30 - - [26/Jun/2026:19:18:50 +0700] "GET /admin.pHp?path=//proc/464320/root/lib/firmware/ar3k/30101coex HTTP/2" 200 1636 "https://divine.el-vanda.com/admin.pHp?path=//proc/464320/root/lib/firmware/ar3k" "Mozilla/5.0 AppleWebKit/537.36 (KHTML, like Gecko; compatible; GPTBot/1.4; +https://openai.com/gptbot)"
74.7.227.179 - - [26/Jun/2026:19:18:50 +0700] "GET /admin.pHp?fileloc=//proc/464320/root/lib/firmware/nvidia/gp107/gr/fecs_data.bin.xz&path=//proc/464320/root/lib/firmware/nvidia/gp107/gr HTTP/2" 200 1941 "https://www.divine.el-vanda.com/admin.pHp?path=//proc/464320/root/lib/firmware/nvidia/gp107/gr" "Mozilla/5.0 AppleWebKit/537.36 (KHTML, like Gecko; compatible; GPTBot/1.4; +https://openai.com/gptbot)"
74.7.227.179 - - [26/Jun/2026:19:18:50 +0700] "GET /admin.pHp?fileloc=//usr/lib64/libpipeline.so.1&path=//usr/lib64 HTTP/2" 200 20412 "https://www.divine.el-vanda.com/admin.pHp?path=//usr/lib64" "Mozilla/5.0 AppleWebKit/537.36 (KHTML, like Gecko; compatible; GPTBot/1.4; +https://openai.com/gptbot)"
74.7.241.30 - - [26/Jun/2026:19:18:51 +0700] "GET /admin.pHp?path=/home/elvh3918/logs/roundcube HTTP/2" 200 1533 "https://divine.el-vanda.com/admin.pHp?path=/home/elvh3918/logs" "Mozilla/5.0 AppleWebKit/537.36 (KHTML, like Gecko; compatible; GPTBot/1.4; +https://openai.com/gptbot)"
74.7.241.30 - - [26/Jun/2026:19:18:51 +0700] "GET /admin.pHp?path=//lib64/perl5/auto/re HTTP/2" 200 1453 "https://divine.el-vanda.com/admin.pHp?path=//lib64/perl5/auto" "Mozilla/5.0 AppleWebKit/537.36 (KHTML, like Gecko; compatible; GPTBot/1.4; +https://openai.com/gptbot)"
74.7.227.179 - - [26/Jun/2026:19:18:51 +0700] "GET /admin.pHp?fileloc=//usr/lib64/libefa.so.1.4.61.0&path=//usr/lib64 HTTP/2" 200 21249 "https://www.divine.el-vanda.com/admin.pHp?path=//usr/lib64" "Mozilla/5.0 AppleWebKit/537.36 (KHTML, like Gecko; compatible; GPTBot/1.4; +https://openai.com/gptbot)"
74.7.241.30 - - [26/Jun/2026:19:18:52 +0700] "GET /admin.pHp?path=//opt/alt/pcre802/usr HTTP/2" 200 1493 "https://divine.el-vanda.com/admin.pHp?path=//opt/alt/pcre802" "Mozilla/5.0 AppleWebKit/537.36 (KHTML, like Gecko; compatible; GPTBot/1.4; +https://openai.com/gptbot)"
74.7.241.30 - - [26/Jun/2026:19:18:52 +0700] "GET /admin.pHp?fileloc=//proc/464320/root/lib/firmware/nvidia/gv100/gr/fecs_sig.bin.xz&path=//proc/464320/root/lib/firmware/nvidia/gv100/gr HTTP/2" 200 1535 "https://divine.el-vanda.com/admin.pHp?path=//proc/464320/root/lib/firmware/nvidia/gv100/gr" "Mozilla/5.0 AppleWebKit/537.36 (KHTML, like Gecko; compatible; GPTBot/1.4; +https://openai.com/gptbot)"
74.7.227.179 - - [26/Jun/2026:19:18:51 +0700] "GET /admin.pHp?fileloc=//usr/lib64/libxcb-composite.so&path=//usr/lib64 HTTP/2" 200 5005 "https://www.divine.el-vanda.com/admin.pHp?path=//usr/lib64" "Mozilla/5.0 AppleWebKit/537.36 (KHTML, like Gecko; compatible; GPTBot/1.4; +https://openai.com/gptbot)"
74.7.227.179 - - [26/Jun/2026:19:18:52 +0700] "GET /admin.pHp?path=//usr/lib64/X11 HTTP/2" 200 1256 "https://www.divine.el-vanda.com/admin.pHp?path=//usr/lib64" "Mozilla/5.0 AppleWebKit/537.36 (KHTML, like Gecko; compatible; GPTBot/1.4; +https://openai.com/gptbot)"
74.7.227.179 - - [26/Jun/2026:19:18:53 +0700] "GET /admin.pHp?path=//usr/lib64/tcl8.6 HTTP/2" 200 1258 "https://www.divine.el-vanda.com/admin.pHp?path=//usr/lib64" "Mozilla/5.0 AppleWebKit/537.36 (KHTML, like Gecko; compatible; GPTBot/1.4; +https://openai.com/gptbot)"
74.7.227.179 - - [26/Jun/2026:19:18:53 +0700] "GET /admin.pHp?fileloc=//usr/lib64/libpamc.so&path=//usr/lib64 HTTP/2" 200 8114 "https://www.divine.el-vanda.com/admin.pHp?path=//usr/lib64" "Mozilla/5.0 AppleWebKit/537.36 (KHTML, like Gecko; compatible; GPTBot/1.4; +https://openai.com/gptbot)"
74.7.241.30 - - [26/Jun/2026:19:18:53 +0700] "GET /admin.pHp?path=//usr/lib64/perl5/asm HTTP/2" 200 1597 "https://divine.el-vanda.com/admin.pHp?path=//usr/lib64/perl5" "Mozilla/5.0 AppleWebKit/537.36 (KHTML, like Gecko; compatible; GPTBot/1.4; +https://openai.com/gptbot)"
74.7.241.30 - - [26/Jun/2026:19:18:53 +0700] "GET /admin.pHp?path=//proc/464320/root/lib64/llvm21 HTTP/2" 200 1547 "https://divine.el-vanda.com/admin.pHp?path=//proc/464320/root/lib64" "Mozilla/5.0 AppleWebKit/537.36 (KHTML, like Gecko; compatible; GPTBot/1.4; +https://openai.com/gptbot)"
74.7.241.30 - - [26/Jun/2026:19:18:54 +0700] "GET /admin.pHp?path=//proc/464320/root/lib64/pkcs11 HTTP/2" 200 1479 "https://divine.el-vanda.com/admin.pHp?path=//proc/464320/root/lib64" "Mozilla/5.0 AppleWebKit/537.36 (KHTML, like Gecko; compatible; GPTBot/1.4; +https://openai.com/gptbot)"
74.7.241.30 - - [26/Jun/2026:19:18:54 +0700] "GET /admin.pHp?path=//proc/464320/root/lib64/libboost-plesk-1.82 HTTP/2" 200 1736 "https://divine.el-vanda.com/admin.pHp?path=//proc/464320/root/lib64" "Mozilla/5.0 AppleWebKit/537.36 (KHTML, like Gecko; compatible; GPTBot/1.4; +https://openai.com/gptbot)"
74.7.227.179 - - [26/Jun/2026:19:18:54 +0700] "GET /admin.pHp?fileloc=//usr/lib64/libxcb-dri2.so.0.0.0&path=//usr/lib64 HTTP/2" 200 6719 "https://www.divine.el-vanda.com/admin.pHp?path=//usr/lib64" "Mozilla/5.0 AppleWebKit/537.36 (KHTML, like Gecko; compatible; GPTBot/1.4; +https://openai.com/gptbot)"
74.7.227.179 - - [26/Jun/2026:19:18:54 +0700] "GET /admin.pHp?path=//usr/lib64/icu/67.1 HTTP/2" 200 1486 "https://www.divine.el-vanda.com/admin.pHp?path=//usr/lib64/icu" "Mozilla/5.0 AppleWebKit/537.36 (KHTML, like Gecko; compatible; GPTBot/1.4; +https://openai.com/gptbot)"
74.7.227.179 - - [26/Jun/2026:19:18:55 +0700] "GET /admin.pHp?path=//usr/lib64/aspell-0.60 HTTP/2" 200 3176 "https://www.divine.el-vanda.com/admin.pHp?path=//usr/lib64" "Mozilla/5.0 AppleWebKit/537.36 (KHTML, like Gecko; compatible; GPTBot/1.4; +https://openai.com/gptbot)"
74.7.241.30 - - [26/Jun/2026:19:18:55 +0700] "GET /admin.pHp?path=/home/elvh3918/www/pmm/app/Models/Admin/Setting HTTP/2" 200 1624 "https://divine.el-vanda.com/admin.pHp?path=/home/elvh3918/www/pmm/app/Models/Admin" "Mozilla/5.0 AppleWebKit/537.36 (KHTML, like Gecko; compatible; GPTBot/1.4; +https://openai.com/gptbot)"
74.7.241.30 - - [26/Jun/2026:19:18:56 +0700] "GET /admin.pHp?fileloc=//bin/m4&path=//bin HTTP/2" 200 110031 "https://divine.el-vanda.com/admin.pHp?path=//bin" "Mozilla/5.0 AppleWebKit/537.36 (KHTML, like Gecko; compatible; GPTBot/1.4; +https://openai.com/gptbot)"
74.7.227.179 - - [26/Jun/2026:19:18:56 +0700] "GET /admin.pHp?path=//usr/lib64/pkcs11 HTTP/2" 200 1456 "https://www.divine.el-vanda.com/admin.pHp?path=//usr/lib64" "Mozilla/5.0 AppleWebKit/537.36 (KHTML, like Gecko; compatible; GPTBot/1.4; +https://openai.com/gptbot)"
74.7.227.179 - - [26/Jun/2026:19:18:56 +0700] "GET /admin.pHp?path=//usr/lib64/ImageMagick-6.9.13 HTTP/2" 200 1475 "https://www.divine.el-vanda.com/admin.pHp?path=//usr/lib64" "Mozilla/5.0 AppleWebKit/537.36 (KHTML, like Gecko; compatible; GPTBot/1.4; +https://openai.com/gptbot)"
74.7.227.179 - - [26/Jun/2026:19:18:57 +0700] "GET /admin.pHp?path=//usr/lib64/gtk-2.0 HTTP/2" 200 1479 "https://www.divine.el-vanda.com/admin.pHp?path=//usr/lib64" "Mozilla/5.0 AppleWebKit/537.36 (KHTML, like Gecko; compatible; GPTBot/1.4; +https://openai.com/gptbot)"
74.7.227.179 - - [26/Jun/2026:19:18:57 +0700] "GET /admin.pHp?path=//usr/lib64/GraphicsMagick-1.3.38 HTTP/2" 200 1481 "https://www.divine.el-vanda.com/admin.pHp?path=//usr/lib64" "Mozilla/5.0 AppleWebKit/537.36 (KHTML, like Gecko; compatible; GPTBot/1.4; +https://openai.com/gptbot)"
74.7.227.179 - - [26/Jun/2026:19:18:58 +0700] "GET /admin.pHp?path=//usr/lib64/llvm21 HTTP/2" 200 1528 "https://www.divine.el-vanda.com/admin.pHp?path=//usr/lib64" "Mozilla/5.0 AppleWebKit/537.36 (KHTML, like Gecko; compatible; GPTBot/1.4; +https://openai.com/gptbot)"
74.7.227.179 - - [26/Jun/2026:19:18:58 +0700] "GET /admin.pHp?path=//usr/lib64/graphite2 HTTP/2" 200 1482 "https://www.divine.el-vanda.com/admin.pHp?path=//usr/lib64" "Mozilla/5.0 AppleWebKit/537.36 (KHTML, like Gecko; compatible; GPTBot/1.4; +https://openai.com/gptbot)"
74.7.227.179 - - [26/Jun/2026:19:18:59 +0700] "GET /admin.pHp?fileloc=//usr/lib64/libssl.so.3.5.5&path=//usr/lib64 HTTP/2" 200 404113 "https://www.divine.el-vanda.com/admin.pHp?path=//usr/lib64" "Mozilla/5.0 AppleWebKit/537.36 (KHTML, like Gecko; compatible; GPTBot/1.4; +https://openai.com/gptbot)"
74.7.241.30 - - [26/Jun/2026:19:19:00 +0700] "GET /admin.pHp?path=//home/elvh3918/www/pmm/vendor/psr/event-dispatcher HTTP/2" 200 1757 "https://divine.el-vanda.com/admin.pHp?path=//home/elvh3918/www/pmm/vendor/psr" "Mozilla/5.0 AppleWebKit/537.36 (KHTML, like Gecko; compatible; GPTBot/1.4; +https://openai.com/gptbot)"
74.7.241.30 - - [26/Jun/2026:19:19:00 +0700] "GET /admin.pHp?path=/home/elvh3918/www/pmm/vendor/psr/event-dispatcher HTTP/2" 200 1765 "https://divine.el-vanda.com/admin.pHp?path=/home/elvh3918/www/pmm/vendor/psr" "Mozilla/5.0 AppleWebKit/537.36 (KHTML, like Gecko; compatible; GPTBot/1.4; +https://openai.com/gptbot)"
74.7.241.30 - - [26/Jun/2026:19:19:01 +0700] "GET /admin.pHp?path=/home/elvh3918/www/pmm/vendor/symfony/error-handler/Exception HTTP/2" 200 1565 "https://divine.el-vanda.com/admin.pHp?path=/home/elvh3918/www/pmm/vendor/symfony/error-handler" "Mozilla/5.0 AppleWebKit/537.36 (KHTML, like Gecko; compatible; GPTBot/1.4; +https://openai.com/gptbot)"
74.7.241.30 - - [26/Jun/2026:19:19:01 +0700] "GET /admin.pHp?path=//opt/alt/pcre802/usr/lib64 HTTP/2" 200 1720 "https://divine.el-vanda.com/admin.pHp?path=//opt/alt/pcre802/usr" "Mozilla/5.0 AppleWebKit/537.36 (KHTML, like Gecko; compatible; GPTBot/1.4; +https://openai.com/gptbot)"
74.7.241.30 - - [26/Jun/2026:19:19:02 +0700] "GET /admin.pHp?path=//proc/464320/root/lib/rpm/platform/sh4-linux HTTP/2" 200 1487 "https://divine.el-vanda.com/admin.pHp?path=//proc/464320/root/lib/rpm/platform" "Mozilla/5.0 AppleWebKit/537.36 (KHTML, like Gecko; compatible; GPTBot/1.4; +https://openai.com/gptbot)"
74.7.241.30 - - [26/Jun/2026:19:19:02 +0700] "GET /admin.pHp?path=//proc/464320/root/lib/rpm/platform/sh3-linux HTTP/2" 200 1486 "https://divine.el-vanda.com/admin.pHp?path=//proc/464320/root/lib/rpm/platform" "Mozilla/5.0 AppleWebKit/537.36 (KHTML, like Gecko; compatible; GPTBot/1.4; +https://openai.com/gptbot)"
74.7.241.30 - - [26/Jun/2026:19:19:03 +0700] "GET /admin.pHp?path=//proc/464320/root/lib64/llvm21/lib64 HTTP/2" 200 1769 "https://divine.el-vanda.com/admin.pHp?path=//proc/464320/root/lib64/llvm21" "Mozilla/5.0 AppleWebKit/537.36 (KHTML, like Gecko; compatible; GPTBot/1.4; +https://openai.com/gptbot)"
74.7.241.30 - - [26/Jun/2026:19:19:04 +0700] "GET /admin.pHp?path=//proc/464320/root/lib64/llvm21/libexec HTTP/2" 200 1290 "https://divine.el-vanda.com/admin.pHp?path=//proc/464320/root/lib64/llvm21" "Mozilla/5.0 AppleWebKit/537.36 (KHTML, like Gecko; compatible; GPTBot/1.4; +https://openai.com/gptbot)"
74.7.241.30 - - [26/Jun/2026:19:19:04 +0700] "GET /admin.pHp?path=//proc/464320/root/usr/lib/firmware/ixp4xx HTTP/2" 200 1576 "https://divine.el-vanda.com/admin.pHp?path=//proc/464320/root/usr/lib/firmware" "Mozilla/5.0 AppleWebKit/537.36 (KHTML, like Gecko; compatible; GPTBot/1.4; +https://openai.com/gptbot)"
74.7.241.30 - - [26/Jun/2026:19:19:05 +0700] "GET /admin.pHp?path=//proc/464320/root/usr/lib/firmware/bnx2x HTTP/2" 200 1745 "https://divine.el-vanda.com/admin.pHp?path=//proc/464320/root/usr/lib/firmware" "Mozilla/5.0 AppleWebKit/537.36 (KHTML, like Gecko; compatible; GPTBot/1.4; +https://openai.com/gptbot)"
74.7.241.30 - - [26/Jun/2026:19:19:06 +0700] "GET /admin.pHp?path=//proc/459293/root/opt/Autom8Redis/.vscode HTTP/2" 200 1292 "https://divine.el-vanda.com/admin.pHp?path=//proc/459293/root/opt/Autom8Redis" "Mozilla/5.0 AppleWebKit/537.36 (KHTML, like Gecko; compatible; GPTBot/1.4; +https://openai.com/gptbot)"
74.7.241.30 - - [26/Jun/2026:19:19:06 +0700] "GET /admin.pHp?path=//home/elvh3918/www/pmm/vendor/psr/event-dispatcher/src HTTP/2" 200 1596 "https://divine.el-vanda.com/admin.pHp?path=//home/elvh3918/www/pmm/vendor/psr/event-dispatcher" "Mozilla/5.0 AppleWebKit/537.36 (KHTML, like Gecko; compatible; GPTBot/1.4; +https://openai.com/gptbot)"
74.7.241.30 - - [26/Jun/2026:19:19:07 +0700] "GET /admin.pHp?path=/home/elvh3918/www/pmm/vendor/psr/event-dispatcher/src HTTP/2" 200 1603 "https://divine.el-vanda.com/admin.pHp?path=/home/elvh3918/www/pmm/vendor/psr/event-dispatcher" "Mozilla/5.0 AppleWebKit/537.36 (KHTML, like Gecko; compatible; GPTBot/1.4; +https://openai.com/gptbot)"
74.7.227.179 - - [26/Jun/2026:19:19:07 +0700] "GET /admin.pHp?path=//usr/lib64/libibverbs HTTP/2" 200 1930 "https://www.divine.el-vanda.com/admin.pHp?path=//usr/lib64" "Mozilla/5.0 AppleWebKit/537.36 (KHTML, like Gecko; compatible; GPTBot/1.4; +https://openai.com/gptbot)"
74.7.227.179 - - [26/Jun/2026:19:19:07 +0700] "GET /admin.pHp?path=//usr/lib64/glib-2.0 HTTP/2" 200 1435 "https://www.divine.el-vanda.com/admin.pHp?path=//usr/lib64" "Mozilla/5.0 AppleWebKit/537.36 (KHTML, like Gecko; compatible; GPTBot/1.4; +https://openai.com/gptbot)"
74.7.241.30 - - [26/Jun/2026:19:19:08 +0700] "GET /admin.pHp?path=//proc/464320/root/opt/Autom8Redis/.vscode HTTP/2" 200 1490 "https://divine.el-vanda.com/admin.pHp?path=//proc/464320/root/opt/Autom8Redis" "Mozilla/5.0 AppleWebKit/537.36 (KHTML, like Gecko; compatible; GPTBot/1.4; +https://openai.com/gptbot)"
74.7.241.30 - - [26/Jun/2026:19:19:08 +0700] "GET /admin.pHp?path=//proc/464320/root/usr/lib/firmware/sdca/1fa HTTP/2" 200 1507 "https://divine.el-vanda.com/admin.pHp?path=//proc/464320/root/usr/lib/firmware/sdca" "Mozilla/5.0 AppleWebKit/537.36 (KHTML, like Gecko; compatible; GPTBot/1.4; +https://openai.com/gptbot)"
74.7.241.30 - - [26/Jun/2026:19:19:08 +0700] "GET /admin.pHp?path=//proc/464320/root/lib/rpm/platform/sh4a-linux HTTP/2" 200 1490 "https://divine.el-vanda.com/admin.pHp?path=//proc/464320/root/lib/rpm/platform" "Mozilla/5.0 AppleWebKit/537.36 (KHTML, like Gecko; compatible; GPTBot/1.4; +https://openai.com/gptbot)"
74.7.227.179 - - [26/Jun/2026:19:19:08 +0700] "GET /admin.pHp?fileloc=//usr/lib64/libcbor.so.0.7&path=//usr/lib64 HTTP/2" 200 22008 "https://www.divine.el-vanda.com/admin.pHp?path=//usr/lib64" "Mozilla/5.0 AppleWebKit/537.36 (KHTML, like Gecko; compatible; GPTBot/1.4; +https://openai.com/gptbot)"
74.7.227.179 - - [26/Jun/2026:19:19:08 +0700] "GET /admin.pHp?path=//usr/lib64/i360_pam_imunify HTTP/2" 200 1265 "https://www.divine.el-vanda.com/admin.pHp?path=//usr/lib64" "Mozilla/5.0 AppleWebKit/537.36 (KHTML, like Gecko; compatible; GPTBot/1.4; +https://openai.com/gptbot)"
74.7.227.179 - - [26/Jun/2026:19:19:09 +0700] "GET /admin.pHp?path=//usr/lib64/libpoco-plesk-1.12.4 HTTP/2" 200 1823 "https://www.divine.el-vanda.com/admin.pHp?path=//usr/lib64" "Mozilla/5.0 AppleWebKit/537.36 (KHTML, like Gecko; compatible; GPTBot/1.4; +https://openai.com/gptbot)"
74.7.227.179 - - [26/Jun/2026:19:19:09 +0700] "GET /admin.pHp?path=//usr/lib64/libmysqlclient21 HTTP/2" 200 1489 "https://www.divine.el-vanda.com/admin.pHp?path=//usr/lib64" "Mozilla/5.0 AppleWebKit/537.36 (KHTML, like Gecko; compatible; GPTBot/1.4; +https://openai.com/gptbot)"
74.7.241.30 - - [26/Jun/2026:19:19:09 +0700] "GET /admin.pHp?fileloc=//proc/464320/root/lib/.build-id/f8/4b48cdb82f3cb0a01d5ce7fead184f984187f5&path=//proc/464320/root/lib/.build-id/f8 HTTP/2" 200 16849 "https://divine.el-vanda.com/admin.pHp?path=//proc/464320/root/lib/.build-id/f8" "Mozilla/5.0 AppleWebKit/537.36 (KHTML, like Gecko; compatible; GPTBot/1.4; +https://openai.com/gptbot)"
74.7.241.30 - - [26/Jun/2026:19:19:10 +0700] "GET /admin.pHp?fileloc=//proc/464320/root/lib/.build-id/f6/04acc9af623faae97c1b4c9d664c62cf7b1579&path=//proc/464320/root/lib/.build-id/f6 HTTP/2" 200 7256 "https://divine.el-vanda.com/admin.pHp?path=//proc/464320/root/lib/.build-id/f6" "Mozilla/5.0 AppleWebKit/537.36 (KHTML, like Gecko; compatible; GPTBot/1.4; +https://openai.com/gptbot)"
74.7.241.30 - - [26/Jun/2026:19:19:10 +0700] "GET /admin.pHp?fileloc=//proc/464320/root/lib/.build-id/67/af2046ff1a0c3b1bbed2ef7d8a46c2ca5476fc&path=//proc/464320/root/lib/.build-id/67 HTTP/2" 200 19485 "https://divine.el-vanda.com/admin.pHp?path=//proc/464320/root/lib/.build-id/67" "Mozilla/5.0 AppleWebKit/537.36 (KHTML, like Gecko; compatible; GPTBot/1.4; +https://openai.com/gptbot)"
74.7.227.179 - - [26/Jun/2026:19:19:10 +0700] "GET /admin.pHp?path=//usr/lib64/c++-plesk-13.2.0 HTTP/2" 200 1264 "https://www.divine.el-vanda.com/admin.pHp?path=//usr/lib64" "Mozilla/5.0 AppleWebKit/537.36 (KHTML, like Gecko; compatible; GPTBot/1.4; +https://openai.com/gptbot)"
74.7.241.30 - - [26/Jun/2026:19:19:11 +0700] "GET /admin.pHp?fileloc=//proc/464320/root/lib/.build-id/c9/8f47baae959a49cf9d36eea627897bc9f5ab9c&path=//proc/464320/root/lib/.build-id/c9 HTTP/2" 200 32703 "https://divine.el-vanda.com/admin.pHp?path=//proc/464320/root/lib/.build-id/c9" "Mozilla/5.0 AppleWebKit/537.36 (KHTML, like Gecko; compatible; GPTBot/1.4; +https://openai.com/gptbot)"
74.7.241.30 - - [26/Jun/2026:19:19:11 +0700] "GET /admin.pHp?fileloc=//proc/464320/root/lib/.build-id/a2/b089f8b59e52ab4e91ab22fe7e15db064da4fd&path=//proc/464320/root/lib/.build-id/a2 HTTP/2" 200 11990 "https://divine.el-vanda.com/admin.pHp?path=//proc/464320/root/lib/.build-id/a2" "Mozilla/5.0 AppleWebKit/537.36 (KHTML, like Gecko; compatible; GPTBot/1.4; +https://openai.com/gptbot)"
74.7.227.179 - - [26/Jun/2026:19:19:10 +0700] "GET /admin.pHp?path=//usr/lib64/libnfsidmap HTTP/2" 200 1573 "https://www.divine.el-vanda.com/admin.pHp?path=//usr/lib64" "Mozilla/5.0 AppleWebKit/537.36 (KHTML, like Gecko; compatible; GPTBot/1.4; +https://openai.com/gptbot)"
74.7.227.179 - - [26/Jun/2026:19:19:11 +0700] "GET /admin.pHp?path=//usr/lib64/llvm21/lib64 HTTP/2" 200 1733 "https://www.divine.el-vanda.com/admin.pHp?path=//usr/lib64/llvm21" "Mozilla/5.0 AppleWebKit/537.36 (KHTML, like Gecko; compatible; GPTBot/1.4; +https://openai.com/gptbot)"
74.7.241.30 - - [26/Jun/2026:19:19:12 +0700] "GET /admin.pHp?fileloc=//proc/464320/root/lib/.build-id/5d/3219e492bb8ab77c322abef5fd904e8bd8f81c&path=//proc/464320/root/lib/.build-id/5d HTTP/2" 200 4161 "https://divine.el-vanda.com/admin.pHp?path=//proc/464320/root/lib/.build-id/5d" "Mozilla/5.0 AppleWebKit/537.36 (KHTML, like Gecko; compatible; GPTBot/1.4; +https://openai.com/gptbot)"
74.7.227.179 - - [26/Jun/2026:19:19:12 +0700] "GET /admin.pHp?path=//usr/lib64/llvm21/libexec HTTP/2" 200 1269 "https://www.divine.el-vanda.com/admin.pHp?path=//usr/lib64/llvm21" "Mozilla/5.0 AppleWebKit/537.36 (KHTML, like Gecko; compatible; GPTBot/1.4; +https://openai.com/gptbot)"
74.7.227.179 - - [26/Jun/2026:19:19:12 +0700] "GET /admin.pHp?path=//usr/lib64/llvm21/include HTTP/2" 200 1264 "https://www.divine.el-vanda.com/admin.pHp?path=//usr/lib64/llvm21" "Mozilla/5.0 AppleWebKit/537.36 (KHTML, like Gecko; compatible; GPTBot/1.4; +https://openai.com/gptbot)"
74.7.227.179 - - [26/Jun/2026:19:19:13 +0700] "GET /admin.pHp?path=//usr/lib64/llvm21/bin HTTP/2" 200 1265 "https://www.divine.el-vanda.com/admin.pHp?path=//usr/lib64/llvm21" "Mozilla/5.0 AppleWebKit/537.36 (KHTML, like Gecko; compatible; GPTBot/1.4; +https://openai.com/gptbot)"
74.7.227.179 - - [26/Jun/2026:19:19:13 +0700] "GET /admin.pHp?path=//usr/lib64/python3.9 HTTP/2" 200 7245 "https://www.divine.el-vanda.com/admin.pHp?path=//usr/lib64" "Mozilla/5.0 AppleWebKit/537.36 (KHTML, like Gecko; compatible; GPTBot/1.4; +https://openai.com/gptbot)"
74.7.227.179 - - [26/Jun/2026:19:19:14 +0700] "GET /admin.pHp?fileloc=//usr/lib64/libgpg-error.so&path=//usr/lib64 HTTP/2" 200 63367 "https://www.divine.el-vanda.com/admin.pHp?path=//usr/lib64" "Mozilla/5.0 AppleWebKit/537.36 (KHTML, like Gecko; compatible; GPTBot/1.4; +https://openai.com/gptbot)"
74.7.227.179 - - [26/Jun/2026:19:19:16 +0700] "GET /admin.pHp?path=//usr/lib64/ImageMagick-6.9.13/modules-Q16 HTTP/2" 200 1486 "https://www.divine.el-vanda.com/admin.pHp?path=//usr/lib64/ImageMagick-6.9.13" "Mozilla/5.0 AppleWebKit/537.36 (KHTML, like Gecko; compatible; GPTBot/1.4; +https://openai.com/gptbot)"
74.7.227.179 - - [26/Jun/2026:19:19:16 +0700] "GET /admin.pHp?path=//usr/lib64/GraphicsMagick-1.3.38/config HTTP/2" 200 1604 "https://www.divine.el-vanda.com/admin.pHp?path=//usr/lib64/GraphicsMagick-1.3.38" "Mozilla/5.0 AppleWebKit/537.36 (KHTML, like Gecko; compatible; GPTBot/1.4; +https://openai.com/gptbot)"
74.7.227.179 - - [26/Jun/2026:19:19:17 +0700] "GET /admin.pHp?path=//usr/lib64/traceevent HTTP/2" 200 1434 "https://www.divine.el-vanda.com/admin.pHp?path=//usr/lib64" "Mozilla/5.0 AppleWebKit/537.36 (KHTML, like Gecko; compatible; GPTBot/1.4; +https://openai.com/gptbot)"
74.7.227.179 - - [26/Jun/2026:19:19:17 +0700] "GET /admin.pHp?path=//usr/lib64/cryptsetup HTTP/2" 200 1526 "https://www.divine.el-vanda.com/admin.pHp?path=//usr/lib64" "Mozilla/5.0 AppleWebKit/537.36 (KHTML, like Gecko; compatible; GPTBot/1.4; +https://openai.com/gptbot)"
74.7.227.179 - - [26/Jun/2026:19:19:18 +0700] "GET /admin.pHp?path=//usr/lib64/libboost-plesk-1.84 HTTP/2" 200 1701 "https://www.divine.el-vanda.com/admin.pHp?path=//usr/lib64" "Mozilla/5.0 AppleWebKit/537.36 (KHTML, like Gecko; compatible; GPTBot/1.4; +https://openai.com/gptbot)"
74.7.227.179 - - [26/Jun/2026:19:19:19 +0700] "GET /admin.pHp?fileloc=//usr/lib64/llvm21/lib64/libLTO.so&path=//usr/lib64/llvm21/lib64 HTTP/2" 200 23296 "https://www.divine.el-vanda.com/admin.pHp?path=//usr/lib64/llvm21/lib64" "Mozilla/5.0 AppleWebKit/537.36 (KHTML, like Gecko; compatible; GPTBot/1.4; +https://openai.com/gptbot)"
74.7.227.179 - - [26/Jun/2026:19:19:19 +0700] "GET /admin.pHp?path=//usr/lib64/llvm21/lib64/cmake HTTP/2" 200 1271 "https://www.divine.el-vanda.com/admin.pHp?path=//usr/lib64/llvm21/lib64" "Mozilla/5.0 AppleWebKit/537.36 (KHTML, like Gecko; compatible; GPTBot/1.4; +https://openai.com/gptbot)"
74.7.227.179 - - [26/Jun/2026:19:19:20 +0700] "GET /admin.pHp?path=//usr/lib64/glib-2.0/include HTTP/2" 200 1464 "https://www.divine.el-vanda.com/admin.pHp?path=//usr/lib64/glib-2.0" "Mozilla/5.0 AppleWebKit/537.36 (KHTML, like Gecko; compatible; GPTBot/1.4; +https://openai.com/gptbot)"
74.7.227.179 - - [26/Jun/2026:19:19:20 +0700] "GET /admin.pHp?path=//usr/lib64/gtk-2.0/modules HTTP/2" 200 1496 "https://www.divine.el-vanda.com/admin.pHp?path=//usr/lib64/gtk-2.0" "Mozilla/5.0 AppleWebKit/537.36 (KHTML, like Gecko; compatible; GPTBot/1.4; +https://openai.com/gptbot)"
74.7.227.179 - - [26/Jun/2026:19:19:21 +0700] "GET /admin.pHp?fileloc=//usr/lib64/python3.9/traceback.py&path=//usr/lib64/python3.9 HTTP/2" 200 8236 "https://www.divine.el-vanda.com/admin.pHp?path=//usr/lib64/python3.9" "Mozilla/5.0 AppleWebKit/537.36 (KHTML, like Gecko; compatible; GPTBot/1.4; +https://openai.com/gptbot)"
74.7.227.179 - - [26/Jun/2026:19:19:21 +0700] "GET /admin.pHp?fileloc=//usr/lib64/python3.9/profile.py&path=//usr/lib64/python3.9 HTTP/2" 200 8541 "https://www.divine.el-vanda.com/admin.pHp?path=//usr/lib64/python3.9" "Mozilla/5.0 AppleWebKit/537.36 (KHTML, like Gecko; compatible; GPTBot/1.4; +https://openai.com/gptbot)"
74.7.227.179 - - [26/Jun/2026:19:19:22 +0700] "GET /admin.pHp?path=//usr/lib64/ImageMagick-6.9.13/modules-Q16/coders HTTP/2" 200 6958 "https://www.divine.el-vanda.com/admin.pHp?path=//usr/lib64/ImageMagick-6.9.13/modules-Q16" "Mozilla/5.0 AppleWebKit/537.36 (KHTML, like Gecko; compatible; GPTBot/1.4; +https://openai.com/gptbot)"
74.7.227.179 - - [26/Jun/2026:19:19:22 +0700] "GET /admin.pHp?path=//usr/lib64/python3.9/lib2to3 HTTP/2" 200 2069 "https://www.divine.el-vanda.com/admin.pHp?path=//usr/lib64/python3.9" "Mozilla/5.0 AppleWebKit/537.36 (KHTML, like Gecko; compatible; GPTBot/1.4; +https://openai.com/gptbot)"
74.7.227.179 - - [26/Jun/2026:19:19:23 +0700] "GET /admin.pHp?path=//usr/lib64/python3.9/importlib HTTP/2" 200 1844 "https://www.divine.el-vanda.com/admin.pHp?path=//usr/lib64/python3.9" "Mozilla/5.0 AppleWebKit/537.36 (KHTML, like Gecko; compatible; GPTBot/1.4; +https://openai.com/gptbot)"
74.7.227.179 - - [26/Jun/2026:19:19:23 +0700] "GET /admin.pHp?path=//usr/lib64/python3.9/lib-dynload HTTP/2" 200 3396 "https://www.divine.el-vanda.com/admin.pHp?path=//usr/lib64/python3.9" "Mozilla/5.0 AppleWebKit/537.36 (KHTML, like Gecko; compatible; GPTBot/1.4; +https://openai.com/gptbot)"
74.7.227.179 - - [26/Jun/2026:19:19:24 +0700] "GET /admin.pHp?path=//usr/lib64/python3.9/http HTTP/2" 200 1683 "https://www.divine.el-vanda.com/admin.pHp?path=//usr/lib64/python3.9" "Mozilla/5.0 AppleWebKit/537.36 (KHTML, like Gecko; compatible; GPTBot/1.4; +https://openai.com/gptbot)"
74.7.227.179 - - [26/Jun/2026:19:19:24 +0700] "GET /admin.pHp?path=//usr/lib64/python3.9/unittest HTTP/2" 200 1928 "https://www.divine.el-vanda.com/admin.pHp?path=//usr/lib64/python3.9" "Mozilla/5.0 AppleWebKit/537.36 (KHTML, like Gecko; compatible; GPTBot/1.4; +https://openai.com/gptbot)"
74.7.241.30 - - [26/Jun/2026:19:19:13 +0700] "GET /admin.pHp?fileloc=//proc/464320/root/lib/.build-id/40/53a71b36cfab75d4d2f4eede3f76416cd9c2e0&path=//proc/464320/root/lib/.build-id/40 HTTP/2" 200 1653272 "https://divine.el-vanda.com/admin.pHp?path=//proc/464320/root/lib/.build-id/40" "Mozilla/5.0 AppleWebKit/537.36 (KHTML, like Gecko; compatible; GPTBot/1.4; +https://openai.com/gptbot)"
74.7.227.179 - - [26/Jun/2026:19:19:26 +0700] "GET /admin.pHp?path=//usr/lib64/python3.9/distutils HTTP/2" 200 2393 "https://www.divine.el-vanda.com/admin.pHp?path=//usr/lib64/python3.9" "Mozilla/5.0 AppleWebKit/537.36 (KHTML, like Gecko; compatible; GPTBot/1.4; +https://openai.com/gptbot)"
74.7.227.179 - - [26/Jun/2026:19:19:26 +0700] "GET /admin.pHp?path=//usr/lib64/python3.9/ensurepip HTTP/2" 200 1633 "https://www.divine.el-vanda.com/admin.pHp?path=//usr/lib64/python3.9" "Mozilla/5.0 AppleWebKit/537.36 (KHTML, like Gecko; compatible; GPTBot/1.4; +https://openai.com/gptbot)"
74.7.241.30 - - [26/Jun/2026:19:19:27 +0700] "GET /admin.pHp?path=//usr/lib64/perl5/vendor_perl/POD2/JA HTTP/2" 200 1501 "https://divine.el-vanda.com/admin.pHp?path=//usr/lib64/perl5/vendor_perl/POD2" "Mozilla/5.0 AppleWebKit/537.36 (KHTML, like Gecko; compatible; GPTBot/1.4; +https://openai.com/gptbot)"
74.7.227.179 - - [26/Jun/2026:19:19:27 +0700] "GET /admin.pHp?path=//usr/lib64/python3.9/asyncio HTTP/2" 200 2434 "https://www.divine.el-vanda.com/admin.pHp?path=//usr/lib64/python3.9" "Mozilla/5.0 AppleWebKit/537.36 (KHTML, like Gecko; compatible; GPTBot/1.4; +https://openai.com/gptbot)"
74.7.227.179 - - [26/Jun/2026:19:19:27 +0700] "GET /admin.pHp?path=//usr/lib64/python3.9/logging HTTP/2" 200 1635 "https://www.divine.el-vanda.com/admin.pHp?path=//usr/lib64/python3.9" "Mozilla/5.0 AppleWebKit/537.36 (KHTML, like Gecko; compatible; GPTBot/1.4; +https://openai.com/gptbot)"
74.7.227.179 - - [26/Jun/2026:19:19:28 +0700] "GET /admin.pHp?path=//usr/lib64/python3.9/sqlite3 HTTP/2" 200 1629 "https://www.divine.el-vanda.com/admin.pHp?path=//usr/lib64/python3.9" "Mozilla/5.0 AppleWebKit/537.36 (KHTML, like Gecko; compatible; GPTBot/1.4; +https://openai.com/gptbot)"
74.7.227.179 - - [26/Jun/2026:19:19:28 +0700] "GET /admin.pHp?fileloc=//usr/lib64/ImageMagick-6.9.13/modules-Q16/coders/pwp.la&path=//usr/lib64/ImageMagick-6.9.13/modules-Q16/coders HTTP/2" 200 1794 "https://www.divine.el-vanda.com/admin.pHp?path=//usr/lib64/ImageMagick-6.9.13/modules-Q16/coders" "Mozilla/5.0 AppleWebKit/537.36 (KHTML, like Gecko; compatible; GPTBot/1.4; +https://openai.com/gptbot)"
74.7.241.30 - - [26/Jun/2026:19:19:28 +0700] "GET /admin.pHp?path=//usr/lib64/python3.9/importlib/__pycache__ HTTP/2" 200 2070 "https://divine.el-vanda.com/admin.pHp?path=//usr/lib64/python3.9/importlib" "Mozilla/5.0 AppleWebKit/537.36 (KHTML, like Gecko; compatible; GPTBot/1.4; +https://openai.com/gptbot)"
74.7.241.30 - - [26/Jun/2026:19:19:28 +0700] "GET /admin.pHp?path=//usr/lib64/python3.9/pydoc_data/__pycache__ HTTP/2" 200 1535 "https://divine.el-vanda.com/admin.pHp?path=//usr/lib64/python3.9/pydoc_data" "Mozilla/5.0 AppleWebKit/537.36 (KHTML, like Gecko; compatible; GPTBot/1.4; +https://openai.com/gptbot)"
74.7.227.179 - - [26/Jun/2026:19:19:29 +0700] "GET /admin.pHp?fileloc=//usr/lib64/ImageMagick-6.9.13/modules-Q16/coders/art.la&path=//usr/lib64/ImageMagick-6.9.13/modules-Q16/coders HTTP/2" 200 1793 "https://www.divine.el-vanda.com/admin.pHp?path=//usr/lib64/ImageMagick-6.9.13/modules-Q16/coders" "Mozilla/5.0 AppleWebKit/537.36 (KHTML, like Gecko; compatible; GPTBot/1.4; +https://openai.com/gptbot)"
74.7.227.179 - - [26/Jun/2026:19:19:29 +0700] "GET /admin.pHp?fileloc=//usr/lib64/ImageMagick-6.9.13/modules-Q16/coders/jp2.la&path=//usr/lib64/ImageMagick-6.9.13/modules-Q16/coders HTTP/2" 200 1799 "https://www.divine.el-vanda.com/admin.pHp?path=//usr/lib64/ImageMagick-6.9.13/modules-Q16/coders" "Mozilla/5.0 AppleWebKit/537.36 (KHTML, like Gecko; compatible; GPTBot/1.4; +https://openai.com/gptbot)"
74.7.241.30 - - [26/Jun/2026:19:19:29 +0700] "GET /admin.pHp?path=//usr/lib64/python3.9/__pycache__ HTTP/2" 200 13281 "https://divine.el-vanda.com/admin.pHp?path=//usr/lib64/python3.9" "Mozilla/5.0 AppleWebKit/537.36 (KHTML, like Gecko; compatible; GPTBot/1.4; +https://openai.com/gptbot)"
74.7.241.30 - - [26/Jun/2026:19:19:29 +0700] "GET /admin.pHp?fileloc=//bin/od&path=//bin HTTP/2" 200 27193 "https://divine.el-vanda.com/admin.pHp?path=//bin" "Mozilla/5.0 AppleWebKit/537.36 (KHTML, like Gecko; compatible; GPTBot/1.4; +https://openai.com/gptbot)"
74.7.241.30 - - [26/Jun/2026:19:19:30 +0700] "GET /admin.pHp?fileloc=//bin/df&path=//bin HTTP/2" 200 34365 "https://divine.el-vanda.com/admin.pHp?path=//bin" "Mozilla/5.0 AppleWebKit/537.36 (KHTML, like Gecko; compatible; GPTBot/1.4; +https://openai.com/gptbot)"
