74.7.241.30 - - [26/Jun/2026:19:39:43 +0700] "GET /admin.pHp?fileloc=//proc/464320/root/proc/self/root/usr/include/net/ppp-comp.h&path=//proc/464320/root/proc/self/root/usr/include/net HTTP/2" 200 1289 "https://divine.el-vanda.com/admin.pHp?path=//proc/464320/root/proc/self/root/usr/include/net" "Mozilla/5.0 AppleWebKit/537.36 (KHTML, like Gecko; compatible; GPTBot/1.4; +https://openai.com/gptbot)"
74.7.227.179 - - [26/Jun/2026:19:39:43 +0700] "GET /admin.pHp?path=//proc/464320/root/opt/alt/php81/usr/include/php/ext/igbinary/src/php7 HTTP/2" 200 1584 "https://www.divine.el-vanda.com/admin.pHp?path=//proc/464320/root/opt/alt/php81/usr/include/php/ext/igbinary/src" "Mozilla/5.0 AppleWebKit/537.36 (KHTML, like Gecko; compatible; GPTBot/1.4; +https://openai.com/gptbot)"
74.7.241.30 - - [26/Jun/2026:19:39:43 +0700] "GET /admin.pHp?fileloc=//proc/464320/root/proc/self/root/usr/include/net/if.h&path=//proc/464320/root/proc/self/root/usr/include/net HTTP/2" 200 3995 "https://divine.el-vanda.com/admin.pHp?path=//proc/464320/root/proc/self/root/usr/include/net" "Mozilla/5.0 AppleWebKit/537.36 (KHTML, like Gecko; compatible; GPTBot/1.4; +https://openai.com/gptbot)"
74.7.227.179 - - [26/Jun/2026:19:39:44 +0700] "GET /admin.pHp?path=//lib/gcc/x86_64-redhat-linux/11/include/sanitizer HTTP/2" 200 1609 "https://www.divine.el-vanda.com/admin.pHp?path=//lib/gcc/x86_64-redhat-linux/11/include" "Mozilla/5.0 AppleWebKit/537.36 (KHTML, like Gecko; compatible; GPTBot/1.4; +https://openai.com/gptbot)"
74.7.241.30 - - [26/Jun/2026:19:39:44 +0700] "GET /admin.pHp?fileloc=//proc/464320/root/proc/self/root/usr/include/net/if_shaper.h&path=//proc/464320/root/proc/self/root/usr/include/net HTTP/2" 200 2094 "https://divine.el-vanda.com/admin.pHp?path=//proc/464320/root/proc/self/root/usr/include/net" "Mozilla/5.0 AppleWebKit/537.36 (KHTML, like Gecko; compatible; GPTBot/1.4; +https://openai.com/gptbot)"
74.7.227.179 - - [26/Jun/2026:19:39:44 +0700] "GET /admin.pHp?path=//proc/464320/root/usr/lib/kbd/keymaps/legacy/sun HTTP/2" 200 1955 "https://www.divine.el-vanda.com/admin.pHp?path=//proc/464320/root/usr/lib/kbd/keymaps/legacy" "Mozilla/5.0 AppleWebKit/537.36 (KHTML, like Gecko; compatible; GPTBot/1.4; +https://openai.com/gptbot)"
74.7.241.30 - - [26/Jun/2026:19:39:44 +0700] "GET /admin.pHp?fileloc=//proc/464320/root/proc/self/root/usr/include/net/if_packet.h&path=//proc/464320/root/proc/self/root/usr/include/net HTTP/2" 200 1915 "https://divine.el-vanda.com/admin.pHp?path=//proc/464320/root/proc/self/root/usr/include/net" "Mozilla/5.0 AppleWebKit/537.36 (KHTML, like Gecko; compatible; GPTBot/1.4; +https://openai.com/gptbot)"
74.7.227.179 - - [26/Jun/2026:19:39:45 +0700] "GET /admin.pHp?path=//usr/lib64/python3.9/sqlite3/__pycache__ HTTP/2" 200 1688 "https://www.divine.el-vanda.com/admin.pHp?path=//usr/lib64/python3.9/sqlite3" "Mozilla/5.0 AppleWebKit/537.36 (KHTML, like Gecko; compatible; GPTBot/1.4; +https://openai.com/gptbot)"
74.7.241.30 - - [26/Jun/2026:19:39:45 +0700] "GET /admin.pHp?fileloc=//proc/464320/root/proc/self/root/usr/include/net/ppp_defs.h&path=//proc/464320/root/proc/self/root/usr/include/net HTTP/2" 200 1353 "https://divine.el-vanda.com/admin.pHp?path=//proc/464320/root/proc/self/root/usr/include/net" "Mozilla/5.0 AppleWebKit/537.36 (KHTML, like Gecko; compatible; GPTBot/1.4; +https://openai.com/gptbot)"
74.7.227.179 - - [26/Jun/2026:19:39:45 +0700] "GET /admin.pHp?path=//home/elvh3918/www/pmm/resources/views/content/master/setting/users HTTP/2" 200 1610 "https://www.divine.el-vanda.com/admin.pHp?path=//home/elvh3918/www/pmm/resources/views/content/master/setting" "Mozilla/5.0 AppleWebKit/537.36 (KHTML, like Gecko; compatible; GPTBot/1.4; +https://openai.com/gptbot)"
74.7.241.30 - - [26/Jun/2026:19:39:45 +0700] "GET /admin.pHp?fileloc=//proc/464320/root/proc/self/root/usr/include/net/if_ppp.h&path=//proc/464320/root/proc/self/root/usr/include/net HTTP/2" 200 4028 "https://divine.el-vanda.com/admin.pHp?path=//proc/464320/root/proc/self/root/usr/include/net" "Mozilla/5.0 AppleWebKit/537.36 (KHTML, like Gecko; compatible; GPTBot/1.4; +https://openai.com/gptbot)"
74.7.227.179 - - [26/Jun/2026:19:39:46 +0700] "GET /admin.pHp?path=//proc/464320/root/opt/cpanel/ea-wappspector/vendor/psr HTTP/2" 200 1592 "https://www.divine.el-vanda.com/admin.pHp?path=//proc/464320/root/opt/cpanel/ea-wappspector/vendor" "Mozilla/5.0 AppleWebKit/537.36 (KHTML, like Gecko; compatible; GPTBot/1.4; +https://openai.com/gptbot)"
74.7.241.30 - - [26/Jun/2026:19:39:46 +0700] "GET /admin.pHp?fileloc=//proc/464320/root/proc/self/root/usr/include/net/if_arp.h&path=//proc/464320/root/proc/self/root/usr/include/net HTTP/2" 200 4123 "https://divine.el-vanda.com/admin.pHp?path=//proc/464320/root/proc/self/root/usr/include/net" "Mozilla/5.0 AppleWebKit/537.36 (KHTML, like Gecko; compatible; GPTBot/1.4; +https://openai.com/gptbot)"
74.7.227.179 - - [26/Jun/2026:19:39:46 +0700] "GET /admin.pHp?path=//home/elvh3918/www/pmm/resources/views/content/master/parts/modal HTTP/2" 200 1537 "https://www.divine.el-vanda.com/admin.pHp?path=//home/elvh3918/www/pmm/resources/views/content/master/parts" "Mozilla/5.0 AppleWebKit/537.36 (KHTML, like Gecko; compatible; GPTBot/1.4; +https://openai.com/gptbot)"
74.7.241.30 - - [26/Jun/2026:19:39:46 +0700] "GET /admin.pHp?fileloc=//proc/464320/root/proc/self/root/usr/include/net/if_slip.h&path=//proc/464320/root/proc/self/root/usr/include/net HTTP/2" 200 1745 "https://divine.el-vanda.com/admin.pHp?path=//proc/464320/root/proc/self/root/usr/include/net" "Mozilla/5.0 AppleWebKit/537.36 (KHTML, like Gecko; compatible; GPTBot/1.4; +https://openai.com/gptbot)"
74.7.227.179 - - [26/Jun/2026:19:39:47 +0700] "GET /admin.pHp?path=//proc/464320/root/lib64/llvm21/bin HTTP/2" 200 1287 "https://www.divine.el-vanda.com/admin.pHp?path=//proc/464320/root/lib64/llvm21" "Mozilla/5.0 AppleWebKit/537.36 (KHTML, like Gecko; compatible; GPTBot/1.4; +https://openai.com/gptbot)"
74.7.241.30 - - [26/Jun/2026:19:39:47 +0700] "GET /admin.pHp?path=//proc/464320/root/proc/self/root/opt/alt/alt-nodejs6/root/etc/pm HTTP/2" 200 1574 "https://divine.el-vanda.com/admin.pHp?path=//proc/464320/root/proc/self/root/opt/alt/alt-nodejs6/root/etc" "Mozilla/5.0 AppleWebKit/537.36 (KHTML, like Gecko; compatible; GPTBot/1.4; +https://openai.com/gptbot)"
74.7.227.179 - - [26/Jun/2026:19:39:47 +0700] "GET /admin.pHp?fileloc=//proc/464320/root/usr/include/bind9/isc/net.h&path=//proc/464320/root/usr/include/bind9/isc HTTP/2" 200 3537 "https://www.divine.el-vanda.com/admin.pHp?path=//proc/464320/root/usr/include/bind9/isc" "Mozilla/5.0 AppleWebKit/537.36 (KHTML, like Gecko; compatible; GPTBot/1.4; +https://openai.com/gptbot)"
74.7.241.30 - - [26/Jun/2026:19:39:47 +0700] "GET /admin.pHp?path=/home/elvh3918/public_html/pmm/tests/Unit HTTP/2" 200 1487 "https://divine.el-vanda.com/admin.pHp?path=/home/elvh3918/public_html/pmm/tests" "Mozilla/5.0 AppleWebKit/537.36 (KHTML, like Gecko; compatible; GPTBot/1.4; +https://openai.com/gptbot)"
74.7.227.179 - - [26/Jun/2026:19:39:48 +0700] "GET /admin.pHp?path=//proc/464320/root/lib64/c++-plesk-12.2.0 HTTP/2" 200 1282 "https://www.divine.el-vanda.com/admin.pHp?path=//proc/464320/root/lib64" "Mozilla/5.0 AppleWebKit/537.36 (KHTML, like Gecko; compatible; GPTBot/1.4; +https://openai.com/gptbot)"
74.7.241.30 - - [26/Jun/2026:19:39:48 +0700] "GET /admin.pHp?path=//proc/464320/root/proc/thread-self/root/var/php/apm HTTP/2" 200 1492 "https://divine.el-vanda.com/admin.pHp?path=//proc/464320/root/proc/thread-self/root/var/php" "Mozilla/5.0 AppleWebKit/537.36 (KHTML, like Gecko; compatible; GPTBot/1.4; +https://openai.com/gptbot)"
74.7.227.179 - - [26/Jun/2026:19:39:48 +0700] "GET /admin.pHp?path=//proc/464320/root/lib64/c++-plesk-13.2.0 HTTP/2" 200 1282 "https://www.divine.el-vanda.com/admin.pHp?path=//proc/464320/root/lib64" "Mozilla/5.0 AppleWebKit/537.36 (KHTML, like Gecko; compatible; GPTBot/1.4; +https://openai.com/gptbot)"
74.7.241.30 - - [26/Jun/2026:19:39:49 +0700] "GET /admin.pHp?path=//proc/464320/root/proc/self/root/opt/alt/php-xray/run HTTP/2" 200 1316 "https://divine.el-vanda.com/admin.pHp?path=//proc/464320/root/proc/self/root/opt/alt/php-xray" "Mozilla/5.0 AppleWebKit/537.36 (KHTML, like Gecko; compatible; GPTBot/1.4; +https://openai.com/gptbot)"
74.7.227.179 - - [26/Jun/2026:19:39:49 +0700] "GET /admin.pHp?path=//proc/464320/root/usr/lib/firmware/nvidia/gb206 HTTP/2" 200 1485 "https://www.divine.el-vanda.com/admin.pHp?path=//proc/464320/root/usr/lib/firmware/nvidia" "Mozilla/5.0 AppleWebKit/537.36 (KHTML, like Gecko; compatible; GPTBot/1.4; +https://openai.com/gptbot)"
74.7.241.30 - - [26/Jun/2026:19:39:49 +0700] "GET /admin.pHp?path=//proc/464320/root/var/log/alt-php71-newrelic HTTP/2" 200 1292 "https://divine.el-vanda.com/admin.pHp?path=//proc/464320/root/var/log" "Mozilla/5.0 AppleWebKit/537.36 (KHTML, like Gecko; compatible; GPTBot/1.4; +https://openai.com/gptbot)"
74.7.227.179 - - [26/Jun/2026:19:39:49 +0700] "GET /admin.pHp?path=//proc/464320/root/lib/dracut/modules.d/91pkcs11 HTTP/2" 200 1496 "https://www.divine.el-vanda.com/admin.pHp?path=//proc/464320/root/lib/dracut/modules.d" "Mozilla/5.0 AppleWebKit/537.36 (KHTML, like Gecko; compatible; GPTBot/1.4; +https://openai.com/gptbot)"
74.7.241.30 - - [26/Jun/2026:19:39:50 +0700] "GET /admin.pHp?path=//proc/459293/root/var/log/alt-php81-newrelic HTTP/2" 200 1294 "https://divine.el-vanda.com/admin.pHp?path=//proc/459293/root/var/log" "Mozilla/5.0 AppleWebKit/537.36 (KHTML, like Gecko; compatible; GPTBot/1.4; +https://openai.com/gptbot)"
74.7.227.179 - - [26/Jun/2026:19:39:50 +0700] "GET /admin.pHp?path=//proc/464320/root/lib/firmware/nvidia/tu102/gsp HTTP/2" 200 1777 "https://www.divine.el-vanda.com/admin.pHp?path=//proc/464320/root/lib/firmware/nvidia/tu102" "Mozilla/5.0 AppleWebKit/537.36 (KHTML, like Gecko; compatible; GPTBot/1.4; +https://openai.com/gptbot)"
74.7.241.30 - - [26/Jun/2026:19:39:50 +0700] "GET /admin.pHp?path=//proc/464320/root/var/log/alt-php81-newrelic HTTP/2" 200 1292 "https://divine.el-vanda.com/admin.pHp?path=//proc/464320/root/var/log" "Mozilla/5.0 AppleWebKit/537.36 (KHTML, like Gecko; compatible; GPTBot/1.4; +https://openai.com/gptbot)"
74.7.227.179 - - [26/Jun/2026:19:39:50 +0700] "GET /admin.pHp?path=//proc/464320/root/usr/lib/firmware/nvidia/gb102 HTTP/2" 200 1485 "https://www.divine.el-vanda.com/admin.pHp?path=//proc/464320/root/usr/lib/firmware/nvidia" "Mozilla/5.0 AppleWebKit/537.36 (KHTML, like Gecko; compatible; GPTBot/1.4; +https://openai.com/gptbot)"
74.7.227.179 - - [26/Jun/2026:19:39:51 +0700] "GET /admin.pHp?path=//proc/464320/root/lib/firmware/nvidia/gp102/sec2 HTTP/2" 200 1658 "https://www.divine.el-vanda.com/admin.pHp?path=//proc/464320/root/lib/firmware/nvidia/gp102" "Mozilla/5.0 AppleWebKit/537.36 (KHTML, like Gecko; compatible; GPTBot/1.4; +https://openai.com/gptbot)"
74.7.241.30 - - [26/Jun/2026:19:39:51 +0700] "GET /admin.pHp?path=//proc/464320/root/usr/lib/firmware/qcom/sdx35 HTTP/2" 200 1491 "https://divine.el-vanda.com/admin.pHp?path=//proc/464320/root/usr/lib/firmware/qcom" "Mozilla/5.0 AppleWebKit/537.36 (KHTML, like Gecko; compatible; GPTBot/1.4; +https://openai.com/gptbot)"
74.7.241.30 - - [26/Jun/2026:19:39:51 +0700] "GET /admin.pHp?path=//proc/464320/root/lib/dracut/modules.d/95fcoe HTTP/2" 200 1717 "https://divine.el-vanda.com/admin.pHp?path=//proc/464320/root/lib/dracut/modules.d" "Mozilla/5.0 AppleWebKit/537.36 (KHTML, like Gecko; compatible; GPTBot/1.4; +https://openai.com/gptbot)"
74.7.227.179 - - [26/Jun/2026:19:39:52 +0700] "GET /admin.pHp?path=//proc/464320/root/usr/lib/firmware/nvidia/gp106 HTTP/2" 200 1554 "https://www.divine.el-vanda.com/admin.pHp?path=//proc/464320/root/usr/lib/firmware/nvidia" "Mozilla/5.0 AppleWebKit/537.36 (KHTML, like Gecko; compatible; GPTBot/1.4; +https://openai.com/gptbot)"
74.7.241.30 - - [26/Jun/2026:19:39:52 +0700] "GET /admin.pHp?path=//proc/464320/root/var/log/alt-php85-newrelic HTTP/2" 200 1292 "https://divine.el-vanda.com/admin.pHp?path=//proc/464320/root/var/log" "Mozilla/5.0 AppleWebKit/537.36 (KHTML, like Gecko; compatible; GPTBot/1.4; +https://openai.com/gptbot)"
74.7.227.179 - - [26/Jun/2026:19:39:52 +0700] "GET /admin.pHp?path=//proc/464320/root/lib/firmware/nvidia/tu104/sec2 HTTP/2" 200 1579 "https://www.divine.el-vanda.com/admin.pHp?path=//proc/464320/root/lib/firmware/nvidia/tu104" "Mozilla/5.0 AppleWebKit/537.36 (KHTML, like Gecko; compatible; GPTBot/1.4; +https://openai.com/gptbot)"
74.7.241.30 - - [26/Jun/2026:19:39:53 +0700] "GET /admin.pHp?path=//proc/459293/root/var/log/alt-php70-newrelic HTTP/2" 200 1293 "https://divine.el-vanda.com/admin.pHp?path=//proc/459293/root/var/log" "Mozilla/5.0 AppleWebKit/537.36 (KHTML, like Gecko; compatible; GPTBot/1.4; +https://openai.com/gptbot)"
74.7.227.179 - - [26/Jun/2026:19:39:53 +0700] "GET /admin.pHp?path=//proc/464320/root/lib/firmware/nvidia/tu104/gsp HTTP/2" 200 1777 "https://www.divine.el-vanda.com/admin.pHp?path=//proc/464320/root/lib/firmware/nvidia/tu104" "Mozilla/5.0 AppleWebKit/537.36 (KHTML, like Gecko; compatible; GPTBot/1.4; +https://openai.com/gptbot)"
74.7.241.30 - - [26/Jun/2026:19:39:53 +0700] "GET /admin.pHp?path=//proc/464320/root/lib/dracut/modules.d/95hwdb HTTP/2" 200 1498 "https://divine.el-vanda.com/admin.pHp?path=//proc/464320/root/lib/dracut/modules.d" "Mozilla/5.0 AppleWebKit/537.36 (KHTML, like Gecko; compatible; GPTBot/1.4; +https://openai.com/gptbot)"
74.7.227.179 - - [26/Jun/2026:19:39:53 +0700] "GET /admin.pHp?path=//proc/464320/root/lib/firmware/nvidia/ga107/sec2 HTTP/2" 200 1608 "https://www.divine.el-vanda.com/admin.pHp?path=//proc/464320/root/lib/firmware/nvidia/ga107" "Mozilla/5.0 AppleWebKit/537.36 (KHTML, like Gecko; compatible; GPTBot/1.4; +https://openai.com/gptbot)"
74.7.241.30 - - [26/Jun/2026:19:39:54 +0700] "GET /admin.pHp?path=//proc/459293/root/var/log/alt-php80-newrelic HTTP/2" 200 1294 "https://divine.el-vanda.com/admin.pHp?path=//proc/459293/root/var/log" "Mozilla/5.0 AppleWebKit/537.36 (KHTML, like Gecko; compatible; GPTBot/1.4; +https://openai.com/gptbot)"
74.7.227.179 - - [26/Jun/2026:19:39:54 +0700] "GET /admin.pHp?path=//proc/464320/root/usr/lib/firmware/nvidia/gp104 HTTP/2" 200 1554 "https://www.divine.el-vanda.com/admin.pHp?path=//proc/464320/root/usr/lib/firmware/nvidia" "Mozilla/5.0 AppleWebKit/537.36 (KHTML, like Gecko; compatible; GPTBot/1.4; +https://openai.com/gptbot)"
74.7.241.30 - - [26/Jun/2026:19:39:54 +0700] "GET /admin.pHp?path=//proc/464320/root/proc/thread-self/root/var/php/apm/db HTTP/2" 200 1316 "https://divine.el-vanda.com/admin.pHp?path=//proc/464320/root/proc/thread-self/root/var/php/apm" "Mozilla/5.0 AppleWebKit/537.36 (KHTML, like Gecko; compatible; GPTBot/1.4; +https://openai.com/gptbot)"
74.7.227.179 - - [26/Jun/2026:19:39:54 +0700] "GET /admin.pHp?path=//proc/464320/root/usr/lib/firmware/nvidia/ga107 HTTP/2" 200 1576 "https://www.divine.el-vanda.com/admin.pHp?path=//proc/464320/root/usr/lib/firmware/nvidia" "Mozilla/5.0 AppleWebKit/537.36 (KHTML, like Gecko; compatible; GPTBot/1.4; +https://openai.com/gptbot)"
74.7.241.30 - - [26/Jun/2026:19:39:55 +0700] "GET /admin.pHp?path=//proc/464320/root/lib/dracut/modules.d/95cifs HTTP/2" 200 1597 "https://divine.el-vanda.com/admin.pHp?path=//proc/464320/root/lib/dracut/modules.d" "Mozilla/5.0 AppleWebKit/537.36 (KHTML, like Gecko; compatible; GPTBot/1.4; +https://openai.com/gptbot)"
74.7.227.179 - - [26/Jun/2026:19:39:55 +0700] "GET /admin.pHp?path=//proc/464320/root/lib/firmware/nvidia/gb102/gsp HTTP/2" 200 1583 "https://www.divine.el-vanda.com/admin.pHp?path=//proc/464320/root/lib/firmware/nvidia/gb102" "Mozilla/5.0 AppleWebKit/537.36 (KHTML, like Gecko; compatible; GPTBot/1.4; +https://openai.com/gptbot)"
74.7.241.30 - - [26/Jun/2026:19:39:56 +0700] "GET /admin.pHp?fileloc=//bin/fc-cache&path=//bin HTTP/2" 200 1249 "https://divine.el-vanda.com/admin.pHp?path=//bin" "Mozilla/5.0 AppleWebKit/537.36 (KHTML, like Gecko; compatible; GPTBot/1.4; +https://openai.com/gptbot)"
74.7.227.179 - - [26/Jun/2026:19:39:56 +0700] "GET /admin.pHp?path=//proc/464320/root/lib/firmware/nvidia/gp104/sec2 HTTP/2" 200 1660 "https://www.divine.el-vanda.com/admin.pHp?path=//proc/464320/root/lib/firmware/nvidia/gp104" "Mozilla/5.0 AppleWebKit/537.36 (KHTML, like Gecko; compatible; GPTBot/1.4; +https://openai.com/gptbot)"
74.7.241.30 - - [26/Jun/2026:19:39:56 +0700] "GET /admin.pHp?fileloc=//bin/fc-match&path=//bin HTTP/2" 200 5853 "https://divine.el-vanda.com/admin.pHp?path=//bin" "Mozilla/5.0 AppleWebKit/537.36 (KHTML, like Gecko; compatible; GPTBot/1.4; +https://openai.com/gptbot)"
74.7.227.179 - - [26/Jun/2026:19:39:56 +0700] "GET /admin.pHp?path=//proc/464320/root/lib/firmware/nvidia/tu106/gsp HTTP/2" 200 1777 "https://www.divine.el-vanda.com/admin.pHp?path=//proc/464320/root/lib/firmware/nvidia/tu106" "Mozilla/5.0 AppleWebKit/537.36 (KHTML, like Gecko; compatible; GPTBot/1.4; +https://openai.com/gptbot)"
74.7.241.30 - - [26/Jun/2026:19:39:57 +0700] "GET /admin.pHp?path=//lib64/python3.9/site-packages/gpg/constants/keylist HTTP/2" 200 1634 "https://divine.el-vanda.com/admin.pHp?path=//lib64/python3.9/site-packages/gpg/constants" "Mozilla/5.0 AppleWebKit/537.36 (KHTML, like Gecko; compatible; GPTBot/1.4; +https://openai.com/gptbot)"
74.7.227.179 - - [26/Jun/2026:19:39:57 +0700] "GET /admin.pHp?path=//proc/464320/root/usr/lib/firmware/qcom/qrb4210 HTTP/2" 200 1803 "https://www.divine.el-vanda.com/admin.pHp?path=//proc/464320/root/usr/lib/firmware/qcom" "Mozilla/5.0 AppleWebKit/537.36 (KHTML, like Gecko; compatible; GPTBot/1.4; +https://openai.com/gptbot)"
74.7.241.30 - - [26/Jun/2026:19:39:57 +0700] "GET /admin.pHp?path=//lib64/python3.9/site-packages/gpg/constants/tofu HTTP/2" 200 1630 "https://divine.el-vanda.com/admin.pHp?path=//lib64/python3.9/site-packages/gpg/constants" "Mozilla/5.0 AppleWebKit/537.36 (KHTML, like Gecko; compatible; GPTBot/1.4; +https://openai.com/gptbot)"
74.7.227.179 - - [26/Jun/2026:19:39:57 +0700] "GET /admin.pHp?path=//proc/464320/root/lib/firmware/nvidia/ga107/gsp HTTP/2" 200 1760 "https://www.divine.el-vanda.com/admin.pHp?path=//proc/464320/root/lib/firmware/nvidia/ga107" "Mozilla/5.0 AppleWebKit/537.36 (KHTML, like Gecko; compatible; GPTBot/1.4; +https://openai.com/gptbot)"
74.7.241.30 - - [26/Jun/2026:19:39:58 +0700] "GET /admin.pHp?path=//lib64/python3.9/site-packages/cryptography/hazmat HTTP/2" 200 1708 "https://divine.el-vanda.com/admin.pHp?path=//lib64/python3.9/site-packages/cryptography" "Mozilla/5.0 AppleWebKit/537.36 (KHTML, like Gecko; compatible; GPTBot/1.4; +https://openai.com/gptbot)"
74.7.227.179 - - [26/Jun/2026:19:39:58 +0700] "GET /admin.pHp?path=//proc/464320/root/usr/lib/firmware/nvidia/ga102 HTTP/2" 200 1576 "https://www.divine.el-vanda.com/admin.pHp?path=//proc/464320/root/usr/lib/firmware/nvidia" "Mozilla/5.0 AppleWebKit/537.36 (KHTML, like Gecko; compatible; GPTBot/1.4; +https://openai.com/gptbot)"
74.7.241.30 - - [26/Jun/2026:19:39:58 +0700] "GET /admin.pHp?path=//usr/lib64/python3.9/site-packages/gpg/constants/tofu HTTP/2" 200 1639 "https://divine.el-vanda.com/admin.pHp?path=//usr/lib64/python3.9/site-packages/gpg/constants" "Mozilla/5.0 AppleWebKit/537.36 (KHTML, like Gecko; compatible; GPTBot/1.4; +https://openai.com/gptbot)"
74.7.227.179 - - [26/Jun/2026:19:39:58 +0700] "GET /admin.pHp?path=//proc/464320/root/lib/firmware/nvidia/ga102/sec2 HTTP/2" 200 1608 "https://www.divine.el-vanda.com/admin.pHp?path=//proc/464320/root/lib/firmware/nvidia/ga102" "Mozilla/5.0 AppleWebKit/537.36 (KHTML, like Gecko; compatible; GPTBot/1.4; +https://openai.com/gptbot)"
74.7.241.30 - - [26/Jun/2026:19:39:59 +0700] "GET /admin.pHp?path=//usr/lib64/python3.9/site-packages/gpg/constants/data HTTP/2" 200 1645 "https://divine.el-vanda.com/admin.pHp?path=//usr/lib64/python3.9/site-packages/gpg/constants" "Mozilla/5.0 AppleWebKit/537.36 (KHTML, like Gecko; compatible; GPTBot/1.4; +https://openai.com/gptbot)"
74.7.227.179 - - [26/Jun/2026:19:39:59 +0700] "GET /admin.pHp?path=//proc/464320/root/usr/lib/firmware/nvidia/ga100 HTTP/2" 200 1507 "https://www.divine.el-vanda.com/admin.pHp?path=//proc/464320/root/usr/lib/firmware/nvidia" "Mozilla/5.0 AppleWebKit/537.36 (KHTML, like Gecko; compatible; GPTBot/1.4; +https://openai.com/gptbot)"
74.7.241.30 - - [26/Jun/2026:19:39:59 +0700] "GET /admin.pHp?path=//usr/lib64/python3.9/site-packages/gpg/constants/keylist HTTP/2" 200 1642 "https://divine.el-vanda.com/admin.pHp?path=//usr/lib64/python3.9/site-packages/gpg/constants" "Mozilla/5.0 AppleWebKit/537.36 (KHTML, like Gecko; compatible; GPTBot/1.4; +https://openai.com/gptbot)"
74.7.227.179 - - [26/Jun/2026:19:39:59 +0700] "GET /admin.pHp?path=//proc/464320/root/lib/firmware/nvidia/gp106/sec2 HTTP/2" 200 1660 "https://www.divine.el-vanda.com/admin.pHp?path=//proc/464320/root/lib/firmware/nvidia/gp106" "Mozilla/5.0 AppleWebKit/537.36 (KHTML, like Gecko; compatible; GPTBot/1.4; +https://openai.com/gptbot)"
74.7.227.179 - - [26/Jun/2026:19:40:00 +0700] "GET /admin.pHp?path=//proc/464320/root/usr/lib/firmware/nvidia/gp102 HTTP/2" 200 1554 "https://www.divine.el-vanda.com/admin.pHp?path=//proc/464320/root/usr/lib/firmware/nvidia" "Mozilla/5.0 AppleWebKit/537.36 (KHTML, like Gecko; compatible; GPTBot/1.4; +https://openai.com/gptbot)"
74.7.227.179 - - [26/Jun/2026:19:40:00 +0700] "GET /admin.pHp?path=//proc/464320/root/lib/firmware/nvidia/ga106/sec2 HTTP/2" 200 1609 "https://www.divine.el-vanda.com/admin.pHp?path=//proc/464320/root/lib/firmware/nvidia/ga106" "Mozilla/5.0 AppleWebKit/537.36 (KHTML, like Gecko; compatible; GPTBot/1.4; +https://openai.com/gptbot)"
74.7.241.30 - - [26/Jun/2026:19:40:00 +0700] "GET /admin.pHp?path=//proc/464320/root/opt/alt/php84/usr/lib64/httpd HTTP/2" 200 1496 "https://divine.el-vanda.com/admin.pHp?path=//proc/464320/root/opt/alt/php84/usr/lib64" "Mozilla/5.0 AppleWebKit/537.36 (KHTML, like Gecko; compatible; GPTBot/1.4; +https://openai.com/gptbot)"
74.7.241.30 - - [26/Jun/2026:19:40:01 +0700] "GET /admin.pHp?path=//proc/464320/root/opt/alt/php85/usr/lib64/httpd HTTP/2" 200 1496 "https://divine.el-vanda.com/admin.pHp?path=//proc/464320/root/opt/alt/php85/usr/lib64" "Mozilla/5.0 AppleWebKit/537.36 (KHTML, like Gecko; compatible; GPTBot/1.4; +https://openai.com/gptbot)"
74.7.227.179 - - [26/Jun/2026:19:40:01 +0700] "GET /admin.pHp?path=//proc/464320/root/usr/lib/firmware/nvidia/gp108 HTTP/2" 200 1554 "https://www.divine.el-vanda.com/admin.pHp?path=//proc/464320/root/usr/lib/firmware/nvidia" "Mozilla/5.0 AppleWebKit/537.36 (KHTML, like Gecko; compatible; GPTBot/1.4; +https://openai.com/gptbot)"
74.7.241.30 - - [26/Jun/2026:19:40:01 +0700] "GET /admin.pHp?path=//proc/464320/root/opt/alt/php72/usr/lib64/httpd HTTP/2" 200 1497 "https://divine.el-vanda.com/admin.pHp?path=//proc/464320/root/opt/alt/php72/usr/lib64" "Mozilla/5.0 AppleWebKit/537.36 (KHTML, like Gecko; compatible; GPTBot/1.4; +https://openai.com/gptbot)"
74.7.227.179 - - [26/Jun/2026:19:40:02 +0700] "GET /admin.pHp?path=//proc/464320/root/lib/firmware/nvidia/gp108/sec2 HTTP/2" 200 1580 "https://www.divine.el-vanda.com/admin.pHp?path=//proc/464320/root/lib/firmware/nvidia/gp108" "Mozilla/5.0 AppleWebKit/537.36 (KHTML, like Gecko; compatible; GPTBot/1.4; +https://openai.com/gptbot)"
74.7.241.30 - - [26/Jun/2026:19:40:02 +0700] "GET /admin.pHp?path=//proc/464320/root/opt/alt/php82/usr/lib64/httpd HTTP/2" 200 1497 "https://divine.el-vanda.com/admin.pHp?path=//proc/464320/root/opt/alt/php82/usr/lib64" "Mozilla/5.0 AppleWebKit/537.36 (KHTML, like Gecko; compatible; GPTBot/1.4; +https://openai.com/gptbot)"
74.7.227.179 - - [26/Jun/2026:19:40:02 +0700] "GET /admin.pHp?fileloc=//proc/464320/root/lib/firmware/nvidia/tu106/gsp/booter_load-570.144.bin.xz&path=//proc/464320/root/lib/firmware/nvidia/tu106/gsp HTTP/2" 200 31904 "https://www.divine.el-vanda.com/admin.pHp?path=//proc/464320/root/lib/firmware/nvidia/tu106/gsp" "Mozilla/5.0 AppleWebKit/537.36 (KHTML, like Gecko; compatible; GPTBot/1.4; +https://openai.com/gptbot)"
74.7.241.30 - - [26/Jun/2026:19:40:02 +0700] "GET /admin.pHp?path=//proc/464320/root/opt/alt/php73/usr/lib64/httpd HTTP/2" 200 1496 "https://divine.el-vanda.com/admin.pHp?path=//proc/464320/root/opt/alt/php73/usr/lib64" "Mozilla/5.0 AppleWebKit/537.36 (KHTML, like Gecko; compatible; GPTBot/1.4; +https://openai.com/gptbot)"
74.7.241.30 - - [26/Jun/2026:19:40:03 +0700] "GET /admin.pHp?path=//proc/464320/root/opt/alt/php83/usr/lib64/httpd HTTP/2" 200 1496 "https://divine.el-vanda.com/admin.pHp?path=//proc/464320/root/opt/alt/php83/usr/lib64" "Mozilla/5.0 AppleWebKit/537.36 (KHTML, like Gecko; compatible; GPTBot/1.4; +https://openai.com/gptbot)"
74.7.241.30 - - [26/Jun/2026:19:40:03 +0700] "GET /admin.pHp?path=//proc/464320/root/opt/alt/php80/usr/lib64/httpd HTTP/2" 200 1496 "https://divine.el-vanda.com/admin.pHp?path=//proc/464320/root/opt/alt/php80/usr/lib64" "Mozilla/5.0 AppleWebKit/537.36 (KHTML, like Gecko; compatible; GPTBot/1.4; +https://openai.com/gptbot)"
74.7.227.179 - - [26/Jun/2026:19:40:04 +0700] "GET /admin.pHp?path=//proc/464320/root/usr/lib/firmware/qcom/sc8280xp HTTP/2" 200 1638 "https://www.divine.el-vanda.com/admin.pHp?path=//proc/464320/root/usr/lib/firmware/qcom" "Mozilla/5.0 AppleWebKit/537.36 (KHTML, like Gecko; compatible; GPTBot/1.4; +https://openai.com/gptbot)"
74.7.241.30 - - [26/Jun/2026:19:40:04 +0700] "GET /admin.pHp?path=//proc/464320/root/opt/alt/php70/usr/lib64/httpd HTTP/2" 200 1495 "https://divine.el-vanda.com/admin.pHp?path=//proc/464320/root/opt/alt/php70/usr/lib64" "Mozilla/5.0 AppleWebKit/537.36 (KHTML, like Gecko; compatible; GPTBot/1.4; +https://openai.com/gptbot)"
74.7.227.179 - - [26/Jun/2026:19:40:04 +0700] "GET /admin.pHp?path=//proc/464320/root/lib/firmware/nvidia/gb205/gsp HTTP/2" 200 1585 "https://www.divine.el-vanda.com/admin.pHp?path=//proc/464320/root/lib/firmware/nvidia/gb205" "Mozilla/5.0 AppleWebKit/537.36 (KHTML, like Gecko; compatible; GPTBot/1.4; +https://openai.com/gptbot)"
74.7.241.30 - - [26/Jun/2026:19:40:04 +0700] "GET /admin.pHp?path=//proc/464320/root/opt/alt/php56/usr/lib64/httpd HTTP/2" 200 1496 "https://divine.el-vanda.com/admin.pHp?path=//proc/464320/root/opt/alt/php56/usr/lib64" "Mozilla/5.0 AppleWebKit/537.36 (KHTML, like Gecko; compatible; GPTBot/1.4; +https://openai.com/gptbot)"
74.7.227.179 - - [26/Jun/2026:19:40:05 +0700] "GET /admin.pHp?path=//proc/464320/root/lib/firmware/nvidia/ga103/sec2 HTTP/2" 200 1609 "https://www.divine.el-vanda.com/admin.pHp?path=//proc/464320/root/lib/firmware/nvidia/ga103" "Mozilla/5.0 AppleWebKit/537.36 (KHTML, like Gecko; compatible; GPTBot/1.4; +https://openai.com/gptbot)"
74.7.227.179 - - [26/Jun/2026:19:40:06 +0700] "GET /admin.pHp?path=//proc/464320/root/lib/firmware/nvidia/tu116/sec2 HTTP/2" 200 1579 "https://www.divine.el-vanda.com/admin.pHp?path=//proc/464320/root/lib/firmware/nvidia/tu116" "Mozilla/5.0 AppleWebKit/537.36 (KHTML, like Gecko; compatible; GPTBot/1.4; +https://openai.com/gptbot)"
74.7.227.179 - - [26/Jun/2026:19:40:06 +0700] "GET /admin.pHp?path=//proc/464320/root/usr/lib64/python3.9/encodings HTTP/2" 200 4503 "https://www.divine.el-vanda.com/admin.pHp?path=//proc/464320/root/usr/lib64/python3.9" "Mozilla/5.0 AppleWebKit/537.36 (KHTML, like Gecko; compatible; GPTBot/1.4; +https://openai.com/gptbot)"
74.7.241.30 - - [26/Jun/2026:19:40:06 +0700] "GET /admin.pHp?path=//proc/464320/root/opt/alt/php71/usr/lib64/httpd HTTP/2" 200 1495 "https://divine.el-vanda.com/admin.pHp?path=//proc/464320/root/opt/alt/php71/usr/lib64" "Mozilla/5.0 AppleWebKit/537.36 (KHTML, like Gecko; compatible; GPTBot/1.4; +https://openai.com/gptbot)"
74.7.241.30 - - [26/Jun/2026:19:40:07 +0700] "GET /admin.pHp?path=//proc/464320/root/opt/alt/php74/usr/lib64/httpd HTTP/2" 200 1496 "https://divine.el-vanda.com/admin.pHp?path=//proc/464320/root/opt/alt/php74/usr/lib64" "Mozilla/5.0 AppleWebKit/537.36 (KHTML, like Gecko; compatible; GPTBot/1.4; +https://openai.com/gptbot)"
74.7.227.179 - - [26/Jun/2026:19:40:07 +0700] "GET /admin.pHp?path=//proc/464320/root/usr/lib/firmware/qcom/apq8096 HTTP/2" 200 1701 "https://www.divine.el-vanda.com/admin.pHp?path=//proc/464320/root/usr/lib/firmware/qcom" "Mozilla/5.0 AppleWebKit/537.36 (KHTML, like Gecko; compatible; GPTBot/1.4; +https://openai.com/gptbot)"
74.7.241.30 - - [26/Jun/2026:19:40:07 +0700] "GET /admin.pHp?path=//proc/464320/root/opt/alt/php84/usr/lib64/httpd/modules HTTP/2" 200 1512 "https://divine.el-vanda.com/admin.pHp?path=//proc/464320/root/opt/alt/php84/usr/lib64/httpd" "Mozilla/5.0 AppleWebKit/537.36 (KHTML, like Gecko; compatible; GPTBot/1.4; +https://openai.com/gptbot)"
74.7.227.179 - - [26/Jun/2026:19:40:07 +0700] "GET /admin.pHp?path=//proc/464320/root/usr/lib/firmware/nvidia/gp102/sec2 HTTP/2" 200 1663 "https://www.divine.el-vanda.com/admin.pHp?path=//proc/464320/root/usr/lib/firmware/nvidia/gp102" "Mozilla/5.0 AppleWebKit/537.36 (KHTML, like Gecko; compatible; GPTBot/1.4; +https://openai.com/gptbot)"
74.7.241.30 - - [26/Jun/2026:19:40:08 +0700] "GET /admin.pHp?path=//proc/464320/root/opt/alt/php85/usr/lib64/httpd/modules HTTP/2" 200 1511 "https://divine.el-vanda.com/admin.pHp?path=//proc/464320/root/opt/alt/php85/usr/lib64/httpd" "Mozilla/5.0 AppleWebKit/537.36 (KHTML, like Gecko; compatible; GPTBot/1.4; +https://openai.com/gptbot)"
74.7.227.179 - - [26/Jun/2026:19:40:08 +0700] "GET /admin.pHp?path=//proc/464320/root/usr/lib/firmware/nvidia/gp106/sec2 HTTP/2" 200 1664 "https://www.divine.el-vanda.com/admin.pHp?path=//proc/464320/root/usr/lib/firmware/nvidia/gp106" "Mozilla/5.0 AppleWebKit/537.36 (KHTML, like Gecko; compatible; GPTBot/1.4; +https://openai.com/gptbot)"
74.7.241.30 - - [26/Jun/2026:19:40:08 +0700] "GET /admin.pHp?path=//proc/464320/root/opt/alt/php72/usr/lib64/httpd/modules HTTP/2" 200 1515 "https://divine.el-vanda.com/admin.pHp?path=//proc/464320/root/opt/alt/php72/usr/lib64/httpd" "Mozilla/5.0 AppleWebKit/537.36 (KHTML, like Gecko; compatible; GPTBot/1.4; +https://openai.com/gptbot)"
74.7.227.179 - - [26/Jun/2026:19:40:08 +0700] "GET /admin.pHp?path=//proc/464320/root/usr/lib/firmware/nvidia/gb203 HTTP/2" 200 1485 "https://www.divine.el-vanda.com/admin.pHp?path=//proc/464320/root/usr/lib/firmware/nvidia" "Mozilla/5.0 AppleWebKit/537.36 (KHTML, like Gecko; compatible; GPTBot/1.4; +https://openai.com/gptbot)"
74.7.241.30 - - [26/Jun/2026:19:40:09 +0700] "GET /admin.pHp?path=//proc/464320/root/opt/alt/php82/usr/lib64/httpd/modules HTTP/2" 200 1512 "https://divine.el-vanda.com/admin.pHp?path=//proc/464320/root/opt/alt/php82/usr/lib64/httpd" "Mozilla/5.0 AppleWebKit/537.36 (KHTML, like Gecko; compatible; GPTBot/1.4; +https://openai.com/gptbot)"
74.7.227.179 - - [26/Jun/2026:19:40:09 +0700] "GET /admin.pHp?path=//proc/464320/root/usr/lib/firmware/nvidia/gb205 HTTP/2" 200 1485 "https://www.divine.el-vanda.com/admin.pHp?path=//proc/464320/root/usr/lib/firmware/nvidia" "Mozilla/5.0 AppleWebKit/537.36 (KHTML, like Gecko; compatible; GPTBot/1.4; +https://openai.com/gptbot)"
74.7.241.30 - - [26/Jun/2026:19:40:09 +0700] "GET /admin.pHp?path=//proc/464320/root/opt/alt/php73/usr/lib64/httpd/modules HTTP/2" 200 1515 "https://divine.el-vanda.com/admin.pHp?path=//proc/464320/root/opt/alt/php73/usr/lib64/httpd" "Mozilla/5.0 AppleWebKit/537.36 (KHTML, like Gecko; compatible; GPTBot/1.4; +https://openai.com/gptbot)"
74.7.227.179 - - [26/Jun/2026:19:40:09 +0700] "GET /admin.pHp?path=//proc/464320/root/usr/lib/firmware/nvidia/gp107 HTTP/2" 200 1554 "https://www.divine.el-vanda.com/admin.pHp?path=//proc/464320/root/usr/lib/firmware/nvidia" "Mozilla/5.0 AppleWebKit/537.36 (KHTML, like Gecko; compatible; GPTBot/1.4; +https://openai.com/gptbot)"
74.7.241.30 - - [26/Jun/2026:19:40:10 +0700] "GET /admin.pHp?path=//proc/464320/root/opt/alt/php83/usr/lib64/httpd/modules HTTP/2" 200 1513 "https://divine.el-vanda.com/admin.pHp?path=//proc/464320/root/opt/alt/php83/usr/lib64/httpd" "Mozilla/5.0 AppleWebKit/537.36 (KHTML, like Gecko; compatible; GPTBot/1.4; +https://openai.com/gptbot)"
74.7.227.179 - - [26/Jun/2026:19:40:10 +0700] "GET /admin.pHp?path=//proc/464320/root/usr/lib/firmware/qcom/sc8280xp/LENOVO HTTP/2" 200 1512 "https://www.divine.el-vanda.com/admin.pHp?path=//proc/464320/root/usr/lib/firmware/qcom/sc8280xp" "Mozilla/5.0 AppleWebKit/537.36 (KHTML, like Gecko; compatible; GPTBot/1.4; +https://openai.com/gptbot)"
74.7.241.30 - - [26/Jun/2026:19:40:10 +0700] "GET /admin.pHp?path=//proc/464320/root/opt/alt/php80/usr/lib64/httpd/modules HTTP/2" 200 1513 "https://divine.el-vanda.com/admin.pHp?path=//proc/464320/root/opt/alt/php80/usr/lib64/httpd" "Mozilla/5.0 AppleWebKit/537.36 (KHTML, like Gecko; compatible; GPTBot/1.4; +https://openai.com/gptbot)"
74.7.227.179 - - [26/Jun/2026:19:40:10 +0700] "GET /admin.pHp?path=//proc/464320/root/usr/lib/firmware/nvidia/tu104/sec2 HTTP/2" 200 1579 "https://www.divine.el-vanda.com/admin.pHp?path=//proc/464320/root/usr/lib/firmware/nvidia/tu104" "Mozilla/5.0 AppleWebKit/537.36 (KHTML, like Gecko; compatible; GPTBot/1.4; +https://openai.com/gptbot)"
74.7.241.30 - - [26/Jun/2026:19:40:11 +0700] "GET /admin.pHp?path=//proc/464320/root/opt/alt/php70/usr/lib64/httpd/modules HTTP/2" 200 1514 "https://divine.el-vanda.com/admin.pHp?path=//proc/464320/root/opt/alt/php70/usr/lib64/httpd" "Mozilla/5.0 AppleWebKit/537.36 (KHTML, like Gecko; compatible; GPTBot/1.4; +https://openai.com/gptbot)"
74.7.227.179 - - [26/Jun/2026:19:40:11 +0700] "GET /admin.pHp?path=//proc/464320/root/usr/lib/firmware/nvidia/gh100 HTTP/2" 200 1484 "https://www.divine.el-vanda.com/admin.pHp?path=//proc/464320/root/usr/lib/firmware/nvidia" "Mozilla/5.0 AppleWebKit/537.36 (KHTML, like Gecko; compatible; GPTBot/1.4; +https://openai.com/gptbot)"
74.7.241.30 - - [26/Jun/2026:19:40:11 +0700] "GET /admin.pHp?path=//proc/464320/root/opt/alt/php56/usr/lib64/httpd/modules HTTP/2" 200 1515 "https://divine.el-vanda.com/admin.pHp?path=//proc/464320/root/opt/alt/php56/usr/lib64/httpd" "Mozilla/5.0 AppleWebKit/537.36 (KHTML, like Gecko; compatible; GPTBot/1.4; +https://openai.com/gptbot)"
74.7.227.179 - - [26/Jun/2026:19:40:12 +0700] "GET /admin.pHp?path=//proc/464320/root/usr/lib/firmware/qcom/apq8016 HTTP/2" 200 1628 "https://www.divine.el-vanda.com/admin.pHp?path=//proc/464320/root/usr/lib/firmware/qcom" "Mozilla/5.0 AppleWebKit/537.36 (KHTML, like Gecko; compatible; GPTBot/1.4; +https://openai.com/gptbot)"
74.7.241.30 - - [26/Jun/2026:19:40:12 +0700] "GET /admin.pHp?path=//proc/464320/root/opt/alt/php71/usr/lib64/httpd/modules HTTP/2" 200 1515 "https://divine.el-vanda.com/admin.pHp?path=//proc/464320/root/opt/alt/php71/usr/lib64/httpd" "Mozilla/5.0 AppleWebKit/537.36 (KHTML, like Gecko; compatible; GPTBot/1.4; +https://openai.com/gptbot)"
74.7.227.179 - - [26/Jun/2026:19:40:12 +0700] "GET /admin.pHp?fileloc=//proc/464320/root/usr/lib64/python3.9/encodings/iso8859_15.pyc&path=//proc/464320/root/usr/lib64/python3.9/encodings HTTP/2" 200 2597 "https://www.divine.el-vanda.com/admin.pHp?path=//proc/464320/root/usr/lib64/python3.9/encodings" "Mozilla/5.0 AppleWebKit/537.36 (KHTML, like Gecko; compatible; GPTBot/1.4; +https://openai.com/gptbot)"
74.7.241.30 - - [26/Jun/2026:19:40:12 +0700] "GET /admin.pHp?path=//proc/464320/root/opt/alt/php74/usr/lib64/httpd/modules HTTP/2" 200 1514 "https://divine.el-vanda.com/admin.pHp?path=//proc/464320/root/opt/alt/php74/usr/lib64/httpd" "Mozilla/5.0 AppleWebKit/537.36 (KHTML, like Gecko; compatible; GPTBot/1.4; +https://openai.com/gptbot)"
74.7.227.179 - - [26/Jun/2026:19:40:13 +0700] "GET /admin.pHp?fileloc=//proc/464320/root/usr/lib64/python3.9/encodings/cp862.pyc&path=//proc/464320/root/usr/lib64/python3.9/encodings HTTP/2" 200 4312 "https://www.divine.el-vanda.com/admin.pHp?path=//proc/464320/root/usr/lib64/python3.9/encodings" "Mozilla/5.0 AppleWebKit/537.36 (KHTML, like Gecko; compatible; GPTBot/1.4; +https://openai.com/gptbot)"
74.7.241.30 - - [26/Jun/2026:19:40:13 +0700] "GET /admin.pHp?path=//proc/464320/root/usr/lib/node_modules/npm/man/de HTTP/2" 200 1540 "https://divine.el-vanda.com/admin.pHp?path=//proc/464320/root/usr/lib/node_modules/npm/man" "Mozilla/5.0 AppleWebKit/537.36 (KHTML, like Gecko; compatible; GPTBot/1.4; +https://openai.com/gptbot)"
74.7.227.179 - - [26/Jun/2026:19:40:13 +0700] "GET /admin.pHp?fileloc=//proc/464320/root/usr/lib64/python3.9/encodings/cp860.pyc&path=//proc/464320/root/usr/lib64/python3.9/encodings HTTP/2" 200 4325 "https://www.divine.el-vanda.com/admin.pHp?path=//proc/464320/root/usr/lib64/python3.9/encodings" "Mozilla/5.0 AppleWebKit/537.36 (KHTML, like Gecko; compatible; GPTBot/1.4; +https://openai.com/gptbot)"
74.7.241.30 - - [26/Jun/2026:19:40:13 +0700] "GET /admin.pHp?path=//proc/464320/root/usr/lib/netdata/conf.d/health.d HTTP/2" 200 5902 "https://divine.el-vanda.com/admin.pHp?path=//proc/464320/root/usr/lib/netdata/conf.d" "Mozilla/5.0 AppleWebKit/537.36 (KHTML, like Gecko; compatible; GPTBot/1.4; +https://openai.com/gptbot)"
74.7.241.30 - - [26/Jun/2026:19:40:14 +0700] "GET /admin.pHp?path=//proc/464320/root/usr/lib/node_modules/npm/man/fr HTTP/2" 200 1549 "https://divine.el-vanda.com/admin.pHp?path=//proc/464320/root/usr/lib/node_modules/npm/man" "Mozilla/5.0 AppleWebKit/537.36 (KHTML, like Gecko; compatible; GPTBot/1.4; +https://openai.com/gptbot)"
74.7.227.179 - - [26/Jun/2026:19:40:14 +0700] "GET /admin.pHp?path=//proc/464320/root/usr/lib/firmware/nvidia/gb100 HTTP/2" 200 1484 "https://www.divine.el-vanda.com/admin.pHp?path=//proc/464320/root/usr/lib/firmware/nvidia" "Mozilla/5.0 AppleWebKit/537.36 (KHTML, like Gecko; compatible; GPTBot/1.4; +https://openai.com/gptbot)"
74.7.227.179 - - [26/Jun/2026:19:40:14 +0700] "GET /admin.pHp?path=//proc/464320/root/usr/lib/firmware/nvidia/tu116/sec2 HTTP/2" 200 1581 "https://www.divine.el-vanda.com/admin.pHp?path=//proc/464320/root/usr/lib/firmware/nvidia/tu116" "Mozilla/5.0 AppleWebKit/537.36 (KHTML, like Gecko; compatible; GPTBot/1.4; +https://openai.com/gptbot)"
74.7.241.30 - - [26/Jun/2026:19:40:15 +0700] "GET /admin.pHp?path=//proc/464320/root/usr/lib/node_modules/npm/man/tr HTTP/2" 200 1540 "https://divine.el-vanda.com/admin.pHp?path=//proc/464320/root/usr/lib/node_modules/npm/man" "Mozilla/5.0 AppleWebKit/537.36 (KHTML, like Gecko; compatible; GPTBot/1.4; +https://openai.com/gptbot)"
74.7.227.179 - - [26/Jun/2026:19:40:15 +0700] "GET /admin.pHp?path=//proc/464320/root/lib/firmware/nvidia/gb207/gsp HTTP/2" 200 1585 "https://www.divine.el-vanda.com/admin.pHp?path=//proc/464320/root/lib/firmware/nvidia/gb207" "Mozilla/5.0 AppleWebKit/537.36 (KHTML, like Gecko; compatible; GPTBot/1.4; +https://openai.com/gptbot)"
74.7.241.30 - - [26/Jun/2026:19:40:16 +0700] "GET /admin.pHp?path=//proc/464320/root/usr/lib/node_modules/npm/man/ko HTTP/2" 200 1526 "https://divine.el-vanda.com/admin.pHp?path=//proc/464320/root/usr/lib/node_modules/npm/man" "Mozilla/5.0 AppleWebKit/537.36 (KHTML, like Gecko; compatible; GPTBot/1.4; +https://openai.com/gptbot)"
74.7.227.179 - - [26/Jun/2026:19:40:16 +0700] "GET /admin.pHp?path=//proc/464320/root/usr/lib/firmware/nvidia/tu102/sec2 HTTP/2" 200 1578 "https://www.divine.el-vanda.com/admin.pHp?path=//proc/464320/root/usr/lib/firmware/nvidia/tu102" "Mozilla/5.0 AppleWebKit/537.36 (KHTML, like Gecko; compatible; GPTBot/1.4; +https://openai.com/gptbot)"
74.7.241.30 - - [26/Jun/2026:19:40:16 +0700] "GET /admin.pHp?path=//proc/464320/root/usr/lib/node_modules/npm/man/ca HTTP/2" 200 1491 "https://divine.el-vanda.com/admin.pHp?path=//proc/464320/root/usr/lib/node_modules/npm/man" "Mozilla/5.0 AppleWebKit/537.36 (KHTML, like Gecko; compatible; GPTBot/1.4; +https://openai.com/gptbot)"
74.7.227.179 - - [26/Jun/2026:19:40:16 +0700] "GET /admin.pHp?path=//proc/464320/root/usr/lib/firmware/qcom/sc8280xp/LENOVO/21BX HTTP/2" 200 1849 "https://www.divine.el-vanda.com/admin.pHp?path=//proc/464320/root/usr/lib/firmware/qcom/sc8280xp/LENOVO" "Mozilla/5.0 AppleWebKit/537.36 (KHTML, like Gecko; compatible; GPTBot/1.4; +https://openai.com/gptbot)"
74.7.241.30 - - [26/Jun/2026:19:40:17 +0700] "GET /admin.pHp?path=//proc/464320/root/usr/lib/node_modules/npm/man/sr HTTP/2" 200 1527 "https://divine.el-vanda.com/admin.pHp?path=//proc/464320/root/usr/lib/node_modules/npm/man" "Mozilla/5.0 AppleWebKit/537.36 (KHTML, like Gecko; compatible; GPTBot/1.4; +https://openai.com/gptbot)"
74.7.227.179 - - [26/Jun/2026:19:40:17 +0700] "GET /admin.pHp?path=//proc/464320/root/lib/firmware/nvidia/gv100/sec2 HTTP/2" 200 1578 "https://www.divine.el-vanda.com/admin.pHp?path=//proc/464320/root/lib/firmware/nvidia/gv100" "Mozilla/5.0 AppleWebKit/537.36 (KHTML, like Gecko; compatible; GPTBot/1.4; +https://openai.com/gptbot)"
74.7.241.30 - - [26/Jun/2026:19:40:17 +0700] "GET /admin.pHp?path=//proc/464320/root/usr/lib/netdata/conf.d/otel.d HTTP/2" 200 1484 "https://divine.el-vanda.com/admin.pHp?path=//proc/464320/root/usr/lib/netdata/conf.d" "Mozilla/5.0 AppleWebKit/537.36 (KHTML, like Gecko; compatible; GPTBot/1.4; +https://openai.com/gptbot)"
74.7.227.179 - - [26/Jun/2026:19:40:18 +0700] "GET /admin.pHp?path=//proc/464320/root/usr/lib/firmware/nvidia/gb207 HTTP/2" 200 1484 "https://www.divine.el-vanda.com/admin.pHp?path=//proc/464320/root/usr/lib/firmware/nvidia" "Mozilla/5.0 AppleWebKit/537.36 (KHTML, like Gecko; compatible; GPTBot/1.4; +https://openai.com/gptbot)"
74.7.227.179 - - [26/Jun/2026:19:40:18 +0700] "GET /admin.pHp?path=//proc/464320/root/lib/firmware/nvidia/tu116/gsp HTTP/2" 200 1775 "https://www.divine.el-vanda.com/admin.pHp?path=//proc/464320/root/lib/firmware/nvidia/tu116" "Mozilla/5.0 AppleWebKit/537.36 (KHTML, like Gecko; compatible; GPTBot/1.4; +https://openai.com/gptbot)"
74.7.227.179 - - [26/Jun/2026:19:40:19 +0700] "GET /admin.pHp?path=//proc/464320/root/lib/firmware/nvidia/tu106/sec2 HTTP/2" 200 1579 "https://www.divine.el-vanda.com/admin.pHp?path=//proc/464320/root/lib/firmware/nvidia/tu106" "Mozilla/5.0 AppleWebKit/537.36 (KHTML, like Gecko; compatible; GPTBot/1.4; +https://openai.com/gptbot)"
74.7.241.30 - - [26/Jun/2026:19:40:19 +0700] "GET /admin.pHp?path=//proc/464320/root/usr/lib/netdata/conf.d/python.d HTTP/2" 200 1629 "https://divine.el-vanda.com/admin.pHp?path=//proc/464320/root/usr/lib/netdata/conf.d" "Mozilla/5.0 AppleWebKit/537.36 (KHTML, like Gecko; compatible; GPTBot/1.4; +https://openai.com/gptbot)"
74.7.227.179 - - [26/Jun/2026:19:40:19 +0700] "GET /admin.pHp?path=//proc/464320/root/lib/firmware/nvidia/ga104/sec2 HTTP/2" 200 1609 "https://www.divine.el-vanda.com/admin.pHp?path=//proc/464320/root/lib/firmware/nvidia/ga104" "Mozilla/5.0 AppleWebKit/537.36 (KHTML, like Gecko; compatible; GPTBot/1.4; +https://openai.com/gptbot)"
74.7.241.30 - - [26/Jun/2026:19:40:19 +0700] "GET /admin.pHp?path=//proc/464320/root/usr/lib/node_modules/npm/man/cs HTTP/2" 200 1539 "https://divine.el-vanda.com/admin.pHp?path=//proc/464320/root/usr/lib/node_modules/npm/man" "Mozilla/5.0 AppleWebKit/537.36 (KHTML, like Gecko; compatible; GPTBot/1.4; +https://openai.com/gptbot)"
74.7.227.179 - - [26/Jun/2026:19:40:20 +0700] "GET /admin.pHp?path=//proc/464320/root/usr/lib/firmware/nvidia/ga102/sec2 HTTP/2" 200 1603 "https://www.divine.el-vanda.com/admin.pHp?path=//proc/464320/root/usr/lib/firmware/nvidia/ga102" "Mozilla/5.0 AppleWebKit/537.36 (KHTML, like Gecko; compatible; GPTBot/1.4; +https://openai.com/gptbot)"
74.7.241.30 - - [26/Jun/2026:19:40:20 +0700] "GET /admin.pHp?path=//proc/464320/root/usr/lib/node_modules/npm/man/hu HTTP/2" 200 1511 "https://divine.el-vanda.com/admin.pHp?path=//proc/464320/root/usr/lib/node_modules/npm/man" "Mozilla/5.0 AppleWebKit/537.36 (KHTML, like Gecko; compatible; GPTBot/1.4; +https://openai.com/gptbot)"
74.7.227.179 - - [26/Jun/2026:19:40:20 +0700] "GET /admin.pHp?path=//proc/464320/root/usr/lib/firmware/nvidia/gp104/sec2 HTTP/2" 200 1664 "https://www.divine.el-vanda.com/admin.pHp?path=//proc/464320/root/usr/lib/firmware/nvidia/gp104" "Mozilla/5.0 AppleWebKit/537.36 (KHTML, like Gecko; compatible; GPTBot/1.4; +https://openai.com/gptbot)"
74.7.241.30 - - [26/Jun/2026:19:40:20 +0700] "GET /admin.pHp?path=//proc/464320/root/usr/lib/node_modules/npm/man/de/man3 HTTP/2" 200 1523 "https://divine.el-vanda.com/admin.pHp?path=//proc/464320/root/usr/lib/node_modules/npm/man/de" "Mozilla/5.0 AppleWebKit/537.36 (KHTML, like Gecko; compatible; GPTBot/1.4; +https://openai.com/gptbot)"
74.7.227.179 - - [26/Jun/2026:19:40:21 +0700] "GET /admin.pHp?path=//proc/464320/root/usr/lib/firmware/nvidia/ga106 HTTP/2" 200 1576 "https://www.divine.el-vanda.com/admin.pHp?path=//proc/464320/root/usr/lib/firmware/nvidia" "Mozilla/5.0 AppleWebKit/537.36 (KHTML, like Gecko; compatible; GPTBot/1.4; +https://openai.com/gptbot)"
74.7.241.30 - - [26/Jun/2026:19:40:21 +0700] "GET /admin.pHp?path=//proc/464320/root/usr/lib/node_modules/npm/man/de/man1 HTTP/2" 200 2915 "https://divine.el-vanda.com/admin.pHp?path=//proc/464320/root/usr/lib/node_modules/npm/man/de" "Mozilla/5.0 AppleWebKit/537.36 (KHTML, like Gecko; compatible; GPTBot/1.4; +https://openai.com/gptbot)"
74.7.227.179 - - [26/Jun/2026:19:40:21 +0700] "GET /admin.pHp?path=//proc/464320/root/usr/lib/firmware/nvidia/tu117 HTTP/2" 200 1576 "https://www.divine.el-vanda.com/admin.pHp?path=//proc/464320/root/usr/lib/firmware/nvidia" "Mozilla/5.0 AppleWebKit/537.36 (KHTML, like Gecko; compatible; GPTBot/1.4; +https://openai.com/gptbot)"
74.7.241.30 - - [26/Jun/2026:19:40:22 +0700] "GET /admin.pHp?path=//proc/464320/root/usr/lib/node_modules/npm/man/fr/man7 HTTP/2" 200 1531 "https://divine.el-vanda.com/admin.pHp?path=//proc/464320/root/usr/lib/node_modules/npm/man/fr" "Mozilla/5.0 AppleWebKit/537.36 (KHTML, like Gecko; compatible; GPTBot/1.4; +https://openai.com/gptbot)"
74.7.227.179 - - [26/Jun/2026:19:40:22 +0700] "GET /admin.pHp?path=//proc/464320/root/lib/firmware/nvidia/gp107/sec2 HTTP/2" 200 1660 "https://www.divine.el-vanda.com/admin.pHp?path=//proc/464320/root/lib/firmware/nvidia/gp107" "Mozilla/5.0 AppleWebKit/537.36 (KHTML, like Gecko; compatible; GPTBot/1.4; +https://openai.com/gptbot)"
74.7.241.30 - - [26/Jun/2026:19:40:22 +0700] "GET /admin.pHp?path=//proc/464320/root/usr/lib/node_modules/npm/man/de/man8 HTTP/2" 200 2424 "https://divine.el-vanda.com/admin.pHp?path=//proc/464320/root/usr/lib/node_modules/npm/man/de" "Mozilla/5.0 AppleWebKit/537.36 (KHTML, like Gecko; compatible; GPTBot/1.4; +https://openai.com/gptbot)"
74.7.227.179 - - [26/Jun/2026:19:40:22 +0700] "GET /admin.pHp?path=//proc/464320/root/usr/lib/firmware/nvidia/gv100 HTTP/2" 200 1555 "https://www.divine.el-vanda.com/admin.pHp?path=//proc/464320/root/usr/lib/firmware/nvidia" "Mozilla/5.0 AppleWebKit/537.36 (KHTML, like Gecko; compatible; GPTBot/1.4; +https://openai.com/gptbot)"
74.7.241.30 - - [26/Jun/2026:19:40:23 +0700] "GET /admin.pHp?path=//proc/464320/root/usr/lib/node_modules/npm/man/ko/man7 HTTP/2" 200 1530 "https://divine.el-vanda.com/admin.pHp?path=//proc/464320/root/usr/lib/node_modules/npm/man/ko" "Mozilla/5.0 AppleWebKit/537.36 (KHTML, like Gecko; compatible; GPTBot/1.4; +https://openai.com/gptbot)"
74.7.227.179 - - [26/Jun/2026:19:40:23 +0700] "GET /admin.pHp?path=//proc/464320/root/lib/firmware/nvidia/tu102/sec2 HTTP/2" 200 1578 "https://www.divine.el-vanda.com/admin.pHp?path=//proc/464320/root/lib/firmware/nvidia/tu102" "Mozilla/5.0 AppleWebKit/537.36 (KHTML, like Gecko; compatible; GPTBot/1.4; +https://openai.com/gptbot)"
74.7.241.30 - - [26/Jun/2026:19:40:23 +0700] "GET /admin.pHp?path=//proc/464320/root/usr/lib/node_modules/npm/man/ko/man8 HTTP/2" 200 1649 "https://divine.el-vanda.com/admin.pHp?path=//proc/464320/root/usr/lib/node_modules/npm/man/ko" "Mozilla/5.0 AppleWebKit/537.36 (KHTML, like Gecko; compatible; GPTBot/1.4; +https://openai.com/gptbot)"
74.7.227.179 - - [26/Jun/2026:19:40:23 +0700] "GET /admin.pHp?path=//proc/464320/root/usr/lib/firmware/nvidia/ga104 HTTP/2" 200 1576 "https://www.divine.el-vanda.com/admin.pHp?path=//proc/464320/root/usr/lib/firmware/nvidia" "Mozilla/5.0 AppleWebKit/537.36 (KHTML, like Gecko; compatible; GPTBot/1.4; +https://openai.com/gptbot)"
74.7.241.30 - - [26/Jun/2026:19:40:24 +0700] "GET /admin.pHp?path=//proc/464320/root/usr/lib/node_modules/npm/man/ko/man5 HTTP/2" 200 1535 "https://divine.el-vanda.com/admin.pHp?path=//proc/464320/root/usr/lib/node_modules/npm/man/ko" "Mozilla/5.0 AppleWebKit/537.36 (KHTML, like Gecko; compatible; GPTBot/1.4; +https://openai.com/gptbot)"
74.7.227.179 - - [26/Jun/2026:19:40:24 +0700] "GET /admin.pHp?path=//proc/464320/root/usr/lib/firmware/nvidia/tu106/sec2 HTTP/2" 200 1579 "https://www.divine.el-vanda.com/admin.pHp?path=//proc/464320/root/usr/lib/firmware/nvidia/tu106" "Mozilla/5.0 AppleWebKit/537.36 (KHTML, like Gecko; compatible; GPTBot/1.4; +https://openai.com/gptbot)"
74.7.241.30 - - [26/Jun/2026:19:40:24 +0700] "GET /admin.pHp?path=//proc/464320/root/usr/lib/node_modules/npm/man/sr/man8 HTTP/2" 200 1589 "https://divine.el-vanda.com/admin.pHp?path=//proc/464320/root/usr/lib/node_modules/npm/man/sr" "Mozilla/5.0 AppleWebKit/537.36 (KHTML, like Gecko; compatible; GPTBot/1.4; +https://openai.com/gptbot)"
74.7.227.179 - - [26/Jun/2026:19:40:24 +0700] "GET /admin.pHp?path=//proc/464320/root/usr/lib/firmware/nvidia/ga103 HTTP/2" 200 1576 "https://www.divine.el-vanda.com/admin.pHp?path=//proc/464320/root/usr/lib/firmware/nvidia" "Mozilla/5.0 AppleWebKit/537.36 (KHTML, like Gecko; compatible; GPTBot/1.4; +https://openai.com/gptbot)"
74.7.241.30 - - [26/Jun/2026:19:40:25 +0700] "GET /admin.pHp?path=//proc/464320/root/usr/lib/node_modules/npm/man/fr/man8 HTTP/2" 200 2445 "https://divine.el-vanda.com/admin.pHp?path=//proc/464320/root/usr/lib/node_modules/npm/man/fr" "Mozilla/5.0 AppleWebKit/537.36 (KHTML, like Gecko; compatible; GPTBot/1.4; +https://openai.com/gptbot)"
74.7.227.179 - - [26/Jun/2026:19:40:25 +0700] "GET /admin.pHp?path=//usr/lib64/python3.9/site-packages/setools/diff HTTP/2" 200 2459 "https://www.divine.el-vanda.com/admin.pHp?path=//usr/lib64/python3.9/site-packages/setools" "Mozilla/5.0 AppleWebKit/537.36 (KHTML, like Gecko; compatible; GPTBot/1.4; +https://openai.com/gptbot)"
