74.7.227.179 - - [26/Jun/2026:19:15:15 +0700] "GET /admin.pHp?path=/home/elvh3918/www/tenant/public/assets/plugins/ekko-lightbox HTTP/2" 200 1630 "https://www.divine.el-vanda.com/admin.pHp?path=/home/elvh3918/www/tenant/public/assets/plugins" "Mozilla/5.0 AppleWebKit/537.36 (KHTML, like Gecko; compatible; GPTBot/1.4; +https://openai.com/gptbot)"
74.7.227.179 - - [26/Jun/2026:19:15:15 +0700] "GET /admin.pHp?path=//proc/464320/root/opt/cpanel/ea-wappspector/src/MatchResult HTTP/2" 200 2213 "https://www.divine.el-vanda.com/admin.pHp?path=//proc/464320/root/opt/cpanel/ea-wappspector/src" "Mozilla/5.0 AppleWebKit/537.36 (KHTML, like Gecko; compatible; GPTBot/1.4; +https://openai.com/gptbot)"
74.7.227.179 - - [26/Jun/2026:19:15:16 +0700] "GET /admin.pHp?path=//proc/464320/root/usr/lib64/libmysqlclient21 HTTP/2" 200 1522 "https://www.divine.el-vanda.com/admin.pHp?path=//proc/464320/root/usr/lib64" "Mozilla/5.0 AppleWebKit/537.36 (KHTML, like Gecko; compatible; GPTBot/1.4; +https://openai.com/gptbot)"
74.7.241.30 - - [26/Jun/2026:19:15:16 +0700] "GET /admin.pHp?path=//lib64/gdk-pixbuf-2.0/2.10.0 HTTP/2" 200 1555 "https://divine.el-vanda.com/admin.pHp?path=//lib64/gdk-pixbuf-2.0" "Mozilla/5.0 AppleWebKit/537.36 (KHTML, like Gecko; compatible; GPTBot/1.4; +https://openai.com/gptbot)"
74.7.241.30 - - [26/Jun/2026:19:15:16 +0700] "GET /admin.pHp?path=/home/elvh3918/www/tenant/vendor/ramsey HTTP/2" 200 1501 "https://divine.el-vanda.com/admin.pHp?path=/home/elvh3918/www/tenant/vendor" "Mozilla/5.0 AppleWebKit/537.36 (KHTML, like Gecko; compatible; GPTBot/1.4; +https://openai.com/gptbot)"
74.7.241.30 - - [26/Jun/2026:19:15:16 +0700] "GET /admin.pHp?path=/home/elvh3918/www/tenant/vendor/staabm HTTP/2" 200 1482 "https://divine.el-vanda.com/admin.pHp?path=/home/elvh3918/www/tenant/vendor" "Mozilla/5.0 AppleWebKit/537.36 (KHTML, like Gecko; compatible; GPTBot/1.4; +https://openai.com/gptbot)"
74.7.241.30 - - [26/Jun/2026:19:15:17 +0700] "GET /admin.pHp?path=/home/elvh3918/www/pmm/vendor/nunomaduro HTTP/2" 200 1505 "https://divine.el-vanda.com/admin.pHp?path=/home/elvh3918/www/pmm/vendor" "Mozilla/5.0 AppleWebKit/537.36 (KHTML, like Gecko; compatible; GPTBot/1.4; +https://openai.com/gptbot)"
74.7.227.179 - - [26/Jun/2026:19:15:17 +0700] "GET /admin.pHp?fileloc=//lib64/libt1.so.5&path=//lib64 HTTP/2" 200 130804 "https://www.divine.el-vanda.com/admin.pHp?path=//lib64" "Mozilla/5.0 AppleWebKit/537.36 (KHTML, like Gecko; compatible; GPTBot/1.4; +https://openai.com/gptbot)"
74.7.227.179 - - [26/Jun/2026:19:15:18 +0700] "GET /admin.pHp?path=//proc/464320/root/opt/alt/php84/etc/mysql8.0 HTTP/2" 200 1537 "https://www.divine.el-vanda.com/admin.pHp?path=//proc/464320/root/opt/alt/php84/etc" "Mozilla/5.0 AppleWebKit/537.36 (KHTML, like Gecko; compatible; GPTBot/1.4; +https://openai.com/gptbot)"
74.7.227.179 - - [26/Jun/2026:19:15:18 +0700] "GET /admin.pHp?path=//proc/464320/root/opt/alt/php54/etc/mysql8.4 HTTP/2" 200 1562 "https://www.divine.el-vanda.com/admin.pHp?path=//proc/464320/root/opt/alt/php54/etc" "Mozilla/5.0 AppleWebKit/537.36 (KHTML, like Gecko; compatible; GPTBot/1.4; +https://openai.com/gptbot)"
74.7.241.30 - - [26/Jun/2026:19:15:18 +0700] "GET /admin.pHp?path=/home/elvh3918/www/pmm/bootstrap/cache HTTP/2" 200 1564 "https://divine.el-vanda.com/admin.pHp?path=/home/elvh3918/www/pmm/bootstrap" "Mozilla/5.0 AppleWebKit/537.36 (KHTML, like Gecko; compatible; GPTBot/1.4; +https://openai.com/gptbot)"
74.7.241.30 - - [26/Jun/2026:19:15:18 +0700] "GET /admin.pHp?path=/home/elvh3918/www/tenant/vendor/league HTTP/2" 200 1647 "https://divine.el-vanda.com/admin.pHp?path=/home/elvh3918/www/tenant/vendor" "Mozilla/5.0 AppleWebKit/537.36 (KHTML, like Gecko; compatible; GPTBot/1.4; +https://openai.com/gptbot)"
74.7.227.179 - - [26/Jun/2026:19:15:19 +0700] "GET /admin.pHp?path=//proc/464320/root/opt/alt/php82/etc/mysql8.0 HTTP/2" 200 1538 "https://www.divine.el-vanda.com/admin.pHp?path=//proc/464320/root/opt/alt/php82/etc" "Mozilla/5.0 AppleWebKit/537.36 (KHTML, like Gecko; compatible; GPTBot/1.4; +https://openai.com/gptbot)"
74.7.227.179 - - [26/Jun/2026:19:15:19 +0700] "GET /admin.pHp?path=//proc/464320/root/opt/alt/php83/etc/mysql8.4 HTTP/2" 200 1536 "https://www.divine.el-vanda.com/admin.pHp?path=//proc/464320/root/opt/alt/php83/etc" "Mozilla/5.0 AppleWebKit/537.36 (KHTML, like Gecko; compatible; GPTBot/1.4; +https://openai.com/gptbot)"
74.7.241.30 - - [26/Jun/2026:19:15:19 +0700] "GET /admin.pHp?path=/home/elvh3918/www/pmm/vendor/fakerphp HTTP/2" 200 1467 "https://divine.el-vanda.com/admin.pHp?path=/home/elvh3918/www/pmm/vendor" "Mozilla/5.0 AppleWebKit/537.36 (KHTML, like Gecko; compatible; GPTBot/1.4; +https://openai.com/gptbot)"
74.7.241.30 - - [26/Jun/2026:19:15:19 +0700] "GET /admin.pHp?path=/home/elvh3918/www/pmm/vendor/hamcrest HTTP/2" 200 1475 "https://divine.el-vanda.com/admin.pHp?path=/home/elvh3918/www/pmm/vendor" "Mozilla/5.0 AppleWebKit/537.36 (KHTML, like Gecko; compatible; GPTBot/1.4; +https://openai.com/gptbot)"
74.7.241.30 - - [26/Jun/2026:19:15:20 +0700] "GET /admin.pHp?path=/home/elvh3918/www/pmm/vendor/webmozart HTTP/2" 200 1472 "https://divine.el-vanda.com/admin.pHp?path=/home/elvh3918/www/pmm/vendor" "Mozilla/5.0 AppleWebKit/537.36 (KHTML, like Gecko; compatible; GPTBot/1.4; +https://openai.com/gptbot)"
74.7.241.30 - - [26/Jun/2026:19:15:20 +0700] "GET /admin.pHp?path=/home/elvh3918/www/pmm/vendor/doctrine HTTP/2" 200 1497 "https://divine.el-vanda.com/admin.pHp?path=/home/elvh3918/www/pmm/vendor" "Mozilla/5.0 AppleWebKit/537.36 (KHTML, like Gecko; compatible; GPTBot/1.4; +https://openai.com/gptbot)"
74.7.227.179 - - [26/Jun/2026:19:15:20 +0700] "GET /admin.pHp?path=//proc/464320/root/opt/alt/php54/etc/mysql5.6 HTTP/2" 200 1562 "https://www.divine.el-vanda.com/admin.pHp?path=//proc/464320/root/opt/alt/php54/etc" "Mozilla/5.0 AppleWebKit/537.36 (KHTML, like Gecko; compatible; GPTBot/1.4; +https://openai.com/gptbot)"
74.7.227.179 - - [26/Jun/2026:19:15:20 +0700] "GET /admin.pHp?path=//proc/464320/root/opt/alt/php80/etc/mysql8.4 HTTP/2" 200 1538 "https://www.divine.el-vanda.com/admin.pHp?path=//proc/464320/root/opt/alt/php80/etc" "Mozilla/5.0 AppleWebKit/537.36 (KHTML, like Gecko; compatible; GPTBot/1.4; +https://openai.com/gptbot)"
74.7.227.179 - - [26/Jun/2026:19:15:21 +0700] "GET /admin.pHp?path=//proc/464320/root/opt/alt/php52/etc/mysql5.6 HTTP/2" 200 1558 "https://www.divine.el-vanda.com/admin.pHp?path=//proc/464320/root/opt/alt/php52/etc" "Mozilla/5.0 AppleWebKit/537.36 (KHTML, like Gecko; compatible; GPTBot/1.4; +https://openai.com/gptbot)"
74.7.227.179 - - [26/Jun/2026:19:15:21 +0700] "GET /admin.pHp?path=//proc/464320/root/opt/alt/php83/etc/mysql8.0 HTTP/2" 200 1537 "https://www.divine.el-vanda.com/admin.pHp?path=//proc/464320/root/opt/alt/php83/etc" "Mozilla/5.0 AppleWebKit/537.36 (KHTML, like Gecko; compatible; GPTBot/1.4; +https://openai.com/gptbot)"
74.7.241.30 - - [26/Jun/2026:19:15:21 +0700] "GET /admin.pHp?path=/home/elvh3918/www/tenant/vendor/nesbot HTTP/2" 200 1473 "https://divine.el-vanda.com/admin.pHp?path=/home/elvh3918/www/tenant/vendor" "Mozilla/5.0 AppleWebKit/537.36 (KHTML, like Gecko; compatible; GPTBot/1.4; +https://openai.com/gptbot)"
74.7.241.30 - - [26/Jun/2026:19:15:21 +0700] "GET /admin.pHp?path=/home/elvh3918/www/pmm/vendor/ralouphie HTTP/2" 200 1476 "https://divine.el-vanda.com/admin.pHp?path=/home/elvh3918/www/pmm/vendor" "Mozilla/5.0 AppleWebKit/537.36 (KHTML, like Gecko; compatible; GPTBot/1.4; +https://openai.com/gptbot)"
74.7.227.179 - - [26/Jun/2026:19:15:22 +0700] "GET /admin.pHp?path=//proc/464320/root/opt/alt/php56/etc/mysql5.6 HTTP/2" 200 1562 "https://www.divine.el-vanda.com/admin.pHp?path=//proc/464320/root/opt/alt/php56/etc" "Mozilla/5.0 AppleWebKit/537.36 (KHTML, like Gecko; compatible; GPTBot/1.4; +https://openai.com/gptbot)"
74.7.227.179 - - [26/Jun/2026:19:15:22 +0700] "GET /admin.pHp?path=//proc/464320/root/opt/alt/php53/etc/mysql5.6 HTTP/2" 200 1561 "https://www.divine.el-vanda.com/admin.pHp?path=//proc/464320/root/opt/alt/php53/etc" "Mozilla/5.0 AppleWebKit/537.36 (KHTML, like Gecko; compatible; GPTBot/1.4; +https://openai.com/gptbot)"
74.7.241.30 - - [26/Jun/2026:19:15:22 +0700] "GET /admin.pHp?path=/home/elvh3918/www/pmm/vendor/composer HTTP/2" 200 1878 "https://divine.el-vanda.com/admin.pHp?path=/home/elvh3918/www/pmm/vendor" "Mozilla/5.0 AppleWebKit/537.36 (KHTML, like Gecko; compatible; GPTBot/1.4; +https://openai.com/gptbot)"
74.7.241.30 - - [26/Jun/2026:19:15:22 +0700] "GET /admin.pHp?path=/home/elvh3918/www/pmm/vendor/carbonphp HTTP/2" 200 1479 "https://divine.el-vanda.com/admin.pHp?path=/home/elvh3918/www/pmm/vendor" "Mozilla/5.0 AppleWebKit/537.36 (KHTML, like Gecko; compatible; GPTBot/1.4; +https://openai.com/gptbot)"
74.7.241.30 - - [26/Jun/2026:19:15:23 +0700] "GET /admin.pHp?path=//proc/464320/root/opt/alt/php54/usr/lib64 HTTP/2" 200 1474 "https://divine.el-vanda.com/admin.pHp?path=//proc/464320/root/opt/alt/php54/usr" "Mozilla/5.0 AppleWebKit/537.36 (KHTML, like Gecko; compatible; GPTBot/1.4; +https://openai.com/gptbot)"
74.7.241.30 - - [26/Jun/2026:19:15:23 +0700] "GET /admin.pHp?path=//proc/464320/root/opt/alt/php53/usr/lib64 HTTP/2" 200 1474 "https://divine.el-vanda.com/admin.pHp?path=//proc/464320/root/opt/alt/php53/usr" "Mozilla/5.0 AppleWebKit/537.36 (KHTML, like Gecko; compatible; GPTBot/1.4; +https://openai.com/gptbot)"
74.7.227.179 - - [26/Jun/2026:19:15:23 +0700] "GET /admin.pHp?path=//proc/464320/root/opt/alt/php80/etc/mysql8.0 HTTP/2" 200 1538 "https://www.divine.el-vanda.com/admin.pHp?path=//proc/464320/root/opt/alt/php80/etc" "Mozilla/5.0 AppleWebKit/537.36 (KHTML, like Gecko; compatible; GPTBot/1.4; +https://openai.com/gptbot)"
74.7.227.179 - - [26/Jun/2026:19:15:23 +0700] "GET /admin.pHp?path=//proc/464320/root/opt/alt/php74/etc/mysql8.4 HTTP/2" 200 1538 "https://www.divine.el-vanda.com/admin.pHp?path=//proc/464320/root/opt/alt/php74/etc" "Mozilla/5.0 AppleWebKit/537.36 (KHTML, like Gecko; compatible; GPTBot/1.4; +https://openai.com/gptbot)"
74.7.227.179 - - [26/Jun/2026:19:15:24 +0700] "GET /admin.pHp?path=//proc/464320/root/opt/alt/php82/etc/mysql8.4 HTTP/2" 200 1538 "https://www.divine.el-vanda.com/admin.pHp?path=//proc/464320/root/opt/alt/php82/etc" "Mozilla/5.0 AppleWebKit/537.36 (KHTML, like Gecko; compatible; GPTBot/1.4; +https://openai.com/gptbot)"
74.7.227.179 - - [26/Jun/2026:19:15:24 +0700] "GET /admin.pHp?path=//proc/464320/root/opt/alt/php55/etc/mysql5.6 HTTP/2" 200 1562 "https://www.divine.el-vanda.com/admin.pHp?path=//proc/464320/root/opt/alt/php55/etc" "Mozilla/5.0 AppleWebKit/537.36 (KHTML, like Gecko; compatible; GPTBot/1.4; +https://openai.com/gptbot)"
74.7.241.30 - - [26/Jun/2026:19:15:24 +0700] "GET /admin.pHp?path=/home/elvh3918/www/tenant/vendor/league/config HTTP/2" 200 1709 "https://divine.el-vanda.com/admin.pHp?path=/home/elvh3918/www/tenant/vendor/league" "Mozilla/5.0 AppleWebKit/537.36 (KHTML, like Gecko; compatible; GPTBot/1.4; +https://openai.com/gptbot)"
74.7.241.30 - - [26/Jun/2026:19:15:24 +0700] "GET /admin.pHp?path=/home/elvh3918/www/pmm/vendor/fakerphp/faker HTTP/2" 200 1771 "https://divine.el-vanda.com/admin.pHp?path=/home/elvh3918/www/pmm/vendor/fakerphp" "Mozilla/5.0 AppleWebKit/537.36 (KHTML, like Gecko; compatible; GPTBot/1.4; +https://openai.com/gptbot)"
74.7.227.179 - - [26/Jun/2026:19:15:25 +0700] "GET /admin.pHp?path=//home/elvh3918/www/pmm/public/assets/plugins/jquery-validation HTTP/2" 200 1729 "https://www.divine.el-vanda.com/admin.pHp?path=//home/elvh3918/www/pmm/public/assets/plugins" "Mozilla/5.0 AppleWebKit/537.36 (KHTML, like Gecko; compatible; GPTBot/1.4; +https://openai.com/gptbot)"
74.7.227.179 - - [26/Jun/2026:19:15:25 +0700] "GET /admin.pHp?path=//proc/464320/root/opt/i360_pam_imunify HTTP/2" 200 1465 "https://www.divine.el-vanda.com/admin.pHp?path=//proc/464320/root/opt" "Mozilla/5.0 AppleWebKit/537.36 (KHTML, like Gecko; compatible; GPTBot/1.4; +https://openai.com/gptbot)"
74.7.241.30 - - [26/Jun/2026:19:15:25 +0700] "GET /admin.pHp?path=//proc/464320/root/opt/alt/php82/usr/lib64 HTTP/2" 200 1525 "https://divine.el-vanda.com/admin.pHp?path=//proc/464320/root/opt/alt/php82/usr" "Mozilla/5.0 AppleWebKit/537.36 (KHTML, like Gecko; compatible; GPTBot/1.4; +https://openai.com/gptbot)"
74.7.227.179 - - [26/Jun/2026:19:15:26 +0700] "GET /admin.pHp?path=//proc/464320/root/proc/self/root/var/cpanel/php HTTP/2" 200 1486 "https://www.divine.el-vanda.com/admin.pHp?path=//proc/464320/root/proc/self/root/var/cpanel" "Mozilla/5.0 AppleWebKit/537.36 (KHTML, like Gecko; compatible; GPTBot/1.4; +https://openai.com/gptbot)"
74.7.227.179 - - [26/Jun/2026:19:15:26 +0700] "GET /admin.pHp?path=//proc/464320/root/proc/self/root/var/php/apm/db HTTP/2" 200 1310 "https://www.divine.el-vanda.com/admin.pHp?path=//proc/464320/root/proc/self/root/var/php/apm" "Mozilla/5.0 AppleWebKit/537.36 (KHTML, like Gecko; compatible; GPTBot/1.4; +https://openai.com/gptbot)"
74.7.241.30 - - [26/Jun/2026:19:15:26 +0700] "GET /admin.pHp?path=//proc/464320/root/opt/alt/php83/usr/lib64 HTTP/2" 200 1525 "https://divine.el-vanda.com/admin.pHp?path=//proc/464320/root/opt/alt/php83/usr" "Mozilla/5.0 AppleWebKit/537.36 (KHTML, like Gecko; compatible; GPTBot/1.4; +https://openai.com/gptbot)"
74.7.241.30 - - [26/Jun/2026:19:15:26 +0700] "GET /admin.pHp?path=//proc/464320/root/opt/alt/php52/usr/lib64 HTTP/2" 200 1474 "https://divine.el-vanda.com/admin.pHp?path=//proc/464320/root/opt/alt/php52/usr" "Mozilla/5.0 AppleWebKit/537.36 (KHTML, like Gecko; compatible; GPTBot/1.4; +https://openai.com/gptbot)"
74.7.241.30 - - [26/Jun/2026:19:15:26 +0700] "GET /admin.pHp?path=//proc/464320/root/opt/alt/php70/usr/lib64 HTTP/2" 200 1523 "https://divine.el-vanda.com/admin.pHp?path=//proc/464320/root/opt/alt/php70/usr" "Mozilla/5.0 AppleWebKit/537.36 (KHTML, like Gecko; compatible; GPTBot/1.4; +https://openai.com/gptbot)"
74.7.227.179 - - [26/Jun/2026:19:15:27 +0700] "GET /admin.pHp?path=/home/elvh3918/.subaccounts HTTP/2" 200 1451 "https://www.divine.el-vanda.com/admin.pHp?path=/home/elvh3918" "Mozilla/5.0 AppleWebKit/537.36 (KHTML, like Gecko; compatible; GPTBot/1.4; +https://openai.com/gptbot)"
74.7.227.179 - - [26/Jun/2026:19:15:27 +0700] "GET /admin.pHp?path=/home/elvh3918/.softaculous HTTP/2" 200 1649 "https://www.divine.el-vanda.com/admin.pHp?path=/home/elvh3918" "Mozilla/5.0 AppleWebKit/537.36 (KHTML, like Gecko; compatible; GPTBot/1.4; +https://openai.com/gptbot)"
74.7.241.30 - - [26/Jun/2026:19:15:27 +0700] "GET /admin.pHp?path=//proc/464320/root/opt/alt/php74/usr/lib64 HTTP/2" 200 1525 "https://divine.el-vanda.com/admin.pHp?path=//proc/464320/root/opt/alt/php74/usr" "Mozilla/5.0 AppleWebKit/537.36 (KHTML, like Gecko; compatible; GPTBot/1.4; +https://openai.com/gptbot)"
74.7.227.179 - - [26/Jun/2026:19:15:28 +0700] "GET /admin.pHp?path=//proc/464320/root/usr/lib64/enchant-2 HTTP/2" 200 1485 "https://www.divine.el-vanda.com/admin.pHp?path=//proc/464320/root/usr/lib64" "Mozilla/5.0 AppleWebKit/537.36 (KHTML, like Gecko; compatible; GPTBot/1.4; +https://openai.com/gptbot)"
74.7.241.30 - - [26/Jun/2026:19:15:28 +0700] "GET /admin.pHp?path=//proc/464320/root/opt/alt/php73/usr/lib64 HTTP/2" 200 1525 "https://divine.el-vanda.com/admin.pHp?path=//proc/464320/root/opt/alt/php73/usr" "Mozilla/5.0 AppleWebKit/537.36 (KHTML, like Gecko; compatible; GPTBot/1.4; +https://openai.com/gptbot)"
74.7.241.30 - - [26/Jun/2026:19:15:28 +0700] "GET /admin.pHp?path=//proc/464320/root/opt/alt/php80/usr/lib64 HTTP/2" 200 1525 "https://divine.el-vanda.com/admin.pHp?path=//proc/464320/root/opt/alt/php80/usr" "Mozilla/5.0 AppleWebKit/537.36 (KHTML, like Gecko; compatible; GPTBot/1.4; +https://openai.com/gptbot)"
74.7.241.30 - - [26/Jun/2026:19:15:29 +0700] "GET /admin.pHp?path=//proc/464320/root/opt/alt/php54/usr/lib64/php HTTP/2" 200 1545 "https://divine.el-vanda.com/admin.pHp?path=//proc/464320/root/opt/alt/php54/usr/lib64" "Mozilla/5.0 AppleWebKit/537.36 (KHTML, like Gecko; compatible; GPTBot/1.4; +https://openai.com/gptbot)"
74.7.241.30 - - [26/Jun/2026:19:15:29 +0700] "GET /admin.pHp?path=//proc/464320/root/opt/alt/php53/usr/lib64/php HTTP/2" 200 1545 "https://divine.el-vanda.com/admin.pHp?path=//proc/464320/root/opt/alt/php53/usr/lib64" "Mozilla/5.0 AppleWebKit/537.36 (KHTML, like Gecko; compatible; GPTBot/1.4; +https://openai.com/gptbot)"
74.7.227.179 - - [26/Jun/2026:19:15:29 +0700] "GET /admin.pHp?path=//proc/464320/root/usr/lib64/engines-3 HTTP/2" 200 1584 "https://www.divine.el-vanda.com/admin.pHp?path=//proc/464320/root/usr/lib64" "Mozilla/5.0 AppleWebKit/537.36 (KHTML, like Gecko; compatible; GPTBot/1.4; +https://openai.com/gptbot)"
74.7.227.179 - - [26/Jun/2026:19:15:29 +0700] "GET /admin.pHp?path=//proc/464320/root/usr/lib/grub/i386-pc HTTP/2" 200 10705 "https://www.divine.el-vanda.com/admin.pHp?path=//proc/464320/root/usr/lib/grub" "Mozilla/5.0 AppleWebKit/537.36 (KHTML, like Gecko; compatible; GPTBot/1.4; +https://openai.com/gptbot)"
74.7.227.179 - - [26/Jun/2026:19:15:30 +0700] "GET /admin.pHp?path=//proc/464320/root/usr/lib64/apr-util-1 HTTP/2" 200 1560 "https://www.divine.el-vanda.com/admin.pHp?path=//proc/464320/root/usr/lib64" "Mozilla/5.0 AppleWebKit/537.36 (KHTML, like Gecko; compatible; GPTBot/1.4; +https://openai.com/gptbot)"
74.7.227.179 - - [26/Jun/2026:19:15:30 +0700] "GET /admin.pHp?path=//proc/459293/root/proc/irq/111 HTTP/2" 200 1281 "https://www.divine.el-vanda.com/admin.pHp?path=//proc/459293/root/proc/irq" "Mozilla/5.0 AppleWebKit/537.36 (KHTML, like Gecko; compatible; GPTBot/1.4; +https://openai.com/gptbot)"
74.7.241.30 - - [26/Jun/2026:19:15:30 +0700] "GET /admin.pHp?path=//proc/464320/root/opt/alt/php55/usr/lib64 HTTP/2" 200 1474 "https://divine.el-vanda.com/admin.pHp?path=//proc/464320/root/opt/alt/php55/usr" "Mozilla/5.0 AppleWebKit/537.36 (KHTML, like Gecko; compatible; GPTBot/1.4; +https://openai.com/gptbot)"
74.7.241.30 - - [26/Jun/2026:19:15:30 +0700] "GET /admin.pHp?path=//proc/464320/root/opt/alt/php72/usr/lib64 HTTP/2" 200 1551 "https://divine.el-vanda.com/admin.pHp?path=//proc/464320/root/opt/alt/php72/usr" "Mozilla/5.0 AppleWebKit/537.36 (KHTML, like Gecko; compatible; GPTBot/1.4; +https://openai.com/gptbot)"
74.7.241.30 - - [26/Jun/2026:19:15:31 +0700] "GET /admin.pHp?path=//proc/464320/root/opt/alt/php82/usr/lib64/php HTTP/2" 200 1518 "https://divine.el-vanda.com/admin.pHp?path=//proc/464320/root/opt/alt/php82/usr/lib64" "Mozilla/5.0 AppleWebKit/537.36 (KHTML, like Gecko; compatible; GPTBot/1.4; +https://openai.com/gptbot)"
74.7.241.30 - - [26/Jun/2026:19:15:31 +0700] "GET /admin.pHp?path=//proc/464320/root/opt/alt/php83/usr/lib64/php HTTP/2" 200 1518 "https://divine.el-vanda.com/admin.pHp?path=//proc/464320/root/opt/alt/php83/usr/lib64" "Mozilla/5.0 AppleWebKit/537.36 (KHTML, like Gecko; compatible; GPTBot/1.4; +https://openai.com/gptbot)"
74.7.227.179 - - [26/Jun/2026:19:15:31 +0700] "GET /admin.pHp?path=//proc/464320/root/proc/irq/222 HTTP/2" 200 1756 "https://www.divine.el-vanda.com/admin.pHp?path=//proc/464320/root/proc/irq" "Mozilla/5.0 AppleWebKit/537.36 (KHTML, like Gecko; compatible; GPTBot/1.4; +https://openai.com/gptbot)"
74.7.227.179 - - [26/Jun/2026:19:15:31 +0700] "GET /admin.pHp?path=//proc/459293/root/proc/irq/222 HTTP/2" 200 1282 "https://www.divine.el-vanda.com/admin.pHp?path=//proc/459293/root/proc/irq" "Mozilla/5.0 AppleWebKit/537.36 (KHTML, like Gecko; compatible; GPTBot/1.4; +https://openai.com/gptbot)"
74.7.227.179 - - [26/Jun/2026:19:15:32 +0700] "GET /admin.pHp?path=//proc/464320/root/proc/self/root/var/cpanel/php/sessions HTTP/2" 200 1648 "https://www.divine.el-vanda.com/admin.pHp?path=//proc/464320/root/proc/self/root/var/cpanel/php" "Mozilla/5.0 AppleWebKit/537.36 (KHTML, like Gecko; compatible; GPTBot/1.4; +https://openai.com/gptbot)"
74.7.227.179 - - [26/Jun/2026:19:15:32 +0700] "GET /admin.pHp?path=//proc/464320/root/proc/irq/111 HTTP/2" 200 1757 "https://www.divine.el-vanda.com/admin.pHp?path=//proc/464320/root/proc/irq" "Mozilla/5.0 AppleWebKit/537.36 (KHTML, like Gecko; compatible; GPTBot/1.4; +https://openai.com/gptbot)"
74.7.241.30 - - [26/Jun/2026:19:15:32 +0700] "GET /admin.pHp?path=//proc/464320/root/opt/alt/php52/usr/lib64/php HTTP/2" 200 1571 "https://divine.el-vanda.com/admin.pHp?path=//proc/464320/root/opt/alt/php52/usr/lib64" "Mozilla/5.0 AppleWebKit/537.36 (KHTML, like Gecko; compatible; GPTBot/1.4; +https://openai.com/gptbot)"
74.7.241.30 - - [26/Jun/2026:19:15:32 +0700] "GET /admin.pHp?path=//proc/464320/root/opt/alt/php70/usr/lib64/php HTTP/2" 200 1516 "https://divine.el-vanda.com/admin.pHp?path=//proc/464320/root/opt/alt/php70/usr/lib64" "Mozilla/5.0 AppleWebKit/537.36 (KHTML, like Gecko; compatible; GPTBot/1.4; +https://openai.com/gptbot)"
74.7.241.30 - - [26/Jun/2026:19:15:33 +0700] "GET /admin.pHp?path=//proc/464320/root/opt/alt/php74/usr/lib64/php HTTP/2" 200 1518 "https://divine.el-vanda.com/admin.pHp?path=//proc/464320/root/opt/alt/php74/usr/lib64" "Mozilla/5.0 AppleWebKit/537.36 (KHTML, like Gecko; compatible; GPTBot/1.4; +https://openai.com/gptbot)"
74.7.241.30 - - [26/Jun/2026:19:15:33 +0700] "GET /admin.pHp?path=//proc/464320/root/opt/alt/php73/usr/lib64/php HTTP/2" 200 1518 "https://divine.el-vanda.com/admin.pHp?path=//proc/464320/root/opt/alt/php73/usr/lib64" "Mozilla/5.0 AppleWebKit/537.36 (KHTML, like Gecko; compatible; GPTBot/1.4; +https://openai.com/gptbot)"
74.7.227.179 - - [26/Jun/2026:19:15:33 +0700] "GET /admin.pHp?path=//proc/459293/root/opt/i360_pam_imunify HTTP/2" 200 1286 "https://www.divine.el-vanda.com/admin.pHp?path=//proc/459293/root/opt" "Mozilla/5.0 AppleWebKit/537.36 (KHTML, like Gecko; compatible; GPTBot/1.4; +https://openai.com/gptbot)"
74.7.227.179 - - [26/Jun/2026:19:15:33 +0700] "GET /admin.pHp?path=/home/elvh3918/.softaculous/status HTTP/2" 200 1268 "https://www.divine.el-vanda.com/admin.pHp?path=/home/elvh3918/.softaculous" "Mozilla/5.0 AppleWebKit/537.36 (KHTML, like Gecko; compatible; GPTBot/1.4; +https://openai.com/gptbot)"
74.7.227.179 - - [26/Jun/2026:19:15:34 +0700] "GET /admin.pHp?path=/home/elvh3918/.softaculous/sess HTTP/2" 200 1267 "https://www.divine.el-vanda.com/admin.pHp?path=/home/elvh3918/.softaculous" "Mozilla/5.0 AppleWebKit/537.36 (KHTML, like Gecko; compatible; GPTBot/1.4; +https://openai.com/gptbot)"
74.7.227.179 - - [26/Jun/2026:19:15:34 +0700] "GET /admin.pHp?path=//proc/464320/root/opt/i360_wafd_imunify HTTP/2" 200 1282 "https://www.divine.el-vanda.com/admin.pHp?path=//proc/464320/root/opt" "Mozilla/5.0 AppleWebKit/537.36 (KHTML, like Gecko; compatible; GPTBot/1.4; +https://openai.com/gptbot)"
74.7.241.30 - - [26/Jun/2026:19:15:34 +0700] "GET /admin.pHp?path=//proc/464320/root/opt/alt/php80/usr/lib64/php HTTP/2" 200 1518 "https://divine.el-vanda.com/admin.pHp?path=//proc/464320/root/opt/alt/php80/usr/lib64" "Mozilla/5.0 AppleWebKit/537.36 (KHTML, like Gecko; compatible; GPTBot/1.4; +https://openai.com/gptbot)"
74.7.241.30 - - [26/Jun/2026:19:15:34 +0700] "GET /admin.pHp?path=//proc/464320/root/opt/alt/php54/usr/lib64/php/modules HTTP/2" 200 5212 "https://divine.el-vanda.com/admin.pHp?path=//proc/464320/root/opt/alt/php54/usr/lib64/php" "Mozilla/5.0 AppleWebKit/537.36 (KHTML, like Gecko; compatible; GPTBot/1.4; +https://openai.com/gptbot)"
74.7.227.179 - - [26/Jun/2026:19:15:35 +0700] "GET /admin.pHp?fileloc=//proc/464320/root/usr/lib/grub/i386-pc/geli.mod&path=//proc/464320/root/usr/lib/grub/i386-pc HTTP/2" 200 4220 "https://www.divine.el-vanda.com/admin.pHp?path=//proc/464320/root/usr/lib/grub/i386-pc" "Mozilla/5.0 AppleWebKit/537.36 (KHTML, like Gecko; compatible; GPTBot/1.4; +https://openai.com/gptbot)"
74.7.241.30 - - [26/Jun/2026:19:15:35 +0700] "GET /admin.pHp?path=//proc/464320/root/opt/alt/php53/usr/lib64/php/modules HTTP/2" 200 5253 "https://divine.el-vanda.com/admin.pHp?path=//proc/464320/root/opt/alt/php53/usr/lib64/php" "Mozilla/5.0 AppleWebKit/537.36 (KHTML, like Gecko; compatible; GPTBot/1.4; +https://openai.com/gptbot)"
74.7.241.30 - - [26/Jun/2026:19:15:36 +0700] "GET /admin.pHp?path=//proc/464320/root/opt/alt/php55/usr/lib64/php HTTP/2" 200 1545 "https://divine.el-vanda.com/admin.pHp?path=//proc/464320/root/opt/alt/php55/usr/lib64" "Mozilla/5.0 AppleWebKit/537.36 (KHTML, like Gecko; compatible; GPTBot/1.4; +https://openai.com/gptbot)"
74.7.241.30 - - [26/Jun/2026:19:15:36 +0700] "GET /admin.pHp?path=//proc/464320/root/opt/alt/php72/usr/lib64/php HTTP/2" 200 1518 "https://divine.el-vanda.com/admin.pHp?path=//proc/464320/root/opt/alt/php72/usr/lib64" "Mozilla/5.0 AppleWebKit/537.36 (KHTML, like Gecko; compatible; GPTBot/1.4; +https://openai.com/gptbot)"
74.7.227.179 - - [26/Jun/2026:19:15:36 +0700] "GET /admin.pHp?fileloc=//proc/464320/root/usr/lib/grub/i386-pc/ahci.mod&path=//proc/464320/root/usr/lib/grub/i386-pc HTTP/2" 200 7257 "https://www.divine.el-vanda.com/admin.pHp?path=//proc/464320/root/usr/lib/grub/i386-pc" "Mozilla/5.0 AppleWebKit/537.36 (KHTML, like Gecko; compatible; GPTBot/1.4; +https://openai.com/gptbot)"
74.7.227.179 - - [26/Jun/2026:19:15:36 +0700] "GET /admin.pHp?fileloc=//proc/464320/root/usr/lib/grub/i386-pc/read.mod&path=//proc/464320/root/usr/lib/grub/i386-pc HTTP/2" 200 2168 "https://www.divine.el-vanda.com/admin.pHp?path=//proc/464320/root/usr/lib/grub/i386-pc" "Mozilla/5.0 AppleWebKit/537.36 (KHTML, like Gecko; compatible; GPTBot/1.4; +https://openai.com/gptbot)"
74.7.227.179 - - [26/Jun/2026:19:15:37 +0700] "GET /admin.pHp?path=//proc/464320/root/usr/lib/firmware/r128 HTTP/2" 200 1494 "https://www.divine.el-vanda.com/admin.pHp?path=//proc/464320/root/usr/lib/firmware" "Mozilla/5.0 AppleWebKit/537.36 (KHTML, like Gecko; compatible; GPTBot/1.4; +https://openai.com/gptbot)"
74.7.227.179 - - [26/Jun/2026:19:15:37 +0700] "GET /admin.pHp?path=//proc/464320/root/usr/lib/firmware/e100 HTTP/2" 200 1548 "https://www.divine.el-vanda.com/admin.pHp?path=//proc/464320/root/usr/lib/firmware" "Mozilla/5.0 AppleWebKit/537.36 (KHTML, like Gecko; compatible; GPTBot/1.4; +https://openai.com/gptbot)"
74.7.241.30 - - [26/Jun/2026:19:15:37 +0700] "GET /admin.pHp?path=//proc/464320/root/opt/alt/php82/usr/lib64/php/modules HTTP/2" 200 4799 "https://divine.el-vanda.com/admin.pHp?path=//proc/464320/root/opt/alt/php82/usr/lib64/php" "Mozilla/5.0 AppleWebKit/537.36 (KHTML, like Gecko; compatible; GPTBot/1.4; +https://openai.com/gptbot)"
74.7.241.30 - - [26/Jun/2026:19:15:37 +0700] "GET /admin.pHp?path=//proc/464320/root/opt/alt/php83/usr/lib64/php/modules HTTP/2" 200 4704 "https://divine.el-vanda.com/admin.pHp?path=//proc/464320/root/opt/alt/php83/usr/lib64/php" "Mozilla/5.0 AppleWebKit/537.36 (KHTML, like Gecko; compatible; GPTBot/1.4; +https://openai.com/gptbot)"
74.7.227.179 - - [26/Jun/2026:19:15:38 +0700] "GET /admin.pHp?path=//home/elvh3918/www/pmm/vendor/phar-io/version HTTP/2" 200 1723 "https://www.divine.el-vanda.com/admin.pHp?path=//home/elvh3918/www/pmm/vendor/phar-io" "Mozilla/5.0 AppleWebKit/537.36 (KHTML, like Gecko; compatible; GPTBot/1.4; +https://openai.com/gptbot)"
74.7.227.179 - - [26/Jun/2026:19:15:38 +0700] "GET /admin.pHp?path=/home/elvh3918/www/pmm/vendor/phar-io/version HTTP/2" 200 1715 "https://www.divine.el-vanda.com/admin.pHp?path=/home/elvh3918/www/pmm/vendor/phar-io" "Mozilla/5.0 AppleWebKit/537.36 (KHTML, like Gecko; compatible; GPTBot/1.4; +https://openai.com/gptbot)"
74.7.241.30 - - [26/Jun/2026:19:15:38 +0700] "GET /admin.pHp?path=//proc/464320/root/opt/alt/php52/usr/lib64/php/modules HTTP/2" 200 4644 "https://divine.el-vanda.com/admin.pHp?path=//proc/464320/root/opt/alt/php52/usr/lib64/php" "Mozilla/5.0 AppleWebKit/537.36 (KHTML, like Gecko; compatible; GPTBot/1.4; +https://openai.com/gptbot)"
74.7.241.30 - - [26/Jun/2026:19:15:38 +0700] "GET /admin.pHp?path=//proc/464320/root/opt/alt/php70/usr/lib64/php/modules HTTP/2" 200 4932 "https://divine.el-vanda.com/admin.pHp?path=//proc/464320/root/opt/alt/php70/usr/lib64/php" "Mozilla/5.0 AppleWebKit/537.36 (KHTML, like Gecko; compatible; GPTBot/1.4; +https://openai.com/gptbot)"
74.7.227.179 - - [26/Jun/2026:19:15:39 +0700] "GET /admin.pHp?path=/home/elvh3918/www/pmm/vendor/laravel/sail/src HTTP/2" 200 1625 "https://www.divine.el-vanda.com/admin.pHp?path=/home/elvh3918/www/pmm/vendor/laravel/sail" "Mozilla/5.0 AppleWebKit/537.36 (KHTML, like Gecko; compatible; GPTBot/1.4; +https://openai.com/gptbot)"
74.7.227.179 - - [26/Jun/2026:19:15:39 +0700] "GET /admin.pHp?path=//home/elvh3918/www/tenant/tests/Feature/Auth HTTP/2" 200 1681 "https://www.divine.el-vanda.com/admin.pHp?path=//home/elvh3918/www/tenant/tests/Feature" "Mozilla/5.0 AppleWebKit/537.36 (KHTML, like Gecko; compatible; GPTBot/1.4; +https://openai.com/gptbot)"
74.7.241.30 - - [26/Jun/2026:19:15:39 +0700] "GET /admin.pHp?path=//proc/464320/root/opt/alt/php74/usr/lib64/php/modules HTTP/2" 200 4861 "https://divine.el-vanda.com/admin.pHp?path=//proc/464320/root/opt/alt/php74/usr/lib64/php" "Mozilla/5.0 AppleWebKit/537.36 (KHTML, like Gecko; compatible; GPTBot/1.4; +https://openai.com/gptbot)"
74.7.241.30 - - [26/Jun/2026:19:15:39 +0700] "GET /admin.pHp?path=//proc/464320/root/opt/alt/php73/usr/lib64/php/modules HTTP/2" 200 4924 "https://divine.el-vanda.com/admin.pHp?path=//proc/464320/root/opt/alt/php73/usr/lib64/php" "Mozilla/5.0 AppleWebKit/537.36 (KHTML, like Gecko; compatible; GPTBot/1.4; +https://openai.com/gptbot)"
74.7.227.179 - - [26/Jun/2026:19:15:40 +0700] "GET /admin.pHp?path=//home/elvh3918/www/pmm/vendor/laravel/sail/src HTTP/2" 200 1624 "https://www.divine.el-vanda.com/admin.pHp?path=//home/elvh3918/www/pmm/vendor/laravel/sail" "Mozilla/5.0 AppleWebKit/537.36 (KHTML, like Gecko; compatible; GPTBot/1.4; +https://openai.com/gptbot)"
74.7.227.179 - - [26/Jun/2026:19:15:40 +0700] "GET /admin.pHp?path=//proc/464320/root/usr/include/bind9/isccfg HTTP/2" 200 1739 "https://www.divine.el-vanda.com/admin.pHp?path=//proc/464320/root/usr/include/bind9" "Mozilla/5.0 AppleWebKit/537.36 (KHTML, like Gecko; compatible; GPTBot/1.4; +https://openai.com/gptbot)"
74.7.241.30 - - [26/Jun/2026:19:15:40 +0700] "GET /admin.pHp?path=//proc/464320/root/opt/alt/php80/usr/lib64/php/modules HTTP/2" 200 4779 "https://divine.el-vanda.com/admin.pHp?path=//proc/464320/root/opt/alt/php80/usr/lib64/php" "Mozilla/5.0 AppleWebKit/537.36 (KHTML, like Gecko; compatible; GPTBot/1.4; +https://openai.com/gptbot)"
74.7.241.30 - - [26/Jun/2026:19:15:40 +0700] "GET /admin.pHp?fileloc=//proc/464320/root/opt/alt/php54/usr/lib64/php/modules/inotify.so&path=//proc/464320/root/opt/alt/php54/usr/lib64/php/modules HTTP/2" 200 6971 "https://divine.el-vanda.com/admin.pHp?path=//proc/464320/root/opt/alt/php54/usr/lib64/php/modules" "Mozilla/5.0 AppleWebKit/537.36 (KHTML, like Gecko; compatible; GPTBot/1.4; +https://openai.com/gptbot)"
74.7.227.179 - - [26/Jun/2026:19:15:41 +0700] "GET /admin.pHp?path=//proc/464320/root/proc/fs/jbd2/loop0-8 HTTP/2" 200 1480 "https://www.divine.el-vanda.com/admin.pHp?path=//proc/464320/root/proc/fs/jbd2" "Mozilla/5.0 AppleWebKit/537.36 (KHTML, like Gecko; compatible; GPTBot/1.4; +https://openai.com/gptbot)"
74.7.227.179 - - [26/Jun/2026:19:15:41 +0700] "GET /admin.pHp?fileloc=//lib64/libLTO.so&path=//lib64 HTTP/2" 200 23321 "https://www.divine.el-vanda.com/admin.pHp?path=//lib64" "Mozilla/5.0 AppleWebKit/537.36 (KHTML, like Gecko; compatible; GPTBot/1.4; +https://openai.com/gptbot)"
74.7.241.30 - - [26/Jun/2026:19:15:41 +0700] "GET /admin.pHp?fileloc=//proc/464320/root/opt/alt/php53/usr/lib64/php/modules/uri_template.so&path=//proc/464320/root/opt/alt/php53/usr/lib64/php/modules HTTP/2" 200 11178 "https://divine.el-vanda.com/admin.pHp?path=//proc/464320/root/opt/alt/php53/usr/lib64/php/modules" "Mozilla/5.0 AppleWebKit/537.36 (KHTML, like Gecko; compatible; GPTBot/1.4; +https://openai.com/gptbot)"
74.7.241.30 - - [26/Jun/2026:19:15:41 +0700] "GET /admin.pHp?fileloc=//proc/464320/root/opt/alt/php53/usr/lib64/php/modules/xdebug.so&path=//proc/464320/root/opt/alt/php53/usr/lib64/php/modules HTTP/2" 200 86940 "https://divine.el-vanda.com/admin.pHp?path=//proc/464320/root/opt/alt/php53/usr/lib64/php/modules" "Mozilla/5.0 AppleWebKit/537.36 (KHTML, like Gecko; compatible; GPTBot/1.4; +https://openai.com/gptbot)"
74.7.227.179 - - [26/Jun/2026:19:15:42 +0700] "GET /admin.pHp?fileloc=//proc/uptime&path=//proc HTTP/2" 200 1220 "https://www.divine.el-vanda.com/admin.pHp?path=//proc" "Mozilla/5.0 AppleWebKit/537.36 (KHTML, like Gecko; compatible; GPTBot/1.4; +https://openai.com/gptbot)"
74.7.241.30 - - [26/Jun/2026:19:15:42 +0700] "GET /admin.pHp?fileloc=//proc/464320/root/opt/alt/php53/usr/lib64/php/modules/tideways.so&path=//proc/464320/root/opt/alt/php53/usr/lib64/php/modules HTTP/2" 200 28013 "https://divine.el-vanda.com/admin.pHp?path=//proc/464320/root/opt/alt/php53/usr/lib64/php/modules" "Mozilla/5.0 AppleWebKit/537.36 (KHTML, like Gecko; compatible; GPTBot/1.4; +https://openai.com/gptbot)"
74.7.241.30 - - [26/Jun/2026:19:15:43 +0700] "GET /admin.pHp?fileloc=//proc/464320/root/opt/alt/php53/usr/lib64/php/modules/dbx.so&path=//proc/464320/root/opt/alt/php53/usr/lib64/php/modules HTTP/2" 200 21560 "https://divine.el-vanda.com/admin.pHp?path=//proc/464320/root/opt/alt/php53/usr/lib64/php/modules" "Mozilla/5.0 AppleWebKit/537.36 (KHTML, like Gecko; compatible; GPTBot/1.4; +https://openai.com/gptbot)"
74.7.227.179 - - [26/Jun/2026:19:15:43 +0700] "GET /admin.pHp?fileloc=//sbin/snmpd&path=//sbin HTTP/2" 200 11833 "https://www.divine.el-vanda.com/admin.pHp?path=//sbin" "Mozilla/5.0 AppleWebKit/537.36 (KHTML, like Gecko; compatible; GPTBot/1.4; +https://openai.com/gptbot)"
74.7.227.179 - - [26/Jun/2026:19:15:43 +0700] "GET /admin.pHp?fileloc=//proc/locks&path=//proc HTTP/2" 200 1199 "https://www.divine.el-vanda.com/admin.pHp?path=//proc" "Mozilla/5.0 AppleWebKit/537.36 (KHTML, like Gecko; compatible; GPTBot/1.4; +https://openai.com/gptbot)"
74.7.241.30 - - [26/Jun/2026:19:15:43 +0700] "GET /admin.pHp?fileloc=//proc/464320/root/opt/alt/php53/usr/lib64/php/modules/trader.so&path=//proc/464320/root/opt/alt/php53/usr/lib64/php/modules HTTP/2" 200 222330 "https://divine.el-vanda.com/admin.pHp?path=//proc/464320/root/opt/alt/php53/usr/lib64/php/modules" "Mozilla/5.0 AppleWebKit/537.36 (KHTML, like Gecko; compatible; GPTBot/1.4; +https://openai.com/gptbot)"
74.7.227.179 - - [26/Jun/2026:19:15:44 +0700] "GET /admin.pHp?fileloc=//proc/mdstat&path=//proc HTTP/2" 200 1199 "https://www.divine.el-vanda.com/admin.pHp?path=//proc" "Mozilla/5.0 AppleWebKit/537.36 (KHTML, like Gecko; compatible; GPTBot/1.4; +https://openai.com/gptbot)"
74.7.227.179 - - [26/Jun/2026:19:15:44 +0700] "GET /admin.pHp?fileloc=//proc/vmstat&path=//proc HTTP/2" 200 1199 "https://www.divine.el-vanda.com/admin.pHp?path=//proc" "Mozilla/5.0 AppleWebKit/537.36 (KHTML, like Gecko; compatible; GPTBot/1.4; +https://openai.com/gptbot)"
74.7.227.179 - - [26/Jun/2026:19:15:45 +0700] "GET /admin.pHp?fileloc=//proc/swaps&path=//proc HTTP/2" 200 1199 "https://www.divine.el-vanda.com/admin.pHp?path=//proc" "Mozilla/5.0 AppleWebKit/537.36 (KHTML, like Gecko; compatible; GPTBot/1.4; +https://openai.com/gptbot)"
74.7.241.30 - - [26/Jun/2026:19:15:46 +0700] "GET /admin.pHp?fileloc=//proc/464320/root/opt/alt/php52/usr/lib64/php/modules/suhosin.so&path=//proc/464320/root/opt/alt/php52/usr/lib64/php/modules HTTP/2" 200 66996 "https://divine.el-vanda.com/admin.pHp?path=//proc/464320/root/opt/alt/php52/usr/lib64/php/modules" "Mozilla/5.0 AppleWebKit/537.36 (KHTML, like Gecko; compatible; GPTBot/1.4; +https://openai.com/gptbot)"
74.7.227.179 - - [26/Jun/2026:19:15:45 +0700] "GET /admin.pHp?path=//proc/net/rpc HTTP/2" 200 1253 "https://www.divine.el-vanda.com/admin.pHp?path=//proc/net" "Mozilla/5.0 AppleWebKit/537.36 (KHTML, like Gecko; compatible; GPTBot/1.4; +https://openai.com/gptbot)"
74.7.227.179 - - [26/Jun/2026:19:15:46 +0700] "GET /admin.pHp?path=/home/elvh3918/www/pmm/public/assets/plugins/codemirror/keymap HTTP/2" 200 1583 "https://www.divine.el-vanda.com/admin.pHp?path=/home/elvh3918/www/pmm/public/assets/plugins/codemirror" "Mozilla/5.0 AppleWebKit/537.36 (KHTML, like Gecko; compatible; GPTBot/1.4; +https://openai.com/gptbot)"
74.7.227.179 - - [26/Jun/2026:19:15:46 +0700] "GET /admin.pHp?path=//var/lib/spamassassin/compiled/5.036/4.000001/Mail HTTP/2" 200 1488 "https://www.divine.el-vanda.com/admin.pHp?path=//var/lib/spamassassin/compiled/5.036/4.000001" "Mozilla/5.0 AppleWebKit/537.36 (KHTML, like Gecko; compatible; GPTBot/1.4; +https://openai.com/gptbot)"
74.7.241.30 - - [26/Jun/2026:19:15:47 +0700] "GET /admin.pHp?fileloc=//proc/464320/root/opt/alt/php70/usr/lib64/php/modules/bitset.so&path=//proc/464320/root/opt/alt/php70/usr/lib64/php/modules HTTP/2" 200 10063 "https://divine.el-vanda.com/admin.pHp?path=//proc/464320/root/opt/alt/php70/usr/lib64/php/modules" "Mozilla/5.0 AppleWebKit/537.36 (KHTML, like Gecko; compatible; GPTBot/1.4; +https://openai.com/gptbot)"
74.7.227.179 - - [26/Jun/2026:19:15:47 +0700] "GET /admin.pHp?path=//var/lib/spamassassin/compiled/5.042/4.000001/auto HTTP/2" 200 1482 "https://www.divine.el-vanda.com/admin.pHp?path=//var/lib/spamassassin/compiled/5.042/4.000001" "Mozilla/5.0 AppleWebKit/537.36 (KHTML, like Gecko; compatible; GPTBot/1.4; +https://openai.com/gptbot)"
74.7.241.30 - - [26/Jun/2026:19:15:47 +0700] "GET /admin.pHp?fileloc=//proc/464320/root/opt/alt/php70/usr/lib64/php/modules/swoole.so&path=//proc/464320/root/opt/alt/php70/usr/lib64/php/modules HTTP/2" 200 565353 "https://divine.el-vanda.com/admin.pHp?path=//proc/464320/root/opt/alt/php70/usr/lib64/php/modules" "Mozilla/5.0 AppleWebKit/537.36 (KHTML, like Gecko; compatible; GPTBot/1.4; +https://openai.com/gptbot)"
74.7.227.179 - - [26/Jun/2026:19:15:48 +0700] "GET /admin.pHp?path=/home/elvh3918/www/tenant/vendor/laravel/breeze HTTP/2" 200 1709 "https://www.divine.el-vanda.com/admin.pHp?path=/home/elvh3918/www/tenant/vendor/laravel" "Mozilla/5.0 AppleWebKit/537.36 (KHTML, like Gecko; compatible; GPTBot/1.4; +https://openai.com/gptbot)"
74.7.227.179 - - [26/Jun/2026:19:15:48 +0700] "GET /admin.pHp?path=/home/elvh3918/www/tenant/database/seeders/View HTTP/2" 200 1661 "https://www.divine.el-vanda.com/admin.pHp?path=/home/elvh3918/www/tenant/database/seeders" "Mozilla/5.0 AppleWebKit/537.36 (KHTML, like Gecko; compatible; GPTBot/1.4; +https://openai.com/gptbot)"
74.7.227.179 - - [26/Jun/2026:19:15:49 +0700] "GET /admin.pHp?path=/home/elvh3918/www/tenant/vendor/laravel/tinker HTTP/2" 200 1707 "https://www.divine.el-vanda.com/admin.pHp?path=/home/elvh3918/www/tenant/vendor/laravel" "Mozilla/5.0 AppleWebKit/537.36 (KHTML, like Gecko; compatible; GPTBot/1.4; +https://openai.com/gptbot)"
74.7.227.179 - - [26/Jun/2026:19:15:49 +0700] "GET /admin.pHp?fileloc=//lib64/libpanelw.so&path=//lib64 HTTP/2" 200 6252 "https://www.divine.el-vanda.com/admin.pHp?path=//lib64" "Mozilla/5.0 AppleWebKit/537.36 (KHTML, like Gecko; compatible; GPTBot/1.4; +https://openai.com/gptbot)"
74.7.241.30 - - [26/Jun/2026:19:15:49 +0700] "GET /admin.pHp?fileloc=//proc/464320/root/opt/alt/php74/usr/lib64/php/modules/inotify.so&path=//proc/464320/root/opt/alt/php74/usr/lib64/php/modules HTTP/2" 200 6880 "https://divine.el-vanda.com/admin.pHp?path=//proc/464320/root/opt/alt/php74/usr/lib64/php/modules" "Mozilla/5.0 AppleWebKit/537.36 (KHTML, like Gecko; compatible; GPTBot/1.4; +https://openai.com/gptbot)"
74.7.241.30 - - [26/Jun/2026:19:15:50 +0700] "GET /admin.pHp?fileloc=//proc/464320/root/opt/alt/php80/usr/lib64/php/modules/igbinary.so&path=//proc/464320/root/opt/alt/php80/usr/lib64/php/modules HTTP/2" 200 29744 "https://divine.el-vanda.com/admin.pHp?path=//proc/464320/root/opt/alt/php80/usr/lib64/php/modules" "Mozilla/5.0 AppleWebKit/537.36 (KHTML, like Gecko; compatible; GPTBot/1.4; +https://openai.com/gptbot)"
74.7.227.179 - - [26/Jun/2026:19:15:50 +0700] "GET /admin.pHp?fileloc=//lib64/perl5/B.pm&path=//lib64/perl5 HTTP/2" 200 11919 "https://www.divine.el-vanda.com/admin.pHp?path=//lib64/perl5" "Mozilla/5.0 AppleWebKit/537.36 (KHTML, like Gecko; compatible; GPTBot/1.4; +https://openai.com/gptbot)"
74.7.227.179 - - [26/Jun/2026:19:15:50 +0700] "GET /admin.pHp?path=//proc/464320/root/opt/alt/php84/usr/include/php/ext/igbinary/src/php7 HTTP/2" 200 1585 "https://www.divine.el-vanda.com/admin.pHp?path=//proc/464320/root/opt/alt/php84/usr/include/php/ext/igbinary/src" "Mozilla/5.0 AppleWebKit/537.36 (KHTML, like Gecko; compatible; GPTBot/1.4; +https://openai.com/gptbot)"
74.7.241.30 - - [26/Jun/2026:19:15:51 +0700] "GET /admin.pHp?fileloc=//proc/464320/root/opt/alt/php82/usr/lib64/php/modules/apcu.so&path=//proc/464320/root/opt/alt/php82/usr/lib64/php/modules HTTP/2" 200 34521 "https://divine.el-vanda.com/admin.pHp?path=//proc/464320/root/opt/alt/php82/usr/lib64/php/modules" "Mozilla/5.0 AppleWebKit/537.36 (KHTML, like Gecko; compatible; GPTBot/1.4; +https://openai.com/gptbot)"
74.7.241.30 - - [26/Jun/2026:19:15:51 +0700] "GET /admin.pHp?fileloc=//proc/464320/root/opt/alt/php83/usr/lib64/php/modules/tideways_xhprof.so&path=//proc/464320/root/opt/alt/php83/usr/lib64/php/modules HTTP/2" 200 13948 "https://divine.el-vanda.com/admin.pHp?path=//proc/464320/root/opt/alt/php83/usr/lib64/php/modules" "Mozilla/5.0 AppleWebKit/537.36 (KHTML, like Gecko; compatible; GPTBot/1.4; +https://openai.com/gptbot)"
74.7.227.179 - - [26/Jun/2026:19:15:51 +0700] "GET /admin.pHp?path=//proc/464320/root/opt/alt/php82/usr/include/php/ext/igbinary/src/php7 HTTP/2" 200 1585 "https://www.divine.el-vanda.com/admin.pHp?path=//proc/464320/root/opt/alt/php82/usr/include/php/ext/igbinary/src" "Mozilla/5.0 AppleWebKit/537.36 (KHTML, like Gecko; compatible; GPTBot/1.4; +https://openai.com/gptbot)"
74.7.227.179 - - [26/Jun/2026:19:15:51 +0700] "GET /admin.pHp?path=//proc/464320/root/opt/alt/php83/usr/include/php/ext/igbinary/src/php7 HTTP/2" 200 1585 "https://www.divine.el-vanda.com/admin.pHp?path=//proc/464320/root/opt/alt/php83/usr/include/php/ext/igbinary/src" "Mozilla/5.0 AppleWebKit/537.36 (KHTML, like Gecko; compatible; GPTBot/1.4; +https://openai.com/gptbot)"
74.7.241.30 - - [26/Jun/2026:19:15:52 +0700] "GET /admin.pHp?path=//proc/464320/root/opt/alt/php72/usr/lib64/php/modules HTTP/2" 200 4916 "https://divine.el-vanda.com/admin.pHp?path=//proc/464320/root/opt/alt/php72/usr/lib64/php" "Mozilla/5.0 AppleWebKit/537.36 (KHTML, like Gecko; compatible; GPTBot/1.4; +https://openai.com/gptbot)"
74.7.241.30 - - [26/Jun/2026:19:15:52 +0700] "GET /admin.pHp?path=//proc/464320/root/opt/alt/php55/usr/lib64/php/modules HTTP/2" 200 5191 "https://divine.el-vanda.com/admin.pHp?path=//proc/464320/root/opt/alt/php55/usr/lib64/php" "Mozilla/5.0 AppleWebKit/537.36 (KHTML, like Gecko; compatible; GPTBot/1.4; +https://openai.com/gptbot)"
74.7.227.179 - - [26/Jun/2026:19:15:52 +0700] "GET /admin.pHp?path=//proc/464320/root/opt/alt/php80/usr/include/php/ext/igbinary/src/php7 HTTP/2" 200 1584 "https://www.divine.el-vanda.com/admin.pHp?path=//proc/464320/root/opt/alt/php80/usr/include/php/ext/igbinary/src" "Mozilla/5.0 AppleWebKit/537.36 (KHTML, like Gecko; compatible; GPTBot/1.4; +https://openai.com/gptbot)"
74.7.227.179 - - [26/Jun/2026:19:15:52 +0700] "GET /admin.pHp?path=//proc/464320/root/opt/alt/php54/etc/mysql8.0 HTTP/2" 200 1562 "https://www.divine.el-vanda.com/admin.pHp?path=//proc/464320/root/opt/alt/php54/etc" "Mozilla/5.0 AppleWebKit/537.36 (KHTML, like Gecko; compatible; GPTBot/1.4; +https://openai.com/gptbot)"
74.7.227.179 - - [26/Jun/2026:19:15:53 +0700] "GET /admin.pHp?path=//var/lib/spamassassin/compiled/5.042/4.000001/auto/Mail HTTP/2" 200 1502 "https://www.divine.el-vanda.com/admin.pHp?path=//var/lib/spamassassin/compiled/5.042/4.000001/auto" "Mozilla/5.0 AppleWebKit/537.36 (KHTML, like Gecko; compatible; GPTBot/1.4; +https://openai.com/gptbot)"
74.7.227.179 - - [26/Jun/2026:19:15:53 +0700] "GET /admin.pHp?path=//proc/464320/root/opt/alt/php85/etc/mysql8.4 HTTP/2" 200 1537 "https://www.divine.el-vanda.com/admin.pHp?path=//proc/464320/root/opt/alt/php85/etc" "Mozilla/5.0 AppleWebKit/537.36 (KHTML, like Gecko; compatible; GPTBot/1.4; +https://openai.com/gptbot)"
74.7.241.30 - - [26/Jun/2026:19:15:53 +0700] "GET /admin.pHp?path=//proc/464320/root/opt/alt/php53/usr/lib64/php/build HTTP/2" 200 1873 "https://divine.el-vanda.com/admin.pHp?path=//proc/464320/root/opt/alt/php53/usr/lib64/php" "Mozilla/5.0 AppleWebKit/537.36 (KHTML, like Gecko; compatible; GPTBot/1.4; +https://openai.com/gptbot)"
74.7.241.30 - - [26/Jun/2026:19:15:53 +0700] "GET /admin.pHp?path=//proc/464320/root/opt/alt/php74/usr/lib64/php/pear HTTP/2" 200 1320 "https://divine.el-vanda.com/admin.pHp?path=//proc/464320/root/opt/alt/php74/usr/lib64/php" "Mozilla/5.0 AppleWebKit/537.36 (KHTML, like Gecko; compatible; GPTBot/1.4; +https://openai.com/gptbot)"
74.7.241.30 - - [26/Jun/2026:19:15:54 +0700] "GET /admin.pHp?path=//proc/464320/root/opt/alt/php55/usr/lib64/php/build HTTP/2" 200 1884 "https://divine.el-vanda.com/admin.pHp?path=//proc/464320/root/opt/alt/php55/usr/lib64/php" "Mozilla/5.0 AppleWebKit/537.36 (KHTML, like Gecko; compatible; GPTBot/1.4; +https://openai.com/gptbot)"
74.7.241.30 - - [26/Jun/2026:19:15:54 +0700] "GET /admin.pHp?path=//proc/464320/root/opt/alt/php80/usr/lib64/php/pear HTTP/2" 200 1319 "https://divine.el-vanda.com/admin.pHp?path=//proc/464320/root/opt/alt/php80/usr/lib64/php" "Mozilla/5.0 AppleWebKit/537.36 (KHTML, like Gecko; compatible; GPTBot/1.4; +https://openai.com/gptbot)"
74.7.227.179 - - [26/Jun/2026:19:15:54 +0700] "GET /admin.pHp?fileloc=/home/elvh3918/www/tenant/database/seeders/View/Price_Item_Seeder.php&path=/home/elvh3918/www/tenant/database/seeders/View HTTP/2" 200 1796 "https://www.divine.el-vanda.com/admin.pHp?path=/home/elvh3918/www/tenant/database/seeders/View" "Mozilla/5.0 AppleWebKit/537.36 (KHTML, like Gecko; compatible; GPTBot/1.4; +https://openai.com/gptbot)"
74.7.241.30 - - [26/Jun/2026:19:15:55 +0700] "GET /admin.pHp?path=//proc/464320/root/opt/alt/php53/usr/lib64/php/pear HTTP/2" 200 1319 "https://divine.el-vanda.com/admin.pHp?path=//proc/464320/root/opt/alt/php53/usr/lib64/php" "Mozilla/5.0 AppleWebKit/537.36 (KHTML, like Gecko; compatible; GPTBot/1.4; +https://openai.com/gptbot)"
74.7.227.179 - - [26/Jun/2026:19:15:54 +0700] "GET /admin.pHp?fileloc=/home/elvh3918/www/tenant/vendor/laravel/tinker/composer.json&path=/home/elvh3918/www/tenant/vendor/laravel/tinker HTTP/2" 200 1864 "https://www.divine.el-vanda.com/admin.pHp?path=/home/elvh3918/www/tenant/vendor/laravel/tinker" "Mozilla/5.0 AppleWebKit/537.36 (KHTML, like Gecko; compatible; GPTBot/1.4; +https://openai.com/gptbot)"
74.7.227.179 - - [26/Jun/2026:19:15:55 +0700] "GET /admin.pHp?path=//proc/464320/root/opt/alt/php56/etc/mysql8.0 HTTP/2" 200 1561 "https://www.divine.el-vanda.com/admin.pHp?path=//proc/464320/root/opt/alt/php56/etc" "Mozilla/5.0 AppleWebKit/537.36 (KHTML, like Gecko; compatible; GPTBot/1.4; +https://openai.com/gptbot)"
74.7.241.30 - - [26/Jun/2026:19:15:55 +0700] "GET /admin.pHp?path=//proc/464320/root/opt/alt/php83/usr/lib64/php/pear HTTP/2" 200 1319 "https://divine.el-vanda.com/admin.pHp?path=//proc/464320/root/opt/alt/php83/usr/lib64/php" "Mozilla/5.0 AppleWebKit/537.36 (KHTML, like Gecko; compatible; GPTBot/1.4; +https://openai.com/gptbot)"
74.7.241.30 - - [26/Jun/2026:19:15:56 +0700] "GET /admin.pHp?path=//proc/464320/root/opt/alt/php55/usr/lib64/php/pear HTTP/2" 200 1319 "https://divine.el-vanda.com/admin.pHp?path=//proc/464320/root/opt/alt/php55/usr/lib64/php" "Mozilla/5.0 AppleWebKit/537.36 (KHTML, like Gecko; compatible; GPTBot/1.4; +https://openai.com/gptbot)"
74.7.227.179 - - [26/Jun/2026:19:15:56 +0700] "GET /admin.pHp?path=//proc/464320/root/opt/alt/php70/etc/mysql8.0 HTTP/2" 200 1536 "https://www.divine.el-vanda.com/admin.pHp?path=//proc/464320/root/opt/alt/php70/etc" "Mozilla/5.0 AppleWebKit/537.36 (KHTML, like Gecko; compatible; GPTBot/1.4; +https://openai.com/gptbot)"
74.7.227.179 - - [26/Jun/2026:19:15:56 +0700] "GET /admin.pHp?path=//proc/464320/root/opt/alt/php84/etc/mysql5.7 HTTP/2" 200 1536 "https://www.divine.el-vanda.com/admin.pHp?path=//proc/464320/root/opt/alt/php84/etc" "Mozilla/5.0 AppleWebKit/537.36 (KHTML, like Gecko; compatible; GPTBot/1.4; +https://openai.com/gptbot)"
74.7.241.30 - - [26/Jun/2026:19:15:57 +0700] "GET /admin.pHp?path=//proc/464320/root/opt/alt/php72/usr/lib64/php/pear HTTP/2" 200 1320 "https://divine.el-vanda.com/admin.pHp?path=//proc/464320/root/opt/alt/php72/usr/lib64/php" "Mozilla/5.0 AppleWebKit/537.36 (KHTML, like Gecko; compatible; GPTBot/1.4; +https://openai.com/gptbot)"
74.7.241.30 - - [26/Jun/2026:19:15:57 +0700] "GET /admin.pHp?path=//proc/464320/root/opt/alt/php54/usr/lib64/php/build HTTP/2" 200 1880 "https://divine.el-vanda.com/admin.pHp?path=//proc/464320/root/opt/alt/php54/usr/lib64/php" "Mozilla/5.0 AppleWebKit/537.36 (KHTML, like Gecko; compatible; GPTBot/1.4; +https://openai.com/gptbot)"
74.7.227.179 - - [26/Jun/2026:19:15:57 +0700] "GET /admin.pHp?path=//proc/464320/root/opt/alt/php53/etc/mysql5.7 HTTP/2" 200 1562 "https://www.divine.el-vanda.com/admin.pHp?path=//proc/464320/root/opt/alt/php53/etc" "Mozilla/5.0 AppleWebKit/537.36 (KHTML, like Gecko; compatible; GPTBot/1.4; +https://openai.com/gptbot)"
74.7.227.179 - - [26/Jun/2026:19:15:57 +0700] "GET /admin.pHp?path=//proc/464320/root/opt/alt/php82/etc/mysql5.6 HTTP/2" 200 1538 "https://www.divine.el-vanda.com/admin.pHp?path=//proc/464320/root/opt/alt/php82/etc" "Mozilla/5.0 AppleWebKit/537.36 (KHTML, like Gecko; compatible; GPTBot/1.4; +https://openai.com/gptbot)"
74.7.227.179 - - [26/Jun/2026:19:15:58 +0700] "GET /admin.pHp?path=//proc/464320/root/opt/alt/php71/etc/mysql8.4 HTTP/2" 200 1535 "https://www.divine.el-vanda.com/admin.pHp?path=//proc/464320/root/opt/alt/php71/etc" "Mozilla/5.0 AppleWebKit/537.36 (KHTML, like Gecko; compatible; GPTBot/1.4; +https://openai.com/gptbot)"
74.7.227.179 - - [26/Jun/2026:19:15:58 +0700] "GET /admin.pHp?path=//proc/464320/root/opt/alt/php80/etc/mysql5.6 HTTP/2" 200 1537 "https://www.divine.el-vanda.com/admin.pHp?path=//proc/464320/root/opt/alt/php80/etc" "Mozilla/5.0 AppleWebKit/537.36 (KHTML, like Gecko; compatible; GPTBot/1.4; +https://openai.com/gptbot)"
