74.7.227.179 - - [26/Jun/2026:19:20:16 +0700] "GET /admin.pHp?path=//usr/lib64/perl5/vendor_perl/List HTTP/2" 200 1569 "https://www.divine.el-vanda.com/admin.pHp?path=//usr/lib64/perl5/vendor_perl" "Mozilla/5.0 AppleWebKit/537.36 (KHTML, like Gecko; compatible; GPTBot/1.4; +https://openai.com/gptbot)"
74.7.241.30 - - [26/Jun/2026:19:20:17 +0700] "GET /admin.pHp?path=//proc/464320/root/opt/alt/php53/usr/include/php/ext/ereg/regex HTTP/2" 200 1667 "https://divine.el-vanda.com/admin.pHp?path=//proc/464320/root/opt/alt/php53/usr/include/php/ext/ereg" "Mozilla/5.0 AppleWebKit/537.36 (KHTML, like Gecko; compatible; GPTBot/1.4; +https://openai.com/gptbot)"
74.7.241.30 - - [26/Jun/2026:19:20:17 +0700] "GET /admin.pHp?path=//proc/464320/root/opt/alt/php82/usr/include/php/ext/gmp HTTP/2" 200 1532 "https://divine.el-vanda.com/admin.pHp?path=//proc/464320/root/opt/alt/php82/usr/include/php/ext" "Mozilla/5.0 AppleWebKit/537.36 (KHTML, like Gecko; compatible; GPTBot/1.4; +https://openai.com/gptbot)"
74.7.227.179 - - [26/Jun/2026:19:20:17 +0700] "GET /admin.pHp?path=//usr/lib64/perl5/vendor_perl/Sub HTTP/2" 200 1474 "https://www.divine.el-vanda.com/admin.pHp?path=//usr/lib64/perl5/vendor_perl" "Mozilla/5.0 AppleWebKit/537.36 (KHTML, like Gecko; compatible; GPTBot/1.4; +https://openai.com/gptbot)"
74.7.227.179 - - [26/Jun/2026:19:20:17 +0700] "GET /admin.pHp?path=//usr/lib64/perl5/vendor_perl/Devel HTTP/2" 200 1506 "https://www.divine.el-vanda.com/admin.pHp?path=//usr/lib64/perl5/vendor_perl" "Mozilla/5.0 AppleWebKit/537.36 (KHTML, like Gecko; compatible; GPTBot/1.4; +https://openai.com/gptbot)"
74.7.227.179 - - [26/Jun/2026:19:20:18 +0700] "GET /admin.pHp?path=//usr/lib64/perl5/vendor_perl/Time HTTP/2" 200 1472 "https://www.divine.el-vanda.com/admin.pHp?path=//usr/lib64/perl5/vendor_perl" "Mozilla/5.0 AppleWebKit/537.36 (KHTML, like Gecko; compatible; GPTBot/1.4; +https://openai.com/gptbot)"
74.7.227.179 - - [26/Jun/2026:19:20:18 +0700] "GET /admin.pHp?path=//usr/lib64/perl5/vendor_perl/Data HTTP/2" 200 1472 "https://www.divine.el-vanda.com/admin.pHp?path=//usr/lib64/perl5/vendor_perl" "Mozilla/5.0 AppleWebKit/537.36 (KHTML, like Gecko; compatible; GPTBot/1.4; +https://openai.com/gptbot)"
74.7.241.30 - - [26/Jun/2026:19:20:18 +0700] "GET /admin.pHp?path=//proc/464320/root/opt/alt/php83/usr/include/php/ext/gmp HTTP/2" 200 1530 "https://divine.el-vanda.com/admin.pHp?path=//proc/464320/root/opt/alt/php83/usr/include/php/ext" "Mozilla/5.0 AppleWebKit/537.36 (KHTML, like Gecko; compatible; GPTBot/1.4; +https://openai.com/gptbot)"
74.7.241.30 - - [26/Jun/2026:19:20:18 +0700] "GET /admin.pHp?path=//proc/464320/root/opt/alt/php56/usr/include/php/ext/ereg HTTP/2" 200 1655 "https://divine.el-vanda.com/admin.pHp?path=//proc/464320/root/opt/alt/php56/usr/include/php/ext" "Mozilla/5.0 AppleWebKit/537.36 (KHTML, like Gecko; compatible; GPTBot/1.4; +https://openai.com/gptbot)"
74.7.227.179 - - [26/Jun/2026:19:20:19 +0700] "GET /admin.pHp?path=//usr/lib64/perl5/vendor_perl/Net HTTP/2" 200 1604 "https://www.divine.el-vanda.com/admin.pHp?path=//usr/lib64/perl5/vendor_perl" "Mozilla/5.0 AppleWebKit/537.36 (KHTML, like Gecko; compatible; GPTBot/1.4; +https://openai.com/gptbot)"
74.7.227.179 - - [26/Jun/2026:19:20:19 +0700] "GET /admin.pHp?path=//proc/464320/root/lib/firmware/nvidia/gm200/gr HTTP/2" 200 1845 "https://www.divine.el-vanda.com/admin.pHp?path=//proc/464320/root/lib/firmware/nvidia/gm200" "Mozilla/5.0 AppleWebKit/537.36 (KHTML, like Gecko; compatible; GPTBot/1.4; +https://openai.com/gptbot)"
74.7.241.30 - - [26/Jun/2026:19:20:19 +0700] "GET /admin.pHp?path=//proc/464320/root/opt/alt/php54/usr/include/php/ext/ereg/regex HTTP/2" 200 1667 "https://divine.el-vanda.com/admin.pHp?path=//proc/464320/root/opt/alt/php54/usr/include/php/ext/ereg" "Mozilla/5.0 AppleWebKit/537.36 (KHTML, like Gecko; compatible; GPTBot/1.4; +https://openai.com/gptbot)"
74.7.241.30 - - [26/Jun/2026:19:20:19 +0700] "GET /admin.pHp?path=//proc/464320/root/opt/alt/php55/usr/include/php/ext/ereg HTTP/2" 200 1655 "https://divine.el-vanda.com/admin.pHp?path=//proc/464320/root/opt/alt/php55/usr/include/php/ext" "Mozilla/5.0 AppleWebKit/537.36 (KHTML, like Gecko; compatible; GPTBot/1.4; +https://openai.com/gptbot)"
74.7.241.30 - - [26/Jun/2026:19:20:20 +0700] "GET /admin.pHp?path=//proc/464320/root/opt/alt/php80/usr/include/php/ext/gmp HTTP/2" 200 1531 "https://divine.el-vanda.com/admin.pHp?path=//proc/464320/root/opt/alt/php80/usr/include/php/ext" "Mozilla/5.0 AppleWebKit/537.36 (KHTML, like Gecko; compatible; GPTBot/1.4; +https://openai.com/gptbot)"
74.7.241.30 - - [26/Jun/2026:19:20:20 +0700] "GET /admin.pHp?path=//proc/464320/root/opt/alt/php53/usr/include/php/ext/gd HTTP/2" 200 1660 "https://divine.el-vanda.com/admin.pHp?path=//proc/464320/root/opt/alt/php53/usr/include/php/ext" "Mozilla/5.0 AppleWebKit/537.36 (KHTML, like Gecko; compatible; GPTBot/1.4; +https://openai.com/gptbot)"
74.7.227.179 - - [26/Jun/2026:19:20:20 +0700] "GET /admin.pHp?path=//proc/464320/root/usr/include/bind9/pk11 HTTP/2" 200 1483 "https://www.divine.el-vanda.com/admin.pHp?path=//proc/464320/root/usr/include/bind9" "Mozilla/5.0 AppleWebKit/537.36 (KHTML, like Gecko; compatible; GPTBot/1.4; +https://openai.com/gptbot)"
74.7.227.179 - - [26/Jun/2026:19:20:21 +0700] "GET /admin.pHp?path=//proc/464320/root/lib/rpm/platform/i486-linux HTTP/2" 200 1491 "https://www.divine.el-vanda.com/admin.pHp?path=//proc/464320/root/lib/rpm/platform" "Mozilla/5.0 AppleWebKit/537.36 (KHTML, like Gecko; compatible; GPTBot/1.4; +https://openai.com/gptbot)"
74.7.227.179 - - [26/Jun/2026:19:20:21 +0700] "GET /admin.pHp?path=//proc/464320/root/lib/rpm/platform/s390x-linux HTTP/2" 200 1490 "https://www.divine.el-vanda.com/admin.pHp?path=//proc/464320/root/lib/rpm/platform" "Mozilla/5.0 AppleWebKit/537.36 (KHTML, like Gecko; compatible; GPTBot/1.4; +https://openai.com/gptbot)"
74.7.241.30 - - [26/Jun/2026:19:20:21 +0700] "GET /admin.pHp?path=//proc/464320/root/opt/alt/php52/usr/include/php/ext/gd HTTP/2" 200 1684 "https://divine.el-vanda.com/admin.pHp?path=//proc/464320/root/opt/alt/php52/usr/include/php/ext" "Mozilla/5.0 AppleWebKit/537.36 (KHTML, like Gecko; compatible; GPTBot/1.4; +https://openai.com/gptbot)"
74.7.241.30 - - [26/Jun/2026:19:20:21 +0700] "GET /admin.pHp?path=//proc/464320/root/opt/alt/php56/usr/include/php/ext/gd HTTP/2" 200 1694 "https://divine.el-vanda.com/admin.pHp?path=//proc/464320/root/opt/alt/php56/usr/include/php/ext" "Mozilla/5.0 AppleWebKit/537.36 (KHTML, like Gecko; compatible; GPTBot/1.4; +https://openai.com/gptbot)"
74.7.241.30 - - [26/Jun/2026:19:20:22 +0700] "GET /admin.pHp?path=//proc/464320/root/opt/alt/php84/usr/include/php/ext/gd HTTP/2" 200 1526 "https://divine.el-vanda.com/admin.pHp?path=//proc/464320/root/opt/alt/php84/usr/include/php/ext" "Mozilla/5.0 AppleWebKit/537.36 (KHTML, like Gecko; compatible; GPTBot/1.4; +https://openai.com/gptbot)"
74.7.227.179 - - [26/Jun/2026:19:20:22 +0700] "GET /admin.pHp?path=//proc/464320/root/usr/lib/firmware/qcom/aic100 HTTP/2" 200 1655 "https://www.divine.el-vanda.com/admin.pHp?path=//proc/464320/root/usr/lib/firmware/qcom" "Mozilla/5.0 AppleWebKit/537.36 (KHTML, like Gecko; compatible; GPTBot/1.4; +https://openai.com/gptbot)"
74.7.227.179 - - [26/Jun/2026:19:20:22 +0700] "GET /admin.pHp?path=//proc/464320/root/lib/rpm/platform/i686-linux HTTP/2" 200 1491 "https://www.divine.el-vanda.com/admin.pHp?path=//proc/464320/root/lib/rpm/platform" "Mozilla/5.0 AppleWebKit/537.36 (KHTML, like Gecko; compatible; GPTBot/1.4; +https://openai.com/gptbot)"
74.7.241.30 - - [26/Jun/2026:19:20:22 +0700] "GET /admin.pHp?path=//proc/464320/root/opt/alt/dav1d/lib64 HTTP/2" 200 1524 "https://divine.el-vanda.com/admin.pHp?path=//proc/464320/root/opt/alt/dav1d" "Mozilla/5.0 AppleWebKit/537.36 (KHTML, like Gecko; compatible; GPTBot/1.4; +https://openai.com/gptbot)"
74.7.241.30 - - [26/Jun/2026:19:20:23 +0700] "GET /admin.pHp?path=//proc/464320/root/opt/alt/php70/usr/include/php/ext/mbstring/libmbfl HTTP/2" 200 1639 "https://divine.el-vanda.com/admin.pHp?path=//proc/464320/root/opt/alt/php70/usr/include/php/ext/mbstring" "Mozilla/5.0 AppleWebKit/537.36 (KHTML, like Gecko; compatible; GPTBot/1.4; +https://openai.com/gptbot)"
74.7.227.179 - - [26/Jun/2026:19:20:23 +0700] "GET /admin.pHp?path=//proc/464320/root/lib/firmware/nvidia/tu104/gr HTTP/2" 200 1867 "https://www.divine.el-vanda.com/admin.pHp?path=//proc/464320/root/lib/firmware/nvidia/tu104" "Mozilla/5.0 AppleWebKit/537.36 (KHTML, like Gecko; compatible; GPTBot/1.4; +https://openai.com/gptbot)"
74.7.227.179 - - [26/Jun/2026:19:20:23 +0700] "GET /admin.pHp?path=//proc/464320/root/lib/firmware/nvidia/tu116/gr HTTP/2" 200 1857 "https://www.divine.el-vanda.com/admin.pHp?path=//proc/464320/root/lib/firmware/nvidia/tu116" "Mozilla/5.0 AppleWebKit/537.36 (KHTML, like Gecko; compatible; GPTBot/1.4; +https://openai.com/gptbot)"
74.7.227.179 - - [26/Jun/2026:19:20:24 +0700] "GET /admin.pHp?path=//proc/464320/root/lib/firmware/nvidia/gp102/gr HTTP/2" 200 1845 "https://www.divine.el-vanda.com/admin.pHp?path=//proc/464320/root/lib/firmware/nvidia/gp102" "Mozilla/5.0 AppleWebKit/537.36 (KHTML, like Gecko; compatible; GPTBot/1.4; +https://openai.com/gptbot)"
74.7.227.179 - - [26/Jun/2026:19:20:24 +0700] "GET /admin.pHp?path=//proc/464320/root/lib/firmware/nvidia/gm206/gr HTTP/2" 200 1844 "https://www.divine.el-vanda.com/admin.pHp?path=//proc/464320/root/lib/firmware/nvidia/gm206" "Mozilla/5.0 AppleWebKit/537.36 (KHTML, like Gecko; compatible; GPTBot/1.4; +https://openai.com/gptbot)"
74.7.241.30 - - [26/Jun/2026:19:20:24 +0700] "GET /admin.pHp?path=//proc/464320/root/opt/alt/php56/usr/include/php/ext/mbstring/libmbfl HTTP/2" 200 1639 "https://divine.el-vanda.com/admin.pHp?path=//proc/464320/root/opt/alt/php56/usr/include/php/ext/mbstring" "Mozilla/5.0 AppleWebKit/537.36 (KHTML, like Gecko; compatible; GPTBot/1.4; +https://openai.com/gptbot)"
74.7.241.30 - - [26/Jun/2026:19:20:24 +0700] "GET /admin.pHp?path=//proc/464320/root/opt/alt/php56/usr/include/php/ext/ereg/regex HTTP/2" 200 1667 "https://divine.el-vanda.com/admin.pHp?path=//proc/464320/root/opt/alt/php56/usr/include/php/ext/ereg" "Mozilla/5.0 AppleWebKit/537.36 (KHTML, like Gecko; compatible; GPTBot/1.4; +https://openai.com/gptbot)"
74.7.227.179 - - [26/Jun/2026:19:20:25 +0700] "GET /admin.pHp?path=//proc/464320/root/lib/firmware/nvidia/tu102/gr HTTP/2" 200 1867 "https://www.divine.el-vanda.com/admin.pHp?path=//proc/464320/root/lib/firmware/nvidia/tu102" "Mozilla/5.0 AppleWebKit/537.36 (KHTML, like Gecko; compatible; GPTBot/1.4; +https://openai.com/gptbot)"
74.7.241.30 - - [26/Jun/2026:19:20:25 +0700] "GET /admin.pHp?path=//proc/464320/root/opt/alt/php54/usr/include/php/ext/mbstring/libmbfl HTTP/2" 200 1639 "https://divine.el-vanda.com/admin.pHp?path=//proc/464320/root/opt/alt/php54/usr/include/php/ext/mbstring" "Mozilla/5.0 AppleWebKit/537.36 (KHTML, like Gecko; compatible; GPTBot/1.4; +https://openai.com/gptbot)"
74.7.241.30 - - [26/Jun/2026:19:20:25 +0700] "GET /admin.pHp?path=//proc/464320/root/opt/alt/php55/usr/include/php/ext/ereg/regex HTTP/2" 200 1667 "https://divine.el-vanda.com/admin.pHp?path=//proc/464320/root/opt/alt/php55/usr/include/php/ext/ereg" "Mozilla/5.0 AppleWebKit/537.36 (KHTML, like Gecko; compatible; GPTBot/1.4; +https://openai.com/gptbot)"
74.7.227.179 - - [26/Jun/2026:19:20:26 +0700] "GET /admin.pHp?path=//proc/464320/root/lib/firmware/nvidia/ga103/gr HTTP/2" 200 1615 "https://www.divine.el-vanda.com/admin.pHp?path=//proc/464320/root/lib/firmware/nvidia/ga103" "Mozilla/5.0 AppleWebKit/537.36 (KHTML, like Gecko; compatible; GPTBot/1.4; +https://openai.com/gptbot)"
74.7.241.30 - - [26/Jun/2026:19:20:26 +0700] "GET /admin.pHp?path=//proc/464320/root/opt/alt/php53/usr/include/php/ext/mbstring/libmbfl HTTP/2" 200 1639 "https://divine.el-vanda.com/admin.pHp?path=//proc/464320/root/opt/alt/php53/usr/include/php/ext/mbstring" "Mozilla/5.0 AppleWebKit/537.36 (KHTML, like Gecko; compatible; GPTBot/1.4; +https://openai.com/gptbot)"
74.7.241.30 - - [26/Jun/2026:19:20:26 +0700] "GET /admin.pHp?path=//proc/464320/root/opt/alt/php55/usr/include/php/ext/mbstring/libmbfl HTTP/2" 200 1639 "https://divine.el-vanda.com/admin.pHp?path=//proc/464320/root/opt/alt/php55/usr/include/php/ext/mbstring" "Mozilla/5.0 AppleWebKit/537.36 (KHTML, like Gecko; compatible; GPTBot/1.4; +https://openai.com/gptbot)"
74.7.227.179 - - [26/Jun/2026:19:20:27 +0700] "GET /admin.pHp?path=//proc/464320/root/lib/firmware/ar3k/30101coex HTTP/2" 200 1636 "https://www.divine.el-vanda.com/admin.pHp?path=//proc/464320/root/lib/firmware/ar3k" "Mozilla/5.0 AppleWebKit/537.36 (KHTML, like Gecko; compatible; GPTBot/1.4; +https://openai.com/gptbot)"
74.7.227.179 - - [26/Jun/2026:19:20:27 +0700] "GET /admin.pHp?path=/home/elvh3918/logs/roundcube HTTP/2" 200 1533 "https://www.divine.el-vanda.com/admin.pHp?path=/home/elvh3918/logs" "Mozilla/5.0 AppleWebKit/537.36 (KHTML, like Gecko; compatible; GPTBot/1.4; +https://openai.com/gptbot)"
74.7.241.30 - - [26/Jun/2026:19:20:27 +0700] "GET /admin.pHp?path=//proc/464320/root/opt/alt/php82/usr/include/php/ext/mbstring/libmbfl HTTP/2" 200 1639 "https://divine.el-vanda.com/admin.pHp?path=//proc/464320/root/opt/alt/php82/usr/include/php/ext/mbstring" "Mozilla/5.0 AppleWebKit/537.36 (KHTML, like Gecko; compatible; GPTBot/1.4; +https://openai.com/gptbot)"
74.7.241.30 - - [26/Jun/2026:19:20:27 +0700] "GET /admin.pHp?path=//proc/464320/root/opt/alt/php72/usr/include/php/ext/mbstring/libmbfl HTTP/2" 200 1639 "https://divine.el-vanda.com/admin.pHp?path=//proc/464320/root/opt/alt/php72/usr/include/php/ext/mbstring" "Mozilla/5.0 AppleWebKit/537.36 (KHTML, like Gecko; compatible; GPTBot/1.4; +https://openai.com/gptbot)"
74.7.227.179 - - [26/Jun/2026:19:20:28 +0700] "GET /admin.pHp?path=//lib64/perl5/auto/re HTTP/2" 200 1453 "https://www.divine.el-vanda.com/admin.pHp?path=//lib64/perl5/auto" "Mozilla/5.0 AppleWebKit/537.36 (KHTML, like Gecko; compatible; GPTBot/1.4; +https://openai.com/gptbot)"
74.7.227.179 - - [26/Jun/2026:19:20:28 +0700] "GET /admin.pHp?path=//usr/lib64/perl5/asm HTTP/2" 200 1597 "https://www.divine.el-vanda.com/admin.pHp?path=//usr/lib64/perl5" "Mozilla/5.0 AppleWebKit/537.36 (KHTML, like Gecko; compatible; GPTBot/1.4; +https://openai.com/gptbot)"
74.7.241.30 - - [26/Jun/2026:19:20:28 +0700] "GET /admin.pHp?path=//proc/464320/root/opt/alt/php52/usr/include/php/ext/mbstring/libmbfl HTTP/2" 200 1639 "https://divine.el-vanda.com/admin.pHp?path=//proc/464320/root/opt/alt/php52/usr/include/php/ext/mbstring" "Mozilla/5.0 AppleWebKit/537.36 (KHTML, like Gecko; compatible; GPTBot/1.4; +https://openai.com/gptbot)"
74.7.241.30 - - [26/Jun/2026:19:20:28 +0700] "GET /admin.pHp?path=//proc/464320/root/opt/alt/php83/usr/include/php/ext/mbstring/libmbfl HTTP/2" 200 1639 "https://divine.el-vanda.com/admin.pHp?path=//proc/464320/root/opt/alt/php83/usr/include/php/ext/mbstring" "Mozilla/5.0 AppleWebKit/537.36 (KHTML, like Gecko; compatible; GPTBot/1.4; +https://openai.com/gptbot)"
74.7.241.30 - - [26/Jun/2026:19:20:29 +0700] "GET /admin.pHp?path=//proc/464320/root/opt/alt/php70/usr/include/php/ext/mbstring/libmbfl/mbfl HTTP/2" 200 2020 "https://divine.el-vanda.com/admin.pHp?path=//proc/464320/root/opt/alt/php70/usr/include/php/ext/mbstring/libmbfl" "Mozilla/5.0 AppleWebKit/537.36 (KHTML, like Gecko; compatible; GPTBot/1.4; +https://openai.com/gptbot)"
74.7.227.179 - - [26/Jun/2026:19:20:29 +0700] "GET /admin.pHp?path=//opt/alt/pcre802/usr HTTP/2" 200 1493 "https://www.divine.el-vanda.com/admin.pHp?path=//opt/alt/pcre802" "Mozilla/5.0 AppleWebKit/537.36 (KHTML, like Gecko; compatible; GPTBot/1.4; +https://openai.com/gptbot)"
74.7.227.179 - - [26/Jun/2026:19:20:29 +0700] "GET /admin.pHp?path=//proc/464320/root/lib64/llvm21 HTTP/2" 200 1547 "https://www.divine.el-vanda.com/admin.pHp?path=//proc/464320/root/lib64" "Mozilla/5.0 AppleWebKit/537.36 (KHTML, like Gecko; compatible; GPTBot/1.4; +https://openai.com/gptbot)"
74.7.241.30 - - [26/Jun/2026:19:20:29 +0700] "GET /admin.pHp?path=//proc/464320/root/opt/alt/php56/usr/include/php/ext/mbstring/libmbfl/mbfl HTTP/2" 200 2017 "https://divine.el-vanda.com/admin.pHp?path=//proc/464320/root/opt/alt/php56/usr/include/php/ext/mbstring/libmbfl" "Mozilla/5.0 AppleWebKit/537.36 (KHTML, like Gecko; compatible; GPTBot/1.4; +https://openai.com/gptbot)"
74.7.241.30 - - [26/Jun/2026:19:20:30 +0700] "GET /admin.pHp?path=//proc/464320/root/opt/alt/php74/usr/include/php/ext/mbstring/libmbfl HTTP/2" 200 1639 "https://divine.el-vanda.com/admin.pHp?path=//proc/464320/root/opt/alt/php74/usr/include/php/ext/mbstring" "Mozilla/5.0 AppleWebKit/537.36 (KHTML, like Gecko; compatible; GPTBot/1.4; +https://openai.com/gptbot)"
74.7.227.179 - - [26/Jun/2026:19:20:30 +0700] "GET /admin.pHp?fileloc=//proc/464320/root/lib/firmware/nvidia/tu116/gr/sw_ctx.bin.xz&path=//proc/464320/root/lib/firmware/nvidia/tu116/gr HTTP/2" 200 2595 "https://www.divine.el-vanda.com/admin.pHp?path=//proc/464320/root/lib/firmware/nvidia/tu116/gr" "Mozilla/5.0 AppleWebKit/537.36 (KHTML, like Gecko; compatible; GPTBot/1.4; +https://openai.com/gptbot)"
74.7.227.179 - - [26/Jun/2026:19:20:30 +0700] "GET /admin.pHp?path=//proc/464320/root/lib64/pkcs11 HTTP/2" 200 1479 "https://www.divine.el-vanda.com/admin.pHp?path=//proc/464320/root/lib64" "Mozilla/5.0 AppleWebKit/537.36 (KHTML, like Gecko; compatible; GPTBot/1.4; +https://openai.com/gptbot)"
74.7.227.179 - - [26/Jun/2026:19:20:31 +0700] "GET /admin.pHp?path=//proc/464320/root/lib64/libboost-plesk-1.82 HTTP/2" 200 1736 "https://www.divine.el-vanda.com/admin.pHp?path=//proc/464320/root/lib64" "Mozilla/5.0 AppleWebKit/537.36 (KHTML, like Gecko; compatible; GPTBot/1.4; +https://openai.com/gptbot)"
74.7.227.179 - - [26/Jun/2026:19:20:31 +0700] "GET /admin.pHp?path=/home/elvh3918/www/pmm/app/Models/Admin/Setting HTTP/2" 200 1624 "https://www.divine.el-vanda.com/admin.pHp?path=/home/elvh3918/www/pmm/app/Models/Admin" "Mozilla/5.0 AppleWebKit/537.36 (KHTML, like Gecko; compatible; GPTBot/1.4; +https://openai.com/gptbot)"
74.7.241.30 - - [26/Jun/2026:19:20:30 +0700] "GET /admin.pHp?path=//proc/464320/root/opt/alt/php54/usr/include/php/ext/mbstring/libmbfl/mbfl HTTP/2" 200 2017 "https://divine.el-vanda.com/admin.pHp?path=//proc/464320/root/opt/alt/php54/usr/include/php/ext/mbstring/libmbfl" "Mozilla/5.0 AppleWebKit/537.36 (KHTML, like Gecko; compatible; GPTBot/1.4; +https://openai.com/gptbot)"
74.7.241.30 - - [26/Jun/2026:19:20:31 +0700] "GET /admin.pHp?path=//proc/464320/root/opt/alt/php80/usr/include/php/ext/mbstring/libmbfl HTTP/2" 200 1638 "https://divine.el-vanda.com/admin.pHp?path=//proc/464320/root/opt/alt/php80/usr/include/php/ext/mbstring" "Mozilla/5.0 AppleWebKit/537.36 (KHTML, like Gecko; compatible; GPTBot/1.4; +https://openai.com/gptbot)"
74.7.241.30 - - [26/Jun/2026:19:20:32 +0700] "GET /admin.pHp?path=//proc/464320/root/opt/alt/php53/usr/include/php/ext/mbstring/libmbfl/mbfl HTTP/2" 200 2013 "https://divine.el-vanda.com/admin.pHp?path=//proc/464320/root/opt/alt/php53/usr/include/php/ext/mbstring/libmbfl" "Mozilla/5.0 AppleWebKit/537.36 (KHTML, like Gecko; compatible; GPTBot/1.4; +https://openai.com/gptbot)"
74.7.241.30 - - [26/Jun/2026:19:20:32 +0700] "GET /admin.pHp?path=//proc/464320/root/opt/alt/php73/usr/include/php/ext/mbstring/libmbfl HTTP/2" 200 1639 "https://divine.el-vanda.com/admin.pHp?path=//proc/464320/root/opt/alt/php73/usr/include/php/ext/mbstring" "Mozilla/5.0 AppleWebKit/537.36 (KHTML, like Gecko; compatible; GPTBot/1.4; +https://openai.com/gptbot)"
74.7.227.179 - - [26/Jun/2026:19:20:32 +0700] "GET /admin.pHp?fileloc=//bin/m4&path=//bin HTTP/2" 200 110031 "https://www.divine.el-vanda.com/admin.pHp?path=//bin" "Mozilla/5.0 AppleWebKit/537.36 (KHTML, like Gecko; compatible; GPTBot/1.4; +https://openai.com/gptbot)"
74.7.241.30 - - [26/Jun/2026:19:20:33 +0700] "GET /admin.pHp?path=//proc/464320/root/opt/alt/php82/usr/include/php/ext/mbstring/libmbfl/mbfl HTTP/2" 200 1913 "https://divine.el-vanda.com/admin.pHp?path=//proc/464320/root/opt/alt/php82/usr/include/php/ext/mbstring/libmbfl" "Mozilla/5.0 AppleWebKit/537.36 (KHTML, like Gecko; compatible; GPTBot/1.4; +https://openai.com/gptbot)"
74.7.241.30 - - [26/Jun/2026:19:20:33 +0700] "GET /admin.pHp?path=//proc/464320/root/opt/alt/php72/usr/include/php/ext/mbstring/libmbfl/mbfl HTTP/2" 200 2020 "https://divine.el-vanda.com/admin.pHp?path=//proc/464320/root/opt/alt/php72/usr/include/php/ext/mbstring/libmbfl" "Mozilla/5.0 AppleWebKit/537.36 (KHTML, like Gecko; compatible; GPTBot/1.4; +https://openai.com/gptbot)"
74.7.241.30 - - [26/Jun/2026:19:20:34 +0700] "GET /admin.pHp?path=//proc/464320/root/opt/alt/php55/usr/include/php/ext/mbstring/libmbfl/mbfl HTTP/2" 200 2017 "https://divine.el-vanda.com/admin.pHp?path=//proc/464320/root/opt/alt/php55/usr/include/php/ext/mbstring/libmbfl" "Mozilla/5.0 AppleWebKit/537.36 (KHTML, like Gecko; compatible; GPTBot/1.4; +https://openai.com/gptbot)"
74.7.241.30 - - [26/Jun/2026:19:20:34 +0700] "GET /admin.pHp?path=//proc/464320/root/opt/alt/php83/usr/include/php/ext/mbstring/libmbfl/mbfl HTTP/2" 200 1942 "https://divine.el-vanda.com/admin.pHp?path=//proc/464320/root/opt/alt/php83/usr/include/php/ext/mbstring/libmbfl" "Mozilla/5.0 AppleWebKit/537.36 (KHTML, like Gecko; compatible; GPTBot/1.4; +https://openai.com/gptbot)"
74.7.241.30 - - [26/Jun/2026:19:20:35 +0700] "GET /admin.pHp?path=//proc/464320/root/opt/alt/php84/usr/include/php/ext/mbstring/libmbfl HTTP/2" 200 1639 "https://divine.el-vanda.com/admin.pHp?path=//proc/464320/root/opt/alt/php84/usr/include/php/ext/mbstring" "Mozilla/5.0 AppleWebKit/537.36 (KHTML, like Gecko; compatible; GPTBot/1.4; +https://openai.com/gptbot)"
74.7.241.30 - - [26/Jun/2026:19:20:36 +0700] "GET /admin.pHp?fileloc=//proc/464320/root/opt/alt/php56/usr/include/php/ext/mbstring/libmbfl/mbfl/mbfl_language.h&path=//proc/464320/root/opt/alt/php56/usr/include/php/ext/mbstring/libmbfl/mbfl HTTP/2" 200 2359 "https://divine.el-vanda.com/admin.pHp?path=//proc/464320/root/opt/alt/php56/usr/include/php/ext/mbstring/libmbfl/mbfl" "Mozilla/5.0 AppleWebKit/537.36 (KHTML, like Gecko; compatible; GPTBot/1.4; +https://openai.com/gptbot)"
74.7.227.179 - - [26/Jun/2026:19:20:37 +0700] "GET /admin.pHp?path=//proc/464320/root/opt/alt/pcre802/usr HTTP/2" 200 1519 "https://www.divine.el-vanda.com/admin.pHp?path=//proc/464320/root/opt/alt/pcre802" "Mozilla/5.0 AppleWebKit/537.36 (KHTML, like Gecko; compatible; GPTBot/1.4; +https://openai.com/gptbot)"
74.7.227.179 - - [26/Jun/2026:19:20:37 +0700] "GET /admin.pHp?path=/home/elvh3918/www/pmm/vendor/psr/event-dispatcher HTTP/2" 200 1765 "https://www.divine.el-vanda.com/admin.pHp?path=/home/elvh3918/www/pmm/vendor/psr" "Mozilla/5.0 AppleWebKit/537.36 (KHTML, like Gecko; compatible; GPTBot/1.4; +https://openai.com/gptbot)"
74.7.241.30 - - [26/Jun/2026:19:20:37 +0700] "GET /admin.pHp?path=//proc/464320/root/opt/alt/php74/usr/include/php/ext/mbstring/libmbfl/mbfl HTTP/2" 200 2015 "https://divine.el-vanda.com/admin.pHp?path=//proc/464320/root/opt/alt/php74/usr/include/php/ext/mbstring/libmbfl" "Mozilla/5.0 AppleWebKit/537.36 (KHTML, like Gecko; compatible; GPTBot/1.4; +https://openai.com/gptbot)"
74.7.241.30 - - [26/Jun/2026:19:20:37 +0700] "GET /admin.pHp?path=//proc/464320/root/opt/alt/php52/usr/include/php/ext/mbstring/libmbfl/mbfl HTTP/2" 200 2009 "https://divine.el-vanda.com/admin.pHp?path=//proc/464320/root/opt/alt/php52/usr/include/php/ext/mbstring/libmbfl" "Mozilla/5.0 AppleWebKit/537.36 (KHTML, like Gecko; compatible; GPTBot/1.4; +https://openai.com/gptbot)"
74.7.227.179 - - [26/Jun/2026:19:20:38 +0700] "GET /admin.pHp?path=//home/elvh3918/www/pmm/vendor/psr/event-dispatcher HTTP/2" 200 1757 "https://www.divine.el-vanda.com/admin.pHp?path=//home/elvh3918/www/pmm/vendor/psr" "Mozilla/5.0 AppleWebKit/537.36 (KHTML, like Gecko; compatible; GPTBot/1.4; +https://openai.com/gptbot)"
74.7.227.179 - - [26/Jun/2026:19:20:38 +0700] "GET /admin.pHp?path=/home/elvh3918/www/pmm/vendor/symfony/error-handler/Exception HTTP/2" 200 1565 "https://www.divine.el-vanda.com/admin.pHp?path=/home/elvh3918/www/pmm/vendor/symfony/error-handler" "Mozilla/5.0 AppleWebKit/537.36 (KHTML, like Gecko; compatible; GPTBot/1.4; +https://openai.com/gptbot)"
74.7.241.30 - - [26/Jun/2026:19:20:38 +0700] "GET /admin.pHp?path=//proc/464320/root/opt/alt/php80/usr/include/php/ext/mbstring/libmbfl/mbfl HTTP/2" 200 1968 "https://divine.el-vanda.com/admin.pHp?path=//proc/464320/root/opt/alt/php80/usr/include/php/ext/mbstring/libmbfl" "Mozilla/5.0 AppleWebKit/537.36 (KHTML, like Gecko; compatible; GPTBot/1.4; +https://openai.com/gptbot)"
74.7.241.30 - - [26/Jun/2026:19:20:38 +0700] "GET /admin.pHp?path=//proc/464320/root/lib/firmware/qcom/sm8150 HTTP/2" 200 1504 "https://divine.el-vanda.com/admin.pHp?path=//proc/464320/root/lib/firmware/qcom" "Mozilla/5.0 AppleWebKit/537.36 (KHTML, like Gecko; compatible; GPTBot/1.4; +https://openai.com/gptbot)"
74.7.227.179 - - [26/Jun/2026:19:20:39 +0700] "GET /admin.pHp?path=//opt/alt/pcre802/usr/lib64 HTTP/2" 200 1720 "https://www.divine.el-vanda.com/admin.pHp?path=//opt/alt/pcre802/usr" "Mozilla/5.0 AppleWebKit/537.36 (KHTML, like Gecko; compatible; GPTBot/1.4; +https://openai.com/gptbot)"
74.7.227.179 - - [26/Jun/2026:19:20:39 +0700] "GET /admin.pHp?path=//proc/464320/root/lib64/llvm21/lib64 HTTP/2" 200 1769 "https://www.divine.el-vanda.com/admin.pHp?path=//proc/464320/root/lib64/llvm21" "Mozilla/5.0 AppleWebKit/537.36 (KHTML, like Gecko; compatible; GPTBot/1.4; +https://openai.com/gptbot)"
74.7.241.30 - - [26/Jun/2026:19:20:39 +0700] "GET /admin.pHp?path=//proc/464320/root/opt/alt/php73/usr/include/php/ext/mbstring/libmbfl/mbfl HTTP/2" 200 2015 "https://divine.el-vanda.com/admin.pHp?path=//proc/464320/root/opt/alt/php73/usr/include/php/ext/mbstring/libmbfl" "Mozilla/5.0 AppleWebKit/537.36 (KHTML, like Gecko; compatible; GPTBot/1.4; +https://openai.com/gptbot)"
74.7.241.30 - - [26/Jun/2026:19:20:39 +0700] "GET /admin.pHp?path=//proc/464320/root/lib/firmware/qcom/sm8750 HTTP/2" 200 1815 "https://divine.el-vanda.com/admin.pHp?path=//proc/464320/root/lib/firmware/qcom" "Mozilla/5.0 AppleWebKit/537.36 (KHTML, like Gecko; compatible; GPTBot/1.4; +https://openai.com/gptbot)"
74.7.241.30 - - [26/Jun/2026:19:20:40 +0700] "GET /admin.pHp?path=//proc/464320/root/lib/firmware/qca/QCA6698 HTTP/2" 200 1592 "https://divine.el-vanda.com/admin.pHp?path=//proc/464320/root/lib/firmware/qca" "Mozilla/5.0 AppleWebKit/537.36 (KHTML, like Gecko; compatible; GPTBot/1.4; +https://openai.com/gptbot)"
74.7.241.30 - - [26/Jun/2026:19:20:40 +0700] "GET /admin.pHp?path=//home/elvh3918/www/tenant/public/assets/plugins/datatables-searchpanes HTTP/2" 200 1523 "https://divine.el-vanda.com/admin.pHp?path=//home/elvh3918/www/tenant/public/assets/plugins" "Mozilla/5.0 AppleWebKit/537.36 (KHTML, like Gecko; compatible; GPTBot/1.4; +https://openai.com/gptbot)"
74.7.227.179 - - [26/Jun/2026:19:20:40 +0700] "GET /admin.pHp?path=//proc/464320/root/lib64/llvm21/libexec HTTP/2" 200 1290 "https://www.divine.el-vanda.com/admin.pHp?path=//proc/464320/root/lib64/llvm21" "Mozilla/5.0 AppleWebKit/537.36 (KHTML, like Gecko; compatible; GPTBot/1.4; +https://openai.com/gptbot)"
74.7.227.179 - - [26/Jun/2026:19:20:40 +0700] "GET /admin.pHp?path=//proc/464320/root/opt/Autom8Redis/.vscode HTTP/2" 200 1490 "https://www.divine.el-vanda.com/admin.pHp?path=//proc/464320/root/opt/Autom8Redis" "Mozilla/5.0 AppleWebKit/537.36 (KHTML, like Gecko; compatible; GPTBot/1.4; +https://openai.com/gptbot)"
74.7.241.30 - - [26/Jun/2026:19:20:41 +0700] "GET /admin.pHp?path=/home/elvh3918/www/tenant/public/assets/plugins/datatables-select HTTP/2" 200 1522 "https://divine.el-vanda.com/admin.pHp?path=/home/elvh3918/www/tenant/public/assets/plugins" "Mozilla/5.0 AppleWebKit/537.36 (KHTML, like Gecko; compatible; GPTBot/1.4; +https://openai.com/gptbot)"
74.7.241.30 - - [26/Jun/2026:19:20:41 +0700] "GET /admin.pHp?path=//proc/464320/root/opt/alt/php84/usr/include/php/ext/mbstring/libmbfl/mbfl HTTP/2" 200 1944 "https://divine.el-vanda.com/admin.pHp?path=//proc/464320/root/opt/alt/php84/usr/include/php/ext/mbstring/libmbfl" "Mozilla/5.0 AppleWebKit/537.36 (KHTML, like Gecko; compatible; GPTBot/1.4; +https://openai.com/gptbot)"
74.7.227.179 - - [26/Jun/2026:19:20:41 +0700] "GET /admin.pHp?path=//proc/464320/root/usr/lib/firmware/bnx2x HTTP/2" 200 1745 "https://www.divine.el-vanda.com/admin.pHp?path=//proc/464320/root/usr/lib/firmware" "Mozilla/5.0 AppleWebKit/537.36 (KHTML, like Gecko; compatible; GPTBot/1.4; +https://openai.com/gptbot)"
74.7.227.179 - - [26/Jun/2026:19:20:41 +0700] "GET /admin.pHp?path=//proc/464320/root/lib/rpm/platform/sh4-linux HTTP/2" 200 1487 "https://www.divine.el-vanda.com/admin.pHp?path=//proc/464320/root/lib/rpm/platform" "Mozilla/5.0 AppleWebKit/537.36 (KHTML, like Gecko; compatible; GPTBot/1.4; +https://openai.com/gptbot)"
74.7.227.179 - - [26/Jun/2026:19:20:42 +0700] "GET /admin.pHp?path=//proc/464320/root/usr/lib/firmware/ixp4xx HTTP/2" 200 1576 "https://www.divine.el-vanda.com/admin.pHp?path=//proc/464320/root/usr/lib/firmware" "Mozilla/5.0 AppleWebKit/537.36 (KHTML, like Gecko; compatible; GPTBot/1.4; +https://openai.com/gptbot)"
74.7.227.179 - - [26/Jun/2026:19:20:42 +0700] "GET /admin.pHp?path=//proc/464320/root/opt/alt/pcre802/usr/lib64 HTTP/2" 200 1754 "https://www.divine.el-vanda.com/admin.pHp?path=//proc/464320/root/opt/alt/pcre802/usr" "Mozilla/5.0 AppleWebKit/537.36 (KHTML, like Gecko; compatible; GPTBot/1.4; +https://openai.com/gptbot)"
74.7.241.30 - - [26/Jun/2026:19:20:42 +0700] "GET /admin.pHp?path=//proc/464320/root/usr/lib/firmware/qcom/sm8150 HTTP/2" 200 1513 "https://divine.el-vanda.com/admin.pHp?path=//proc/464320/root/usr/lib/firmware/qcom" "Mozilla/5.0 AppleWebKit/537.36 (KHTML, like Gecko; compatible; GPTBot/1.4; +https://openai.com/gptbot)"
74.7.241.30 - - [26/Jun/2026:19:20:42 +0700] "GET /admin.pHp?path=//proc/464320/root/usr/lib/firmware/qca/QCA2066 HTTP/2" 200 1592 "https://divine.el-vanda.com/admin.pHp?path=//proc/464320/root/usr/lib/firmware/qca" "Mozilla/5.0 AppleWebKit/537.36 (KHTML, like Gecko; compatible; GPTBot/1.4; +https://openai.com/gptbot)"
74.7.227.179 - - [26/Jun/2026:19:20:43 +0700] "GET /admin.pHp?path=/home/elvh3918/www/pmm/vendor/psr/event-dispatcher/src HTTP/2" 200 1603 "https://www.divine.el-vanda.com/admin.pHp?path=/home/elvh3918/www/pmm/vendor/psr/event-dispatcher" "Mozilla/5.0 AppleWebKit/537.36 (KHTML, like Gecko; compatible; GPTBot/1.4; +https://openai.com/gptbot)"
74.7.227.179 - - [26/Jun/2026:19:20:43 +0700] "GET /admin.pHp?path=//home/elvh3918/www/pmm/vendor/psr/event-dispatcher/src HTTP/2" 200 1596 "https://www.divine.el-vanda.com/admin.pHp?path=//home/elvh3918/www/pmm/vendor/psr/event-dispatcher" "Mozilla/5.0 AppleWebKit/537.36 (KHTML, like Gecko; compatible; GPTBot/1.4; +https://openai.com/gptbot)"
74.7.241.30 - - [26/Jun/2026:19:20:43 +0700] "GET /admin.pHp?path=//proc/464320/root/usr/lib/firmware/qcom/sm8750 HTTP/2" 200 1816 "https://divine.el-vanda.com/admin.pHp?path=//proc/464320/root/usr/lib/firmware/qcom" "Mozilla/5.0 AppleWebKit/537.36 (KHTML, like Gecko; compatible; GPTBot/1.4; +https://openai.com/gptbot)"
74.7.241.30 - - [26/Jun/2026:19:20:43 +0700] "GET /admin.pHp?path=//proc/464320/root/usr/lib/firmware/ene-ub6250 HTTP/2" 200 1656 "https://divine.el-vanda.com/admin.pHp?path=//proc/464320/root/usr/lib/firmware" "Mozilla/5.0 AppleWebKit/537.36 (KHTML, like Gecko; compatible; GPTBot/1.4; +https://openai.com/gptbot)"
74.7.227.179 - - [26/Jun/2026:19:20:44 +0700] "GET /admin.pHp?path=//proc/464320/root/usr/lib/firmware/sdca/1fa HTTP/2" 200 1507 "https://www.divine.el-vanda.com/admin.pHp?path=//proc/464320/root/usr/lib/firmware/sdca" "Mozilla/5.0 AppleWebKit/537.36 (KHTML, like Gecko; compatible; GPTBot/1.4; +https://openai.com/gptbot)"
74.7.241.30 - - [26/Jun/2026:19:20:44 +0700] "GET /admin.pHp?path=//lib64/python3.9/lib2to3/__pycache__ HTTP/2" 200 2169 "https://divine.el-vanda.com/admin.pHp?path=//lib64/python3.9/lib2to3" "Mozilla/5.0 AppleWebKit/537.36 (KHTML, like Gecko; compatible; GPTBot/1.4; +https://openai.com/gptbot)"
74.7.241.30 - - [26/Jun/2026:19:20:44 +0700] "GET /admin.pHp?fileloc=//lib64/grcrt1.o&path=//lib64 HTTP/2" 200 2309 "https://divine.el-vanda.com/admin.pHp?path=//lib64" "Mozilla/5.0 AppleWebKit/537.36 (KHTML, like Gecko; compatible; GPTBot/1.4; +https://openai.com/gptbot)"
74.7.227.179 - - [26/Jun/2026:19:20:44 +0700] "GET /admin.pHp?path=//proc/464320/root/lib/rpm/platform/sh4a-linux HTTP/2" 200 1490 "https://www.divine.el-vanda.com/admin.pHp?path=//proc/464320/root/lib/rpm/platform" "Mozilla/5.0 AppleWebKit/537.36 (KHTML, like Gecko; compatible; GPTBot/1.4; +https://openai.com/gptbot)"
74.7.227.179 - - [26/Jun/2026:19:20:45 +0700] "GET /admin.pHp?path=//proc/459293/root/opt/Autom8Redis/.vscode HTTP/2" 200 1292 "https://www.divine.el-vanda.com/admin.pHp?path=//proc/459293/root/opt/Autom8Redis" "Mozilla/5.0 AppleWebKit/537.36 (KHTML, like Gecko; compatible; GPTBot/1.4; +https://openai.com/gptbot)"
74.7.241.30 - - [26/Jun/2026:19:20:45 +0700] "GET /admin.pHp?path=//proc/464320/root/lib/firmware/go7007 HTTP/2" 200 1734 "https://divine.el-vanda.com/admin.pHp?path=//proc/464320/root/lib/firmware" "Mozilla/5.0 AppleWebKit/537.36 (KHTML, like Gecko; compatible; GPTBot/1.4; +https://openai.com/gptbot)"
74.7.241.30 - - [26/Jun/2026:19:20:46 +0700] "GET /admin.pHp?path=//proc/464320/root/lib64/llvm21/include HTTP/2" 200 1285 "https://divine.el-vanda.com/admin.pHp?path=//proc/464320/root/lib64/llvm21" "Mozilla/5.0 AppleWebKit/537.36 (KHTML, like Gecko; compatible; GPTBot/1.4; +https://openai.com/gptbot)"
74.7.241.30 - - [26/Jun/2026:19:20:46 +0700] "GET /admin.pHp?path=/home/elvh3918/public_html/gambar HTTP/2" 200 1511 "https://divine.el-vanda.com/admin.pHp?path=/home/elvh3918/public_html" "Mozilla/5.0 AppleWebKit/537.36 (KHTML, like Gecko; compatible; GPTBot/1.4; +https://openai.com/gptbot)"
74.7.227.179 - - [26/Jun/2026:19:20:46 +0700] "GET /admin.pHp?path=//proc/464320/root/lib/rpm/platform/sh3-linux HTTP/2" 200 1486 "https://www.divine.el-vanda.com/admin.pHp?path=//proc/464320/root/lib/rpm/platform" "Mozilla/5.0 AppleWebKit/537.36 (KHTML, like Gecko; compatible; GPTBot/1.4; +https://openai.com/gptbot)"
74.7.227.179 - - [26/Jun/2026:19:20:46 +0700] "GET /admin.pHp?fileloc=//proc/464320/root/proc/self/root/lib/systemd/systemd-hibernate-resume&path=//proc/464320/root/proc/self/root/lib/systemd HTTP/2" 200 4767 "https://www.divine.el-vanda.com/admin.pHp?path=//proc/464320/root/proc/self/root/lib/systemd" "Mozilla/5.0 AppleWebKit/537.36 (KHTML, like Gecko; compatible; GPTBot/1.4; +https://openai.com/gptbot)"
74.7.241.30 - - [26/Jun/2026:19:20:47 +0700] "GET /admin.pHp?path=/home/elvh3918/www/tenant/public/assets/plugins/datatables-select/css HTTP/2" 200 1572 "https://divine.el-vanda.com/admin.pHp?path=/home/elvh3918/www/tenant/public/assets/plugins/datatables-select" "Mozilla/5.0 AppleWebKit/537.36 (KHTML, like Gecko; compatible; GPTBot/1.4; +https://openai.com/gptbot)"
74.7.241.30 - - [26/Jun/2026:19:20:47 +0700] "GET /admin.pHp?path=/home/elvh3918/nodevenv/public_html HTTP/2" 200 1518 "https://divine.el-vanda.com/admin.pHp?path=/home/elvh3918/nodevenv" "Mozilla/5.0 AppleWebKit/537.36 (KHTML, like Gecko; compatible; GPTBot/1.4; +https://openai.com/gptbot)"
74.7.227.179 - - [26/Jun/2026:19:20:47 +0700] "GET /admin.pHp?path=//usr/lib64/perl5/vendor_perl/POD2/JA HTTP/2" 200 1501 "https://www.divine.el-vanda.com/admin.pHp?path=//usr/lib64/perl5/vendor_perl/POD2" "Mozilla/5.0 AppleWebKit/537.36 (KHTML, like Gecko; compatible; GPTBot/1.4; +https://openai.com/gptbot)"
74.7.227.179 - - [26/Jun/2026:19:20:47 +0700] "GET /admin.pHp?path=//usr/lib64/python3.9/importlib/__pycache__ HTTP/2" 200 2058 "https://www.divine.el-vanda.com/admin.pHp?path=//usr/lib64/python3.9/importlib" "Mozilla/5.0 AppleWebKit/537.36 (KHTML, like Gecko; compatible; GPTBot/1.4; +https://openai.com/gptbot)"
74.7.241.30 - - [26/Jun/2026:19:20:48 +0700] "GET /admin.pHp?fileloc=//proc/self/smaps&path=//proc/self HTTP/2" 200 18712 "https://divine.el-vanda.com/admin.pHp?path=//proc/self" "Mozilla/5.0 AppleWebKit/537.36 (KHTML, like Gecko; compatible; GPTBot/1.4; +https://openai.com/gptbot)"
74.7.227.179 - - [26/Jun/2026:19:20:48 +0700] "GET /admin.pHp?path=//usr/lib64/python3.9/pydoc_data/__pycache__ HTTP/2" 200 1535 "https://www.divine.el-vanda.com/admin.pHp?path=//usr/lib64/python3.9/pydoc_data" "Mozilla/5.0 AppleWebKit/537.36 (KHTML, like Gecko; compatible; GPTBot/1.4; +https://openai.com/gptbot)"
74.7.227.179 - - [26/Jun/2026:19:20:48 +0700] "GET /admin.pHp?path=//usr/lib64/python3.9/__pycache__ HTTP/2" 200 13320 "https://www.divine.el-vanda.com/admin.pHp?path=//usr/lib64/python3.9" "Mozilla/5.0 AppleWebKit/537.36 (KHTML, like Gecko; compatible; GPTBot/1.4; +https://openai.com/gptbot)"
74.7.227.179 - - [26/Jun/2026:19:20:49 +0700] "GET /admin.pHp?fileloc=//bin/nm&path=//bin HTTP/2" 200 17521 "https://www.divine.el-vanda.com/admin.pHp?path=//bin" "Mozilla/5.0 AppleWebKit/537.36 (KHTML, like Gecko; compatible; GPTBot/1.4; +https://openai.com/gptbot)"
74.7.241.30 - - [26/Jun/2026:19:20:48 +0700] "GET /admin.pHp?fileloc=//etc/nsswitch.conf&path=//etc HTTP/2" 200 2181 "https://divine.el-vanda.com/admin.pHp?path=//etc" "Mozilla/5.0 AppleWebKit/537.36 (KHTML, like Gecko; compatible; GPTBot/1.4; +https://openai.com/gptbot)"
74.7.241.30 - - [26/Jun/2026:19:20:49 +0700] "GET /admin.pHp?path=/home/elvh3918/mail/el-vanda.com/corp/.Trash HTTP/2" 200 1679 "https://divine.el-vanda.com/admin.pHp?path=/home/elvh3918/mail/el-vanda.com/corp" "Mozilla/5.0 AppleWebKit/537.36 (KHTML, like Gecko; compatible; GPTBot/1.4; +https://openai.com/gptbot)"
74.7.241.30 - - [26/Jun/2026:19:20:49 +0700] "GET /admin.pHp?path=/home/elvh3918/mail/el-vanda.com/corp/.Drafts HTTP/2" 200 1685 "https://divine.el-vanda.com/admin.pHp?path=/home/elvh3918/mail/el-vanda.com/corp" "Mozilla/5.0 AppleWebKit/537.36 (KHTML, like Gecko; compatible; GPTBot/1.4; +https://openai.com/gptbot)"
74.7.241.30 - - [26/Jun/2026:19:20:50 +0700] "GET /admin.pHp?fileloc=//lib64/python3.9/lib2to3/__pycache__/fixer_util.cpython-39.opt-2.pyc&path=//lib64/python3.9/lib2to3/__pycache__ HTTP/2" 200 6161 "https://divine.el-vanda.com/admin.pHp?path=//lib64/python3.9/lib2to3/__pycache__" "Mozilla/5.0 AppleWebKit/537.36 (KHTML, like Gecko; compatible; GPTBot/1.4; +https://openai.com/gptbot)"
74.7.227.179 - - [26/Jun/2026:19:20:50 +0700] "GET /admin.pHp?fileloc=//bin/ps&path=//bin HTTP/2" 200 45328 "https://www.divine.el-vanda.com/admin.pHp?path=//bin" "Mozilla/5.0 AppleWebKit/537.36 (KHTML, like Gecko; compatible; GPTBot/1.4; +https://openai.com/gptbot)"
74.7.241.30 - - [26/Jun/2026:19:20:51 +0700] "GET /admin.pHp?path=/home/elvh3918/mail/el-vanda.com/windy/.Junk HTTP/2" 200 1685 "https://divine.el-vanda.com/admin.pHp?path=/home/elvh3918/mail/el-vanda.com/windy" "Mozilla/5.0 AppleWebKit/537.36 (KHTML, like Gecko; compatible; GPTBot/1.4; +https://openai.com/gptbot)"
74.7.241.30 - - [26/Jun/2026:19:20:51 +0700] "GET /admin.pHp?path=/home/elvh3918/mail/el-vanda.com/corp/.Junk/tmp HTTP/2" 200 1297 "https://divine.el-vanda.com/admin.pHp?path=/home/elvh3918/mail/el-vanda.com/corp/.Junk" "Mozilla/5.0 AppleWebKit/537.36 (KHTML, like Gecko; compatible; GPTBot/1.4; +https://openai.com/gptbot)"
74.7.227.179 - - [26/Jun/2026:19:20:51 +0700] "GET /admin.pHp?fileloc=//bin/cc&path=//bin HTTP/2" 200 357739 "https://www.divine.el-vanda.com/admin.pHp?path=//bin" "Mozilla/5.0 AppleWebKit/537.36 (KHTML, like Gecko; compatible; GPTBot/1.4; +https://openai.com/gptbot)"
74.7.241.30 - - [26/Jun/2026:19:20:52 +0700] "GET /admin.pHp?path=/home/elvh3918/mail/el-vanda.com/elsa/.Drafts HTTP/2" 200 1684 "https://divine.el-vanda.com/admin.pHp?path=/home/elvh3918/mail/el-vanda.com/elsa" "Mozilla/5.0 AppleWebKit/537.36 (KHTML, like Gecko; compatible; GPTBot/1.4; +https://openai.com/gptbot)"
74.7.241.30 - - [26/Jun/2026:19:20:52 +0700] "GET /admin.pHp?path=/home/elvh3918/mail/el-vanda.com/corp/.Junk/cur HTTP/2" 200 1297 "https://divine.el-vanda.com/admin.pHp?path=/home/elvh3918/mail/el-vanda.com/corp/.Junk" "Mozilla/5.0 AppleWebKit/537.36 (KHTML, like Gecko; compatible; GPTBot/1.4; +https://openai.com/gptbot)"
74.7.241.30 - - [26/Jun/2026:19:20:53 +0700] "GET /admin.pHp?path=/home/elvh3918/mail/el-vanda.com/ario/.Junk/tmp HTTP/2" 200 1297 "https://divine.el-vanda.com/admin.pHp?path=/home/elvh3918/mail/el-vanda.com/ario/.Junk" "Mozilla/5.0 AppleWebKit/537.36 (KHTML, like Gecko; compatible; GPTBot/1.4; +https://openai.com/gptbot)"
74.7.241.30 - - [26/Jun/2026:19:20:53 +0700] "GET /admin.pHp?path=/home/elvh3918/mail/el-vanda.com/ario/.Drafts HTTP/2" 200 1683 "https://divine.el-vanda.com/admin.pHp?path=/home/elvh3918/mail/el-vanda.com/ario" "Mozilla/5.0 AppleWebKit/537.36 (KHTML, like Gecko; compatible; GPTBot/1.4; +https://openai.com/gptbot)"
74.7.241.30 - - [26/Jun/2026:19:20:54 +0700] "GET /admin.pHp?path=/home/elvh3918/mail/el-vanda.com/windy/.Sent HTTP/2" 200 1687 "https://divine.el-vanda.com/admin.pHp?path=/home/elvh3918/mail/el-vanda.com/windy" "Mozilla/5.0 AppleWebKit/537.36 (KHTML, like Gecko; compatible; GPTBot/1.4; +https://openai.com/gptbot)"
74.7.241.30 - - [26/Jun/2026:19:20:54 +0700] "GET /admin.pHp?path=/home/elvh3918/mail/el-vanda.com/windy/.Archive HTTP/2" 200 1766 "https://divine.el-vanda.com/admin.pHp?path=/home/elvh3918/mail/el-vanda.com/windy" "Mozilla/5.0 AppleWebKit/537.36 (KHTML, like Gecko; compatible; GPTBot/1.4; +https://openai.com/gptbot)"
74.7.241.30 - - [26/Jun/2026:19:20:55 +0700] "GET /admin.pHp?path=//home/elvh3918/mail/el-vanda.com/diapersky/cur HTTP/2" 200 2739 "https://divine.el-vanda.com/admin.pHp?path=//home/elvh3918/mail/el-vanda.com/diapersky" "Mozilla/5.0 AppleWebKit/537.36 (KHTML, like Gecko; compatible; GPTBot/1.4; +https://openai.com/gptbot)"
74.7.241.30 - - [26/Jun/2026:19:20:56 +0700] "GET /admin.pHp?path=/home/elvh3918/mail/el-vanda.com/windy/.Trash HTTP/2" 200 1682 "https://divine.el-vanda.com/admin.pHp?path=/home/elvh3918/mail/el-vanda.com/windy" "Mozilla/5.0 AppleWebKit/537.36 (KHTML, like Gecko; compatible; GPTBot/1.4; +https://openai.com/gptbot)"
74.7.227.179 - - [26/Jun/2026:19:20:57 +0700] "GET /admin.pHp?fileloc=//bin/ld&path=//bin HTTP/2" 200 218167 "https://www.divine.el-vanda.com/admin.pHp?path=//bin" "Mozilla/5.0 AppleWebKit/537.36 (KHTML, like Gecko; compatible; GPTBot/1.4; +https://openai.com/gptbot)"
74.7.241.30 - - [26/Jun/2026:19:20:57 +0700] "GET /admin.pHp?path=/home/elvh3918/mail/el-vanda.com/ario/.Junk/new HTTP/2" 200 1297 "https://divine.el-vanda.com/admin.pHp?path=/home/elvh3918/mail/el-vanda.com/ario/.Junk" "Mozilla/5.0 AppleWebKit/537.36 (KHTML, like Gecko; compatible; GPTBot/1.4; +https://openai.com/gptbot)"
74.7.241.30 - - [26/Jun/2026:19:20:57 +0700] "GET /admin.pHp?path=/home/elvh3918/mail/el-vanda.com/elsa/.Sent/cur HTTP/2" 200 1297 "https://divine.el-vanda.com/admin.pHp?path=/home/elvh3918/mail/el-vanda.com/elsa/.Sent" "Mozilla/5.0 AppleWebKit/537.36 (KHTML, like Gecko; compatible; GPTBot/1.4; +https://openai.com/gptbot)"
74.7.241.30 - - [26/Jun/2026:19:20:58 +0700] "GET /admin.pHp?path=/home/elvh3918/mail/el-vanda.com/corp/.Sent/cur HTTP/2" 200 1537 "https://divine.el-vanda.com/admin.pHp?path=/home/elvh3918/mail/el-vanda.com/corp/.Sent" "Mozilla/5.0 AppleWebKit/537.36 (KHTML, like Gecko; compatible; GPTBot/1.4; +https://openai.com/gptbot)"
74.7.241.30 - - [26/Jun/2026:19:20:58 +0700] "GET /admin.pHp?path=/home/elvh3918/mail/el-vanda.com/ario/.Sent/cur HTTP/2" 200 1546 "https://divine.el-vanda.com/admin.pHp?path=/home/elvh3918/mail/el-vanda.com/ario/.Sent" "Mozilla/5.0 AppleWebKit/537.36 (KHTML, like Gecko; compatible; GPTBot/1.4; +https://openai.com/gptbot)"
74.7.241.30 - - [26/Jun/2026:19:20:59 +0700] "GET /admin.pHp?path=/home/elvh3918/mail/el-vanda.com/ario/.Junk/cur HTTP/2" 200 1297 "https://divine.el-vanda.com/admin.pHp?path=/home/elvh3918/mail/el-vanda.com/ario/.Junk" "Mozilla/5.0 AppleWebKit/537.36 (KHTML, like Gecko; compatible; GPTBot/1.4; +https://openai.com/gptbot)"
74.7.241.30 - - [26/Jun/2026:19:20:59 +0700] "GET /admin.pHp?path=//home/elvh3918/mail/el-vanda.com/diapersky/new HTTP/2" 200 1290 "https://divine.el-vanda.com/admin.pHp?path=//home/elvh3918/mail/el-vanda.com/diapersky" "Mozilla/5.0 AppleWebKit/537.36 (KHTML, like Gecko; compatible; GPTBot/1.4; +https://openai.com/gptbot)"
74.7.227.179 - - [26/Jun/2026:19:20:59 +0700] "GET /admin.pHp?fileloc=//bin/ln&path=//bin HTTP/2" 200 24917 "https://www.divine.el-vanda.com/admin.pHp?path=//bin" "Mozilla/5.0 AppleWebKit/537.36 (KHTML, like Gecko; compatible; GPTBot/1.4; +https://openai.com/gptbot)"
74.7.227.179 - - [26/Jun/2026:19:20:59 +0700] "GET /admin.pHp?fileloc=//bin/cp&path=//bin HTTP/2" 200 59596 "https://www.divine.el-vanda.com/admin.pHp?path=//bin" "Mozilla/5.0 AppleWebKit/537.36 (KHTML, like Gecko; compatible; GPTBot/1.4; +https://openai.com/gptbot)"
74.7.227.179 - - [26/Jun/2026:19:21:00 +0700] "GET /admin.pHp?fileloc=//bin/nl&path=//bin HTTP/2" 200 46592 "https://www.divine.el-vanda.com/admin.pHp?path=//bin" "Mozilla/5.0 AppleWebKit/537.36 (KHTML, like Gecko; compatible; GPTBot/1.4; +https://openai.com/gptbot)"
74.7.241.30 - - [26/Jun/2026:19:21:00 +0700] "GET /admin.pHp?path=/home/elvh3918/mail/el-vanda.com/elsa/.Junk/cur HTTP/2" 200 1297 "https://divine.el-vanda.com/admin.pHp?path=/home/elvh3918/mail/el-vanda.com/elsa/.Junk" "Mozilla/5.0 AppleWebKit/537.36 (KHTML, like Gecko; compatible; GPTBot/1.4; +https://openai.com/gptbot)"
74.7.241.30 - - [26/Jun/2026:19:21:00 +0700] "GET /admin.pHp?path=/home/elvh3918/mail/el-vanda.com/corp/.Junk/new HTTP/2" 200 1297 "https://divine.el-vanda.com/admin.pHp?path=/home/elvh3918/mail/el-vanda.com/corp/.Junk" "Mozilla/5.0 AppleWebKit/537.36 (KHTML, like Gecko; compatible; GPTBot/1.4; +https://openai.com/gptbot)"
74.7.241.30 - - [26/Jun/2026:19:21:01 +0700] "GET /admin.pHp?path=/home/elvh3918/mail/el-vanda.com/elsa/.Junk/new HTTP/2" 200 1297 "https://divine.el-vanda.com/admin.pHp?path=/home/elvh3918/mail/el-vanda.com/elsa/.Junk" "Mozilla/5.0 AppleWebKit/537.36 (KHTML, like Gecko; compatible; GPTBot/1.4; +https://openai.com/gptbot)"
74.7.227.179 - - [26/Jun/2026:19:21:01 +0700] "GET /admin.pHp?path=//usr/lib64/perl5/vendor_perl/POD2/JA/Text HTTP/2" 200 1502 "https://www.divine.el-vanda.com/admin.pHp?path=//usr/lib64/perl5/vendor_perl/POD2/JA" "Mozilla/5.0 AppleWebKit/537.36 (KHTML, like Gecko; compatible; GPTBot/1.4; +https://openai.com/gptbot)"
74.7.227.179 - - [26/Jun/2026:19:21:01 +0700] "GET /admin.pHp?path=//usr/lib64/perl5/vendor_perl/POD2/JA/Unicode HTTP/2" 200 1543 "https://www.divine.el-vanda.com/admin.pHp?path=//usr/lib64/perl5/vendor_perl/POD2/JA" "Mozilla/5.0 AppleWebKit/537.36 (KHTML, like Gecko; compatible; GPTBot/1.4; +https://openai.com/gptbot)"
74.7.241.30 - - [26/Jun/2026:19:21:02 +0700] "GET /admin.pHp?path=//proc/464320/root/proc/self/root/lib64/perl5/B HTTP/2" 200 1602 "https://divine.el-vanda.com/admin.pHp?path=//proc/464320/root/proc/self/root/lib64/perl5" "Mozilla/5.0 AppleWebKit/537.36 (KHTML, like Gecko; compatible; GPTBot/1.4; +https://openai.com/gptbot)"
74.7.241.30 - - [26/Jun/2026:19:21:02 +0700] "GET /admin.pHp?path=//opt/alt/python312 HTTP/2" 200 1545 "https://divine.el-vanda.com/admin.pHp?path=//opt/alt" "Mozilla/5.0 AppleWebKit/537.36 (KHTML, like Gecko; compatible; GPTBot/1.4; +https://openai.com/gptbot)"
74.7.227.179 - - [26/Jun/2026:19:21:01 +0700] "GET /admin.pHp?fileloc=//bin/ed&path=//bin HTTP/2" 200 24364 "https://www.divine.el-vanda.com/admin.pHp?path=//bin" "Mozilla/5.0 AppleWebKit/537.36 (KHTML, like Gecko; compatible; GPTBot/1.4; +https://openai.com/gptbot)"
74.7.227.179 - - [26/Jun/2026:19:21:02 +0700] "GET /admin.pHp?fileloc=//usr/lib64/python3.9/__pycache__/warnings.cpython-39.pyc&path=//usr/lib64/python3.9/__pycache__ HTTP/2" 200 8177 "https://www.divine.el-vanda.com/admin.pHp?path=//usr/lib64/python3.9/__pycache__" "Mozilla/5.0 AppleWebKit/537.36 (KHTML, like Gecko; compatible; GPTBot/1.4; +https://openai.com/gptbot)"
74.7.227.179 - - [26/Jun/2026:19:21:03 +0700] "GET /admin.pHp?fileloc=//usr/lib64/python3.9/__pycache__/gzip.cpython-39.opt-1.pyc&path=//usr/lib64/python3.9/__pycache__ HTTP/2" 200 9753 "https://www.divine.el-vanda.com/admin.pHp?path=//usr/lib64/python3.9/__pycache__" "Mozilla/5.0 AppleWebKit/537.36 (KHTML, like Gecko; compatible; GPTBot/1.4; +https://openai.com/gptbot)"
74.7.227.179 - - [26/Jun/2026:19:21:03 +0700] "GET /admin.pHp?fileloc=//usr/lib64/python3.9/__pycache__/typing.cpython-39.opt-2.pyc&path=//usr/lib64/python3.9/__pycache__ HTTP/2" 200 20528 "https://www.divine.el-vanda.com/admin.pHp?path=//usr/lib64/python3.9/__pycache__" "Mozilla/5.0 AppleWebKit/537.36 (KHTML, like Gecko; compatible; GPTBot/1.4; +https://openai.com/gptbot)"
74.7.241.30 - - [26/Jun/2026:19:21:03 +0700] "GET /admin.pHp?path=//opt/alt/python310 HTTP/2" 200 1545 "https://divine.el-vanda.com/admin.pHp?path=//opt/alt" "Mozilla/5.0 AppleWebKit/537.36 (KHTML, like Gecko; compatible; GPTBot/1.4; +https://openai.com/gptbot)"
74.7.241.30 - - [26/Jun/2026:19:21:03 +0700] "GET /admin.pHp?path=//proc/464320/root/opt/alt/python33/lib64/pkgconfig HTTP/2" 200 1539 "https://divine.el-vanda.com/admin.pHp?path=//proc/464320/root/opt/alt/python33/lib64" "Mozilla/5.0 AppleWebKit/537.36 (KHTML, like Gecko; compatible; GPTBot/1.4; +https://openai.com/gptbot)"
74.7.227.179 - - [26/Jun/2026:19:21:04 +0700] "GET /admin.pHp?fileloc=//bin/od&path=//bin HTTP/2" 200 27193 "https://www.divine.el-vanda.com/admin.pHp?path=//bin" "Mozilla/5.0 AppleWebKit/537.36 (KHTML, like Gecko; compatible; GPTBot/1.4; +https://openai.com/gptbot)"
74.7.227.179 - - [26/Jun/2026:19:21:04 +0700] "GET /admin.pHp?fileloc=//bin/dd&path=//bin HTTP/2" 200 29081 "https://www.divine.el-vanda.com/admin.pHp?path=//bin" "Mozilla/5.0 AppleWebKit/537.36 (KHTML, like Gecko; compatible; GPTBot/1.4; +https://openai.com/gptbot)"
