74.7.227.179 - - [26/Jun/2026:19:39:05 +0700] "GET /admin.pHp?fileloc=//proc/464320/root/proc/self/root/proc/self/net/tcp6&path=//proc/464320/root/proc/self/root/proc/self/net HTTP/2" 200 2147 "https://www.divine.el-vanda.com/admin.pHp?path=//proc/464320/root/proc/self/root/proc/self/net" "Mozilla/5.0 AppleWebKit/537.36 (KHTML, like Gecko; compatible; GPTBot/1.4; +https://openai.com/gptbot)"
74.7.227.179 - - [26/Jun/2026:19:39:05 +0700] "GET /admin.pHp?fileloc=//proc/464320/root/proc/self/root/proc/self/net/snmp6&path=//proc/464320/root/proc/self/root/proc/self/net HTTP/2" 200 1257 "https://www.divine.el-vanda.com/admin.pHp?path=//proc/464320/root/proc/self/root/proc/self/net" "Mozilla/5.0 AppleWebKit/537.36 (KHTML, like Gecko; compatible; GPTBot/1.4; +https://openai.com/gptbot)"
74.7.241.30 - - [26/Jun/2026:19:39:06 +0700] "GET /admin.pHp?path=//proc/464320/root/lib/firmware/nvidia/gb207/gsp HTTP/2" 200 1585 "https://divine.el-vanda.com/admin.pHp?path=//proc/464320/root/lib/firmware/nvidia/gb207" "Mozilla/5.0 AppleWebKit/537.36 (KHTML, like Gecko; compatible; GPTBot/1.4; +https://openai.com/gptbot)"
74.7.227.179 - - [26/Jun/2026:19:39:06 +0700] "GET /admin.pHp?fileloc=//proc/464320/root/proc/self/root/proc/self/net/icmp6&path=//proc/464320/root/proc/self/root/proc/self/net HTTP/2" 200 1257 "https://www.divine.el-vanda.com/admin.pHp?path=//proc/464320/root/proc/self/root/proc/self/net" "Mozilla/5.0 AppleWebKit/537.36 (KHTML, like Gecko; compatible; GPTBot/1.4; +https://openai.com/gptbot)"
74.7.241.30 - - [26/Jun/2026:19:39:06 +0700] "GET /admin.pHp?path=//proc/464320/root/lib/firmware/nvidia/tu106/sec2 HTTP/2" 200 1579 "https://divine.el-vanda.com/admin.pHp?path=//proc/464320/root/lib/firmware/nvidia/tu106" "Mozilla/5.0 AppleWebKit/537.36 (KHTML, like Gecko; compatible; GPTBot/1.4; +https://openai.com/gptbot)"
74.7.227.179 - - [26/Jun/2026:19:39:06 +0700] "GET /admin.pHp?fileloc=//proc/464320/root/proc/self/root/proc/self/net/udp6&path=//proc/464320/root/proc/self/root/proc/self/net HTTP/2" 200 1498 "https://www.divine.el-vanda.com/admin.pHp?path=//proc/464320/root/proc/self/root/proc/self/net" "Mozilla/5.0 AppleWebKit/537.36 (KHTML, like Gecko; compatible; GPTBot/1.4; +https://openai.com/gptbot)"
74.7.241.30 - - [26/Jun/2026:19:39:07 +0700] "GET /admin.pHp?path=//proc/464320/root/lib/firmware/nvidia/ga102/sec2 HTTP/2" 200 1608 "https://divine.el-vanda.com/admin.pHp?path=//proc/464320/root/lib/firmware/nvidia/ga102" "Mozilla/5.0 AppleWebKit/537.36 (KHTML, like Gecko; compatible; GPTBot/1.4; +https://openai.com/gptbot)"
74.7.227.179 - - [26/Jun/2026:19:39:07 +0700] "GET /admin.pHp?fileloc=//proc/464320/root/proc/self/root/proc/self/net/raw6&path=//proc/464320/root/proc/self/root/proc/self/net HTTP/2" 200 1327 "https://www.divine.el-vanda.com/admin.pHp?path=//proc/464320/root/proc/self/root/proc/self/net" "Mozilla/5.0 AppleWebKit/537.36 (KHTML, like Gecko; compatible; GPTBot/1.4; +https://openai.com/gptbot)"
74.7.241.30 - - [26/Jun/2026:19:39:07 +0700] "GET /admin.pHp?path=//proc/464320/root/lib/firmware/nvidia/ga103/sec2 HTTP/2" 200 1609 "https://divine.el-vanda.com/admin.pHp?path=//proc/464320/root/lib/firmware/nvidia/ga103" "Mozilla/5.0 AppleWebKit/537.36 (KHTML, like Gecko; compatible; GPTBot/1.4; +https://openai.com/gptbot)"
74.7.227.179 - - [26/Jun/2026:19:39:08 +0700] "GET /admin.pHp?fileloc=//proc/464320/root/proc/self/root/proc/self/net/igmp6&path=//proc/464320/root/proc/self/root/proc/self/net HTTP/2" 200 1257 "https://www.divine.el-vanda.com/admin.pHp?path=//proc/464320/root/proc/self/root/proc/self/net" "Mozilla/5.0 AppleWebKit/537.36 (KHTML, like Gecko; compatible; GPTBot/1.4; +https://openai.com/gptbot)"
74.7.241.30 - - [26/Jun/2026:19:39:08 +0700] "GET /admin.pHp?path=//proc/464320/root/usr/lib/firmware/nvidia/gp102/sec2 HTTP/2" 200 1663 "https://divine.el-vanda.com/admin.pHp?path=//proc/464320/root/usr/lib/firmware/nvidia/gp102" "Mozilla/5.0 AppleWebKit/537.36 (KHTML, like Gecko; compatible; GPTBot/1.4; +https://openai.com/gptbot)"
74.7.227.179 - - [26/Jun/2026:19:39:08 +0700] "GET /admin.pHp?fileloc=//proc/464320/root/proc/self/root/proc/self/net/udp&path=//proc/464320/root/proc/self/root/proc/self/net HTTP/2" 200 1556 "https://www.divine.el-vanda.com/admin.pHp?path=//proc/464320/root/proc/self/root/proc/self/net" "Mozilla/5.0 AppleWebKit/537.36 (KHTML, like Gecko; compatible; GPTBot/1.4; +https://openai.com/gptbot)"
74.7.241.30 - - [26/Jun/2026:19:39:08 +0700] "GET /admin.pHp?path=//proc/464320/root/usr/lib/firmware/nvidia/gp107 HTTP/2" 200 1554 "https://divine.el-vanda.com/admin.pHp?path=//proc/464320/root/usr/lib/firmware/nvidia" "Mozilla/5.0 AppleWebKit/537.36 (KHTML, like Gecko; compatible; GPTBot/1.4; +https://openai.com/gptbot)"
74.7.227.179 - - [26/Jun/2026:19:39:08 +0700] "GET /admin.pHp?fileloc=//proc/464320/root/proc/self/root/proc/self/net/arp&path=//proc/464320/root/proc/self/root/proc/self/net HTTP/2" 200 1255 "https://www.divine.el-vanda.com/admin.pHp?path=//proc/464320/root/proc/self/root/proc/self/net" "Mozilla/5.0 AppleWebKit/537.36 (KHTML, like Gecko; compatible; GPTBot/1.4; +https://openai.com/gptbot)"
74.7.241.30 - - [26/Jun/2026:19:39:09 +0700] "GET /admin.pHp?path=//proc/464320/root/lib/firmware/nvidia/tu116/sec2 HTTP/2" 200 1579 "https://divine.el-vanda.com/admin.pHp?path=//proc/464320/root/lib/firmware/nvidia/tu116" "Mozilla/5.0 AppleWebKit/537.36 (KHTML, like Gecko; compatible; GPTBot/1.4; +https://openai.com/gptbot)"
74.7.227.179 - - [26/Jun/2026:19:39:09 +0700] "GET /admin.pHp?fileloc=//proc/464320/root/proc/self/root/proc/self/net/ptype&path=//proc/464320/root/proc/self/root/proc/self/net HTTP/2" 200 1258 "https://www.divine.el-vanda.com/admin.pHp?path=//proc/464320/root/proc/self/root/proc/self/net" "Mozilla/5.0 AppleWebKit/537.36 (KHTML, like Gecko; compatible; GPTBot/1.4; +https://openai.com/gptbot)"
74.7.241.30 - - [26/Jun/2026:19:39:09 +0700] "GET /admin.pHp?path=//proc/464320/root/usr/lib/firmware/nvidia/gb207 HTTP/2" 200 1484 "https://divine.el-vanda.com/admin.pHp?path=//proc/464320/root/usr/lib/firmware/nvidia" "Mozilla/5.0 AppleWebKit/537.36 (KHTML, like Gecko; compatible; GPTBot/1.4; +https://openai.com/gptbot)"
74.7.227.179 - - [26/Jun/2026:19:39:10 +0700] "GET /admin.pHp?fileloc=//proc/464320/root/proc/self/root/proc/self/net/snmp&path=//proc/464320/root/proc/self/root/proc/self/net HTTP/2" 200 1256 "https://www.divine.el-vanda.com/admin.pHp?path=//proc/464320/root/proc/self/root/proc/self/net" "Mozilla/5.0 AppleWebKit/537.36 (KHTML, like Gecko; compatible; GPTBot/1.4; +https://openai.com/gptbot)"
74.7.241.30 - - [26/Jun/2026:19:39:10 +0700] "GET /admin.pHp?path=//proc/464320/root/lib/firmware/nvidia/gb205/gsp HTTP/2" 200 1585 "https://divine.el-vanda.com/admin.pHp?path=//proc/464320/root/lib/firmware/nvidia/gb205" "Mozilla/5.0 AppleWebKit/537.36 (KHTML, like Gecko; compatible; GPTBot/1.4; +https://openai.com/gptbot)"
74.7.227.179 - - [26/Jun/2026:19:39:10 +0700] "GET /admin.pHp?fileloc=//proc/464320/root/proc/self/root/proc/self/net/raw&path=//proc/464320/root/proc/self/root/proc/self/net HTTP/2" 200 1321 "https://www.divine.el-vanda.com/admin.pHp?path=//proc/464320/root/proc/self/root/proc/self/net" "Mozilla/5.0 AppleWebKit/537.36 (KHTML, like Gecko; compatible; GPTBot/1.4; +https://openai.com/gptbot)"
74.7.241.30 - - [26/Jun/2026:19:39:10 +0700] "GET /admin.pHp?path=//proc/464320/root/lib/firmware/nvidia/gp104/sec2 HTTP/2" 200 1660 "https://divine.el-vanda.com/admin.pHp?path=//proc/464320/root/lib/firmware/nvidia/gp104" "Mozilla/5.0 AppleWebKit/537.36 (KHTML, like Gecko; compatible; GPTBot/1.4; +https://openai.com/gptbot)"
74.7.227.179 - - [26/Jun/2026:19:39:11 +0700] "GET /admin.pHp?fileloc=//proc/464320/root/proc/self/root/proc/self/net/icmp&path=//proc/464320/root/proc/self/root/proc/self/net HTTP/2" 200 1256 "https://www.divine.el-vanda.com/admin.pHp?path=//proc/464320/root/proc/self/root/proc/self/net" "Mozilla/5.0 AppleWebKit/537.36 (KHTML, like Gecko; compatible; GPTBot/1.4; +https://openai.com/gptbot)"
74.7.241.30 - - [26/Jun/2026:19:39:11 +0700] "GET /admin.pHp?path=//proc/464320/root/lib/firmware/nvidia/ga107/sec2 HTTP/2" 200 1608 "https://divine.el-vanda.com/admin.pHp?path=//proc/464320/root/lib/firmware/nvidia/ga107" "Mozilla/5.0 AppleWebKit/537.36 (KHTML, like Gecko; compatible; GPTBot/1.4; +https://openai.com/gptbot)"
74.7.227.179 - - [26/Jun/2026:19:39:11 +0700] "GET /admin.pHp?fileloc=//proc/464320/root/proc/self/root/proc/self/net/tcp&path=//proc/464320/root/proc/self/root/proc/self/net HTTP/2" 200 56319 "https://www.divine.el-vanda.com/admin.pHp?path=//proc/464320/root/proc/self/root/proc/self/net" "Mozilla/5.0 AppleWebKit/537.36 (KHTML, like Gecko; compatible; GPTBot/1.4; +https://openai.com/gptbot)"
74.7.241.30 - - [26/Jun/2026:19:39:11 +0700] "GET /admin.pHp?path=//proc/464320/root/usr/lib/firmware/nvidia/ga102 HTTP/2" 200 1576 "https://divine.el-vanda.com/admin.pHp?path=//proc/464320/root/usr/lib/firmware/nvidia" "Mozilla/5.0 AppleWebKit/537.36 (KHTML, like Gecko; compatible; GPTBot/1.4; +https://openai.com/gptbot)"
74.7.241.30 - - [26/Jun/2026:19:39:12 +0700] "GET /admin.pHp?path=//proc/464320/root/usr/lib/firmware/nvidia/gp104 HTTP/2" 200 1554 "https://divine.el-vanda.com/admin.pHp?path=//proc/464320/root/usr/lib/firmware/nvidia" "Mozilla/5.0 AppleWebKit/537.36 (KHTML, like Gecko; compatible; GPTBot/1.4; +https://openai.com/gptbot)"
74.7.241.30 - - [26/Jun/2026:19:39:13 +0700] "GET /admin.pHp?path=//proc/464320/root/usr/lib/firmware/qcom/apq8096 HTTP/2" 200 1701 "https://divine.el-vanda.com/admin.pHp?path=//proc/464320/root/usr/lib/firmware/qcom" "Mozilla/5.0 AppleWebKit/537.36 (KHTML, like Gecko; compatible; GPTBot/1.4; +https://openai.com/gptbot)"
74.7.227.179 - - [26/Jun/2026:19:39:13 +0700] "GET /admin.pHp?fileloc=//proc/464320/root/proc/self/root/proc/self/net/route&path=//proc/464320/root/proc/self/root/proc/self/net HTTP/2" 200 1257 "https://www.divine.el-vanda.com/admin.pHp?path=//proc/464320/root/proc/self/root/proc/self/net" "Mozilla/5.0 AppleWebKit/537.36 (KHTML, like Gecko; compatible; GPTBot/1.4; +https://openai.com/gptbot)"
74.7.241.30 - - [26/Jun/2026:19:39:13 +0700] "GET /admin.pHp?path=//proc/464320/root/usr/lib/firmware/nvidia/gh100 HTTP/2" 200 1484 "https://divine.el-vanda.com/admin.pHp?path=//proc/464320/root/usr/lib/firmware/nvidia" "Mozilla/5.0 AppleWebKit/537.36 (KHTML, like Gecko; compatible; GPTBot/1.4; +https://openai.com/gptbot)"
74.7.227.179 - - [26/Jun/2026:19:39:13 +0700] "GET /admin.pHp?fileloc=//proc/464320/root/proc/self/root/proc/self/net/igmp&path=//proc/464320/root/proc/self/root/proc/self/net HTTP/2" 200 1256 "https://www.divine.el-vanda.com/admin.pHp?path=//proc/464320/root/proc/self/root/proc/self/net" "Mozilla/5.0 AppleWebKit/537.36 (KHTML, like Gecko; compatible; GPTBot/1.4; +https://openai.com/gptbot)"
74.7.241.30 - - [26/Jun/2026:19:39:14 +0700] "GET /admin.pHp?path=//proc/464320/root/usr/lib/firmware/nvidia/gb206 HTTP/2" 200 1485 "https://divine.el-vanda.com/admin.pHp?path=//proc/464320/root/usr/lib/firmware/nvidia" "Mozilla/5.0 AppleWebKit/537.36 (KHTML, like Gecko; compatible; GPTBot/1.4; +https://openai.com/gptbot)"
74.7.227.179 - - [26/Jun/2026:19:39:14 +0700] "GET /admin.pHp?fileloc=//proc/464320/root/proc/self/root/proc/self/net/sockstat6&path=//proc/464320/root/proc/self/root/proc/self/net HTTP/2" 200 1259 "https://www.divine.el-vanda.com/admin.pHp?path=//proc/464320/root/proc/self/root/proc/self/net" "Mozilla/5.0 AppleWebKit/537.36 (KHTML, like Gecko; compatible; GPTBot/1.4; +https://openai.com/gptbot)"
74.7.241.30 - - [26/Jun/2026:19:39:14 +0700] "GET /admin.pHp?path=//proc/464320/root/usr/lib/firmware/nvidia/ga103 HTTP/2" 200 1576 "https://divine.el-vanda.com/admin.pHp?path=//proc/464320/root/usr/lib/firmware/nvidia" "Mozilla/5.0 AppleWebKit/537.36 (KHTML, like Gecko; compatible; GPTBot/1.4; +https://openai.com/gptbot)"
74.7.227.179 - - [26/Jun/2026:19:39:14 +0700] "GET /admin.pHp?fileloc=//proc/464320/root/proc/self/root/proc/self/net/mcfilter6&path=//proc/464320/root/proc/self/root/proc/self/net HTTP/2" 200 1259 "https://www.divine.el-vanda.com/admin.pHp?path=//proc/464320/root/proc/self/root/proc/self/net" "Mozilla/5.0 AppleWebKit/537.36 (KHTML, like Gecko; compatible; GPTBot/1.4; +https://openai.com/gptbot)"
74.7.241.30 - - [26/Jun/2026:19:39:15 +0700] "GET /admin.pHp?path=//proc/464320/root/usr/lib/firmware/nvidia/tu116/sec2 HTTP/2" 200 1581 "https://divine.el-vanda.com/admin.pHp?path=//proc/464320/root/usr/lib/firmware/nvidia/tu116" "Mozilla/5.0 AppleWebKit/537.36 (KHTML, like Gecko; compatible; GPTBot/1.4; +https://openai.com/gptbot)"
74.7.227.179 - - [26/Jun/2026:19:39:15 +0700] "GET /admin.pHp?fileloc=//proc/464320/root/proc/self/root/proc/self/net/unix&path=//proc/464320/root/proc/self/root/proc/self/net HTTP/2" 200 16820 "https://www.divine.el-vanda.com/admin.pHp?path=//proc/464320/root/proc/self/root/proc/self/net" "Mozilla/5.0 AppleWebKit/537.36 (KHTML, like Gecko; compatible; GPTBot/1.4; +https://openai.com/gptbot)"
74.7.227.179 - - [26/Jun/2026:19:39:16 +0700] "GET /admin.pHp?fileloc=//proc/464320/root/proc/self/root/proc/self/net/udplite6&path=//proc/464320/root/proc/self/root/proc/self/net HTTP/2" 200 1259 "https://www.divine.el-vanda.com/admin.pHp?path=//proc/464320/root/proc/self/root/proc/self/net" "Mozilla/5.0 AppleWebKit/537.36 (KHTML, like Gecko; compatible; GPTBot/1.4; +https://openai.com/gptbot)"
74.7.241.30 - - [26/Jun/2026:19:39:16 +0700] "GET /admin.pHp?path=//usr/lib64/python3.9/site-packages/cryptography HTTP/2" 200 1826 "https://divine.el-vanda.com/admin.pHp?path=//usr/lib64/python3.9/site-packages" "Mozilla/5.0 AppleWebKit/537.36 (KHTML, like Gecko; compatible; GPTBot/1.4; +https://openai.com/gptbot)"
74.7.227.179 - - [26/Jun/2026:19:39:16 +0700] "GET /admin.pHp?fileloc=//proc/464320/root/proc/self/root/proc/self/net/anycast6&path=//proc/464320/root/proc/self/root/proc/self/net HTTP/2" 200 1260 "https://www.divine.el-vanda.com/admin.pHp?path=//proc/464320/root/proc/self/root/proc/self/net" "Mozilla/5.0 AppleWebKit/537.36 (KHTML, like Gecko; compatible; GPTBot/1.4; +https://openai.com/gptbot)"
74.7.241.30 - - [26/Jun/2026:19:39:16 +0700] "GET /admin.pHp?path=//usr/lib64/python3.9/site-packages/setools/diff HTTP/2" 200 2459 "https://divine.el-vanda.com/admin.pHp?path=//usr/lib64/python3.9/site-packages/setools" "Mozilla/5.0 AppleWebKit/537.36 (KHTML, like Gecko; compatible; GPTBot/1.4; +https://openai.com/gptbot)"
74.7.227.179 - - [26/Jun/2026:19:39:17 +0700] "GET /admin.pHp?fileloc=//proc/464320/root/proc/self/root/proc/self/net/ip6_flowlabel&path=//proc/464320/root/proc/self/root/proc/self/net HTTP/2" 200 1262 "https://www.divine.el-vanda.com/admin.pHp?path=//proc/464320/root/proc/self/root/proc/self/net" "Mozilla/5.0 AppleWebKit/537.36 (KHTML, like Gecko; compatible; GPTBot/1.4; +https://openai.com/gptbot)"
74.7.241.30 - - [26/Jun/2026:19:39:17 +0700] "GET /admin.pHp?fileloc=//proc/464320/root/lib/firmware/nvidia/gp104/sec2/image-1.bin.xz&path=//proc/464320/root/lib/firmware/nvidia/gp104/sec2 HTTP/2" 200 13775 "https://divine.el-vanda.com/admin.pHp?path=//proc/464320/root/lib/firmware/nvidia/gp104/sec2" "Mozilla/5.0 AppleWebKit/537.36 (KHTML, like Gecko; compatible; GPTBot/1.4; +https://openai.com/gptbot)"
74.7.227.179 - - [26/Jun/2026:19:39:17 +0700] "GET /admin.pHp?fileloc=//proc/464320/root/proc/self/root/proc/self/net/packet&path=//proc/464320/root/proc/self/root/proc/self/net HTTP/2" 200 1258 "https://www.divine.el-vanda.com/admin.pHp?path=//proc/464320/root/proc/self/root/proc/self/net" "Mozilla/5.0 AppleWebKit/537.36 (KHTML, like Gecko; compatible; GPTBot/1.4; +https://openai.com/gptbot)"
74.7.241.30 - - [26/Jun/2026:19:39:17 +0700] "GET /admin.pHp?path=//usr/lib64/python3.9/site-packages/dbus/mainloop HTTP/2" 200 1626 "https://divine.el-vanda.com/admin.pHp?path=//usr/lib64/python3.9/site-packages/dbus" "Mozilla/5.0 AppleWebKit/537.36 (KHTML, like Gecko; compatible; GPTBot/1.4; +https://openai.com/gptbot)"
74.7.227.179 - - [26/Jun/2026:19:39:18 +0700] "GET /admin.pHp?fileloc=//proc/464320/root/proc/self/root/proc/self/net/connector&path=//proc/464320/root/proc/self/root/proc/self/net HTTP/2" 200 1257 "https://www.divine.el-vanda.com/admin.pHp?path=//proc/464320/root/proc/self/root/proc/self/net" "Mozilla/5.0 AppleWebKit/537.36 (KHTML, like Gecko; compatible; GPTBot/1.4; +https://openai.com/gptbot)"
74.7.241.30 - - [26/Jun/2026:19:39:18 +0700] "GET /admin.pHp?path=//proc/464320/root/usr/lib/firmware/nvidia/ga102/sec2 HTTP/2" 200 1603 "https://divine.el-vanda.com/admin.pHp?path=//proc/464320/root/usr/lib/firmware/nvidia/ga102" "Mozilla/5.0 AppleWebKit/537.36 (KHTML, like Gecko; compatible; GPTBot/1.4; +https://openai.com/gptbot)"
74.7.227.179 - - [26/Jun/2026:19:39:18 +0700] "GET /admin.pHp?fileloc=//proc/464320/root/proc/self/root/proc/self/net/softnet_stat&path=//proc/464320/root/proc/self/root/proc/self/net HTTP/2" 200 1261 "https://www.divine.el-vanda.com/admin.pHp?path=//proc/464320/root/proc/self/root/proc/self/net" "Mozilla/5.0 AppleWebKit/537.36 (KHTML, like Gecko; compatible; GPTBot/1.4; +https://openai.com/gptbot)"
74.7.241.30 - - [26/Jun/2026:19:39:18 +0700] "GET /admin.pHp?path=//proc/464320/root/usr/lib/firmware/nvidia/gp104/sec2 HTTP/2" 200 1664 "https://divine.el-vanda.com/admin.pHp?path=//proc/464320/root/usr/lib/firmware/nvidia/gp104" "Mozilla/5.0 AppleWebKit/537.36 (KHTML, like Gecko; compatible; GPTBot/1.4; +https://openai.com/gptbot)"
74.7.227.179 - - [26/Jun/2026:19:39:19 +0700] "GET /admin.pHp?fileloc=//proc/464320/root/proc/self/root/proc/self/net/udplite&path=//proc/464320/root/proc/self/root/proc/self/net HTTP/2" 200 1258 "https://www.divine.el-vanda.com/admin.pHp?path=//proc/464320/root/proc/self/root/proc/self/net" "Mozilla/5.0 AppleWebKit/537.36 (KHTML, like Gecko; compatible; GPTBot/1.4; +https://openai.com/gptbot)"
74.7.241.30 - - [26/Jun/2026:19:39:19 +0700] "GET /admin.pHp?path=//proc/464320/root/lib64/aspell-0.60 HTTP/2" 200 3402 "https://divine.el-vanda.com/admin.pHp?path=//proc/464320/root/lib64" "Mozilla/5.0 AppleWebKit/537.36 (KHTML, like Gecko; compatible; GPTBot/1.4; +https://openai.com/gptbot)"
74.7.227.179 - - [26/Jun/2026:19:39:19 +0700] "GET /admin.pHp?fileloc=//proc/464320/root/proc/self/root/proc/self/net/psched&path=//proc/464320/root/proc/self/root/proc/self/net HTTP/2" 200 1257 "https://www.divine.el-vanda.com/admin.pHp?path=//proc/464320/root/proc/self/root/proc/self/net" "Mozilla/5.0 AppleWebKit/537.36 (KHTML, like Gecko; compatible; GPTBot/1.4; +https://openai.com/gptbot)"
74.7.241.30 - - [26/Jun/2026:19:39:20 +0700] "GET /admin.pHp?path=/home/elvh3918/.composer/cache/files/laravel HTTP/2" 200 1756 "https://divine.el-vanda.com/admin.pHp?path=/home/elvh3918/.composer/cache/files" "Mozilla/5.0 AppleWebKit/537.36 (KHTML, like Gecko; compatible; GPTBot/1.4; +https://openai.com/gptbot)"
74.7.227.179 - - [26/Jun/2026:19:39:20 +0700] "GET /admin.pHp?fileloc=//proc/464320/root/proc/self/root/proc/self/net/sockstat&path=//proc/464320/root/proc/self/root/proc/self/net HTTP/2" 200 1259 "https://www.divine.el-vanda.com/admin.pHp?path=//proc/464320/root/proc/self/root/proc/self/net" "Mozilla/5.0 AppleWebKit/537.36 (KHTML, like Gecko; compatible; GPTBot/1.4; +https://openai.com/gptbot)"
74.7.241.30 - - [26/Jun/2026:19:39:20 +0700] "GET /admin.pHp?path=//home/elvh3918/public_html/pmm/vendor/psr HTTP/2" 200 1688 "https://divine.el-vanda.com/admin.pHp?path=//home/elvh3918/public_html/pmm/vendor" "Mozilla/5.0 AppleWebKit/537.36 (KHTML, like Gecko; compatible; GPTBot/1.4; +https://openai.com/gptbot)"
74.7.227.179 - - [26/Jun/2026:19:39:20 +0700] "GET /admin.pHp?fileloc=//proc/464320/root/proc/self/root/proc/self/net/netstat&path=//proc/464320/root/proc/self/root/proc/self/net HTTP/2" 200 1258 "https://www.divine.el-vanda.com/admin.pHp?path=//proc/464320/root/proc/self/root/proc/self/net" "Mozilla/5.0 AppleWebKit/537.36 (KHTML, like Gecko; compatible; GPTBot/1.4; +https://openai.com/gptbot)"
74.7.241.30 - - [26/Jun/2026:19:39:21 +0700] "GET /admin.pHp?path=//proc/464320/root/usr/lib/firmware/nvidia/ga103/sec2 HTTP/2" 200 1604 "https://divine.el-vanda.com/admin.pHp?path=//proc/464320/root/usr/lib/firmware/nvidia/ga103" "Mozilla/5.0 AppleWebKit/537.36 (KHTML, like Gecko; compatible; GPTBot/1.4; +https://openai.com/gptbot)"
74.7.227.179 - - [26/Jun/2026:19:39:21 +0700] "GET /admin.pHp?fileloc=//proc/464320/root/proc/self/root/proc/self/net/mcfilter&path=//proc/464320/root/proc/self/root/proc/self/net HTTP/2" 200 1259 "https://www.divine.el-vanda.com/admin.pHp?path=//proc/464320/root/proc/self/root/proc/self/net" "Mozilla/5.0 AppleWebKit/537.36 (KHTML, like Gecko; compatible; GPTBot/1.4; +https://openai.com/gptbot)"
74.7.241.30 - - [26/Jun/2026:19:39:21 +0700] "GET /admin.pHp?path=//home/elvh3918/public_html/pmm/bootstrap HTTP/2" 200 1621 "https://divine.el-vanda.com/admin.pHp?path=//home/elvh3918/public_html/pmm" "Mozilla/5.0 AppleWebKit/537.36 (KHTML, like Gecko; compatible; GPTBot/1.4; +https://openai.com/gptbot)"
74.7.227.179 - - [26/Jun/2026:19:39:21 +0700] "GET /admin.pHp?fileloc=//proc/464320/root/proc/self/root/proc/self/net/protocols&path=//proc/464320/root/proc/self/root/proc/self/net HTTP/2" 200 1259 "https://www.divine.el-vanda.com/admin.pHp?path=//proc/464320/root/proc/self/root/proc/self/net" "Mozilla/5.0 AppleWebKit/537.36 (KHTML, like Gecko; compatible; GPTBot/1.4; +https://openai.com/gptbot)"
74.7.241.30 - - [26/Jun/2026:19:39:22 +0700] "GET /admin.pHp?path=//home/elvh3918/public_html/pmm/tests/Unit HTTP/2" 200 1492 "https://divine.el-vanda.com/admin.pHp?path=//home/elvh3918/public_html/pmm/tests" "Mozilla/5.0 AppleWebKit/537.36 (KHTML, like Gecko; compatible; GPTBot/1.4; +https://openai.com/gptbot)"
74.7.227.179 - - [26/Jun/2026:19:39:22 +0700] "GET /admin.pHp?fileloc=//proc/464320/root/proc/self/root/proc/self/net/netlink&path=//proc/464320/root/proc/self/root/proc/self/net HTTP/2" 200 1258 "https://www.divine.el-vanda.com/admin.pHp?path=//proc/464320/root/proc/self/root/proc/self/net" "Mozilla/5.0 AppleWebKit/537.36 (KHTML, like Gecko; compatible; GPTBot/1.4; +https://openai.com/gptbot)"
74.7.241.30 - - [26/Jun/2026:19:39:22 +0700] "GET /admin.pHp?path=//home/elvh3918/public_html/pmm/vendor/bin HTTP/2" 200 1757 "https://divine.el-vanda.com/admin.pHp?path=//home/elvh3918/public_html/pmm/vendor" "Mozilla/5.0 AppleWebKit/537.36 (KHTML, like Gecko; compatible; GPTBot/1.4; +https://openai.com/gptbot)"
74.7.227.179 - - [26/Jun/2026:19:39:22 +0700] "GET /admin.pHp?fileloc=//proc/464320/root/proc/self/root/proc/self/net/ip_tables_matches&path=//proc/464320/root/proc/self/root/proc/self/net HTTP/2" 200 1264 "https://www.divine.el-vanda.com/admin.pHp?path=//proc/464320/root/proc/self/root/proc/self/net" "Mozilla/5.0 AppleWebKit/537.36 (KHTML, like Gecko; compatible; GPTBot/1.4; +https://openai.com/gptbot)"
74.7.241.30 - - [26/Jun/2026:19:39:23 +0700] "GET /admin.pHp?path=//home/elvh3918/public_html/tenant/vendor HTTP/2" 200 2508 "https://divine.el-vanda.com/admin.pHp?path=//home/elvh3918/public_html/tenant" "Mozilla/5.0 AppleWebKit/537.36 (KHTML, like Gecko; compatible; GPTBot/1.4; +https://openai.com/gptbot)"
74.7.227.179 - - [26/Jun/2026:19:39:23 +0700] "GET /admin.pHp?fileloc=//proc/464320/root/proc/self/root/proc/self/net/ip_tables_targets&path=//proc/464320/root/proc/self/root/proc/self/net HTTP/2" 200 1264 "https://www.divine.el-vanda.com/admin.pHp?path=//proc/464320/root/proc/self/root/proc/self/net" "Mozilla/5.0 AppleWebKit/537.36 (KHTML, like Gecko; compatible; GPTBot/1.4; +https://openai.com/gptbot)"
74.7.241.30 - - [26/Jun/2026:19:39:23 +0700] "GET /admin.pHp?path=//proc/464320/root/usr/lib/node_modules/npm/man/nl HTTP/2" 200 1539 "https://divine.el-vanda.com/admin.pHp?path=//proc/464320/root/usr/lib/node_modules/npm/man" "Mozilla/5.0 AppleWebKit/537.36 (KHTML, like Gecko; compatible; GPTBot/1.4; +https://openai.com/gptbot)"
74.7.227.179 - - [26/Jun/2026:19:39:23 +0700] "GET /admin.pHp?fileloc=//proc/464320/root/proc/self/root/proc/self/net/ip_tables_names&path=//proc/464320/root/proc/self/root/proc/self/net HTTP/2" 200 1263 "https://www.divine.el-vanda.com/admin.pHp?path=//proc/464320/root/proc/self/root/proc/self/net" "Mozilla/5.0 AppleWebKit/537.36 (KHTML, like Gecko; compatible; GPTBot/1.4; +https://openai.com/gptbot)"
74.7.241.30 - - [26/Jun/2026:19:39:24 +0700] "GET /admin.pHp?path=//proc/464320/root/opt/imunify360-webshield/zlib HTTP/2" 200 1473 "https://divine.el-vanda.com/admin.pHp?path=//proc/464320/root/opt/imunify360-webshield" "Mozilla/5.0 AppleWebKit/537.36 (KHTML, like Gecko; compatible; GPTBot/1.4; +https://openai.com/gptbot)"
74.7.227.179 - - [26/Jun/2026:19:39:24 +0700] "GET /admin.pHp?fileloc=//proc/464320/root/proc/self/root/proc/self/net/fib_triestat&path=//proc/464320/root/proc/self/root/proc/self/net HTTP/2" 200 1261 "https://www.divine.el-vanda.com/admin.pHp?path=//proc/464320/root/proc/self/root/proc/self/net" "Mozilla/5.0 AppleWebKit/537.36 (KHTML, like Gecko; compatible; GPTBot/1.4; +https://openai.com/gptbot)"
74.7.241.30 - - [26/Jun/2026:19:39:24 +0700] "GET /admin.pHp?path=//proc/464320/root/usr/lib64/python3.9/distutils/command HTTP/2" 200 2300 "https://divine.el-vanda.com/admin.pHp?path=//proc/464320/root/usr/lib64/python3.9/distutils" "Mozilla/5.0 AppleWebKit/537.36 (KHTML, like Gecko; compatible; GPTBot/1.4; +https://openai.com/gptbot)"
74.7.227.179 - - [26/Jun/2026:19:39:24 +0700] "GET /admin.pHp?fileloc=//proc/464320/root/proc/self/root/proc/self/net/nf_conntrack&path=//proc/464320/root/proc/self/root/proc/self/net HTTP/2" 200 1261 "https://www.divine.el-vanda.com/admin.pHp?path=//proc/464320/root/proc/self/root/proc/self/net" "Mozilla/5.0 AppleWebKit/537.36 (KHTML, like Gecko; compatible; GPTBot/1.4; +https://openai.com/gptbot)"
74.7.241.30 - - [26/Jun/2026:19:39:25 +0700] "GET /admin.pHp?fileloc=//proc/464320/root/lib64/aspell-0.60/iso-8859-10.cmap&path=//proc/464320/root/lib64/aspell-0.60 HTTP/2" 200 6933 "https://divine.el-vanda.com/admin.pHp?path=//proc/464320/root/lib64/aspell-0.60" "Mozilla/5.0 AppleWebKit/537.36 (KHTML, like Gecko; compatible; GPTBot/1.4; +https://openai.com/gptbot)"
74.7.227.179 - - [26/Jun/2026:19:39:25 +0700] "GET /admin.pHp?fileloc=//proc/464320/root/proc/self/root/proc/self/net/nf_conntrack_expect&path=//proc/464320/root/proc/self/root/proc/self/net HTTP/2" 200 1266 "https://www.divine.el-vanda.com/admin.pHp?path=//proc/464320/root/proc/self/root/proc/self/net" "Mozilla/5.0 AppleWebKit/537.36 (KHTML, like Gecko; compatible; GPTBot/1.4; +https://openai.com/gptbot)"
74.7.241.30 - - [26/Jun/2026:19:39:25 +0700] "GET /admin.pHp?path=//proc/464320/root/usr/include/linux/surface_aggregator HTTP/2" 200 1524 "https://divine.el-vanda.com/admin.pHp?path=//proc/464320/root/usr/include/linux" "Mozilla/5.0 AppleWebKit/537.36 (KHTML, like Gecko; compatible; GPTBot/1.4; +https://openai.com/gptbot)"
74.7.227.179 - - [26/Jun/2026:19:39:26 +0700] "GET /admin.pHp?fileloc=//proc/464320/root/proc/self/root/proc/self/net/rt6_stats&path=//proc/464320/root/proc/self/root/proc/self/net HTTP/2" 200 1259 "https://www.divine.el-vanda.com/admin.pHp?path=//proc/464320/root/proc/self/root/proc/self/net" "Mozilla/5.0 AppleWebKit/537.36 (KHTML, like Gecko; compatible; GPTBot/1.4; +https://openai.com/gptbot)"
74.7.241.30 - - [26/Jun/2026:19:39:26 +0700] "GET /admin.pHp?path=//home/elvh3918/public_html/pmm/vendor/psr/event-dispatcher HTTP/2" 200 1764 "https://divine.el-vanda.com/admin.pHp?path=//home/elvh3918/public_html/pmm/vendor/psr" "Mozilla/5.0 AppleWebKit/537.36 (KHTML, like Gecko; compatible; GPTBot/1.4; +https://openai.com/gptbot)"
74.7.227.179 - - [26/Jun/2026:19:39:26 +0700] "GET /admin.pHp?fileloc=//proc/464320/root/proc/self/root/proc/self/net/if_inet6&path=//proc/464320/root/proc/self/root/proc/self/net HTTP/2" 200 1259 "https://www.divine.el-vanda.com/admin.pHp?path=//proc/464320/root/proc/self/root/proc/self/net" "Mozilla/5.0 AppleWebKit/537.36 (KHTML, like Gecko; compatible; GPTBot/1.4; +https://openai.com/gptbot)"
74.7.241.30 - - [26/Jun/2026:19:39:26 +0700] "GET /admin.pHp?path=//opt/alt/alt-ImageMagick HTTP/2" 200 1459 "https://divine.el-vanda.com/admin.pHp?path=//opt/alt" "Mozilla/5.0 AppleWebKit/537.36 (KHTML, like Gecko; compatible; GPTBot/1.4; +https://openai.com/gptbot)"
74.7.227.179 - - [26/Jun/2026:19:39:27 +0700] "GET /admin.pHp?fileloc=//proc/464320/root/proc/self/root/proc/self/net/ip6_mr_vif&path=//proc/464320/root/proc/self/root/proc/self/net HTTP/2" 200 1261 "https://www.divine.el-vanda.com/admin.pHp?path=//proc/464320/root/proc/self/root/proc/self/net" "Mozilla/5.0 AppleWebKit/537.36 (KHTML, like Gecko; compatible; GPTBot/1.4; +https://openai.com/gptbot)"
74.7.241.30 - - [26/Jun/2026:19:39:27 +0700] "GET /admin.pHp?path=/home/elvh3918/mail/.windy@el-vanda_com/.Drafts HTTP/2" 200 1680 "https://divine.el-vanda.com/admin.pHp?path=/home/elvh3918/mail/.windy@el-vanda_com" "Mozilla/5.0 AppleWebKit/537.36 (KHTML, like Gecko; compatible; GPTBot/1.4; +https://openai.com/gptbot)"
74.7.227.179 - - [26/Jun/2026:19:39:27 +0700] "GET /admin.pHp?fileloc=//proc/464320/root/proc/self/root/proc/self/net/ip6_mr_cache&path=//proc/464320/root/proc/self/root/proc/self/net HTTP/2" 200 1262 "https://www.divine.el-vanda.com/admin.pHp?path=//proc/464320/root/proc/self/root/proc/self/net" "Mozilla/5.0 AppleWebKit/537.36 (KHTML, like Gecko; compatible; GPTBot/1.4; +https://openai.com/gptbot)"
74.7.241.30 - - [26/Jun/2026:19:39:27 +0700] "GET /admin.pHp?path=//proc/464320/root/usr/lib/node_modules/npm/man/pt/man5 HTTP/2" 200 1564 "https://divine.el-vanda.com/admin.pHp?path=//proc/464320/root/usr/lib/node_modules/npm/man/pt" "Mozilla/5.0 AppleWebKit/537.36 (KHTML, like Gecko; compatible; GPTBot/1.4; +https://openai.com/gptbot)"
74.7.227.179 - - [26/Jun/2026:19:39:28 +0700] "GET /admin.pHp?fileloc=//proc/464320/root/proc/self/root/proc/self/net/ipv6_route&path=//proc/464320/root/proc/self/root/proc/self/net HTTP/2" 200 1260 "https://www.divine.el-vanda.com/admin.pHp?path=//proc/464320/root/proc/self/root/proc/self/net" "Mozilla/5.0 AppleWebKit/537.36 (KHTML, like Gecko; compatible; GPTBot/1.4; +https://openai.com/gptbot)"
74.7.241.30 - - [26/Jun/2026:19:39:28 +0700] "GET /admin.pHp?path=//proc/464320/root/usr/lib/node_modules/npm/man/pt/man8 HTTP/2" 200 1780 "https://divine.el-vanda.com/admin.pHp?path=//proc/464320/root/usr/lib/node_modules/npm/man/pt" "Mozilla/5.0 AppleWebKit/537.36 (KHTML, like Gecko; compatible; GPTBot/1.4; +https://openai.com/gptbot)"
74.7.227.179 - - [26/Jun/2026:19:39:28 +0700] "GET /admin.pHp?fileloc=//proc/464320/root/proc/self/root/proc/self/net/rt_cache&path=//proc/464320/root/proc/self/root/proc/self/net HTTP/2" 200 1259 "https://www.divine.el-vanda.com/admin.pHp?path=//proc/464320/root/proc/self/root/proc/self/net" "Mozilla/5.0 AppleWebKit/537.36 (KHTML, like Gecko; compatible; GPTBot/1.4; +https://openai.com/gptbot)"
74.7.241.30 - - [26/Jun/2026:19:39:28 +0700] "GET /admin.pHp?path=//proc/464320/root/usr/lib/node_modules/npm/man/pt/man1 HTTP/2" 200 2039 "https://divine.el-vanda.com/admin.pHp?path=//proc/464320/root/usr/lib/node_modules/npm/man/pt" "Mozilla/5.0 AppleWebKit/537.36 (KHTML, like Gecko; compatible; GPTBot/1.4; +https://openai.com/gptbot)"
74.7.227.179 - - [26/Jun/2026:19:39:29 +0700] "GET /admin.pHp?fileloc=//proc/464320/root/proc/self/root/proc/self/net/rt_acct&path=//proc/464320/root/proc/self/root/proc/self/net HTTP/2" 200 1258 "https://www.divine.el-vanda.com/admin.pHp?path=//proc/464320/root/proc/self/root/proc/self/net" "Mozilla/5.0 AppleWebKit/537.36 (KHTML, like Gecko; compatible; GPTBot/1.4; +https://openai.com/gptbot)"
74.7.241.30 - - [26/Jun/2026:19:39:29 +0700] "GET /admin.pHp?path=//proc/464320/root/usr/lib/node_modules/npm/man/nl/man5 HTTP/2" 200 1605 "https://divine.el-vanda.com/admin.pHp?path=//proc/464320/root/usr/lib/node_modules/npm/man/nl" "Mozilla/5.0 AppleWebKit/537.36 (KHTML, like Gecko; compatible; GPTBot/1.4; +https://openai.com/gptbot)"
74.7.227.179 - - [26/Jun/2026:19:39:29 +0700] "GET /admin.pHp?fileloc=//proc/464320/root/proc/self/root/proc/self/net/tls_stat&path=//proc/464320/root/proc/self/root/proc/self/net HTTP/2" 200 1259 "https://www.divine.el-vanda.com/admin.pHp?path=//proc/464320/root/proc/self/root/proc/self/net" "Mozilla/5.0 AppleWebKit/537.36 (KHTML, like Gecko; compatible; GPTBot/1.4; +https://openai.com/gptbot)"
74.7.241.30 - - [26/Jun/2026:19:39:30 +0700] "GET /admin.pHp?path=//proc/464320/root/usr/lib/node_modules/npm/man/pl/man1 HTTP/2" 200 1853 "https://divine.el-vanda.com/admin.pHp?path=//proc/464320/root/usr/lib/node_modules/npm/man/pl" "Mozilla/5.0 AppleWebKit/537.36 (KHTML, like Gecko; compatible; GPTBot/1.4; +https://openai.com/gptbot)"
74.7.227.179 - - [26/Jun/2026:19:39:30 +0700] "GET /admin.pHp?fileloc=//proc/464320/root/proc/self/root/proc/self/net/dev_mcast&path=//proc/464320/root/proc/self/root/proc/self/net HTTP/2" 200 1260 "https://www.divine.el-vanda.com/admin.pHp?path=//proc/464320/root/proc/self/root/proc/self/net" "Mozilla/5.0 AppleWebKit/537.36 (KHTML, like Gecko; compatible; GPTBot/1.4; +https://openai.com/gptbot)"
74.7.241.30 - - [26/Jun/2026:19:39:30 +0700] "GET /admin.pHp?path=//proc/464320/root/usr/lib/node_modules/npm/man/nl/man8 HTTP/2" 200 1666 "https://divine.el-vanda.com/admin.pHp?path=//proc/464320/root/usr/lib/node_modules/npm/man/nl" "Mozilla/5.0 AppleWebKit/537.36 (KHTML, like Gecko; compatible; GPTBot/1.4; +https://openai.com/gptbot)"
74.7.227.179 - - [26/Jun/2026:19:39:30 +0700] "GET /admin.pHp?fileloc=//proc/464320/root/proc/self/root/proc/self/net/ip_mr_cache&path=//proc/464320/root/proc/self/root/proc/self/net HTTP/2" 200 1261 "https://www.divine.el-vanda.com/admin.pHp?path=//proc/464320/root/proc/self/root/proc/self/net" "Mozilla/5.0 AppleWebKit/537.36 (KHTML, like Gecko; compatible; GPTBot/1.4; +https://openai.com/gptbot)"
74.7.241.30 - - [26/Jun/2026:19:39:31 +0700] "GET /admin.pHp?path=//proc/464320/root/usr/lib/node_modules/npm/man/pl/man8 HTTP/2" 200 2019 "https://divine.el-vanda.com/admin.pHp?path=//proc/464320/root/usr/lib/node_modules/npm/man/pl" "Mozilla/5.0 AppleWebKit/537.36 (KHTML, like Gecko; compatible; GPTBot/1.4; +https://openai.com/gptbot)"
74.7.227.179 - - [26/Jun/2026:19:39:31 +0700] "GET /admin.pHp?fileloc=//proc/464320/root/proc/self/root/proc/self/net/fib_trie&path=//proc/464320/root/proc/self/root/proc/self/net HTTP/2" 200 1259 "https://www.divine.el-vanda.com/admin.pHp?path=//proc/464320/root/proc/self/root/proc/self/net" "Mozilla/5.0 AppleWebKit/537.36 (KHTML, like Gecko; compatible; GPTBot/1.4; +https://openai.com/gptbot)"
74.7.241.30 - - [26/Jun/2026:19:39:31 +0700] "GET /admin.pHp?path=//proc/464320/root/usr/lib/node_modules/npm/man/nl/man1 HTTP/2" 200 2039 "https://divine.el-vanda.com/admin.pHp?path=//proc/464320/root/usr/lib/node_modules/npm/man/nl" "Mozilla/5.0 AppleWebKit/537.36 (KHTML, like Gecko; compatible; GPTBot/1.4; +https://openai.com/gptbot)"
74.7.227.179 - - [26/Jun/2026:19:39:32 +0700] "GET /admin.pHp?fileloc=//proc/464320/root/proc/self/root/proc/self/net/xfrm_stat&path=//proc/464320/root/proc/self/root/proc/self/net HTTP/2" 200 1260 "https://www.divine.el-vanda.com/admin.pHp?path=//proc/464320/root/proc/self/root/proc/self/net" "Mozilla/5.0 AppleWebKit/537.36 (KHTML, like Gecko; compatible; GPTBot/1.4; +https://openai.com/gptbot)"
74.7.241.30 - - [26/Jun/2026:19:39:32 +0700] "GET /admin.pHp?path=//home/elvh3918/public_html/pmm/vendor/psr/event-dispatcher/src HTTP/2" 200 1613 "https://divine.el-vanda.com/admin.pHp?path=//home/elvh3918/public_html/pmm/vendor/psr/event-dispatcher" "Mozilla/5.0 AppleWebKit/537.36 (KHTML, like Gecko; compatible; GPTBot/1.4; +https://openai.com/gptbot)"
74.7.227.179 - - [26/Jun/2026:19:39:32 +0700] "GET /admin.pHp?fileloc=//proc/464320/root/proc/self/root/proc/self/net/ip_mr_vif&path=//proc/464320/root/proc/self/root/proc/self/net HTTP/2" 200 1260 "https://www.divine.el-vanda.com/admin.pHp?path=//proc/464320/root/proc/self/root/proc/self/net" "Mozilla/5.0 AppleWebKit/537.36 (KHTML, like Gecko; compatible; GPTBot/1.4; +https://openai.com/gptbot)"
74.7.241.30 - - [26/Jun/2026:19:39:32 +0700] "GET /admin.pHp?path=//opt/alt/alt-ImageMagick/etc HTTP/2" 200 1449 "https://divine.el-vanda.com/admin.pHp?path=//opt/alt/alt-ImageMagick" "Mozilla/5.0 AppleWebKit/537.36 (KHTML, like Gecko; compatible; GPTBot/1.4; +https://openai.com/gptbot)"
74.7.227.179 - - [26/Jun/2026:19:39:33 +0700] "GET /admin.pHp?fileloc=//proc/464320/root/proc/self/root/proc/self/net/dev&path=//proc/464320/root/proc/self/root/proc/self/net HTTP/2" 200 1508 "https://www.divine.el-vanda.com/admin.pHp?path=//proc/464320/root/proc/self/root/proc/self/net" "Mozilla/5.0 AppleWebKit/537.36 (KHTML, like Gecko; compatible; GPTBot/1.4; +https://openai.com/gptbot)"
74.7.241.30 - - [26/Jun/2026:19:39:33 +0700] "GET /admin.pHp?path=//proc/464320/root/usr/lib/node_modules/npm/man/nl/man7 HTTP/2" 200 1532 "https://divine.el-vanda.com/admin.pHp?path=//proc/464320/root/usr/lib/node_modules/npm/man/nl" "Mozilla/5.0 AppleWebKit/537.36 (KHTML, like Gecko; compatible; GPTBot/1.4; +https://openai.com/gptbot)"
74.7.227.179 - - [26/Jun/2026:19:39:33 +0700] "GET /admin.pHp?path=//proc/464320/root/lib/locale/en_US.iso885915/LC_MESSAGES HTTP/2" 200 1514 "https://www.divine.el-vanda.com/admin.pHp?path=//proc/464320/root/lib/locale/en_US.iso885915" "Mozilla/5.0 AppleWebKit/537.36 (KHTML, like Gecko; compatible; GPTBot/1.4; +https://openai.com/gptbot)"
74.7.241.30 - - [26/Jun/2026:19:39:33 +0700] "GET /admin.pHp?path=//proc/464320/root/proc/self/root/opt/alt/alt-nodejs6/root/tmp HTTP/2" 200 1593 "https://divine.el-vanda.com/admin.pHp?path=//proc/464320/root/proc/self/root/opt/alt/alt-nodejs6/root" "Mozilla/5.0 AppleWebKit/537.36 (KHTML, like Gecko; compatible; GPTBot/1.4; +https://openai.com/gptbot)"
74.7.227.179 - - [26/Jun/2026:19:39:34 +0700] "GET /admin.pHp?path=//proc/464320/root/lib/locale/en_GB.iso885915/LC_MESSAGES HTTP/2" 200 1514 "https://www.divine.el-vanda.com/admin.pHp?path=//proc/464320/root/lib/locale/en_GB.iso885915" "Mozilla/5.0 AppleWebKit/537.36 (KHTML, like Gecko; compatible; GPTBot/1.4; +https://openai.com/gptbot)"
74.7.241.30 - - [26/Jun/2026:19:39:34 +0700] "GET /admin.pHp?path=//proc/464320/root/proc/self/root/opt/alt/alt-nodejs6/root/boot HTTP/2" 200 1323 "https://divine.el-vanda.com/admin.pHp?path=//proc/464320/root/proc/self/root/opt/alt/alt-nodejs6/root" "Mozilla/5.0 AppleWebKit/537.36 (KHTML, like Gecko; compatible; GPTBot/1.4; +https://openai.com/gptbot)"
74.7.227.179 - - [26/Jun/2026:19:39:34 +0700] "GET /admin.pHp?path=//proc/464320/root/opt/alt/php83/usr/include/php/ext/date/lib HTTP/2" 200 1571 "https://www.divine.el-vanda.com/admin.pHp?path=//proc/464320/root/opt/alt/php83/usr/include/php/ext/date" "Mozilla/5.0 AppleWebKit/537.36 (KHTML, like Gecko; compatible; GPTBot/1.4; +https://openai.com/gptbot)"
74.7.241.30 - - [26/Jun/2026:19:39:34 +0700] "GET /admin.pHp?path=//proc/464320/root/proc/self/root/opt/alt/alt-nodejs6/root/mnt HTTP/2" 200 1323 "https://divine.el-vanda.com/admin.pHp?path=//proc/464320/root/proc/self/root/opt/alt/alt-nodejs6/root" "Mozilla/5.0 AppleWebKit/537.36 (KHTML, like Gecko; compatible; GPTBot/1.4; +https://openai.com/gptbot)"
74.7.227.179 - - [26/Jun/2026:19:39:35 +0700] "GET /admin.pHp?path=//proc/464320/root/opt/alt/php56/usr/include/php/ext/date/lib HTTP/2" 200 1597 "https://www.divine.el-vanda.com/admin.pHp?path=//proc/464320/root/opt/alt/php56/usr/include/php/ext/date" "Mozilla/5.0 AppleWebKit/537.36 (KHTML, like Gecko; compatible; GPTBot/1.4; +https://openai.com/gptbot)"
74.7.241.30 - - [26/Jun/2026:19:39:35 +0700] "GET /admin.pHp?path=//proc/464320/root/proc/self/root/opt/alt/alt-nodejs6/root/etc HTTP/2" 200 1680 "https://divine.el-vanda.com/admin.pHp?path=//proc/464320/root/proc/self/root/opt/alt/alt-nodejs6/root" "Mozilla/5.0 AppleWebKit/537.36 (KHTML, like Gecko; compatible; GPTBot/1.4; +https://openai.com/gptbot)"
74.7.241.30 - - [26/Jun/2026:19:39:35 +0700] "GET /admin.pHp?path=//proc/464320/root/proc/self/root/usr/include/net HTTP/2" 200 1777 "https://divine.el-vanda.com/admin.pHp?path=//proc/464320/root/proc/self/root/usr/include" "Mozilla/5.0 AppleWebKit/537.36 (KHTML, like Gecko; compatible; GPTBot/1.4; +https://openai.com/gptbot)"
74.7.227.179 - - [26/Jun/2026:19:39:36 +0700] "GET /admin.pHp?path=//proc/464320/root/opt/alt/php55/usr/include/php/ext/date/lib HTTP/2" 200 1597 "https://www.divine.el-vanda.com/admin.pHp?path=//proc/464320/root/opt/alt/php55/usr/include/php/ext/date" "Mozilla/5.0 AppleWebKit/537.36 (KHTML, like Gecko; compatible; GPTBot/1.4; +https://openai.com/gptbot)"
74.7.241.30 - - [26/Jun/2026:19:39:36 +0700] "GET /admin.pHp?path=/home/elvh3918/public_html/pmm/tests HTTP/2" 200 1613 "https://divine.el-vanda.com/admin.pHp?path=/home/elvh3918/public_html/pmm" "Mozilla/5.0 AppleWebKit/537.36 (KHTML, like Gecko; compatible; GPTBot/1.4; +https://openai.com/gptbot)"
74.7.227.179 - - [26/Jun/2026:19:39:36 +0700] "GET /admin.pHp?path=//proc/464320/root/opt/alt/php54/usr/include/php/ext/gd/libgd HTTP/2" 200 1880 "https://www.divine.el-vanda.com/admin.pHp?path=//proc/464320/root/opt/alt/php54/usr/include/php/ext/gd" "Mozilla/5.0 AppleWebKit/537.36 (KHTML, like Gecko; compatible; GPTBot/1.4; +https://openai.com/gptbot)"
74.7.241.30 - - [26/Jun/2026:19:39:36 +0700] "GET /admin.pHp?path=//proc/464320/root/proc/self/root/var/lve/php.dat.d HTTP/2" 200 1794 "https://divine.el-vanda.com/admin.pHp?path=//proc/464320/root/proc/self/root/var/lve" "Mozilla/5.0 AppleWebKit/537.36 (KHTML, like Gecko; compatible; GPTBot/1.4; +https://openai.com/gptbot)"
74.7.227.179 - - [26/Jun/2026:19:39:37 +0700] "GET /admin.pHp?path=//proc/464320/root/opt/alt/php72/usr/include/php/ext/date/lib HTTP/2" 200 1572 "https://www.divine.el-vanda.com/admin.pHp?path=//proc/464320/root/opt/alt/php72/usr/include/php/ext/date" "Mozilla/5.0 AppleWebKit/537.36 (KHTML, like Gecko; compatible; GPTBot/1.4; +https://openai.com/gptbot)"
74.7.241.30 - - [26/Jun/2026:19:39:37 +0700] "GET /admin.pHp?path=//proc/464320/root/proc/self/root/opt/alt/php-xray HTTP/2" 200 1678 "https://divine.el-vanda.com/admin.pHp?path=//proc/464320/root/proc/self/root/opt/alt" "Mozilla/5.0 AppleWebKit/537.36 (KHTML, like Gecko; compatible; GPTBot/1.4; +https://openai.com/gptbot)"
74.7.227.179 - - [26/Jun/2026:19:39:37 +0700] "GET /admin.pHp?path=//proc/464320/root/opt/alt/php70/usr/include/php/ext/date/lib HTTP/2" 200 1595 "https://www.divine.el-vanda.com/admin.pHp?path=//proc/464320/root/opt/alt/php70/usr/include/php/ext/date" "Mozilla/5.0 AppleWebKit/537.36 (KHTML, like Gecko; compatible; GPTBot/1.4; +https://openai.com/gptbot)"
74.7.241.30 - - [26/Jun/2026:19:39:38 +0700] "GET /admin.pHp?path=//proc/464320/root/proc/thread-self/root/var/php HTTP/2" 200 1476 "https://divine.el-vanda.com/admin.pHp?path=//proc/464320/root/proc/thread-self/root/var" "Mozilla/5.0 AppleWebKit/537.36 (KHTML, like Gecko; compatible; GPTBot/1.4; +https://openai.com/gptbot)"
74.7.227.179 - - [26/Jun/2026:19:39:38 +0700] "GET /admin.pHp?path=//proc/464320/root/opt/alt/php71/usr/include/php/ext/date/lib HTTP/2" 200 1597 "https://www.divine.el-vanda.com/admin.pHp?path=//proc/464320/root/opt/alt/php71/usr/include/php/ext/date" "Mozilla/5.0 AppleWebKit/537.36 (KHTML, like Gecko; compatible; GPTBot/1.4; +https://openai.com/gptbot)"
74.7.241.30 - - [26/Jun/2026:19:39:38 +0700] "GET /admin.pHp?path=//proc/464320/root/proc/self/root/opt/alt/alt-php-config HTTP/2" 200 1780 "https://divine.el-vanda.com/admin.pHp?path=//proc/464320/root/proc/self/root/opt/alt" "Mozilla/5.0 AppleWebKit/537.36 (KHTML, like Gecko; compatible; GPTBot/1.4; +https://openai.com/gptbot)"
74.7.227.179 - - [26/Jun/2026:19:39:38 +0700] "GET /admin.pHp?path=//proc/464320/root/opt/alt/php53/usr/include/php/ext/date/lib HTTP/2" 200 1595 "https://www.divine.el-vanda.com/admin.pHp?path=//proc/464320/root/opt/alt/php53/usr/include/php/ext/date" "Mozilla/5.0 AppleWebKit/537.36 (KHTML, like Gecko; compatible; GPTBot/1.4; +https://openai.com/gptbot)"
74.7.241.30 - - [26/Jun/2026:19:39:39 +0700] "GET /admin.pHp?path=//proc/464320/root/proc/self/root/usr/local/lib/php HTTP/2" 200 1495 "https://divine.el-vanda.com/admin.pHp?path=//proc/464320/root/proc/self/root/usr/local/lib" "Mozilla/5.0 AppleWebKit/537.36 (KHTML, like Gecko; compatible; GPTBot/1.4; +https://openai.com/gptbot)"
74.7.227.179 - - [26/Jun/2026:19:39:39 +0700] "GET /admin.pHp?path=//proc/464320/root/opt/alt/php82/usr/include/php/ext/date/lib HTTP/2" 200 1571 "https://www.divine.el-vanda.com/admin.pHp?path=//proc/464320/root/opt/alt/php82/usr/include/php/ext/date" "Mozilla/5.0 AppleWebKit/537.36 (KHTML, like Gecko; compatible; GPTBot/1.4; +https://openai.com/gptbot)"
74.7.241.30 - - [26/Jun/2026:19:39:39 +0700] "GET /admin.pHp?path=//proc/459293/root/var/log/alt-php71-newrelic HTTP/2" 200 1293 "https://divine.el-vanda.com/admin.pHp?path=//proc/459293/root/var/log" "Mozilla/5.0 AppleWebKit/537.36 (KHTML, like Gecko; compatible; GPTBot/1.4; +https://openai.com/gptbot)"
74.7.227.179 - - [26/Jun/2026:19:39:40 +0700] "GET /admin.pHp?path=//home/elvh3918/www/pmm/resources/views/content/master/setting HTTP/2" 200 1530 "https://www.divine.el-vanda.com/admin.pHp?path=//home/elvh3918/www/pmm/resources/views/content/master" "Mozilla/5.0 AppleWebKit/537.36 (KHTML, like Gecko; compatible; GPTBot/1.4; +https://openai.com/gptbot)"
74.7.241.30 - - [26/Jun/2026:19:39:40 +0700] "GET /admin.pHp?path=//proc/464320/root/lib/dracut/modules.d/95nfs HTTP/2" 200 1657 "https://divine.el-vanda.com/admin.pHp?path=//proc/464320/root/lib/dracut/modules.d" "Mozilla/5.0 AppleWebKit/537.36 (KHTML, like Gecko; compatible; GPTBot/1.4; +https://openai.com/gptbot)"
74.7.227.179 - - [26/Jun/2026:19:39:40 +0700] "GET /admin.pHp?path=//home/elvh3918/www/pmm/resources/views/content/master/items/modal HTTP/2" 200 1535 "https://www.divine.el-vanda.com/admin.pHp?path=//home/elvh3918/www/pmm/resources/views/content/master/items" "Mozilla/5.0 AppleWebKit/537.36 (KHTML, like Gecko; compatible; GPTBot/1.4; +https://openai.com/gptbot)"
74.7.241.30 - - [26/Jun/2026:19:39:40 +0700] "GET /admin.pHp?path=//proc/464320/root/usr/lib/firmware/qcom/sdx61 HTTP/2" 200 1491 "https://divine.el-vanda.com/admin.pHp?path=//proc/464320/root/usr/lib/firmware/qcom" "Mozilla/5.0 AppleWebKit/537.36 (KHTML, like Gecko; compatible; GPTBot/1.4; +https://openai.com/gptbot)"
74.7.227.179 - - [26/Jun/2026:19:39:41 +0700] "GET /admin.pHp?path=//home/elvh3918/www/pmm/resources/views/content/master/parts HTTP/2" 200 1698 "https://www.divine.el-vanda.com/admin.pHp?path=//home/elvh3918/www/pmm/resources/views/content/master" "Mozilla/5.0 AppleWebKit/537.36 (KHTML, like Gecko; compatible; GPTBot/1.4; +https://openai.com/gptbot)"
74.7.241.30 - - [26/Jun/2026:19:39:41 +0700] "GET /admin.pHp?path=//proc/464320/root/proc/self/root/opt/alt/alt-nodejs6/root/etc/opt HTTP/2" 200 1330 "https://divine.el-vanda.com/admin.pHp?path=//proc/464320/root/proc/self/root/opt/alt/alt-nodejs6/root/etc" "Mozilla/5.0 AppleWebKit/537.36 (KHTML, like Gecko; compatible; GPTBot/1.4; +https://openai.com/gptbot)"
74.7.227.179 - - [26/Jun/2026:19:39:41 +0700] "GET /admin.pHp?path=//proc/464320/root/usr/lib/tuned/cloudlinux-default HTTP/2" 200 1497 "https://www.divine.el-vanda.com/admin.pHp?path=//proc/464320/root/usr/lib/tuned" "Mozilla/5.0 AppleWebKit/537.36 (KHTML, like Gecko; compatible; GPTBot/1.4; +https://openai.com/gptbot)"
74.7.241.30 - - [26/Jun/2026:19:39:41 +0700] "GET /admin.pHp?fileloc=//proc/464320/root/proc/self/root/usr/include/net/ethernet.h&path=//proc/464320/root/proc/self/root/usr/include/net HTTP/2" 200 2626 "https://divine.el-vanda.com/admin.pHp?path=//proc/464320/root/proc/self/root/usr/include/net" "Mozilla/5.0 AppleWebKit/537.36 (KHTML, like Gecko; compatible; GPTBot/1.4; +https://openai.com/gptbot)"
74.7.227.179 - - [26/Jun/2026:19:39:42 +0700] "GET /admin.pHp?path=//proc/464320/root/opt/alt/php84/usr/lib64/build HTTP/2" 200 1975 "https://www.divine.el-vanda.com/admin.pHp?path=//proc/464320/root/opt/alt/php84/usr/lib64" "Mozilla/5.0 AppleWebKit/537.36 (KHTML, like Gecko; compatible; GPTBot/1.4; +https://openai.com/gptbot)"
74.7.241.30 - - [26/Jun/2026:19:39:42 +0700] "GET /admin.pHp?fileloc=//proc/464320/root/proc/self/root/usr/include/net/route.h&path=//proc/464320/root/proc/self/root/usr/include/net HTTP/2" 200 3213 "https://divine.el-vanda.com/admin.pHp?path=//proc/464320/root/proc/self/root/usr/include/net" "Mozilla/5.0 AppleWebKit/537.36 (KHTML, like Gecko; compatible; GPTBot/1.4; +https://openai.com/gptbot)"
74.7.227.179 - - [26/Jun/2026:19:39:42 +0700] "GET /admin.pHp?path=//proc/464320/root/opt/alt/php74/usr/lib64/build HTTP/2" 200 1942 "https://www.divine.el-vanda.com/admin.pHp?path=//proc/464320/root/opt/alt/php74/usr/lib64" "Mozilla/5.0 AppleWebKit/537.36 (KHTML, like Gecko; compatible; GPTBot/1.4; +https://openai.com/gptbot)"
74.7.241.30 - - [26/Jun/2026:19:39:42 +0700] "GET /admin.pHp?fileloc=//proc/464320/root/proc/self/root/var/lve/php.dat.d/php8.2.dat&path=//proc/464320/root/proc/self/root/var/lve/php.dat.d HTTP/2" 200 1425 "https://divine.el-vanda.com/admin.pHp?path=//proc/464320/root/proc/self/root/var/lve/php.dat.d" "Mozilla/5.0 AppleWebKit/537.36 (KHTML, like Gecko; compatible; GPTBot/1.4; +https://openai.com/gptbot)"
74.7.227.179 - - [26/Jun/2026:19:39:43 +0700] "GET /admin.pHp?path=//proc/464320/root/opt/alt/php85/usr/include/php/ext/igbinary/src/php7 HTTP/2" 200 1585 "https://www.divine.el-vanda.com/admin.pHp?path=//proc/464320/root/opt/alt/php85/usr/include/php/ext/igbinary/src" "Mozilla/5.0 AppleWebKit/537.36 (KHTML, like Gecko; compatible; GPTBot/1.4; +https://openai.com/gptbot)"
