74.7.227.179 - - [26/Jun/2026:19:30:44 +0700] "GET /admin.pHp?fileloc=//opt/alt/python310/lib64/python3.10/xml/sax/handler.py&path=//opt/alt/python310/lib64/python3.10/xml/sax HTTP/2" 200 5674 "https://www.divine.el-vanda.com/admin.pHp?path=//opt/alt/python310/lib64/python3.10/xml/sax" "Mozilla/5.0 AppleWebKit/537.36 (KHTML, like Gecko; compatible; GPTBot/1.4; +https://openai.com/gptbot)"
74.7.227.179 - - [26/Jun/2026:19:30:46 +0700] "GET /admin.pHp?fileloc=//opt/alt/python312/lib64/python3.12/xml/sax/saxutils.py&path=//opt/alt/python312/lib64/python3.12/xml/sax HTTP/2" 200 4560 "https://www.divine.el-vanda.com/admin.pHp?path=//opt/alt/python312/lib64/python3.12/xml/sax" "Mozilla/5.0 AppleWebKit/537.36 (KHTML, like Gecko; compatible; GPTBot/1.4; +https://openai.com/gptbot)"
74.7.227.179 - - [26/Jun/2026:19:30:46 +0700] "GET /admin.pHp?fileloc=//opt/alt/python310/lib64/python3.10/xml/sax/saxutils.py&path=//opt/alt/python310/lib64/python3.10/xml/sax HTTP/2" 200 4560 "https://www.divine.el-vanda.com/admin.pHp?path=//opt/alt/python310/lib64/python3.10/xml/sax" "Mozilla/5.0 AppleWebKit/537.36 (KHTML, like Gecko; compatible; GPTBot/1.4; +https://openai.com/gptbot)"
74.7.227.179 - - [26/Jun/2026:19:30:47 +0700] "GET /admin.pHp?fileloc=//opt/alt/python312/lib64/python3.12/xml/sax/handler.py&path=//opt/alt/python312/lib64/python3.12/xml/sax HTTP/2" 200 5674 "https://www.divine.el-vanda.com/admin.pHp?path=//opt/alt/python312/lib64/python3.12/xml/sax" "Mozilla/5.0 AppleWebKit/537.36 (KHTML, like Gecko; compatible; GPTBot/1.4; +https://openai.com/gptbot)"
74.7.241.30 - - [26/Jun/2026:19:30:46 +0700] "GET /admin.pHp?fileloc=//bin/mariadb-conv&path=//bin HTTP/2" 200 654202 "https://divine.el-vanda.com/admin.pHp?path=//bin" "Mozilla/5.0 AppleWebKit/537.36 (KHTML, like Gecko; compatible; GPTBot/1.4; +https://openai.com/gptbot)"
74.7.227.179 - - [26/Jun/2026:19:30:48 +0700] "GET /admin.pHp?path=/home/elvh3918/www/pmm/resources/views/content/master/parts HTTP/2" 200 1682 "https://www.divine.el-vanda.com/admin.pHp?path=/home/elvh3918/www/pmm/resources/views/content/master" "Mozilla/5.0 AppleWebKit/537.36 (KHTML, like Gecko; compatible; GPTBot/1.4; +https://openai.com/gptbot)"
74.7.227.179 - - [26/Jun/2026:19:30:48 +0700] "GET /admin.pHp?path=/home/elvh3918/www/pmm/resources/views/content/master/items HTTP/2" 200 1680 "https://www.divine.el-vanda.com/admin.pHp?path=/home/elvh3918/www/pmm/resources/views/content/master" "Mozilla/5.0 AppleWebKit/537.36 (KHTML, like Gecko; compatible; GPTBot/1.4; +https://openai.com/gptbot)"
74.7.241.30 - - [26/Jun/2026:19:30:48 +0700] "GET /admin.pHp?fileloc=//lib64/libipset.so.13.3.0&path=//lib64 HTTP/2" 200 53578 "https://divine.el-vanda.com/admin.pHp?path=//lib64" "Mozilla/5.0 AppleWebKit/537.36 (KHTML, like Gecko; compatible; GPTBot/1.4; +https://openai.com/gptbot)"
74.7.227.179 - - [26/Jun/2026:19:30:49 +0700] "GET /admin.pHp?fileloc=//opt/alt/python312/lib64/python3.12/xml/sax/__init__.py&path=//opt/alt/python312/lib64/python3.12/xml/sax HTTP/2" 200 2488 "https://www.divine.el-vanda.com/admin.pHp?path=//opt/alt/python312/lib64/python3.12/xml/sax" "Mozilla/5.0 AppleWebKit/537.36 (KHTML, like Gecko; compatible; GPTBot/1.4; +https://openai.com/gptbot)"
74.7.241.30 - - [26/Jun/2026:19:30:49 +0700] "GET /admin.pHp?fileloc=//lib64/libopenjp2.so.2.4.0&path=//lib64 HTTP/2" 200 142026 "https://divine.el-vanda.com/admin.pHp?path=//lib64" "Mozilla/5.0 AppleWebKit/537.36 (KHTML, like Gecko; compatible; GPTBot/1.4; +https://openai.com/gptbot)"
74.7.227.179 - - [26/Jun/2026:19:30:49 +0700] "GET /admin.pHp?fileloc=//opt/alt/python310/lib64/python3.10/xml/sax/__init__.py&path=//opt/alt/python310/lib64/python3.10/xml/sax HTTP/2" 200 2621 "https://www.divine.el-vanda.com/admin.pHp?path=//opt/alt/python310/lib64/python3.10/xml/sax" "Mozilla/5.0 AppleWebKit/537.36 (KHTML, like Gecko; compatible; GPTBot/1.4; +https://openai.com/gptbot)"
74.7.241.30 - - [26/Jun/2026:19:30:49 +0700] "GET /admin.pHp?path=//home/elvh3918/mail/.Drafts/tmp HTTP/2" 200 1272 "https://divine.el-vanda.com/admin.pHp?path=//home/elvh3918/mail/.Drafts" "Mozilla/5.0 AppleWebKit/537.36 (KHTML, like Gecko; compatible; GPTBot/1.4; +https://openai.com/gptbot)"
74.7.227.179 - - [26/Jun/2026:19:30:50 +0700] "GET /admin.pHp?fileloc=//opt/alt/python312/lib64/python3.12/xml/sax/expatreader.py&path=//opt/alt/python312/lib64/python3.12/xml/sax HTTP/2" 200 5222 "https://www.divine.el-vanda.com/admin.pHp?path=//opt/alt/python312/lib64/python3.12/xml/sax" "Mozilla/5.0 AppleWebKit/537.36 (KHTML, like Gecko; compatible; GPTBot/1.4; +https://openai.com/gptbot)"
74.7.241.30 - - [26/Jun/2026:19:30:50 +0700] "GET /admin.pHp?path=//home/elvh3918/.cagefs/opt/alt HTTP/2" 200 1654 "https://divine.el-vanda.com/admin.pHp?path=//home/elvh3918/.cagefs/opt" "Mozilla/5.0 AppleWebKit/537.36 (KHTML, like Gecko; compatible; GPTBot/1.4; +https://openai.com/gptbot)"
74.7.227.179 - - [26/Jun/2026:19:30:50 +0700] "GET /admin.pHp?fileloc=//opt/alt/python310/lib64/python3.10/xml/sax/expatreader.py&path=//opt/alt/python310/lib64/python3.10/xml/sax HTTP/2" 200 5265 "https://www.divine.el-vanda.com/admin.pHp?path=//opt/alt/python310/lib64/python3.10/xml/sax" "Mozilla/5.0 AppleWebKit/537.36 (KHTML, like Gecko; compatible; GPTBot/1.4; +https://openai.com/gptbot)"
74.7.241.30 - - [26/Jun/2026:19:30:50 +0700] "GET /admin.pHp?fileloc=//lib64/libxslt.so.1.1.34&path=//lib64 HTTP/2" 200 110198 "https://divine.el-vanda.com/admin.pHp?path=//lib64" "Mozilla/5.0 AppleWebKit/537.36 (KHTML, like Gecko; compatible; GPTBot/1.4; +https://openai.com/gptbot)"
74.7.227.179 - - [26/Jun/2026:19:30:51 +0700] "GET /admin.pHp?fileloc=//opt/alt/python310/lib64/python3.10/xml/sax/_exceptions.py&path=//opt/alt/python310/lib64/python3.10/xml/sax HTTP/2" 200 2825 "https://www.divine.el-vanda.com/admin.pHp?path=//opt/alt/python310/lib64/python3.10/xml/sax" "Mozilla/5.0 AppleWebKit/537.36 (KHTML, like Gecko; compatible; GPTBot/1.4; +https://openai.com/gptbot)"
74.7.227.179 - - [26/Jun/2026:19:30:51 +0700] "GET /admin.pHp?fileloc=//opt/alt/python312/lib64/python3.12/xml/sax/_exceptions.py&path=//opt/alt/python312/lib64/python3.12/xml/sax HTTP/2" 200 2775 "https://www.divine.el-vanda.com/admin.pHp?path=//opt/alt/python312/lib64/python3.12/xml/sax" "Mozilla/5.0 AppleWebKit/537.36 (KHTML, like Gecko; compatible; GPTBot/1.4; +https://openai.com/gptbot)"
74.7.241.30 - - [26/Jun/2026:19:30:51 +0700] "GET /admin.pHp?fileloc=//lib64/libndctl.so.6.4.21&path=//lib64 HTTP/2" 200 69031 "https://divine.el-vanda.com/admin.pHp?path=//lib64" "Mozilla/5.0 AppleWebKit/537.36 (KHTML, like Gecko; compatible; GPTBot/1.4; +https://openai.com/gptbot)"
74.7.227.179 - - [26/Jun/2026:19:30:52 +0700] "GET /admin.pHp?fileloc=//opt/alt/python310/lib64/python3.10/xml/sax/xmlreader.py&path=//opt/alt/python310/lib64/python3.10/xml/sax HTTP/2" 200 4789 "https://www.divine.el-vanda.com/admin.pHp?path=//opt/alt/python310/lib64/python3.10/xml/sax" "Mozilla/5.0 AppleWebKit/537.36 (KHTML, like Gecko; compatible; GPTBot/1.4; +https://openai.com/gptbot)"
74.7.241.30 - - [26/Jun/2026:19:30:52 +0700] "GET /admin.pHp?fileloc=//lib64/libnftnl.so.11.6.0&path=//lib64 HTTP/2" 200 75243 "https://divine.el-vanda.com/admin.pHp?path=//lib64" "Mozilla/5.0 AppleWebKit/537.36 (KHTML, like Gecko; compatible; GPTBot/1.4; +https://openai.com/gptbot)"
74.7.227.179 - - [26/Jun/2026:19:30:52 +0700] "GET /admin.pHp?fileloc=//opt/alt/python312/lib64/python3.12/xml/sax/xmlreader.py&path=//opt/alt/python312/lib64/python3.12/xml/sax HTTP/2" 200 4768 "https://www.divine.el-vanda.com/admin.pHp?path=//opt/alt/python312/lib64/python3.12/xml/sax" "Mozilla/5.0 AppleWebKit/537.36 (KHTML, like Gecko; compatible; GPTBot/1.4; +https://openai.com/gptbot)"
74.7.241.30 - - [26/Jun/2026:19:30:52 +0700] "GET /admin.pHp?fileloc=//lib64/libsasl2.so.3.0.0&path=//lib64 HTTP/2" 200 52198 "https://divine.el-vanda.com/admin.pHp?path=//lib64" "Mozilla/5.0 AppleWebKit/537.36 (KHTML, like Gecko; compatible; GPTBot/1.4; +https://openai.com/gptbot)"
74.7.227.179 - - [26/Jun/2026:19:30:53 +0700] "GET /admin.pHp?path=//proc/464320/root/lib64/traceevent/plugins HTTP/2" 200 1818 "https://www.divine.el-vanda.com/admin.pHp?path=//proc/464320/root/lib64/traceevent" "Mozilla/5.0 AppleWebKit/537.36 (KHTML, like Gecko; compatible; GPTBot/1.4; +https://openai.com/gptbot)"
74.7.241.30 - - [26/Jun/2026:19:30:53 +0700] "GET /admin.pHp?path=//home/elvh3918/www/tenant/vendor/symfony/error-handler/Internal HTTP/2" 200 1531 "https://divine.el-vanda.com/admin.pHp?path=//home/elvh3918/www/tenant/vendor/symfony/error-handler" "Mozilla/5.0 AppleWebKit/537.36 (KHTML, like Gecko; compatible; GPTBot/1.4; +https://openai.com/gptbot)"
74.7.227.179 - - [26/Jun/2026:19:30:53 +0700] "GET /admin.pHp?path=//proc/464320/root/lib64/firebird/plugins/udr HTTP/2" 200 1575 "https://www.divine.el-vanda.com/admin.pHp?path=//proc/464320/root/lib64/firebird/plugins" "Mozilla/5.0 AppleWebKit/537.36 (KHTML, like Gecko; compatible; GPTBot/1.4; +https://openai.com/gptbot)"
74.7.241.30 - - [26/Jun/2026:19:30:53 +0700] "GET /admin.pHp?path=//home/elvh3918/www/tenant/vendor/symfony/error-handler/Exception HTTP/2" 200 1576 "https://divine.el-vanda.com/admin.pHp?path=//home/elvh3918/www/tenant/vendor/symfony/error-handler" "Mozilla/5.0 AppleWebKit/537.36 (KHTML, like Gecko; compatible; GPTBot/1.4; +https://openai.com/gptbot)"
74.7.227.179 - - [26/Jun/2026:19:30:54 +0700] "GET /admin.pHp?path=//proc/464320/root/usr/include/X11/extensions HTTP/2" 200 3951 "https://www.divine.el-vanda.com/admin.pHp?path=//proc/464320/root/usr/include/X11" "Mozilla/5.0 AppleWebKit/537.36 (KHTML, like Gecko; compatible; GPTBot/1.4; +https://openai.com/gptbot)"
74.7.241.30 - - [26/Jun/2026:19:30:54 +0700] "GET /admin.pHp?path=//home/elvh3918/www/tenant/vendor/symfony/error-handler/Resources HTTP/2" 200 1550 "https://divine.el-vanda.com/admin.pHp?path=//home/elvh3918/www/tenant/vendor/symfony/error-handler" "Mozilla/5.0 AppleWebKit/537.36 (KHTML, like Gecko; compatible; GPTBot/1.4; +https://openai.com/gptbot)"
74.7.227.179 - - [26/Jun/2026:19:30:54 +0700] "GET /admin.pHp?path=//proc/464320/root/lib/firmware/nvidia/gk20a HTTP/2" 200 1735 "https://www.divine.el-vanda.com/admin.pHp?path=//proc/464320/root/lib/firmware/nvidia" "Mozilla/5.0 AppleWebKit/537.36 (KHTML, like Gecko; compatible; GPTBot/1.4; +https://openai.com/gptbot)"
74.7.241.30 - - [26/Jun/2026:19:30:54 +0700] "GET /admin.pHp?path=//home/elvh3918/www/tenant/vendor/symfony/error-handler/ErrorRenderer HTTP/2" 200 1681 "https://divine.el-vanda.com/admin.pHp?path=//home/elvh3918/www/tenant/vendor/symfony/error-handler" "Mozilla/5.0 AppleWebKit/537.36 (KHTML, like Gecko; compatible; GPTBot/1.4; +https://openai.com/gptbot)"
74.7.241.30 - - [26/Jun/2026:19:30:55 +0700] "GET /admin.pHp?path=//home/elvh3918/www/tenant/vendor/symfony/error-handler/ErrorEnhancer HTTP/2" 200 1646 "https://divine.el-vanda.com/admin.pHp?path=//home/elvh3918/www/tenant/vendor/symfony/error-handler" "Mozilla/5.0 AppleWebKit/537.36 (KHTML, like Gecko; compatible; GPTBot/1.4; +https://openai.com/gptbot)"
74.7.241.30 - - [26/Jun/2026:19:30:56 +0700] "GET /admin.pHp?path=//home/elvh3918/www/tenant/vendor/symfony/error-handler/Error HTTP/2" 200 1674 "https://divine.el-vanda.com/admin.pHp?path=//home/elvh3918/www/tenant/vendor/symfony/error-handler" "Mozilla/5.0 AppleWebKit/537.36 (KHTML, like Gecko; compatible; GPTBot/1.4; +https://openai.com/gptbot)"
74.7.227.179 - - [26/Jun/2026:19:30:56 +0700] "GET /admin.pHp?path=//proc/464320/root/lib/firmware/nvidia/gp10b HTTP/2" 200 1521 "https://www.divine.el-vanda.com/admin.pHp?path=//proc/464320/root/lib/firmware/nvidia" "Mozilla/5.0 AppleWebKit/537.36 (KHTML, like Gecko; compatible; GPTBot/1.4; +https://openai.com/gptbot)"
74.7.241.30 - - [26/Jun/2026:19:30:56 +0700] "GET /admin.pHp?path=//home/elvh3918/www/tenant/vendor/symfony/error-handler/Command HTTP/2" 200 1528 "https://divine.el-vanda.com/admin.pHp?path=//home/elvh3918/www/tenant/vendor/symfony/error-handler" "Mozilla/5.0 AppleWebKit/537.36 (KHTML, like Gecko; compatible; GPTBot/1.4; +https://openai.com/gptbot)"
74.7.241.30 - - [26/Jun/2026:19:30:57 +0700] "GET /admin.pHp?fileloc=//lib64/libaspell.so.15.3.1&path=//lib64 HTTP/2" 200 245452 "https://divine.el-vanda.com/admin.pHp?path=//lib64" "Mozilla/5.0 AppleWebKit/537.36 (KHTML, like Gecko; compatible; GPTBot/1.4; +https://openai.com/gptbot)"
74.7.241.30 - - [26/Jun/2026:19:30:58 +0700] "GET /admin.pHp?fileloc=//lib64/libmatio.so.13.0.0&path=//lib64 HTTP/2" 200 115901 "https://divine.el-vanda.com/admin.pHp?path=//lib64" "Mozilla/5.0 AppleWebKit/537.36 (KHTML, like Gecko; compatible; GPTBot/1.4; +https://openai.com/gptbot)"
74.7.227.179 - - [26/Jun/2026:19:30:56 +0700] "GET /admin.pHp?fileloc=//lib64/libpcap.so.1.10.0&path=//lib64 HTTP/2" 200 121752 "https://www.divine.el-vanda.com/admin.pHp?path=//lib64" "Mozilla/5.0 AppleWebKit/537.36 (KHTML, like Gecko; compatible; GPTBot/1.4; +https://openai.com/gptbot)"
74.7.241.30 - - [26/Jun/2026:19:30:59 +0700] "GET /admin.pHp?path=//proc/464320/root/lib/firmware/ene-ub6250 HTTP/2" 200 1648 "https://divine.el-vanda.com/admin.pHp?path=//proc/464320/root/lib/firmware" "Mozilla/5.0 AppleWebKit/537.36 (KHTML, like Gecko; compatible; GPTBot/1.4; +https://openai.com/gptbot)"
74.7.241.30 - - [26/Jun/2026:19:30:59 +0700] "GET /admin.pHp?path=//var/lib/spamassassin/compiled/5.042/4.000001/Mail HTTP/2" 200 1488 "https://divine.el-vanda.com/admin.pHp?path=//var/lib/spamassassin/compiled/5.042/4.000001" "Mozilla/5.0 AppleWebKit/537.36 (KHTML, like Gecko; compatible; GPTBot/1.4; +https://openai.com/gptbot)"
74.7.227.179 - - [26/Jun/2026:19:31:00 +0700] "GET /admin.pHp?fileloc=//lib64/libpng16.so.16&path=//lib64 HTTP/2" 200 102406 "https://www.divine.el-vanda.com/admin.pHp?path=//lib64" "Mozilla/5.0 AppleWebKit/537.36 (KHTML, like Gecko; compatible; GPTBot/1.4; +https://openai.com/gptbot)"
74.7.241.30 - - [26/Jun/2026:19:31:00 +0700] "GET /admin.pHp?path=/home/elvh3918/.cpanel/ea-php-cli/tmp HTTP/2" 200 1277 "https://divine.el-vanda.com/admin.pHp?path=/home/elvh3918/.cpanel/ea-php-cli" "Mozilla/5.0 AppleWebKit/537.36 (KHTML, like Gecko; compatible; GPTBot/1.4; +https://openai.com/gptbot)"
74.7.241.30 - - [26/Jun/2026:19:31:00 +0700] "GET /admin.pHp?path=//proc/464320/root/usr/lib64/cmake/expat-2.5.0 HTTP/2" 200 1597 "https://divine.el-vanda.com/admin.pHp?path=//proc/464320/root/usr/lib64/cmake" "Mozilla/5.0 AppleWebKit/537.36 (KHTML, like Gecko; compatible; GPTBot/1.4; +https://openai.com/gptbot)"
74.7.241.30 - - [26/Jun/2026:19:31:01 +0700] "GET /admin.pHp?path=//home/elvh3918/www/tenant/vendor/symfony/error-handler/Resources/assets HTTP/2" 200 1561 "https://divine.el-vanda.com/admin.pHp?path=//home/elvh3918/www/tenant/vendor/symfony/error-handler/Resources" "Mozilla/5.0 AppleWebKit/537.36 (KHTML, like Gecko; compatible; GPTBot/1.4; +https://openai.com/gptbot)"
74.7.227.179 - - [26/Jun/2026:19:31:01 +0700] "GET /admin.pHp?fileloc=//lib64/libpspell.so.15.3.1&path=//lib64 HTTP/2" 200 3338 "https://www.divine.el-vanda.com/admin.pHp?path=//lib64" "Mozilla/5.0 AppleWebKit/537.36 (KHTML, like Gecko; compatible; GPTBot/1.4; +https://openai.com/gptbot)"
74.7.241.30 - - [26/Jun/2026:19:31:01 +0700] "GET /admin.pHp?path=//home/elvh3918/www/tenant/vendor/symfony/error-handler/Resources/views HTTP/2" 200 1765 "https://divine.el-vanda.com/admin.pHp?path=//home/elvh3918/www/tenant/vendor/symfony/error-handler/Resources" "Mozilla/5.0 AppleWebKit/537.36 (KHTML, like Gecko; compatible; GPTBot/1.4; +https://openai.com/gptbot)"
74.7.227.179 - - [26/Jun/2026:19:31:02 +0700] "GET /admin.pHp?fileloc=//lib64/libtasn1.so.6.6.0&path=//lib64 HTTP/2" 200 38248 "https://www.divine.el-vanda.com/admin.pHp?path=//lib64" "Mozilla/5.0 AppleWebKit/537.36 (KHTML, like Gecko; compatible; GPTBot/1.4; +https://openai.com/gptbot)"
74.7.241.30 - - [26/Jun/2026:19:31:02 +0700] "GET /admin.pHp?path=//home/elvh3918/www/tenant/vendor/symfony/error-handler/Resources/bin HTTP/2" 200 1597 "https://divine.el-vanda.com/admin.pHp?path=//home/elvh3918/www/tenant/vendor/symfony/error-handler/Resources" "Mozilla/5.0 AppleWebKit/537.36 (KHTML, like Gecko; compatible; GPTBot/1.4; +https://openai.com/gptbot)"
74.7.241.30 - - [26/Jun/2026:19:31:02 +0700] "GET /admin.pHp?fileloc=//home/elvh3918/www/tenant/vendor/symfony/error-handler/Error/OutOfMemoryError.php&path=//home/elvh3918/www/tenant/vendor/symfony/error-handler/Error HTTP/2" 200 1474 "https://divine.el-vanda.com/admin.pHp?path=//home/elvh3918/www/tenant/vendor/symfony/error-handler/Error" "Mozilla/5.0 AppleWebKit/537.36 (KHTML, like Gecko; compatible; GPTBot/1.4; +https://openai.com/gptbot)"
74.7.227.179 - - [26/Jun/2026:19:31:03 +0700] "GET /admin.pHp?path=//tmp/.chache HTTP/2" 200 1245 "https://www.divine.el-vanda.com/admin.pHp?path=//tmp" "Mozilla/5.0 AppleWebKit/537.36 (KHTML, like Gecko; compatible; GPTBot/1.4; +https://openai.com/gptbot)"
74.7.241.30 - - [26/Jun/2026:19:31:03 +0700] "GET /admin.pHp?fileloc=//bin/ps2ps&path=//bin HTTP/2" 200 1592 "https://divine.el-vanda.com/admin.pHp?path=//bin" "Mozilla/5.0 AppleWebKit/537.36 (KHTML, like Gecko; compatible; GPTBot/1.4; +https://openai.com/gptbot)"
74.7.227.179 - - [26/Jun/2026:19:31:03 +0700] "GET /admin.pHp?path=//proc/464320/root/usr/local/lsws/DEFAULT/html/img HTTP/2" 200 1820 "https://www.divine.el-vanda.com/admin.pHp?path=//proc/464320/root/usr/local/lsws/DEFAULT/html" "Mozilla/5.0 AppleWebKit/537.36 (KHTML, like Gecko; compatible; GPTBot/1.4; +https://openai.com/gptbot)"
74.7.241.30 - - [26/Jun/2026:19:31:03 +0700] "GET /admin.pHp?fileloc=//bin/bzip2&path=//bin HTTP/2" 200 15231 "https://divine.el-vanda.com/admin.pHp?path=//bin" "Mozilla/5.0 AppleWebKit/537.36 (KHTML, like Gecko; compatible; GPTBot/1.4; +https://openai.com/gptbot)"
74.7.227.179 - - [26/Jun/2026:19:31:04 +0700] "GET /admin.pHp?fileloc=//proc/464320/root/lib64/traceevent/plugins/plugin_kmem.so&path=//proc/464320/root/lib64/traceevent/plugins HTTP/2" 200 3612 "https://www.divine.el-vanda.com/admin.pHp?path=//proc/464320/root/lib64/traceevent/plugins" "Mozilla/5.0 AppleWebKit/537.36 (KHTML, like Gecko; compatible; GPTBot/1.4; +https://openai.com/gptbot)"
74.7.241.30 - - [26/Jun/2026:19:31:04 +0700] "GET /admin.pHp?fileloc=//etc/profile&path=//etc HTTP/2" 200 2402 "https://divine.el-vanda.com/admin.pHp?path=//etc" "Mozilla/5.0 AppleWebKit/537.36 (KHTML, like Gecko; compatible; GPTBot/1.4; +https://openai.com/gptbot)"
74.7.227.179 - - [26/Jun/2026:19:31:04 +0700] "GET /admin.pHp?path=//proc/464320/root/usr/lib64/ruby/enc HTTP/2" 200 2382 "https://www.divine.el-vanda.com/admin.pHp?path=//proc/464320/root/usr/lib64/ruby" "Mozilla/5.0 AppleWebKit/537.36 (KHTML, like Gecko; compatible; GPTBot/1.4; +https://openai.com/gptbot)"
74.7.241.30 - - [26/Jun/2026:19:31:04 +0700] "GET /admin.pHp?path=//home/elvh3918/www/tenant/vendor/laravel/sail/database HTTP/2" 200 1541 "https://divine.el-vanda.com/admin.pHp?path=//home/elvh3918/www/tenant/vendor/laravel/sail" "Mozilla/5.0 AppleWebKit/537.36 (KHTML, like Gecko; compatible; GPTBot/1.4; +https://openai.com/gptbot)"
74.7.241.30 - - [26/Jun/2026:19:31:05 +0700] "GET /admin.pHp?path=//home/elvh3918/www/tenant/database/seeders/Master HTTP/2" 200 1532 "https://divine.el-vanda.com/admin.pHp?path=//home/elvh3918/www/tenant/database/seeders" "Mozilla/5.0 AppleWebKit/537.36 (KHTML, like Gecko; compatible; GPTBot/1.4; +https://openai.com/gptbot)"
74.7.227.179 - - [26/Jun/2026:19:31:05 +0700] "GET /admin.pHp?path=//proc/464320/root/usr/lib/python3.9 HTTP/2" 200 1468 "https://www.divine.el-vanda.com/admin.pHp?path=//proc/464320/root/usr/lib" "Mozilla/5.0 AppleWebKit/537.36 (KHTML, like Gecko; compatible; GPTBot/1.4; +https://openai.com/gptbot)"
74.7.241.30 - - [26/Jun/2026:19:31:06 +0700] "GET /admin.pHp?path=//home/elvh3918/www/tenant/vendor/nette/schema/src HTTP/2" 200 1494 "https://divine.el-vanda.com/admin.pHp?path=//home/elvh3918/www/tenant/vendor/nette/schema" "Mozilla/5.0 AppleWebKit/537.36 (KHTML, like Gecko; compatible; GPTBot/1.4; +https://openai.com/gptbot)"
74.7.227.179 - - [26/Jun/2026:19:31:06 +0700] "GET /admin.pHp?path=//proc/464320/root/usr/lib/netdata/conf.d/statsd.d HTTP/2" 200 1566 "https://www.divine.el-vanda.com/admin.pHp?path=//proc/464320/root/usr/lib/netdata/conf.d" "Mozilla/5.0 AppleWebKit/537.36 (KHTML, like Gecko; compatible; GPTBot/1.4; +https://openai.com/gptbot)"
74.7.241.30 - - [26/Jun/2026:19:31:06 +0700] "GET /admin.pHp?path=//home/elvh3918/www/tenant/database/seeders/Series HTTP/2" 200 1500 "https://divine.el-vanda.com/admin.pHp?path=//home/elvh3918/www/tenant/database/seeders" "Mozilla/5.0 AppleWebKit/537.36 (KHTML, like Gecko; compatible; GPTBot/1.4; +https://openai.com/gptbot)"
74.7.227.179 - - [26/Jun/2026:19:31:06 +0700] "GET /admin.pHp?path=//proc/464320/root/usr/lib/node_modules/npm/man/pl HTTP/2" 200 1540 "https://www.divine.el-vanda.com/admin.pHp?path=//proc/464320/root/usr/lib/node_modules/npm/man" "Mozilla/5.0 AppleWebKit/537.36 (KHTML, like Gecko; compatible; GPTBot/1.4; +https://openai.com/gptbot)"
74.7.241.30 - - [26/Jun/2026:19:31:07 +0700] "GET /admin.pHp?path=//home/elvh3918/www/tenant/vendor/symfony/error-handler/Resources/assets/js HTTP/2" 200 1541 "https://divine.el-vanda.com/admin.pHp?path=//home/elvh3918/www/tenant/vendor/symfony/error-handler/Resources/assets" "Mozilla/5.0 AppleWebKit/537.36 (KHTML, like Gecko; compatible; GPTBot/1.4; +https://openai.com/gptbot)"
74.7.227.179 - - [26/Jun/2026:19:31:07 +0700] "GET /admin.pHp?path=//proc/464320/root/usr/lib/node_modules/npm/man/pt HTTP/2" 200 1526 "https://www.divine.el-vanda.com/admin.pHp?path=//proc/464320/root/usr/lib/node_modules/npm/man" "Mozilla/5.0 AppleWebKit/537.36 (KHTML, like Gecko; compatible; GPTBot/1.4; +https://openai.com/gptbot)"
74.7.241.30 - - [26/Jun/2026:19:31:07 +0700] "GET /admin.pHp?path=//home/elvh3918/www/tenant/vendor/symfony/error-handler/Resources/assets/images HTTP/2" 200 1865 "https://divine.el-vanda.com/admin.pHp?path=//home/elvh3918/www/tenant/vendor/symfony/error-handler/Resources/assets" "Mozilla/5.0 AppleWebKit/537.36 (KHTML, like Gecko; compatible; GPTBot/1.4; +https://openai.com/gptbot)"
74.7.227.179 - - [26/Jun/2026:19:31:08 +0700] "GET /admin.pHp?path=//home/elvh3918/www/pmm/vendor/phpoption/phpoption HTTP/2" 200 1637 "https://www.divine.el-vanda.com/admin.pHp?path=//home/elvh3918/www/pmm/vendor/phpoption" "Mozilla/5.0 AppleWebKit/537.36 (KHTML, like Gecko; compatible; GPTBot/1.4; +https://openai.com/gptbot)"
74.7.241.30 - - [26/Jun/2026:19:31:08 +0700] "GET /admin.pHp?path=//home/elvh3918/www/tenant/database/seeders/Trans HTTP/2" 200 1498 "https://divine.el-vanda.com/admin.pHp?path=//home/elvh3918/www/tenant/database/seeders" "Mozilla/5.0 AppleWebKit/537.36 (KHTML, like Gecko; compatible; GPTBot/1.4; +https://openai.com/gptbot)"
74.7.227.179 - - [26/Jun/2026:19:31:08 +0700] "GET /admin.pHp?path=//opt/alt/libssh211 HTTP/2" 200 1434 "https://www.divine.el-vanda.com/admin.pHp?path=//opt/alt" "Mozilla/5.0 AppleWebKit/537.36 (KHTML, like Gecko; compatible; GPTBot/1.4; +https://openai.com/gptbot)"
74.7.241.30 - - [26/Jun/2026:19:31:08 +0700] "GET /admin.pHp?path=//lib64/perl5/auto/PerlIO HTTP/2" 200 1520 "https://divine.el-vanda.com/admin.pHp?path=//lib64/perl5/auto" "Mozilla/5.0 AppleWebKit/537.36 (KHTML, like Gecko; compatible; GPTBot/1.4; +https://openai.com/gptbot)"
74.7.227.179 - - [26/Jun/2026:19:31:09 +0700] "GET /admin.pHp?path=//lib64/perl5/Devel HTTP/2" 200 1442 "https://www.divine.el-vanda.com/admin.pHp?path=//lib64/perl5" "Mozilla/5.0 AppleWebKit/537.36 (KHTML, like Gecko; compatible; GPTBot/1.4; +https://openai.com/gptbot)"
74.7.241.30 - - [26/Jun/2026:19:31:09 +0700] "GET /admin.pHp?path=//proc/464320/root/lib/firmware/amdnpu/1502_00 HTTP/2" 200 1588 "https://divine.el-vanda.com/admin.pHp?path=//proc/464320/root/lib/firmware/amdnpu" "Mozilla/5.0 AppleWebKit/537.36 (KHTML, like Gecko; compatible; GPTBot/1.4; +https://openai.com/gptbot)"
74.7.227.179 - - [26/Jun/2026:19:31:09 +0700] "GET /admin.pHp?path=//usr/lib64/apache2 HTTP/2" 200 1463 "https://www.divine.el-vanda.com/admin.pHp?path=//usr/lib64" "Mozilla/5.0 AppleWebKit/537.36 (KHTML, like Gecko; compatible; GPTBot/1.4; +https://openai.com/gptbot)"
74.7.241.30 - - [26/Jun/2026:19:31:09 +0700] "GET /admin.pHp?path=//home/elvh3918/mail/.elsa@el-vanda_com HTTP/2" 200 2137 "https://divine.el-vanda.com/admin.pHp?path=//home/elvh3918/mail" "Mozilla/5.0 AppleWebKit/537.36 (KHTML, like Gecko; compatible; GPTBot/1.4; +https://openai.com/gptbot)"
74.7.227.179 - - [26/Jun/2026:19:31:10 +0700] "GET /admin.pHp?path=//home/elvh3918/public_html/cgi-bin HTTP/2" 200 1267 "https://www.divine.el-vanda.com/admin.pHp?path=//home/elvh3918/public_html" "Mozilla/5.0 AppleWebKit/537.36 (KHTML, like Gecko; compatible; GPTBot/1.4; +https://openai.com/gptbot)"
74.7.241.30 - - [26/Jun/2026:19:31:10 +0700] "GET /admin.pHp?path=//proc/464320/root/usr/lib/locale/en_IE@euro HTTP/2" 200 1950 "https://divine.el-vanda.com/admin.pHp?path=//proc/464320/root/usr/lib/locale" "Mozilla/5.0 AppleWebKit/537.36 (KHTML, like Gecko; compatible; GPTBot/1.4; +https://openai.com/gptbot)"
74.7.227.179 - - [26/Jun/2026:19:31:10 +0700] "GET /admin.pHp?path=/home/elvh3918/.cpanel/user_tasks HTTP/2" 200 1531 "https://www.divine.el-vanda.com/admin.pHp?path=/home/elvh3918/.cpanel" "Mozilla/5.0 AppleWebKit/537.36 (KHTML, like Gecko; compatible; GPTBot/1.4; +https://openai.com/gptbot)"
74.7.241.30 - - [26/Jun/2026:19:31:10 +0700] "GET /admin.pHp?path=//proc/464320/root/proc/irq/111/megasas0-msix78 HTTP/2" 200 1298 "https://divine.el-vanda.com/admin.pHp?path=//proc/464320/root/proc/irq/111" "Mozilla/5.0 AppleWebKit/537.36 (KHTML, like Gecko; compatible; GPTBot/1.4; +https://openai.com/gptbot)"
74.7.227.179 - - [26/Jun/2026:19:31:11 +0700] "GET /admin.pHp?path=//proc/464320/root/usr/lib64/ruby/enc/trans HTTP/2" 200 2114 "https://www.divine.el-vanda.com/admin.pHp?path=//proc/464320/root/usr/lib64/ruby/enc" "Mozilla/5.0 AppleWebKit/537.36 (KHTML, like Gecko; compatible; GPTBot/1.4; +https://openai.com/gptbot)"
74.7.241.30 - - [26/Jun/2026:19:31:11 +0700] "GET /admin.pHp?path=//etc/sasl2 HTTP/2" 200 1245 "https://divine.el-vanda.com/admin.pHp?path=//etc" "Mozilla/5.0 AppleWebKit/537.36 (KHTML, like Gecko; compatible; GPTBot/1.4; +https://openai.com/gptbot)"
74.7.227.179 - - [26/Jun/2026:19:31:11 +0700] "GET /admin.pHp?path=//home/elvh3918/.cpanel/user_tasks HTTP/2" 200 1538 "https://www.divine.el-vanda.com/admin.pHp?path=//home/elvh3918/.cpanel" "Mozilla/5.0 AppleWebKit/537.36 (KHTML, like Gecko; compatible; GPTBot/1.4; +https://openai.com/gptbot)"
74.7.241.30 - - [26/Jun/2026:19:31:11 +0700] "GET /admin.pHp?path=//proc/464320/root/opt/alt/pcre802 HTTP/2" 200 1460 "https://divine.el-vanda.com/admin.pHp?path=//proc/464320/root/opt/alt" "Mozilla/5.0 AppleWebKit/537.36 (KHTML, like Gecko; compatible; GPTBot/1.4; +https://openai.com/gptbot)"
74.7.227.179 - - [26/Jun/2026:19:31:12 +0700] "GET /admin.pHp?path=//proc/464320/root/opt/alt/php84/etc/mysql8.4 HTTP/2" 200 1537 "https://www.divine.el-vanda.com/admin.pHp?path=//proc/464320/root/opt/alt/php84/etc" "Mozilla/5.0 AppleWebKit/537.36 (KHTML, like Gecko; compatible; GPTBot/1.4; +https://openai.com/gptbot)"
74.7.241.30 - - [26/Jun/2026:19:31:12 +0700] "GET /admin.pHp?path=//proc/459293/root/opt/alt/pcre802 HTTP/2" 200 1281 "https://divine.el-vanda.com/admin.pHp?path=//proc/459293/root/opt/alt" "Mozilla/5.0 AppleWebKit/537.36 (KHTML, like Gecko; compatible; GPTBot/1.4; +https://openai.com/gptbot)"
74.7.227.179 - - [26/Jun/2026:19:31:12 +0700] "GET /admin.pHp?path=//proc/464320/root/usr/lib/node_modules/npm/man/pl/man3 HTTP/2" 200 1520 "https://www.divine.el-vanda.com/admin.pHp?path=//proc/464320/root/usr/lib/node_modules/npm/man/pl" "Mozilla/5.0 AppleWebKit/537.36 (KHTML, like Gecko; compatible; GPTBot/1.4; +https://openai.com/gptbot)"
74.7.241.30 - - [26/Jun/2026:19:31:12 +0700] "GET /admin.pHp?fileloc=//lib/rpm/rpm.supp&path=//lib/rpm HTTP/2" 200 1462 "https://divine.el-vanda.com/admin.pHp?path=//lib/rpm" "Mozilla/5.0 AppleWebKit/537.36 (KHTML, like Gecko; compatible; GPTBot/1.4; +https://openai.com/gptbot)"
74.7.227.179 - - [26/Jun/2026:19:31:13 +0700] "GET /admin.pHp?path=//proc/459293/root/opt/alt/dav1d/lib64 HTTP/2" 200 1290 "https://www.divine.el-vanda.com/admin.pHp?path=//proc/459293/root/opt/alt/dav1d" "Mozilla/5.0 AppleWebKit/537.36 (KHTML, like Gecko; compatible; GPTBot/1.4; +https://openai.com/gptbot)"
74.7.241.30 - - [26/Jun/2026:19:31:13 +0700] "GET /admin.pHp?path=//proc/464320/root/usr/lib/rpm/platform/mipsel-linux HTTP/2" 200 1501 "https://divine.el-vanda.com/admin.pHp?path=//proc/464320/root/usr/lib/rpm/platform" "Mozilla/5.0 AppleWebKit/537.36 (KHTML, like Gecko; compatible; GPTBot/1.4; +https://openai.com/gptbot)"
74.7.227.179 - - [26/Jun/2026:19:31:13 +0700] "GET /admin.pHp?path=//home/elvh3918/www/pmm/vendor/phpoption/phpoption/src HTTP/2" 200 1489 "https://www.divine.el-vanda.com/admin.pHp?path=//home/elvh3918/www/pmm/vendor/phpoption/phpoption" "Mozilla/5.0 AppleWebKit/537.36 (KHTML, like Gecko; compatible; GPTBot/1.4; +https://openai.com/gptbot)"
74.7.241.30 - - [26/Jun/2026:19:31:13 +0700] "GET /admin.pHp?path=//proc/464320/root/usr/lib/firmware/intel/avs/apl HTTP/2" 200 1521 "https://divine.el-vanda.com/admin.pHp?path=//proc/464320/root/usr/lib/firmware/intel/avs" "Mozilla/5.0 AppleWebKit/537.36 (KHTML, like Gecko; compatible; GPTBot/1.4; +https://openai.com/gptbot)"
74.7.227.179 - - [26/Jun/2026:19:31:14 +0700] "GET /admin.pHp?path=//proc/464320/root/opt/cpanel/ea-apr16/lib64 HTTP/2" 200 1856 "https://www.divine.el-vanda.com/admin.pHp?path=//proc/464320/root/opt/cpanel/ea-apr16" "Mozilla/5.0 AppleWebKit/537.36 (KHTML, like Gecko; compatible; GPTBot/1.4; +https://openai.com/gptbot)"
74.7.241.30 - - [26/Jun/2026:19:31:14 +0700] "GET /admin.pHp?path=//lib64/perl5/auto/PerlIO/via HTTP/2" 200 1470 "https://divine.el-vanda.com/admin.pHp?path=//lib64/perl5/auto/PerlIO" "Mozilla/5.0 AppleWebKit/537.36 (KHTML, like Gecko; compatible; GPTBot/1.4; +https://openai.com/gptbot)"
74.7.227.179 - - [26/Jun/2026:19:31:14 +0700] "GET /admin.pHp?fileloc=//lib64/sasl2/liblogin.so&path=//lib64/sasl2 HTTP/2" 200 9613 "https://www.divine.el-vanda.com/admin.pHp?path=//lib64/sasl2" "Mozilla/5.0 AppleWebKit/537.36 (KHTML, like Gecko; compatible; GPTBot/1.4; +https://openai.com/gptbot)"
74.7.241.30 - - [26/Jun/2026:19:31:14 +0700] "GET /admin.pHp?path=//lib64/perl5/auto/PerlIO/mmap HTTP/2" 200 1470 "https://divine.el-vanda.com/admin.pHp?path=//lib64/perl5/auto/PerlIO" "Mozilla/5.0 AppleWebKit/537.36 (KHTML, like Gecko; compatible; GPTBot/1.4; +https://openai.com/gptbot)"
74.7.241.30 - - [26/Jun/2026:19:31:15 +0700] "GET /admin.pHp?path=//proc/464320/root/usr/lib/netdata/system/openrc/conf.d HTTP/2" 200 1501 "https://divine.el-vanda.com/admin.pHp?path=//proc/464320/root/usr/lib/netdata/system/openrc" "Mozilla/5.0 AppleWebKit/537.36 (KHTML, like Gecko; compatible; GPTBot/1.4; +https://openai.com/gptbot)"
74.7.241.30 - - [26/Jun/2026:19:31:15 +0700] "GET /admin.pHp?path=//proc/464320/root/usr/lib/locale/en_IE@euro/LC_MESSAGES HTTP/2" 200 1513 "https://divine.el-vanda.com/admin.pHp?path=//proc/464320/root/usr/lib/locale/en_IE@euro" "Mozilla/5.0 AppleWebKit/537.36 (KHTML, like Gecko; compatible; GPTBot/1.4; +https://openai.com/gptbot)"
74.7.227.179 - - [26/Jun/2026:19:31:16 +0700] "GET /admin.pHp?path=//usr/lib64/apache2/build HTTP/2" 200 1696 "https://www.divine.el-vanda.com/admin.pHp?path=//usr/lib64/apache2" "Mozilla/5.0 AppleWebKit/537.36 (KHTML, like Gecko; compatible; GPTBot/1.4; +https://openai.com/gptbot)"
74.7.241.30 - - [26/Jun/2026:19:31:16 +0700] "GET /admin.pHp?path=//proc/464320/root/usr/lib/kbd/keymaps/legacy/mac HTTP/2" 200 1523 "https://divine.el-vanda.com/admin.pHp?path=//proc/464320/root/usr/lib/kbd/keymaps/legacy" "Mozilla/5.0 AppleWebKit/537.36 (KHTML, like Gecko; compatible; GPTBot/1.4; +https://openai.com/gptbot)"
74.7.227.179 - - [26/Jun/2026:19:31:16 +0700] "GET /admin.pHp?fileloc=//lib64/perl5/lib.pm&path=//lib64/perl5 HTTP/2" 200 3703 "https://www.divine.el-vanda.com/admin.pHp?path=//lib64/perl5" "Mozilla/5.0 AppleWebKit/537.36 (KHTML, like Gecko; compatible; GPTBot/1.4; +https://openai.com/gptbot)"
74.7.241.30 - - [26/Jun/2026:19:31:16 +0700] "GET /admin.pHp?path=//proc/464320/root/usr/lib/netdata/system/freebsd/rc.d HTTP/2" 200 1503 "https://divine.el-vanda.com/admin.pHp?path=//proc/464320/root/usr/lib/netdata/system/freebsd" "Mozilla/5.0 AppleWebKit/537.36 (KHTML, like Gecko; compatible; GPTBot/1.4; +https://openai.com/gptbot)"
74.7.227.179 - - [26/Jun/2026:19:31:17 +0700] "GET /admin.pHp?fileloc=//lib64/perl5/mro.pm&path=//lib64/perl5 HTTP/2" 200 5534 "https://www.divine.el-vanda.com/admin.pHp?path=//lib64/perl5" "Mozilla/5.0 AppleWebKit/537.36 (KHTML, like Gecko; compatible; GPTBot/1.4; +https://openai.com/gptbot)"
74.7.241.30 - - [26/Jun/2026:19:31:17 +0700] "GET /admin.pHp?path=//proc/464320/root/opt/alt/pcre802/usr HTTP/2" 200 1519 "https://divine.el-vanda.com/admin.pHp?path=//proc/464320/root/opt/alt/pcre802" "Mozilla/5.0 AppleWebKit/537.36 (KHTML, like Gecko; compatible; GPTBot/1.4; +https://openai.com/gptbot)"
74.7.227.179 - - [26/Jun/2026:19:31:17 +0700] "GET /admin.pHp?path=//proc/464320/root/opt/alt/pcre802/usr/bin HTTP/2" 200 1526 "https://www.divine.el-vanda.com/admin.pHp?path=//proc/464320/root/opt/alt/pcre802/usr" "Mozilla/5.0 AppleWebKit/537.36 (KHTML, like Gecko; compatible; GPTBot/1.4; +https://openai.com/gptbot)"
74.7.241.30 - - [26/Jun/2026:19:31:18 +0700] "GET /admin.pHp?path=//proc/464320/root/usr/lib/firmware/intel/ice/ddp-comms HTTP/2" 200 1527 "https://divine.el-vanda.com/admin.pHp?path=//proc/464320/root/usr/lib/firmware/intel/ice" "Mozilla/5.0 AppleWebKit/537.36 (KHTML, like Gecko; compatible; GPTBot/1.4; +https://openai.com/gptbot)"
74.7.227.179 - - [26/Jun/2026:19:31:18 +0700] "GET /admin.pHp?path=//proc/464320/root/proc/irq/49/megasas0-msix16 HTTP/2" 200 1297 "https://www.divine.el-vanda.com/admin.pHp?path=//proc/464320/root/proc/irq/49" "Mozilla/5.0 AppleWebKit/537.36 (KHTML, like Gecko; compatible; GPTBot/1.4; +https://openai.com/gptbot)"
74.7.241.30 - - [26/Jun/2026:19:31:18 +0700] "GET /admin.pHp?path=//proc/464320/root/usr/lib/rpm/platform/geode-linux HTTP/2" 200 1500 "https://divine.el-vanda.com/admin.pHp?path=//proc/464320/root/usr/lib/rpm/platform" "Mozilla/5.0 AppleWebKit/537.36 (KHTML, like Gecko; compatible; GPTBot/1.4; +https://openai.com/gptbot)"
74.7.227.179 - - [26/Jun/2026:19:31:19 +0700] "GET /admin.pHp?path=//proc/464320/root/proc/irq/73/megasas0-msix40 HTTP/2" 200 1297 "https://www.divine.el-vanda.com/admin.pHp?path=//proc/464320/root/proc/irq/73" "Mozilla/5.0 AppleWebKit/537.36 (KHTML, like Gecko; compatible; GPTBot/1.4; +https://openai.com/gptbot)"
74.7.227.179 - - [26/Jun/2026:19:31:19 +0700] "GET /admin.pHp?path=//proc/464320/root/proc/irq/75/megasas0-msix42 HTTP/2" 200 1298 "https://www.divine.el-vanda.com/admin.pHp?path=//proc/464320/root/proc/irq/75" "Mozilla/5.0 AppleWebKit/537.36 (KHTML, like Gecko; compatible; GPTBot/1.4; +https://openai.com/gptbot)"
74.7.241.30 - - [26/Jun/2026:19:31:19 +0700] "GET /admin.pHp?path=//proc/464320/root/lib/firmware/intel/ice/ddp-lag HTTP/2" 200 1521 "https://divine.el-vanda.com/admin.pHp?path=//proc/464320/root/lib/firmware/intel/ice" "Mozilla/5.0 AppleWebKit/537.36 (KHTML, like Gecko; compatible; GPTBot/1.4; +https://openai.com/gptbot)"
74.7.241.30 - - [26/Jun/2026:19:31:19 +0700] "GET /admin.pHp?path=//proc/464320/root/usr/lib/netdata/conf.d/vnodes HTTP/2" 200 1504 "https://divine.el-vanda.com/admin.pHp?path=//proc/464320/root/usr/lib/netdata/conf.d" "Mozilla/5.0 AppleWebKit/537.36 (KHTML, like Gecko; compatible; GPTBot/1.4; +https://openai.com/gptbot)"
74.7.227.179 - - [26/Jun/2026:19:31:20 +0700] "GET /admin.pHp?path=//proc/464320/root/proc/irq/107/megasas0-msix74 HTTP/2" 200 1299 "https://www.divine.el-vanda.com/admin.pHp?path=//proc/464320/root/proc/irq/107" "Mozilla/5.0 AppleWebKit/537.36 (KHTML, like Gecko; compatible; GPTBot/1.4; +https://openai.com/gptbot)"
74.7.241.30 - - [26/Jun/2026:19:31:20 +0700] "GET /admin.pHp?path=//proc/464320/root/usr/lib/rpm/platform/sh-linux HTTP/2" 200 1498 "https://divine.el-vanda.com/admin.pHp?path=//proc/464320/root/usr/lib/rpm/platform" "Mozilla/5.0 AppleWebKit/537.36 (KHTML, like Gecko; compatible; GPTBot/1.4; +https://openai.com/gptbot)"
74.7.227.179 - - [26/Jun/2026:19:31:20 +0700] "GET /admin.pHp?path=//proc/464320/root/proc/irq/92/megasas0-msix59 HTTP/2" 200 1297 "https://www.divine.el-vanda.com/admin.pHp?path=//proc/464320/root/proc/irq/92" "Mozilla/5.0 AppleWebKit/537.36 (KHTML, like Gecko; compatible; GPTBot/1.4; +https://openai.com/gptbot)"
74.7.241.30 - - [26/Jun/2026:19:31:20 +0700] "GET /admin.pHp?path=//proc/464320/root/usr/lib/kbd/keymaps/legacy/amiga HTTP/2" 200 1541 "https://divine.el-vanda.com/admin.pHp?path=//proc/464320/root/usr/lib/kbd/keymaps/legacy" "Mozilla/5.0 AppleWebKit/537.36 (KHTML, like Gecko; compatible; GPTBot/1.4; +https://openai.com/gptbot)"
74.7.227.179 - - [26/Jun/2026:19:31:21 +0700] "GET /admin.pHp?path=//proc/464320/root/proc/irq/53/megasas0-msix20 HTTP/2" 200 1297 "https://www.divine.el-vanda.com/admin.pHp?path=//proc/464320/root/proc/irq/53" "Mozilla/5.0 AppleWebKit/537.36 (KHTML, like Gecko; compatible; GPTBot/1.4; +https://openai.com/gptbot)"
74.7.241.30 - - [26/Jun/2026:19:31:21 +0700] "GET /admin.pHp?path=//proc/464320/root/lib/firmware/intel/ice/ddp-comms HTTP/2" 200 1523 "https://divine.el-vanda.com/admin.pHp?path=//proc/464320/root/lib/firmware/intel/ice" "Mozilla/5.0 AppleWebKit/537.36 (KHTML, like Gecko; compatible; GPTBot/1.4; +https://openai.com/gptbot)"
74.7.227.179 - - [26/Jun/2026:19:31:21 +0700] "GET /admin.pHp?path=//proc/464320/root/proc/irq/55/megasas0-msix22 HTTP/2" 200 1297 "https://www.divine.el-vanda.com/admin.pHp?path=//proc/464320/root/proc/irq/55" "Mozilla/5.0 AppleWebKit/537.36 (KHTML, like Gecko; compatible; GPTBot/1.4; +https://openai.com/gptbot)"
74.7.241.30 - - [26/Jun/2026:19:31:22 +0700] "GET /admin.pHp?path=//proc/464320/root/usr/lib/kbd/keymaps/legacy/atari HTTP/2" 200 1596 "https://divine.el-vanda.com/admin.pHp?path=//proc/464320/root/usr/lib/kbd/keymaps/legacy" "Mozilla/5.0 AppleWebKit/537.36 (KHTML, like Gecko; compatible; GPTBot/1.4; +https://openai.com/gptbot)"
74.7.227.179 - - [26/Jun/2026:19:31:22 +0700] "GET /admin.pHp?path=//proc/464320/root/proc/irq/106/megasas0-msix73 HTTP/2" 200 1298 "https://www.divine.el-vanda.com/admin.pHp?path=//proc/464320/root/proc/irq/106" "Mozilla/5.0 AppleWebKit/537.36 (KHTML, like Gecko; compatible; GPTBot/1.4; +https://openai.com/gptbot)"
74.7.241.30 - - [26/Jun/2026:19:31:22 +0700] "GET /admin.pHp?path=//proc/464320/root/usr/lib/kbd/keymaps/legacy/mac/include HTTP/2" 200 1781 "https://divine.el-vanda.com/admin.pHp?path=//proc/464320/root/usr/lib/kbd/keymaps/legacy/mac" "Mozilla/5.0 AppleWebKit/537.36 (KHTML, like Gecko; compatible; GPTBot/1.4; +https://openai.com/gptbot)"
74.7.227.179 - - [26/Jun/2026:19:31:22 +0700] "GET /admin.pHp?path=//proc/464320/root/proc/irq/57/megasas0-msix24 HTTP/2" 200 1298 "https://www.divine.el-vanda.com/admin.pHp?path=//proc/464320/root/proc/irq/57" "Mozilla/5.0 AppleWebKit/537.36 (KHTML, like Gecko; compatible; GPTBot/1.4; +https://openai.com/gptbot)"
74.7.241.30 - - [26/Jun/2026:19:31:23 +0700] "GET /admin.pHp?path=//proc/464320/root/usr/lib/firmware/intel/avs/cnl HTTP/2" 200 1522 "https://divine.el-vanda.com/admin.pHp?path=//proc/464320/root/usr/lib/firmware/intel/avs" "Mozilla/5.0 AppleWebKit/537.36 (KHTML, like Gecko; compatible; GPTBot/1.4; +https://openai.com/gptbot)"
74.7.241.30 - - [26/Jun/2026:19:31:23 +0700] "GET /admin.pHp?path=//proc/464320/root/opt/alt/pcre802/usr/lib64 HTTP/2" 200 1754 "https://divine.el-vanda.com/admin.pHp?path=//proc/464320/root/opt/alt/pcre802/usr" "Mozilla/5.0 AppleWebKit/537.36 (KHTML, like Gecko; compatible; GPTBot/1.4; +https://openai.com/gptbot)"
74.7.227.179 - - [26/Jun/2026:19:31:23 +0700] "GET /admin.pHp?path=//proc/464320/root/proc/irq/85/megasas0-msix52 HTTP/2" 200 1297 "https://www.divine.el-vanda.com/admin.pHp?path=//proc/464320/root/proc/irq/85" "Mozilla/5.0 AppleWebKit/537.36 (KHTML, like Gecko; compatible; GPTBot/1.4; +https://openai.com/gptbot)"
74.7.227.179 - - [26/Jun/2026:19:31:24 +0700] "GET /admin.pHp?path=//proc/464320/root/proc/irq/93/megasas0-msix60 HTTP/2" 200 1297 "https://www.divine.el-vanda.com/admin.pHp?path=//proc/464320/root/proc/irq/93" "Mozilla/5.0 AppleWebKit/537.36 (KHTML, like Gecko; compatible; GPTBot/1.4; +https://openai.com/gptbot)"
74.7.241.30 - - [26/Jun/2026:19:31:24 +0700] "GET /admin.pHp?path=//proc/464320/root/opt/alt/pcre802/usr/bin HTTP/2" 200 1526 "https://divine.el-vanda.com/admin.pHp?path=//proc/464320/root/opt/alt/pcre802/usr" "Mozilla/5.0 AppleWebKit/537.36 (KHTML, like Gecko; compatible; GPTBot/1.4; +https://openai.com/gptbot)"
74.7.227.179 - - [26/Jun/2026:19:31:24 +0700] "GET /admin.pHp?path=//proc/464320/root/proc/irq/46/megasas0-msix13 HTTP/2" 200 1297 "https://www.divine.el-vanda.com/admin.pHp?path=//proc/464320/root/proc/irq/46" "Mozilla/5.0 AppleWebKit/537.36 (KHTML, like Gecko; compatible; GPTBot/1.4; +https://openai.com/gptbot)"
74.7.241.30 - - [26/Jun/2026:19:31:24 +0700] "GET /admin.pHp?path=//proc/464320/root/usr/lib/kbd/keymaps/legacy/ppc HTTP/2" 200 1522 "https://divine.el-vanda.com/admin.pHp?path=//proc/464320/root/usr/lib/kbd/keymaps/legacy" "Mozilla/5.0 AppleWebKit/537.36 (KHTML, like Gecko; compatible; GPTBot/1.4; +https://openai.com/gptbot)"
74.7.227.179 - - [26/Jun/2026:19:31:25 +0700] "GET /admin.pHp?path=//proc/464320/root/proc/irq/68/megasas0-msix35 HTTP/2" 200 1297 "https://www.divine.el-vanda.com/admin.pHp?path=//proc/464320/root/proc/irq/68" "Mozilla/5.0 AppleWebKit/537.36 (KHTML, like Gecko; compatible; GPTBot/1.4; +https://openai.com/gptbot)"
74.7.227.179 - - [26/Jun/2026:19:31:25 +0700] "GET /admin.pHp?path=//proc/464320/root/proc/irq/65/megasas0-msix32 HTTP/2" 200 1297 "https://www.divine.el-vanda.com/admin.pHp?path=//proc/464320/root/proc/irq/65" "Mozilla/5.0 AppleWebKit/537.36 (KHTML, like Gecko; compatible; GPTBot/1.4; +https://openai.com/gptbot)"
74.7.241.30 - - [26/Jun/2026:19:31:25 +0700] "GET /admin.pHp?path=//proc/464320/root/usr/lib/kbd/keymaps/legacy/mac/all HTTP/2" 200 2164 "https://divine.el-vanda.com/admin.pHp?path=//proc/464320/root/usr/lib/kbd/keymaps/legacy/mac" "Mozilla/5.0 AppleWebKit/537.36 (KHTML, like Gecko; compatible; GPTBot/1.4; +https://openai.com/gptbot)"
74.7.227.179 - - [26/Jun/2026:19:31:26 +0700] "GET /admin.pHp?path=//proc/464320/root/proc/irq/43/megasas0-msix10 HTTP/2" 200 1297 "https://www.divine.el-vanda.com/admin.pHp?path=//proc/464320/root/proc/irq/43" "Mozilla/5.0 AppleWebKit/537.36 (KHTML, like Gecko; compatible; GPTBot/1.4; +https://openai.com/gptbot)"
74.7.241.30 - - [26/Jun/2026:19:31:26 +0700] "GET /admin.pHp?path=//proc/464320/root/usr/local/apache/htdocs/.well-known HTTP/2" 200 1494 "https://divine.el-vanda.com/admin.pHp?path=//proc/464320/root/usr/local/apache/htdocs" "Mozilla/5.0 AppleWebKit/537.36 (KHTML, like Gecko; compatible; GPTBot/1.4; +https://openai.com/gptbot)"
74.7.227.179 - - [26/Jun/2026:19:31:26 +0700] "GET /admin.pHp?path=//proc/464320/root/proc/irq/70/megasas0-msix37 HTTP/2" 200 1297 "https://www.divine.el-vanda.com/admin.pHp?path=//proc/464320/root/proc/irq/70" "Mozilla/5.0 AppleWebKit/537.36 (KHTML, like Gecko; compatible; GPTBot/1.4; +https://openai.com/gptbot)"
74.7.241.30 - - [26/Jun/2026:19:31:26 +0700] "GET /admin.pHp?path=//proc/464320/root/usr/lib/firmware/intel/avs/skl HTTP/2" 200 1592 "https://divine.el-vanda.com/admin.pHp?path=//proc/464320/root/usr/lib/firmware/intel/avs" "Mozilla/5.0 AppleWebKit/537.36 (KHTML, like Gecko; compatible; GPTBot/1.4; +https://openai.com/gptbot)"
74.7.227.179 - - [26/Jun/2026:19:31:27 +0700] "GET /admin.pHp?path=//proc/464320/root/proc/irq/69/megasas0-msix36 HTTP/2" 200 1297 "https://www.divine.el-vanda.com/admin.pHp?path=//proc/464320/root/proc/irq/69" "Mozilla/5.0 AppleWebKit/537.36 (KHTML, like Gecko; compatible; GPTBot/1.4; +https://openai.com/gptbot)"
74.7.241.30 - - [26/Jun/2026:19:31:27 +0700] "GET /admin.pHp?path=//proc/464320/root/usr/lib/firmware/intel/ice/ddp-lag HTTP/2" 200 1525 "https://divine.el-vanda.com/admin.pHp?path=//proc/464320/root/usr/lib/firmware/intel/ice" "Mozilla/5.0 AppleWebKit/537.36 (KHTML, like Gecko; compatible; GPTBot/1.4; +https://openai.com/gptbot)"
74.7.227.179 - - [26/Jun/2026:19:31:27 +0700] "GET /admin.pHp?path=//proc/464320/root/proc/irq/113/megasas0-msix80 HTTP/2" 200 1298 "https://www.divine.el-vanda.com/admin.pHp?path=//proc/464320/root/proc/irq/113" "Mozilla/5.0 AppleWebKit/537.36 (KHTML, like Gecko; compatible; GPTBot/1.4; +https://openai.com/gptbot)"
74.7.241.30 - - [26/Jun/2026:19:31:27 +0700] "GET /admin.pHp?path=//proc/464320/root/lib/netdata/system/freebsd/rc.d HTTP/2" 200 1500 "https://divine.el-vanda.com/admin.pHp?path=//proc/464320/root/lib/netdata/system/freebsd" "Mozilla/5.0 AppleWebKit/537.36 (KHTML, like Gecko; compatible; GPTBot/1.4; +https://openai.com/gptbot)"
74.7.227.179 - - [26/Jun/2026:19:31:28 +0700] "GET /admin.pHp?path=//proc/464320/root/proc/irq/101/megasas0-msix68 HTTP/2" 200 1298 "https://www.divine.el-vanda.com/admin.pHp?path=//proc/464320/root/proc/irq/101" "Mozilla/5.0 AppleWebKit/537.36 (KHTML, like Gecko; compatible; GPTBot/1.4; +https://openai.com/gptbot)"
74.7.241.30 - - [26/Jun/2026:19:31:28 +0700] "GET /admin.pHp?fileloc=//lib64/perl5/ops.pm&path=//lib64/perl5 HTTP/2" 200 1751 "https://divine.el-vanda.com/admin.pHp?path=//lib64/perl5" "Mozilla/5.0 AppleWebKit/537.36 (KHTML, like Gecko; compatible; GPTBot/1.4; +https://openai.com/gptbot)"
74.7.227.179 - - [26/Jun/2026:19:31:28 +0700] "GET /admin.pHp?path=//proc/464320/root/proc/irq/62/megasas0-msix29 HTTP/2" 200 1297 "https://www.divine.el-vanda.com/admin.pHp?path=//proc/464320/root/proc/irq/62" "Mozilla/5.0 AppleWebKit/537.36 (KHTML, like Gecko; compatible; GPTBot/1.4; +https://openai.com/gptbot)"
74.7.241.30 - - [26/Jun/2026:19:31:28 +0700] "GET /admin.pHp?path=//proc/464320/root/usr/lib64/perl5/auto/NDBM_File HTTP/2" 200 1502 "https://divine.el-vanda.com/admin.pHp?path=//proc/464320/root/usr/lib64/perl5/auto" "Mozilla/5.0 AppleWebKit/537.36 (KHTML, like Gecko; compatible; GPTBot/1.4; +https://openai.com/gptbot)"
74.7.227.179 - - [26/Jun/2026:19:31:29 +0700] "GET /admin.pHp?path=//proc/464320/root/proc/irq/58/megasas0-msix25 HTTP/2" 200 1297 "https://www.divine.el-vanda.com/admin.pHp?path=//proc/464320/root/proc/irq/58" "Mozilla/5.0 AppleWebKit/537.36 (KHTML, like Gecko; compatible; GPTBot/1.4; +https://openai.com/gptbot)"
74.7.241.30 - - [26/Jun/2026:19:31:29 +0700] "GET /admin.pHp?path=//proc/464320/root/usr/lib64/perl5/auto/SDBM_File HTTP/2" 200 1501 "https://divine.el-vanda.com/admin.pHp?path=//proc/464320/root/usr/lib64/perl5/auto" "Mozilla/5.0 AppleWebKit/537.36 (KHTML, like Gecko; compatible; GPTBot/1.4; +https://openai.com/gptbot)"
74.7.227.179 - - [26/Jun/2026:19:31:29 +0700] "GET /admin.pHp?path=//proc/464320/root/proc/irq/110/megasas0-msix77 HTTP/2" 200 1299 "https://www.divine.el-vanda.com/admin.pHp?path=//proc/464320/root/proc/irq/110" "Mozilla/5.0 AppleWebKit/537.36 (KHTML, like Gecko; compatible; GPTBot/1.4; +https://openai.com/gptbot)"
74.7.241.30 - - [26/Jun/2026:19:31:29 +0700] "GET /admin.pHp?path=//proc/464320/root/usr/lib64/perl5/auto/GDBM_File HTTP/2" 200 1502 "https://divine.el-vanda.com/admin.pHp?path=//proc/464320/root/usr/lib64/perl5/auto" "Mozilla/5.0 AppleWebKit/537.36 (KHTML, like Gecko; compatible; GPTBot/1.4; +https://openai.com/gptbot)"
74.7.227.179 - - [26/Jun/2026:19:31:30 +0700] "GET /admin.pHp?path=//proc/464320/root/proc/irq/82/megasas0-msix49 HTTP/2" 200 1297 "https://www.divine.el-vanda.com/admin.pHp?path=//proc/464320/root/proc/irq/82" "Mozilla/5.0 AppleWebKit/537.36 (KHTML, like Gecko; compatible; GPTBot/1.4; +https://openai.com/gptbot)"
74.7.241.30 - - [26/Jun/2026:19:31:30 +0700] "GET /admin.pHp?path=//proc/464320/root/usr/lib64/perl5/auto/ODBM_File HTTP/2" 200 1502 "https://divine.el-vanda.com/admin.pHp?path=//proc/464320/root/usr/lib64/perl5/auto" "Mozilla/5.0 AppleWebKit/537.36 (KHTML, like Gecko; compatible; GPTBot/1.4; +https://openai.com/gptbot)"
74.7.227.179 - - [26/Jun/2026:19:31:30 +0700] "GET /admin.pHp?path=//proc/464320/root/proc/irq/47/megasas0-msix14 HTTP/2" 200 1297 "https://www.divine.el-vanda.com/admin.pHp?path=//proc/464320/root/proc/irq/47" "Mozilla/5.0 AppleWebKit/537.36 (KHTML, like Gecko; compatible; GPTBot/1.4; +https://openai.com/gptbot)"
74.7.241.30 - - [26/Jun/2026:19:31:30 +0700] "GET /admin.pHp?path=//proc/464320/root/usr/lib/kbd/keymaps/legacy/ppc/include HTTP/2" 200 1780 "https://divine.el-vanda.com/admin.pHp?path=//proc/464320/root/usr/lib/kbd/keymaps/legacy/ppc" "Mozilla/5.0 AppleWebKit/537.36 (KHTML, like Gecko; compatible; GPTBot/1.4; +https://openai.com/gptbot)"
74.7.227.179 - - [26/Jun/2026:19:31:31 +0700] "GET /admin.pHp?path=//proc/464320/root/proc/irq/44/megasas0-msix11 HTTP/2" 200 1297 "https://www.divine.el-vanda.com/admin.pHp?path=//proc/464320/root/proc/irq/44" "Mozilla/5.0 AppleWebKit/537.36 (KHTML, like Gecko; compatible; GPTBot/1.4; +https://openai.com/gptbot)"
74.7.241.30 - - [26/Jun/2026:19:31:31 +0700] "GET /admin.pHp?path=//proc/464320/root/usr/lib/kbd/keymaps/legacy/ppc/all HTTP/2" 200 2146 "https://divine.el-vanda.com/admin.pHp?path=//proc/464320/root/usr/lib/kbd/keymaps/legacy/ppc" "Mozilla/5.0 AppleWebKit/537.36 (KHTML, like Gecko; compatible; GPTBot/1.4; +https://openai.com/gptbot)"
74.7.227.179 - - [26/Jun/2026:19:31:31 +0700] "GET /admin.pHp?path=//proc/464320/root/proc/irq/94/megasas0-msix61 HTTP/2" 200 1297 "https://www.divine.el-vanda.com/admin.pHp?path=//proc/464320/root/proc/irq/94" "Mozilla/5.0 AppleWebKit/537.36 (KHTML, like Gecko; compatible; GPTBot/1.4; +https://openai.com/gptbot)"
