|
Server : LiteSpeed System : Linux barito.iixcp.rumahweb.net 5.14.0-611.49.1.el9_7.x86_64 #1 SMP PREEMPT_DYNAMIC Tue Apr 21 16:39:08 EDT 2026 x86_64 User : elvh3918 ( 1528) PHP Version : 8.2.31 Disable Function : mail Directory : /home/elvh3918/access-logs/ |
74.7.227.179 - - [26/Jun/2026:19:11:47 +0700] "GET /admin.pHp?fileloc=//proc/464320/root/proc/self/root/proc/sys/fs/pipe-user-pages-hard&path=//proc/464320/root/proc/self/root/proc/sys/fs HTTP/2" 200 1275 "https://www.divine.el-vanda.com/admin.pHp?path=//proc/464320/root/proc/self/root/proc/sys/fs" "Mozilla/5.0 AppleWebKit/537.36 (KHTML, like Gecko; compatible; GPTBot/1.4; +https://openai.com/gptbot)"
74.7.227.179 - - [26/Jun/2026:19:11:47 +0700] "GET /admin.pHp?path=/home/elvh3918/www/tenant/vendor/laravel/pail HTTP/2" 200 1645 "https://www.divine.el-vanda.com/admin.pHp?path=/home/elvh3918/www/tenant/vendor/laravel" "Mozilla/5.0 AppleWebKit/537.36 (KHTML, like Gecko; compatible; GPTBot/1.4; +https://openai.com/gptbot)"
74.7.227.179 - - [26/Jun/2026:19:11:48 +0700] "GET /admin.pHp?path=/home/elvh3918/www/tenant/vendor/laravel/pint HTTP/2" 200 1677 "https://www.divine.el-vanda.com/admin.pHp?path=/home/elvh3918/www/tenant/vendor/laravel" "Mozilla/5.0 AppleWebKit/537.36 (KHTML, like Gecko; compatible; GPTBot/1.4; +https://openai.com/gptbot)"
74.7.227.179 - - [26/Jun/2026:19:11:48 +0700] "GET /admin.pHp?path=//home/elvh3918/www/pmm/public/assets/plugins/bootstrap-switch/js HTTP/2" 200 1569 "https://www.divine.el-vanda.com/admin.pHp?path=//home/elvh3918/www/pmm/public/assets/plugins/bootstrap-switch" "Mozilla/5.0 AppleWebKit/537.36 (KHTML, like Gecko; compatible; GPTBot/1.4; +https://openai.com/gptbot)"
74.7.227.179 - - [26/Jun/2026:19:11:49 +0700] "GET /admin.pHp?path=/home/elvh3918/www/tenant/vendor/nette/schema HTTP/2" 200 1669 "https://www.divine.el-vanda.com/admin.pHp?path=/home/elvh3918/www/tenant/vendor/nette" "Mozilla/5.0 AppleWebKit/537.36 (KHTML, like Gecko; compatible; GPTBot/1.4; +https://openai.com/gptbot)"
74.7.227.179 - - [26/Jun/2026:19:11:49 +0700] "GET /admin.pHp?path=//lib64/engines-3 HTTP/2" 200 1541 "https://www.divine.el-vanda.com/admin.pHp?path=//lib64" "Mozilla/5.0 AppleWebKit/537.36 (KHTML, like Gecko; compatible; GPTBot/1.4; +https://openai.com/gptbot)"
74.7.227.179 - - [26/Jun/2026:19:11:50 +0700] "GET /admin.pHp?path=//lib64/apr-util-1 HTTP/2" 200 1515 "https://www.divine.el-vanda.com/admin.pHp?path=//lib64" "Mozilla/5.0 AppleWebKit/537.36 (KHTML, like Gecko; compatible; GPTBot/1.4; +https://openai.com/gptbot)"
74.7.227.179 - - [26/Jun/2026:19:11:50 +0700] "GET /admin.pHp?path=//lib64/perl5/asm HTTP/2" 200 1567 "https://www.divine.el-vanda.com/admin.pHp?path=//lib64/perl5" "Mozilla/5.0 AppleWebKit/537.36 (KHTML, like Gecko; compatible; GPTBot/1.4; +https://openai.com/gptbot)"
74.7.227.179 - - [26/Jun/2026:19:11:51 +0700] "GET /admin.pHp?path=//home/elvh3918/www/pmm/public/assets/plugins/ion-rangeslider/js HTTP/2" 200 1571 "https://www.divine.el-vanda.com/admin.pHp?path=//home/elvh3918/www/pmm/public/assets/plugins/ion-rangeslider" "Mozilla/5.0 AppleWebKit/537.36 (KHTML, like Gecko; compatible; GPTBot/1.4; +https://openai.com/gptbot)"
74.7.227.179 - - [26/Jun/2026:19:11:51 +0700] "GET /admin.pHp?path=//lib64/perl5/sys HTTP/2" 200 1534 "https://www.divine.el-vanda.com/admin.pHp?path=//lib64/perl5" "Mozilla/5.0 AppleWebKit/537.36 (KHTML, like Gecko; compatible; GPTBot/1.4; +https://openai.com/gptbot)"
74.7.227.179 - - [26/Jun/2026:19:11:52 +0700] "GET /admin.pHp?path=//lib64/perl5/gnu HTTP/2" 200 1465 "https://www.divine.el-vanda.com/admin.pHp?path=//lib64/perl5" "Mozilla/5.0 AppleWebKit/537.36 (KHTML, like Gecko; compatible; GPTBot/1.4; +https://openai.com/gptbot)"
74.7.227.179 - - [26/Jun/2026:19:11:52 +0700] "GET /admin.pHp?path=//lib64/enchant-2 HTTP/2" 200 1444 "https://www.divine.el-vanda.com/admin.pHp?path=//lib64" "Mozilla/5.0 AppleWebKit/537.36 (KHTML, like Gecko; compatible; GPTBot/1.4; +https://openai.com/gptbot)"
74.7.227.179 - - [26/Jun/2026:19:11:53 +0700] "GET /admin.pHp?path=//proc/464320/root/opt/alt/python34/lib64 HTTP/2" 200 1681 "https://www.divine.el-vanda.com/admin.pHp?path=//proc/464320/root/opt/alt/python34" "Mozilla/5.0 AppleWebKit/537.36 (KHTML, like Gecko; compatible; GPTBot/1.4; +https://openai.com/gptbot)"
74.7.227.179 - - [26/Jun/2026:19:11:53 +0700] "GET /admin.pHp?path=//proc/464320/root/opt/alt/python27/lib64 HTTP/2" 200 1654 "https://www.divine.el-vanda.com/admin.pHp?path=//proc/464320/root/opt/alt/python27" "Mozilla/5.0 AppleWebKit/537.36 (KHTML, like Gecko; compatible; GPTBot/1.4; +https://openai.com/gptbot)"
74.7.241.30 - - [26/Jun/2026:19:11:34 +0700] "GET /admin.pHp?fileloc=//lib64/libmariadbd.so.19&path=//lib64 HTTP/2" 200 6316346 "https://divine.el-vanda.com/admin.pHp?path=//lib64" "Mozilla/5.0 AppleWebKit/537.36 (KHTML, like Gecko; compatible; GPTBot/1.4; +https://openai.com/gptbot)"
74.7.241.30 - - [26/Jun/2026:19:11:53 +0700] "GET /admin.pHp?fileloc=//lib64/libmaxminddb.so.0&path=//lib64 HTTP/2" 200 11533 "https://divine.el-vanda.com/admin.pHp?path=//lib64" "Mozilla/5.0 AppleWebKit/537.36 (KHTML, like Gecko; compatible; GPTBot/1.4; +https://openai.com/gptbot)"
74.7.227.179 - - [26/Jun/2026:19:11:54 +0700] "GET /admin.pHp?path=//proc/464320/root/opt/alt/python39/lib64 HTTP/2" 200 1687 "https://www.divine.el-vanda.com/admin.pHp?path=//proc/464320/root/opt/alt/python39" "Mozilla/5.0 AppleWebKit/537.36 (KHTML, like Gecko; compatible; GPTBot/1.4; +https://openai.com/gptbot)"
74.7.227.179 - - [26/Jun/2026:19:11:54 +0700] "GET /admin.pHp?path=//proc/464320/root/opt/alt/python35/lib64 HTTP/2" 200 1680 "https://www.divine.el-vanda.com/admin.pHp?path=//proc/464320/root/opt/alt/python35" "Mozilla/5.0 AppleWebKit/537.36 (KHTML, like Gecko; compatible; GPTBot/1.4; +https://openai.com/gptbot)"
74.7.241.30 - - [26/Jun/2026:19:11:54 +0700] "GET /admin.pHp?fileloc=//lib64/libmemcachedutil.so.2&path=//lib64 HTTP/2" 200 7834 "https://divine.el-vanda.com/admin.pHp?path=//lib64" "Mozilla/5.0 AppleWebKit/537.36 (KHTML, like Gecko; compatible; GPTBot/1.4; +https://openai.com/gptbot)"
74.7.241.30 - - [26/Jun/2026:19:11:54 +0700] "GET /admin.pHp?fileloc=//lib64/libgdbm_compat.so.4&path=//lib64 HTTP/2" 200 6153 "https://divine.el-vanda.com/admin.pHp?path=//lib64" "Mozilla/5.0 AppleWebKit/537.36 (KHTML, like Gecko; compatible; GPTBot/1.4; +https://openai.com/gptbot)"
74.7.241.30 - - [26/Jun/2026:19:11:57 +0700] "GET /admin.pHp?fileloc=//lib64/libavahi-libevent.so.1&path=//lib64 HTTP/2" 200 5290 "https://divine.el-vanda.com/admin.pHp?path=//lib64" "Mozilla/5.0 AppleWebKit/537.36 (KHTML, like Gecko; compatible; GPTBot/1.4; +https://openai.com/gptbot)"
74.7.227.179 - - [26/Jun/2026:19:11:57 +0700] "GET /admin.pHp?path=//proc/464320/root/opt/alt/python37/lib64 HTTP/2" 200 1681 "https://www.divine.el-vanda.com/admin.pHp?path=//proc/464320/root/opt/alt/python37" "Mozilla/5.0 AppleWebKit/537.36 (KHTML, like Gecko; compatible; GPTBot/1.4; +https://openai.com/gptbot)"
74.7.227.179 - - [26/Jun/2026:19:11:57 +0700] "GET /admin.pHp?path=//proc/464320/root/opt/alt/python33/lib64 HTTP/2" 200 1681 "https://www.divine.el-vanda.com/admin.pHp?path=//proc/464320/root/opt/alt/python33" "Mozilla/5.0 AppleWebKit/537.36 (KHTML, like Gecko; compatible; GPTBot/1.4; +https://openai.com/gptbot)"
74.7.227.179 - - [26/Jun/2026:19:11:58 +0700] "GET /admin.pHp?path=//proc/464320/root/opt/alt/python38/lib64 HTTP/2" 200 1688 "https://www.divine.el-vanda.com/admin.pHp?path=//proc/464320/root/opt/alt/python38" "Mozilla/5.0 AppleWebKit/537.36 (KHTML, like Gecko; compatible; GPTBot/1.4; +https://openai.com/gptbot)"
74.7.227.179 - - [26/Jun/2026:19:11:58 +0700] "GET /admin.pHp?path=//proc/464320/root/opt/alt/python36/lib64 HTTP/2" 200 1681 "https://www.divine.el-vanda.com/admin.pHp?path=//proc/464320/root/opt/alt/python36" "Mozilla/5.0 AppleWebKit/537.36 (KHTML, like Gecko; compatible; GPTBot/1.4; +https://openai.com/gptbot)"
74.7.241.30 - - [26/Jun/2026:19:11:57 +0700] "GET /admin.pHp?fileloc=//lib64/libfontconfig.so.1&path=//lib64 HTTP/2" 200 137756 "https://divine.el-vanda.com/admin.pHp?path=//lib64" "Mozilla/5.0 AppleWebKit/537.36 (KHTML, like Gecko; compatible; GPTBot/1.4; +https://openai.com/gptbot)"
74.7.227.179 - - [26/Jun/2026:19:11:59 +0700] "GET /admin.pHp?path=//proc/464320/root/lib64/apache2 HTTP/2" 200 1484 "https://www.divine.el-vanda.com/admin.pHp?path=//proc/464320/root/lib64" "Mozilla/5.0 AppleWebKit/537.36 (KHTML, like Gecko; compatible; GPTBot/1.4; +https://openai.com/gptbot)"
74.7.227.179 - - [26/Jun/2026:19:11:59 +0700] "GET /admin.pHp?path=//proc/464320/root/usr/local/lib/php HTTP/2" 200 1474 "https://www.divine.el-vanda.com/admin.pHp?path=//proc/464320/root/usr/local/lib" "Mozilla/5.0 AppleWebKit/537.36 (KHTML, like Gecko; compatible; GPTBot/1.4; +https://openai.com/gptbot)"
74.7.241.30 - - [26/Jun/2026:19:11:59 +0700] "GET /admin.pHp?fileloc=//lib64/libgailutil.so.18&path=//lib64 HTTP/2" 200 11375 "https://divine.el-vanda.com/admin.pHp?path=//lib64" "Mozilla/5.0 AppleWebKit/537.36 (KHTML, like Gecko; compatible; GPTBot/1.4; +https://openai.com/gptbot)"
74.7.241.30 - - [26/Jun/2026:19:12:00 +0700] "GET /admin.pHp?fileloc=//lib64/libpcreposix.so.0&path=//lib64 HTTP/2" 200 5379 "https://divine.el-vanda.com/admin.pHp?path=//lib64" "Mozilla/5.0 AppleWebKit/537.36 (KHTML, like Gecko; compatible; GPTBot/1.4; +https://openai.com/gptbot)"
74.7.241.30 - - [26/Jun/2026:19:12:00 +0700] "GET /admin.pHp?fileloc=//lib64/libavahi-client.so.3&path=//lib64 HTTP/2" 200 26900 "https://divine.el-vanda.com/admin.pHp?path=//lib64" "Mozilla/5.0 AppleWebKit/537.36 (KHTML, like Gecko; compatible; GPTBot/1.4; +https://openai.com/gptbot)"
74.7.227.179 - - [26/Jun/2026:19:12:00 +0700] "GET /admin.pHp?path=//proc/464320/root/var/lve/php.dat.d HTTP/2" 200 1755 "https://www.divine.el-vanda.com/admin.pHp?path=//proc/464320/root/var/lve" "Mozilla/5.0 AppleWebKit/537.36 (KHTML, like Gecko; compatible; GPTBot/1.4; +https://openai.com/gptbot)"
74.7.227.179 - - [26/Jun/2026:19:12:00 +0700] "GET /admin.pHp?fileloc=//proc/464320/root/usr/libexec/getconf/default&path=//proc/464320/root/usr/libexec/getconf HTTP/2" 200 9655 "https://www.divine.el-vanda.com/admin.pHp?path=//proc/464320/root/usr/libexec/getconf" "Mozilla/5.0 AppleWebKit/537.36 (KHTML, like Gecko; compatible; GPTBot/1.4; +https://openai.com/gptbot)"
74.7.241.30 - - [26/Jun/2026:19:12:01 +0700] "GET /admin.pHp?fileloc=//lib64/libmemcached.so.11&path=//lib64 HTTP/2" 200 71210 "https://divine.el-vanda.com/admin.pHp?path=//lib64" "Mozilla/5.0 AppleWebKit/537.36 (KHTML, like Gecko; compatible; GPTBot/1.4; +https://openai.com/gptbot)"
74.7.227.179 - - [26/Jun/2026:19:12:01 +0700] "GET /admin.pHp?path=//lib64/NetworkManager HTTP/2" 200 1442 "https://www.divine.el-vanda.com/admin.pHp?path=//lib64" "Mozilla/5.0 AppleWebKit/537.36 (KHTML, like Gecko; compatible; GPTBot/1.4; +https://openai.com/gptbot)"
74.7.241.30 - - [26/Jun/2026:19:12:02 +0700] "GET /admin.pHp?fileloc=//lib64/libXcomposite.so.1&path=//lib64 HTTP/2" 200 5609 "https://divine.el-vanda.com/admin.pHp?path=//lib64" "Mozilla/5.0 AppleWebKit/537.36 (KHTML, like Gecko; compatible; GPTBot/1.4; +https://openai.com/gptbot)"
74.7.241.30 - - [26/Jun/2026:19:12:02 +0700] "GET /admin.pHp?fileloc=//lib64/libbasicobjects.so.0&path=//lib64 HTTP/2" 200 4785 "https://divine.el-vanda.com/admin.pHp?path=//lib64" "Mozilla/5.0 AppleWebKit/537.36 (KHTML, like Gecko; compatible; GPTBot/1.4; +https://openai.com/gptbot)"
74.7.241.30 - - [26/Jun/2026:19:12:03 +0700] "GET /admin.pHp?fileloc=//lib64/libcrypt.so&path=//lib64 HTTP/2" 200 71951 "https://divine.el-vanda.com/admin.pHp?path=//lib64" "Mozilla/5.0 AppleWebKit/537.36 (KHTML, like Gecko; compatible; GPTBot/1.4; +https://openai.com/gptbot)"
74.7.241.30 - - [26/Jun/2026:19:12:04 +0700] "GET /admin.pHp?path=/home/elvh3918/www/pmm/database/seeders/Master HTTP/2" 200 1777 "https://divine.el-vanda.com/admin.pHp?path=/home/elvh3918/www/pmm/database/seeders" "Mozilla/5.0 AppleWebKit/537.36 (KHTML, like Gecko; compatible; GPTBot/1.4; +https://openai.com/gptbot)"
74.7.241.30 - - [26/Jun/2026:19:12:04 +0700] "GET /admin.pHp?path=/home/elvh3918/www/tenant/vendor/laravel/sail HTTP/2" 200 1801 "https://divine.el-vanda.com/admin.pHp?path=/home/elvh3918/www/tenant/vendor/laravel" "Mozilla/5.0 AppleWebKit/537.36 (KHTML, like Gecko; compatible; GPTBot/1.4; +https://openai.com/gptbot)"
74.7.241.30 - - [26/Jun/2026:19:12:05 +0700] "GET /admin.pHp?path=/home/elvh3918/www/pmm/vendor/laravel/prompts HTTP/2" 200 1709 "https://divine.el-vanda.com/admin.pHp?path=/home/elvh3918/www/pmm/vendor/laravel" "Mozilla/5.0 AppleWebKit/537.36 (KHTML, like Gecko; compatible; GPTBot/1.4; +https://openai.com/gptbot)"
74.7.241.30 - - [26/Jun/2026:19:12:06 +0700] "GET /admin.pHp?path=//lib64/perl5/Sys HTTP/2" 200 1445 "https://divine.el-vanda.com/admin.pHp?path=//lib64/perl5" "Mozilla/5.0 AppleWebKit/537.36 (KHTML, like Gecko; compatible; GPTBot/1.4; +https://openai.com/gptbot)"
74.7.241.30 - - [26/Jun/2026:19:12:06 +0700] "GET /admin.pHp?fileloc=//proc/459293/root/etc/pam.d/password-auth&path=//proc/459293/root/etc/pam.d HTTP/2" 200 1240 "https://divine.el-vanda.com/admin.pHp?path=//proc/459293/root/etc/pam.d" "Mozilla/5.0 AppleWebKit/537.36 (KHTML, like Gecko; compatible; GPTBot/1.4; +https://openai.com/gptbot)"
74.7.241.30 - - [26/Jun/2026:19:12:07 +0700] "GET /admin.pHp?path=//proc/464320/root/opt/alt/python37/etc/mariadb10 HTTP/2" 200 1504 "https://divine.el-vanda.com/admin.pHp?path=//proc/464320/root/opt/alt/python37/etc" "Mozilla/5.0 AppleWebKit/537.36 (KHTML, like Gecko; compatible; GPTBot/1.4; +https://openai.com/gptbot)"
74.7.241.30 - - [26/Jun/2026:19:12:07 +0700] "GET /admin.pHp?fileloc=//lib64/libsubid_sss.so&path=//lib64 HTTP/2" 200 7395 "https://divine.el-vanda.com/admin.pHp?path=//lib64" "Mozilla/5.0 AppleWebKit/537.36 (KHTML, like Gecko; compatible; GPTBot/1.4; +https://openai.com/gptbot)"
74.7.241.30 - - [26/Jun/2026:19:12:08 +0700] "GET /admin.pHp?path=//proc/464320/root/opt/alt/python311 HTTP/2" 200 1569 "https://divine.el-vanda.com/admin.pHp?path=//proc/464320/root/opt/alt" "Mozilla/5.0 AppleWebKit/537.36 (KHTML, like Gecko; compatible; GPTBot/1.4; +https://openai.com/gptbot)"
74.7.241.30 - - [26/Jun/2026:19:12:08 +0700] "GET /admin.pHp?path=//proc/459293/root/opt/alt/python312 HTTP/2" 200 1281 "https://divine.el-vanda.com/admin.pHp?path=//proc/459293/root/opt/alt" "Mozilla/5.0 AppleWebKit/537.36 (KHTML, like Gecko; compatible; GPTBot/1.4; +https://openai.com/gptbot)"
74.7.241.30 - - [26/Jun/2026:19:12:09 +0700] "GET /admin.pHp?path=//proc/464320/root/opt/alt/python310 HTTP/2" 200 1569 "https://divine.el-vanda.com/admin.pHp?path=//proc/464320/root/opt/alt" "Mozilla/5.0 AppleWebKit/537.36 (KHTML, like Gecko; compatible; GPTBot/1.4; +https://openai.com/gptbot)"
74.7.241.30 - - [26/Jun/2026:19:12:09 +0700] "GET /admin.pHp?path=//proc/459293/root/opt/alt/python310 HTTP/2" 200 1281 "https://divine.el-vanda.com/admin.pHp?path=//proc/459293/root/opt/alt" "Mozilla/5.0 AppleWebKit/537.36 (KHTML, like Gecko; compatible; GPTBot/1.4; +https://openai.com/gptbot)"
74.7.241.30 - - [26/Jun/2026:19:12:10 +0700] "GET /admin.pHp?path=//proc/464320/root/opt/alt/python312 HTTP/2" 200 1569 "https://divine.el-vanda.com/admin.pHp?path=//proc/464320/root/opt/alt" "Mozilla/5.0 AppleWebKit/537.36 (KHTML, like Gecko; compatible; GPTBot/1.4; +https://openai.com/gptbot)"
74.7.241.30 - - [26/Jun/2026:19:12:10 +0700] "GET /admin.pHp?path=//proc/459293/root/opt/alt/python311 HTTP/2" 200 1281 "https://divine.el-vanda.com/admin.pHp?path=//proc/459293/root/opt/alt" "Mozilla/5.0 AppleWebKit/537.36 (KHTML, like Gecko; compatible; GPTBot/1.4; +https://openai.com/gptbot)"
74.7.241.30 - - [26/Jun/2026:19:12:11 +0700] "GET /admin.pHp?fileloc=//proc/self/io&path=//proc/self HTTP/2" 200 1275 "https://divine.el-vanda.com/admin.pHp?path=//proc/self" "Mozilla/5.0 AppleWebKit/537.36 (KHTML, like Gecko; compatible; GPTBot/1.4; +https://openai.com/gptbot)"
74.7.241.30 - - [26/Jun/2026:19:12:12 +0700] "GET /admin.pHp?fileloc=//proc/self/maps&path=//proc/self HTTP/2" 200 9563 "https://divine.el-vanda.com/admin.pHp?path=//proc/self" "Mozilla/5.0 AppleWebKit/537.36 (KHTML, like Gecko; compatible; GPTBot/1.4; +https://openai.com/gptbot)"
74.7.241.30 - - [26/Jun/2026:19:12:12 +0700] "GET /admin.pHp?fileloc=//proc/464320/root/proc/self/root/bin/mariadb-show&path=//proc/464320/root/proc/self/root/bin HTTP/2" 200 734246 "https://divine.el-vanda.com/admin.pHp?path=//proc/464320/root/proc/self/root/bin" "Mozilla/5.0 AppleWebKit/537.36 (KHTML, like Gecko; compatible; GPTBot/1.4; +https://openai.com/gptbot)"
74.7.241.30 - - [26/Jun/2026:19:12:23 +0700] "GET /admin.pHp?path=//home/elvh3918/public_html/tenant/app/Http HTTP/2" 200 1541 "https://divine.el-vanda.com/admin.pHp?path=//home/elvh3918/public_html/tenant/app" "Mozilla/5.0 AppleWebKit/537.36 (KHTML, like Gecko; compatible; GPTBot/1.4; +https://openai.com/gptbot)"
74.7.241.30 - - [26/Jun/2026:19:12:23 +0700] "GET /admin.pHp?path=//home/elvh3918/www/tenant/public/assets/plugins/ion-rangeslider HTTP/2" 200 1652 "https://divine.el-vanda.com/admin.pHp?path=//home/elvh3918/www/tenant/public/assets/plugins" "Mozilla/5.0 AppleWebKit/537.36 (KHTML, like Gecko; compatible; GPTBot/1.4; +https://openai.com/gptbot)"
74.7.241.30 - - [26/Jun/2026:19:12:26 +0700] "GET /admin.pHp?path=//proc/464320/root/opt/alt/python312/include HTTP/2" 200 1476 "https://divine.el-vanda.com/admin.pHp?path=//proc/464320/root/opt/alt/python312" "Mozilla/5.0 AppleWebKit/537.36 (KHTML, like Gecko; compatible; GPTBot/1.4; +https://openai.com/gptbot)"
74.7.241.30 - - [26/Jun/2026:19:12:26 +0700] "GET /admin.pHp?path=//proc/464320/root/opt/alt/python312/lib64 HTTP/2" 200 1682 "https://divine.el-vanda.com/admin.pHp?path=//proc/464320/root/opt/alt/python312" "Mozilla/5.0 AppleWebKit/537.36 (KHTML, like Gecko; compatible; GPTBot/1.4; +https://openai.com/gptbot)"
74.7.241.30 - - [26/Jun/2026:19:12:27 +0700] "GET /admin.pHp?path=//proc/464320/root/opt/alt/python310/bin HTTP/2" 200 1960 "https://divine.el-vanda.com/admin.pHp?path=//proc/464320/root/opt/alt/python310" "Mozilla/5.0 AppleWebKit/537.36 (KHTML, like Gecko; compatible; GPTBot/1.4; +https://openai.com/gptbot)"
74.7.241.30 - - [26/Jun/2026:19:12:28 +0700] "GET /admin.pHp?path=//proc/464320/root/opt/alt/python310/lib HTTP/2" 200 1473 "https://divine.el-vanda.com/admin.pHp?path=//proc/464320/root/opt/alt/python310" "Mozilla/5.0 AppleWebKit/537.36 (KHTML, like Gecko; compatible; GPTBot/1.4; +https://openai.com/gptbot)"
74.7.241.30 - - [26/Jun/2026:19:12:28 +0700] "GET /admin.pHp?path=//proc/464320/root/opt/alt/python311/etc HTTP/2" 200 1490 "https://divine.el-vanda.com/admin.pHp?path=//proc/464320/root/opt/alt/python311" "Mozilla/5.0 AppleWebKit/537.36 (KHTML, like Gecko; compatible; GPTBot/1.4; +https://openai.com/gptbot)"
74.7.241.30 - - [26/Jun/2026:19:12:29 +0700] "GET /admin.pHp?path=//proc/464320/root/opt/alt/python310/etc HTTP/2" 200 1490 "https://divine.el-vanda.com/admin.pHp?path=//proc/464320/root/opt/alt/python310" "Mozilla/5.0 AppleWebKit/537.36 (KHTML, like Gecko; compatible; GPTBot/1.4; +https://openai.com/gptbot)"
74.7.241.30 - - [26/Jun/2026:19:12:29 +0700] "GET /admin.pHp?path=//home/elvh3918/www/tenant/public/assets/plugins/ion-rangeslider/js HTTP/2" 200 1574 "https://divine.el-vanda.com/admin.pHp?path=//home/elvh3918/www/tenant/public/assets/plugins/ion-rangeslider" "Mozilla/5.0 AppleWebKit/537.36 (KHTML, like Gecko; compatible; GPTBot/1.4; +https://openai.com/gptbot)"
74.7.241.30 - - [26/Jun/2026:19:12:30 +0700] "GET /admin.pHp?path=//proc/464320/root/opt/alt/python312/bin HTTP/2" 200 1965 "https://divine.el-vanda.com/admin.pHp?path=//proc/464320/root/opt/alt/python312" "Mozilla/5.0 AppleWebKit/537.36 (KHTML, like Gecko; compatible; GPTBot/1.4; +https://openai.com/gptbot)"
74.7.241.30 - - [26/Jun/2026:19:12:30 +0700] "GET /admin.pHp?path=//proc/464320/root/opt/alt/python311/lib HTTP/2" 200 1473 "https://divine.el-vanda.com/admin.pHp?path=//proc/464320/root/opt/alt/python311" "Mozilla/5.0 AppleWebKit/537.36 (KHTML, like Gecko; compatible; GPTBot/1.4; +https://openai.com/gptbot)"
74.7.241.30 - - [26/Jun/2026:19:12:31 +0700] "GET /admin.pHp?path=//proc/464320/root/opt/alt/python312/lib HTTP/2" 200 1473 "https://divine.el-vanda.com/admin.pHp?path=//proc/464320/root/opt/alt/python312" "Mozilla/5.0 AppleWebKit/537.36 (KHTML, like Gecko; compatible; GPTBot/1.4; +https://openai.com/gptbot)"
74.7.241.30 - - [26/Jun/2026:19:12:31 +0700] "GET /admin.pHp?path=//proc/464320/root/opt/alt/python311/bin HTTP/2" 200 1968 "https://divine.el-vanda.com/admin.pHp?path=//proc/464320/root/opt/alt/python311" "Mozilla/5.0 AppleWebKit/537.36 (KHTML, like Gecko; compatible; GPTBot/1.4; +https://openai.com/gptbot)"
74.7.241.30 - - [26/Jun/2026:19:12:32 +0700] "GET /admin.pHp?path=//proc/464320/root/opt/alt/python312/etc HTTP/2" 200 1490 "https://divine.el-vanda.com/admin.pHp?path=//proc/464320/root/opt/alt/python312" "Mozilla/5.0 AppleWebKit/537.36 (KHTML, like Gecko; compatible; GPTBot/1.4; +https://openai.com/gptbot)"
74.7.241.30 - - [26/Jun/2026:19:12:32 +0700] "GET /admin.pHp?path=/home/elvh3918/www/tenant/public/assets/external/data-exists HTTP/2" 200 1588 "https://divine.el-vanda.com/admin.pHp?path=/home/elvh3918/www/tenant/public/assets/external" "Mozilla/5.0 AppleWebKit/537.36 (KHTML, like Gecko; compatible; GPTBot/1.4; +https://openai.com/gptbot)"
74.7.227.179 - - [26/Jun/2026:19:12:02 +0700] "GET /admin.pHp?fileloc=//lib64/libicudata.so.67&path=//lib64 HTTP/2" 200 7219013 "https://www.divine.el-vanda.com/admin.pHp?path=//lib64" "Mozilla/5.0 AppleWebKit/537.36 (KHTML, like Gecko; compatible; GPTBot/1.4; +https://openai.com/gptbot)"
74.7.241.30 - - [26/Jun/2026:19:12:33 +0700] "GET /admin.pHp?path=//home/elvh3918/www/tenant/public/assets/plugins/summernote/font HTTP/2" 200 1605 "https://divine.el-vanda.com/admin.pHp?path=//home/elvh3918/www/tenant/public/assets/plugins/summernote" "Mozilla/5.0 AppleWebKit/537.36 (KHTML, like Gecko; compatible; GPTBot/1.4; +https://openai.com/gptbot)"
74.7.241.30 - - [26/Jun/2026:19:12:33 +0700] "GET /admin.pHp?path=/home/elvh3918/www/pmm/public/assets/plugins/summernote/font HTTP/2" 200 1600 "https://divine.el-vanda.com/admin.pHp?path=/home/elvh3918/www/pmm/public/assets/plugins/summernote" "Mozilla/5.0 AppleWebKit/537.36 (KHTML, like Gecko; compatible; GPTBot/1.4; +https://openai.com/gptbot)"
74.7.227.179 - - [26/Jun/2026:19:12:33 +0700] "GET /admin.pHp?fileloc=//lib64/libnetsnmp.so.40&path=//lib64 HTTP/2" 200 370296 "https://www.divine.el-vanda.com/admin.pHp?path=//lib64" "Mozilla/5.0 AppleWebKit/537.36 (KHTML, like Gecko; compatible; GPTBot/1.4; +https://openai.com/gptbot)"
74.7.227.179 - - [26/Jun/2026:19:12:34 +0700] "GET /admin.pHp?path=//proc/464320/root/lib/tuned/cloudlinux-default HTTP/2" 200 1485 "https://www.divine.el-vanda.com/admin.pHp?path=//proc/464320/root/lib/tuned" "Mozilla/5.0 AppleWebKit/537.36 (KHTML, like Gecko; compatible; GPTBot/1.4; +https://openai.com/gptbot)"
74.7.241.30 - - [26/Jun/2026:19:12:34 +0700] "GET /admin.pHp?path=/home/elvh3918/www/pmm/public/assets/plugins/codemirror/theme HTTP/2" 200 3323 "https://divine.el-vanda.com/admin.pHp?path=/home/elvh3918/www/pmm/public/assets/plugins/codemirror" "Mozilla/5.0 AppleWebKit/537.36 (KHTML, like Gecko; compatible; GPTBot/1.4; +https://openai.com/gptbot)"
74.7.241.30 - - [26/Jun/2026:19:12:34 +0700] "GET /admin.pHp?path=/home/elvh3918/www/tenant/public/assets/plugins/jsgrid/demos HTTP/2" 200 1518 "https://divine.el-vanda.com/admin.pHp?path=/home/elvh3918/www/tenant/public/assets/plugins/jsgrid" "Mozilla/5.0 AppleWebKit/537.36 (KHTML, like Gecko; compatible; GPTBot/1.4; +https://openai.com/gptbot)"
74.7.241.30 - - [26/Jun/2026:19:12:35 +0700] "GET /admin.pHp?path=//home/elvh3918/www/pmm/public/assets/plugins/daterangepicker HTTP/2" 200 1545 "https://divine.el-vanda.com/admin.pHp?path=//home/elvh3918/www/pmm/public/assets/plugins" "Mozilla/5.0 AppleWebKit/537.36 (KHTML, like Gecko; compatible; GPTBot/1.4; +https://openai.com/gptbot)"
74.7.227.179 - - [26/Jun/2026:19:12:36 +0700] "GET /admin.pHp?path=//proc/464320/root/proc/500977/ns HTTP/2" 200 1278 "https://www.divine.el-vanda.com/admin.pHp?path=//proc/464320/root/proc/500977" "Mozilla/5.0 AppleWebKit/537.36 (KHTML, like Gecko; compatible; GPTBot/1.4; +https://openai.com/gptbot)"
74.7.241.30 - - [26/Jun/2026:19:12:36 +0700] "GET /admin.pHp?path=/home/elvh3918/www/pmm/public/assets/plugins/bootstrap-slider HTTP/2" 200 1652 "https://divine.el-vanda.com/admin.pHp?path=/home/elvh3918/www/pmm/public/assets/plugins" "Mozilla/5.0 AppleWebKit/537.36 (KHTML, like Gecko; compatible; GPTBot/1.4; +https://openai.com/gptbot)"
74.7.241.30 - - [26/Jun/2026:19:12:36 +0700] "GET /admin.pHp?path=/home/elvh3918/www/tenant/public/assets/plugins/bootstrap/js HTTP/2" 200 1739 "https://divine.el-vanda.com/admin.pHp?path=/home/elvh3918/www/tenant/public/assets/plugins/bootstrap" "Mozilla/5.0 AppleWebKit/537.36 (KHTML, like Gecko; compatible; GPTBot/1.4; +https://openai.com/gptbot)"
74.7.227.179 - - [26/Jun/2026:19:12:37 +0700] "GET /admin.pHp?path=//proc/464320/root/proc/500977/fd HTTP/2" 200 1278 "https://www.divine.el-vanda.com/admin.pHp?path=//proc/464320/root/proc/500977" "Mozilla/5.0 AppleWebKit/537.36 (KHTML, like Gecko; compatible; GPTBot/1.4; +https://openai.com/gptbot)"
74.7.241.30 - - [26/Jun/2026:19:12:37 +0700] "GET /admin.pHp?path=/home/elvh3918/www/pmm/public/assets/plugins/bootstrap-switch HTTP/2" 200 1519 "https://divine.el-vanda.com/admin.pHp?path=/home/elvh3918/www/pmm/public/assets/plugins" "Mozilla/5.0 AppleWebKit/537.36 (KHTML, like Gecko; compatible; GPTBot/1.4; +https://openai.com/gptbot)"
74.7.241.30 - - [26/Jun/2026:19:12:37 +0700] "GET /admin.pHp?path=/home/elvh3918/www/pmm/public/assets/plugins/summernote/lang HTTP/2" 200 4961 "https://divine.el-vanda.com/admin.pHp?path=/home/elvh3918/www/pmm/public/assets/plugins/summernote" "Mozilla/5.0 AppleWebKit/537.36 (KHTML, like Gecko; compatible; GPTBot/1.4; +https://openai.com/gptbot)"
74.7.241.30 - - [26/Jun/2026:19:12:38 +0700] "GET /admin.pHp?path=//home/elvh3918/www/tenant/public/assets/plugins/fullcalendar HTTP/2" 200 1832 "https://divine.el-vanda.com/admin.pHp?path=//home/elvh3918/www/tenant/public/assets/plugins" "Mozilla/5.0 AppleWebKit/537.36 (KHTML, like Gecko; compatible; GPTBot/1.4; +https://openai.com/gptbot)"
74.7.227.179 - - [26/Jun/2026:19:12:38 +0700] "GET /admin.pHp?path=//proc/464320/root/usr/lib/firmware/keyspan_pda HTTP/2" 200 1530 "https://www.divine.el-vanda.com/admin.pHp?path=//proc/464320/root/usr/lib/firmware" "Mozilla/5.0 AppleWebKit/537.36 (KHTML, like Gecko; compatible; GPTBot/1.4; +https://openai.com/gptbot)"
74.7.241.30 - - [26/Jun/2026:19:12:39 +0700] "GET /admin.pHp?path=//proc/464320/root/lib/firmware/sdca/1fa/1028 HTTP/2" 200 1794 "https://divine.el-vanda.com/admin.pHp?path=//proc/464320/root/lib/firmware/sdca/1fa" "Mozilla/5.0 AppleWebKit/537.36 (KHTML, like Gecko; compatible; GPTBot/1.4; +https://openai.com/gptbot)"
74.7.241.30 - - [26/Jun/2026:19:12:39 +0700] "GET /admin.pHp?fileloc=//home/elvh3918/www/tenant/public/assets/plugins/summernote/font/summernote.eot&path=//home/elvh3918/www/tenant/public/assets/plugins/summernote/font HTTP/2" 200 8715 "https://divine.el-vanda.com/admin.pHp?path=//home/elvh3918/www/tenant/public/assets/plugins/summernote/font" "Mozilla/5.0 AppleWebKit/537.36 (KHTML, like Gecko; compatible; GPTBot/1.4; +https://openai.com/gptbot)"
74.7.227.179 - - [26/Jun/2026:19:12:39 +0700] "GET /admin.pHp?path=//proc/464320/root/lib64/apache2/build HTTP/2" 200 1735 "https://www.divine.el-vanda.com/admin.pHp?path=//proc/464320/root/lib64/apache2" "Mozilla/5.0 AppleWebKit/537.36 (KHTML, like Gecko; compatible; GPTBot/1.4; +https://openai.com/gptbot)"
74.7.227.179 - - [26/Jun/2026:19:12:40 +0700] "GET /admin.pHp?path=//proc/464320/root/usr/local/lib/php/autoindex HTTP/2" 200 1785 "https://www.divine.el-vanda.com/admin.pHp?path=//proc/464320/root/usr/local/lib/php" "Mozilla/5.0 AppleWebKit/537.36 (KHTML, like Gecko; compatible; GPTBot/1.4; +https://openai.com/gptbot)"
74.7.241.30 - - [26/Jun/2026:19:12:40 +0700] "GET /admin.pHp?fileloc=//lib64/libpthread.a&path=//lib64 HTTP/2" 200 1215 "https://divine.el-vanda.com/admin.pHp?path=//lib64" "Mozilla/5.0 AppleWebKit/537.36 (KHTML, like Gecko; compatible; GPTBot/1.4; +https://openai.com/gptbot)"
74.7.241.30 - - [26/Jun/2026:19:12:40 +0700] "GET /admin.pHp?fileloc=//lib64/liblscapi.so&path=//lib64 HTTP/2" 200 51546 "https://divine.el-vanda.com/admin.pHp?path=//lib64" "Mozilla/5.0 AppleWebKit/537.36 (KHTML, like Gecko; compatible; GPTBot/1.4; +https://openai.com/gptbot)"
74.7.227.179 - - [26/Jun/2026:19:12:41 +0700] "GET /admin.pHp?path=//proc/464320/root/usr/lib/firmware/ueagle-atm HTTP/2" 200 2101 "https://www.divine.el-vanda.com/admin.pHp?path=//proc/464320/root/usr/lib/firmware" "Mozilla/5.0 AppleWebKit/537.36 (KHTML, like Gecko; compatible; GPTBot/1.4; +https://openai.com/gptbot)"
74.7.227.179 - - [26/Jun/2026:19:12:41 +0700] "GET /admin.pHp?path=//proc/464320/root/usr/lib/tuned/cloudlinux-vz HTTP/2" 200 1493 "https://www.divine.el-vanda.com/admin.pHp?path=//proc/464320/root/usr/lib/tuned" "Mozilla/5.0 AppleWebKit/537.36 (KHTML, like Gecko; compatible; GPTBot/1.4; +https://openai.com/gptbot)"
74.7.241.30 - - [26/Jun/2026:19:12:41 +0700] "GET /admin.pHp?fileloc=//lib64/perl5/re.pm&path=//lib64/perl5 HTTP/2" 200 10289 "https://divine.el-vanda.com/admin.pHp?path=//lib64/perl5" "Mozilla/5.0 AppleWebKit/537.36 (KHTML, like Gecko; compatible; GPTBot/1.4; +https://openai.com/gptbot)"
74.7.241.30 - - [26/Jun/2026:19:12:42 +0700] "GET /admin.pHp?path=//proc/464320/root/usr/lib/firmware/qca/QCA6698 HTTP/2" 200 1587 "https://divine.el-vanda.com/admin.pHp?path=//proc/464320/root/usr/lib/firmware/qca" "Mozilla/5.0 AppleWebKit/537.36 (KHTML, like Gecko; compatible; GPTBot/1.4; +https://openai.com/gptbot)"
74.7.241.30 - - [26/Jun/2026:19:12:42 +0700] "GET /admin.pHp?path=//proc/464320/root/opt/cpanel/ea-php70/root/sys HTTP/2" 200 1300 "https://divine.el-vanda.com/admin.pHp?path=//proc/464320/root/opt/cpanel/ea-php70/root" "Mozilla/5.0 AppleWebKit/537.36 (KHTML, like Gecko; compatible; GPTBot/1.4; +https://openai.com/gptbot)"
74.7.227.179 - - [26/Jun/2026:19:12:42 +0700] "GET /admin.pHp?path=//lib64/NetworkManager/1.54.3-3.el9_8 HTTP/2" 200 1520 "https://www.divine.el-vanda.com/admin.pHp?path=//lib64/NetworkManager" "Mozilla/5.0 AppleWebKit/537.36 (KHTML, like Gecko; compatible; GPTBot/1.4; +https://openai.com/gptbot)"
74.7.241.30 - - [26/Jun/2026:19:12:43 +0700] "GET /admin.pHp?path=//proc/464320/root/opt/cpanel/ea-php80/root/sys HTTP/2" 200 1300 "https://divine.el-vanda.com/admin.pHp?path=//proc/464320/root/opt/cpanel/ea-php80/root" "Mozilla/5.0 AppleWebKit/537.36 (KHTML, like Gecko; compatible; GPTBot/1.4; +https://openai.com/gptbot)"
74.7.241.30 - - [26/Jun/2026:19:12:43 +0700] "GET /admin.pHp?path=/home/elvh3918/www/pmm/public/assets/plugins/bootstrap-switch/js HTTP/2" 200 1568 "https://divine.el-vanda.com/admin.pHp?path=/home/elvh3918/www/pmm/public/assets/plugins/bootstrap-switch" "Mozilla/5.0 AppleWebKit/537.36 (KHTML, like Gecko; compatible; GPTBot/1.4; +https://openai.com/gptbot)"
74.7.227.179 - - [26/Jun/2026:19:12:43 +0700] "GET /admin.pHp?path=//proc/464320/root/usr/lib/firmware/qcom/glymur HTTP/2" 200 1793 "https://www.divine.el-vanda.com/admin.pHp?path=//proc/464320/root/usr/lib/firmware/qcom" "Mozilla/5.0 AppleWebKit/537.36 (KHTML, like Gecko; compatible; GPTBot/1.4; +https://openai.com/gptbot)"
74.7.227.179 - - [26/Jun/2026:19:12:43 +0700] "GET /admin.pHp?path=//proc/464320/root/usr/lib/firmware/ti-keystone HTTP/2" 200 1522 "https://www.divine.el-vanda.com/admin.pHp?path=//proc/464320/root/usr/lib/firmware" "Mozilla/5.0 AppleWebKit/537.36 (KHTML, like Gecko; compatible; GPTBot/1.4; +https://openai.com/gptbot)"
74.7.227.179 - - [26/Jun/2026:19:12:44 +0700] "GET /admin.pHp?path=//proc/464320/root/usr/include/graphite2 HTTP/2" 200 1573 "https://www.divine.el-vanda.com/admin.pHp?path=//proc/464320/root/usr/include" "Mozilla/5.0 AppleWebKit/537.36 (KHTML, like Gecko; compatible; GPTBot/1.4; +https://openai.com/gptbot)"
74.7.227.179 - - [26/Jun/2026:19:12:44 +0700] "GET /admin.pHp?path=//proc/464320/root/usr/include/freetype2 HTTP/2" 200 1574 "https://www.divine.el-vanda.com/admin.pHp?path=//proc/464320/root/usr/include" "Mozilla/5.0 AppleWebKit/537.36 (KHTML, like Gecko; compatible; GPTBot/1.4; +https://openai.com/gptbot)"
74.7.241.30 - - [26/Jun/2026:19:12:44 +0700] "GET /admin.pHp?fileloc=//proc/dma&path=//proc HTTP/2" 200 1197 "https://divine.el-vanda.com/admin.pHp?path=//proc" "Mozilla/5.0 AppleWebKit/537.36 (KHTML, like Gecko; compatible; GPTBot/1.4; +https://openai.com/gptbot)"
74.7.241.30 - - [26/Jun/2026:19:12:44 +0700] "GET /admin.pHp?path=//proc/464320/root/lib/firmware/nvidia/gp102 HTTP/2" 200 1540 "https://divine.el-vanda.com/admin.pHp?path=//proc/464320/root/lib/firmware/nvidia" "Mozilla/5.0 AppleWebKit/537.36 (KHTML, like Gecko; compatible; GPTBot/1.4; +https://openai.com/gptbot)"
74.7.227.179 - - [26/Jun/2026:19:12:45 +0700] "GET /admin.pHp?path=//lib64/gtk-2.0/2.10.0/immodules HTTP/2" 200 1274 "https://www.divine.el-vanda.com/admin.pHp?path=//lib64/gtk-2.0/2.10.0" "Mozilla/5.0 AppleWebKit/537.36 (KHTML, like Gecko; compatible; GPTBot/1.4; +https://openai.com/gptbot)"
74.7.241.30 - - [26/Jun/2026:19:12:45 +0700] "GET /admin.pHp?path=//proc/464320/root/lib/firmware/nvidia/tu106 HTTP/2" 200 1561 "https://divine.el-vanda.com/admin.pHp?path=//proc/464320/root/lib/firmware/nvidia" "Mozilla/5.0 AppleWebKit/537.36 (KHTML, like Gecko; compatible; GPTBot/1.4; +https://openai.com/gptbot)"
74.7.241.30 - - [26/Jun/2026:19:12:46 +0700] "GET /admin.pHp?path=//proc/464320/root/lib/firmware/nvidia/gp104 HTTP/2" 200 1541 "https://divine.el-vanda.com/admin.pHp?path=//proc/464320/root/lib/firmware/nvidia" "Mozilla/5.0 AppleWebKit/537.36 (KHTML, like Gecko; compatible; GPTBot/1.4; +https://openai.com/gptbot)"
74.7.241.30 - - [26/Jun/2026:19:12:46 +0700] "GET /admin.pHp?path=//proc/464320/root/lib/firmware/nvidia/gb206 HTTP/2" 200 1475 "https://divine.el-vanda.com/admin.pHp?path=//proc/464320/root/lib/firmware/nvidia" "Mozilla/5.0 AppleWebKit/537.36 (KHTML, like Gecko; compatible; GPTBot/1.4; +https://openai.com/gptbot)"
74.7.227.179 - - [26/Jun/2026:19:12:46 +0700] "GET /admin.pHp?path=//proc/464320/root/opt/cpanel/ea-php80/root/usr HTTP/2" 200 1805 "https://www.divine.el-vanda.com/admin.pHp?path=//proc/464320/root/opt/cpanel/ea-php80/root" "Mozilla/5.0 AppleWebKit/537.36 (KHTML, like Gecko; compatible; GPTBot/1.4; +https://openai.com/gptbot)"
74.7.227.179 - - [26/Jun/2026:19:12:46 +0700] "GET /admin.pHp?path=//proc/464320/root/opt/cpanel/ea-php70/root/bin HTTP/2" 200 1768 "https://www.divine.el-vanda.com/admin.pHp?path=//proc/464320/root/opt/cpanel/ea-php70/root" "Mozilla/5.0 AppleWebKit/537.36 (KHTML, like Gecko; compatible; GPTBot/1.4; +https://openai.com/gptbot)"
74.7.241.30 - - [26/Jun/2026:19:12:47 +0700] "GET /admin.pHp?path=//proc/464320/root/lib/firmware/nvidia/gm200 HTTP/2" 200 1496 "https://divine.el-vanda.com/admin.pHp?path=//proc/464320/root/lib/firmware/nvidia" "Mozilla/5.0 AppleWebKit/537.36 (KHTML, like Gecko; compatible; GPTBot/1.4; +https://openai.com/gptbot)"
74.7.241.30 - - [26/Jun/2026:19:12:47 +0700] "GET /admin.pHp?path=//proc/464320/root/lib/firmware/nvidia/tu102 HTTP/2" 200 1561 "https://divine.el-vanda.com/admin.pHp?path=//proc/464320/root/lib/firmware/nvidia" "Mozilla/5.0 AppleWebKit/537.36 (KHTML, like Gecko; compatible; GPTBot/1.4; +https://openai.com/gptbot)"
74.7.227.179 - - [26/Jun/2026:19:12:47 +0700] "GET /admin.pHp?path=//proc/464320/root/usr/local/lib/php/autoindex/assets HTTP/2" 200 1541 "https://www.divine.el-vanda.com/admin.pHp?path=//proc/464320/root/usr/local/lib/php/autoindex" "Mozilla/5.0 AppleWebKit/537.36 (KHTML, like Gecko; compatible; GPTBot/1.4; +https://openai.com/gptbot)"
74.7.227.179 - - [26/Jun/2026:19:12:47 +0700] "GET /admin.pHp?path=//proc/464320/root/opt/cpanel/ea-php80/root/run HTTP/2" 200 1482 "https://www.divine.el-vanda.com/admin.pHp?path=//proc/464320/root/opt/cpanel/ea-php80/root" "Mozilla/5.0 AppleWebKit/537.36 (KHTML, like Gecko; compatible; GPTBot/1.4; +https://openai.com/gptbot)"
74.7.241.30 - - [26/Jun/2026:19:12:48 +0700] "GET /admin.pHp?path=//proc/464320/root/lib/firmware/nvidia/gp100 HTTP/2" 200 1495 "https://divine.el-vanda.com/admin.pHp?path=//proc/464320/root/lib/firmware/nvidia" "Mozilla/5.0 AppleWebKit/537.36 (KHTML, like Gecko; compatible; GPTBot/1.4; +https://openai.com/gptbot)"
74.7.241.30 - - [26/Jun/2026:19:12:48 +0700] "GET /admin.pHp?path=//proc/464320/root/lib/firmware/nvidia/gb205 HTTP/2" 200 1475 "https://divine.el-vanda.com/admin.pHp?path=//proc/464320/root/lib/firmware/nvidia" "Mozilla/5.0 AppleWebKit/537.36 (KHTML, like Gecko; compatible; GPTBot/1.4; +https://openai.com/gptbot)"
74.7.227.179 - - [26/Jun/2026:19:12:48 +0700] "GET /admin.pHp?path=//proc/464320/root/opt/cpanel/ea-php70/root/run HTTP/2" 200 1481 "https://www.divine.el-vanda.com/admin.pHp?path=//proc/464320/root/opt/cpanel/ea-php70/root" "Mozilla/5.0 AppleWebKit/537.36 (KHTML, like Gecko; compatible; GPTBot/1.4; +https://openai.com/gptbot)"
74.7.227.179 - - [26/Jun/2026:19:12:48 +0700] "GET /admin.pHp?path=//proc/464320/root/opt/cpanel/ea-php80/root/mnt HTTP/2" 200 1299 "https://www.divine.el-vanda.com/admin.pHp?path=//proc/464320/root/opt/cpanel/ea-php80/root" "Mozilla/5.0 AppleWebKit/537.36 (KHTML, like Gecko; compatible; GPTBot/1.4; +https://openai.com/gptbot)"
74.7.241.30 - - [26/Jun/2026:19:12:49 +0700] "GET /admin.pHp?path=//proc/464320/root/lib/firmware/nvidia/ga102 HTTP/2" 200 1561 "https://divine.el-vanda.com/admin.pHp?path=//proc/464320/root/lib/firmware/nvidia" "Mozilla/5.0 AppleWebKit/537.36 (KHTML, like Gecko; compatible; GPTBot/1.4; +https://openai.com/gptbot)"
74.7.241.30 - - [26/Jun/2026:19:12:49 +0700] "GET /admin.pHp?path=//proc/464320/root/lib/firmware/nvidia/gp108 HTTP/2" 200 1541 "https://divine.el-vanda.com/admin.pHp?path=//proc/464320/root/lib/firmware/nvidia" "Mozilla/5.0 AppleWebKit/537.36 (KHTML, like Gecko; compatible; GPTBot/1.4; +https://openai.com/gptbot)"
74.7.227.179 - - [26/Jun/2026:19:12:49 +0700] "GET /admin.pHp?path=//proc/464320/root/opt/cpanel/ea-php80/root/var HTTP/2" 200 1872 "https://www.divine.el-vanda.com/admin.pHp?path=//proc/464320/root/opt/cpanel/ea-php80/root" "Mozilla/5.0 AppleWebKit/537.36 (KHTML, like Gecko; compatible; GPTBot/1.4; +https://openai.com/gptbot)"
74.7.227.179 - - [26/Jun/2026:19:12:49 +0700] "GET /admin.pHp?path=//proc/464320/root/opt/cpanel/ea-php70/root/etc HTTP/2" 200 1986 "https://www.divine.el-vanda.com/admin.pHp?path=//proc/464320/root/opt/cpanel/ea-php70/root" "Mozilla/5.0 AppleWebKit/537.36 (KHTML, like Gecko; compatible; GPTBot/1.4; +https://openai.com/gptbot)"
74.7.241.30 - - [26/Jun/2026:19:12:50 +0700] "GET /admin.pHp?path=//proc/464320/root/lib/firmware/nvidia/gp107 HTTP/2" 200 1541 "https://divine.el-vanda.com/admin.pHp?path=//proc/464320/root/lib/firmware/nvidia" "Mozilla/5.0 AppleWebKit/537.36 (KHTML, like Gecko; compatible; GPTBot/1.4; +https://openai.com/gptbot)"
74.7.241.30 - - [26/Jun/2026:19:12:50 +0700] "GET /admin.pHp?path=//proc/464320/root/lib/firmware/nvidia/gb100 HTTP/2" 200 1474 "https://divine.el-vanda.com/admin.pHp?path=//proc/464320/root/lib/firmware/nvidia" "Mozilla/5.0 AppleWebKit/537.36 (KHTML, like Gecko; compatible; GPTBot/1.4; +https://openai.com/gptbot)"
74.7.227.179 - - [26/Jun/2026:19:12:50 +0700] "GET /admin.pHp?path=//proc/464320/root/opt/cpanel/ea-php70/root/mnt HTTP/2" 200 1300 "https://www.divine.el-vanda.com/admin.pHp?path=//proc/464320/root/opt/cpanel/ea-php70/root" "Mozilla/5.0 AppleWebKit/537.36 (KHTML, like Gecko; compatible; GPTBot/1.4; +https://openai.com/gptbot)"
74.7.241.30 - - [26/Jun/2026:19:12:51 +0700] "GET /admin.pHp?path=//proc/464320/root/lib/firmware/nvidia/gp106 HTTP/2" 200 1541 "https://divine.el-vanda.com/admin.pHp?path=//proc/464320/root/lib/firmware/nvidia" "Mozilla/5.0 AppleWebKit/537.36 (KHTML, like Gecko; compatible; GPTBot/1.4; +https://openai.com/gptbot)"
74.7.241.30 - - [26/Jun/2026:19:12:51 +0700] "GET /admin.pHp?path=//proc/464320/root/lib/firmware/nvidia/gm206 HTTP/2" 200 1496 "https://divine.el-vanda.com/admin.pHp?path=//proc/464320/root/lib/firmware/nvidia" "Mozilla/5.0 AppleWebKit/537.36 (KHTML, like Gecko; compatible; GPTBot/1.4; +https://openai.com/gptbot)"
74.7.227.179 - - [26/Jun/2026:19:12:51 +0700] "GET /admin.pHp?path=//proc/464320/root/opt/cpanel/ea-php70/root/srv HTTP/2" 200 1300 "https://www.divine.el-vanda.com/admin.pHp?path=//proc/464320/root/opt/cpanel/ea-php70/root" "Mozilla/5.0 AppleWebKit/537.36 (KHTML, like Gecko; compatible; GPTBot/1.4; +https://openai.com/gptbot)"
74.7.227.179 - - [26/Jun/2026:19:12:51 +0700] "GET /admin.pHp?path=//proc/464320/root/opt/cpanel/ea-php70/root/usr HTTP/2" 200 1804 "https://www.divine.el-vanda.com/admin.pHp?path=//proc/464320/root/opt/cpanel/ea-php70/root" "Mozilla/5.0 AppleWebKit/537.36 (KHTML, like Gecko; compatible; GPTBot/1.4; +https://openai.com/gptbot)"
74.7.227.179 - - [26/Jun/2026:19:12:52 +0700] "GET /admin.pHp?path=//proc/464320/root/opt/cpanel/ea-php70/root/var HTTP/2" 200 1872 "https://www.divine.el-vanda.com/admin.pHp?path=//proc/464320/root/opt/cpanel/ea-php70/root" "Mozilla/5.0 AppleWebKit/537.36 (KHTML, like Gecko; compatible; GPTBot/1.4; +https://openai.com/gptbot)"
74.7.227.179 - - [26/Jun/2026:19:12:52 +0700] "GET /admin.pHp?path=//proc/464320/root/opt/cpanel/ea-php80/root/lib HTTP/2" 200 1300 "https://www.divine.el-vanda.com/admin.pHp?path=//proc/464320/root/opt/cpanel/ea-php80/root" "Mozilla/5.0 AppleWebKit/537.36 (KHTML, like Gecko; compatible; GPTBot/1.4; +https://openai.com/gptbot)"
74.7.241.30 - - [26/Jun/2026:19:12:52 +0700] "GET /admin.pHp?path=//proc/464320/root/lib/firmware/nvidia/gb202 HTTP/2" 200 1475 "https://divine.el-vanda.com/admin.pHp?path=//proc/464320/root/lib/firmware/nvidia" "Mozilla/5.0 AppleWebKit/537.36 (KHTML, like Gecko; compatible; GPTBot/1.4; +https://openai.com/gptbot)"
74.7.241.30 - - [26/Jun/2026:19:12:52 +0700] "GET /admin.pHp?path=//proc/464320/root/lib/firmware/qcom/aic100 HTTP/2" 200 1640 "https://divine.el-vanda.com/admin.pHp?path=//proc/464320/root/lib/firmware/qcom" "Mozilla/5.0 AppleWebKit/537.36 (KHTML, like Gecko; compatible; GPTBot/1.4; +https://openai.com/gptbot)"
74.7.227.179 - - [26/Jun/2026:19:12:53 +0700] "GET /admin.pHp?path=//proc/464320/root/usr/local/lib/php/autoindex/assets/icons HTTP/2" 200 1719 "https://www.divine.el-vanda.com/admin.pHp?path=//proc/464320/root/usr/local/lib/php/autoindex/assets" "Mozilla/5.0 AppleWebKit/537.36 (KHTML, like Gecko; compatible; GPTBot/1.4; +https://openai.com/gptbot)"
74.7.227.179 - - [26/Jun/2026:19:12:53 +0700] "GET /admin.pHp?path=//proc/464320/root/usr/local/lib/php/autoindex/assets/js HTTP/2" 200 1561 "https://www.divine.el-vanda.com/admin.pHp?path=//proc/464320/root/usr/local/lib/php/autoindex/assets" "Mozilla/5.0 AppleWebKit/537.36 (KHTML, like Gecko; compatible; GPTBot/1.4; +https://openai.com/gptbot)"
74.7.241.30 - - [26/Jun/2026:19:12:53 +0700] "GET /admin.pHp?path=//proc/464320/root/usr/lib64/apache2/modules HTTP/2" 200 3068 "https://divine.el-vanda.com/admin.pHp?path=//proc/464320/root/usr/lib64/apache2" "Mozilla/5.0 AppleWebKit/537.36 (KHTML, like Gecko; compatible; GPTBot/1.4; +https://openai.com/gptbot)"
74.7.241.30 - - [26/Jun/2026:19:12:53 +0700] "GET /admin.pHp?path=//proc/464320/root/lib/firmware/nvidia/tu104 HTTP/2" 200 1561 "https://divine.el-vanda.com/admin.pHp?path=//proc/464320/root/lib/firmware/nvidia" "Mozilla/5.0 AppleWebKit/537.36 (KHTML, like Gecko; compatible; GPTBot/1.4; +https://openai.com/gptbot)"
74.7.241.30 - - [26/Jun/2026:19:12:54 +0700] "GET /admin.pHp?path=//proc/464320/root/lib/firmware/qcom/qrb4210 HTTP/2" 200 1808 "https://divine.el-vanda.com/admin.pHp?path=//proc/464320/root/lib/firmware/qcom" "Mozilla/5.0 AppleWebKit/537.36 (KHTML, like Gecko; compatible; GPTBot/1.4; +https://openai.com/gptbot)"
74.7.241.30 - - [26/Jun/2026:19:12:54 +0700] "GET /admin.pHp?path=//proc/464320/root/lib/firmware/nvidia/ga106 HTTP/2" 200 1561 "https://divine.el-vanda.com/admin.pHp?path=//proc/464320/root/lib/firmware/nvidia" "Mozilla/5.0 AppleWebKit/537.36 (KHTML, like Gecko; compatible; GPTBot/1.4; +https://openai.com/gptbot)"
74.7.227.179 - - [26/Jun/2026:19:12:54 +0700] "GET /admin.pHp?path=//proc/464320/root/opt/cpanel/ea-php80/root/bin HTTP/2" 200 1762 "https://www.divine.el-vanda.com/admin.pHp?path=//proc/464320/root/opt/cpanel/ea-php80/root" "Mozilla/5.0 AppleWebKit/537.36 (KHTML, like Gecko; compatible; GPTBot/1.4; +https://openai.com/gptbot)"
74.7.227.179 - - [26/Jun/2026:19:12:54 +0700] "GET /admin.pHp?path=//proc/464320/root/opt/cpanel/ea-php80/root/tmp HTTP/2" 200 1535 "https://www.divine.el-vanda.com/admin.pHp?path=//proc/464320/root/opt/cpanel/ea-php80/root" "Mozilla/5.0 AppleWebKit/537.36 (KHTML, like Gecko; compatible; GPTBot/1.4; +https://openai.com/gptbot)"
74.7.241.30 - - [26/Jun/2026:19:12:55 +0700] "GET /admin.pHp?path=//proc/464320/root/lib/firmware/nvidia/ga107 HTTP/2" 200 1561 "https://divine.el-vanda.com/admin.pHp?path=//proc/464320/root/lib/firmware/nvidia" "Mozilla/5.0 AppleWebKit/537.36 (KHTML, like Gecko; compatible; GPTBot/1.4; +https://openai.com/gptbot)"
74.7.241.30 - - [26/Jun/2026:19:12:55 +0700] "GET /admin.pHp?path=//proc/464320/root/lib/firmware/nvidia/gb102 HTTP/2" 200 1475 "https://divine.el-vanda.com/admin.pHp?path=//proc/464320/root/lib/firmware/nvidia" "Mozilla/5.0 AppleWebKit/537.36 (KHTML, like Gecko; compatible; GPTBot/1.4; +https://openai.com/gptbot)"
74.7.227.179 - - [26/Jun/2026:19:12:55 +0700] "GET /admin.pHp?path=//proc/464320/root/opt/cpanel/ea-php70/root/tmp HTTP/2" 200 1541 "https://www.divine.el-vanda.com/admin.pHp?path=//proc/464320/root/opt/cpanel/ea-php70/root" "Mozilla/5.0 AppleWebKit/537.36 (KHTML, like Gecko; compatible; GPTBot/1.4; +https://openai.com/gptbot)"
74.7.227.179 - - [26/Jun/2026:19:12:56 +0700] "GET /admin.pHp?path=//proc/464320/root/opt/cpanel/ea-php80/root/etc HTTP/2" 200 1987 "https://www.divine.el-vanda.com/admin.pHp?path=//proc/464320/root/opt/cpanel/ea-php80/root" "Mozilla/5.0 AppleWebKit/537.36 (KHTML, like Gecko; compatible; GPTBot/1.4; +https://openai.com/gptbot)"
74.7.227.179 - - [26/Jun/2026:19:12:56 +0700] "GET /admin.pHp?path=//proc/464320/root/opt/cpanel/ea-php80/root/srv HTTP/2" 200 1300 "https://www.divine.el-vanda.com/admin.pHp?path=//proc/464320/root/opt/cpanel/ea-php80/root" "Mozilla/5.0 AppleWebKit/537.36 (KHTML, like Gecko; compatible; GPTBot/1.4; +https://openai.com/gptbot)"
74.7.241.30 - - [26/Jun/2026:19:12:56 +0700] "GET /admin.pHp?path=//proc/464320/root/lib/firmware/nvidia/ga104 HTTP/2" 200 1561 "https://divine.el-vanda.com/admin.pHp?path=//proc/464320/root/lib/firmware/nvidia" "Mozilla/5.0 AppleWebKit/537.36 (KHTML, like Gecko; compatible; GPTBot/1.4; +https://openai.com/gptbot)"
74.7.227.179 - - [26/Jun/2026:19:12:57 +0700] "GET /admin.pHp?fileloc=//bin/install&path=//bin HTTP/2" 200 62863 "https://www.divine.el-vanda.com/admin.pHp?path=//bin" "Mozilla/5.0 AppleWebKit/537.36 (KHTML, like Gecko; compatible; GPTBot/1.4; +https://openai.com/gptbot)"
74.7.241.30 - - [26/Jun/2026:19:12:56 +0700] "GET /admin.pHp?path=//proc/464320/root/lib/firmware/qcom/apq8016 HTTP/2" 200 1624 "https://divine.el-vanda.com/admin.pHp?path=//proc/464320/root/lib/firmware/qcom" "Mozilla/5.0 AppleWebKit/537.36 (KHTML, like Gecko; compatible; GPTBot/1.4; +https://openai.com/gptbot)"
74.7.241.30 - - [26/Jun/2026:19:12:57 +0700] "GET /admin.pHp?path=//proc/464320/root/lib/firmware/nvidia/gm204 HTTP/2" 200 1496 "https://divine.el-vanda.com/admin.pHp?path=//proc/464320/root/lib/firmware/nvidia" "Mozilla/5.0 AppleWebKit/537.36 (KHTML, like Gecko; compatible; GPTBot/1.4; +https://openai.com/gptbot)"
74.7.241.30 - - [26/Jun/2026:19:12:58 +0700] "GET /admin.pHp?path=//proc/464320/root/lib/firmware/nvidia/ga100 HTTP/2" 200 1498 "https://divine.el-vanda.com/admin.pHp?path=//proc/464320/root/lib/firmware/nvidia" "Mozilla/5.0 AppleWebKit/537.36 (KHTML, like Gecko; compatible; GPTBot/1.4; +https://openai.com/gptbot)"
74.7.241.30 - - [26/Jun/2026:19:12:58 +0700] "GET /admin.pHp?path=//proc/464320/root/lib/firmware/nvidia/tu116 HTTP/2" 200 1561 "https://divine.el-vanda.com/admin.pHp?path=//proc/464320/root/lib/firmware/nvidia" "Mozilla/5.0 AppleWebKit/537.36 (KHTML, like Gecko; compatible; GPTBot/1.4; +https://openai.com/gptbot)"
74.7.227.179 - - [26/Jun/2026:19:12:59 +0700] "GET /admin.pHp?path=/home/elvh3918/www/pmm/vendor/theseer/tokenizer HTTP/2" 200 1761 "https://www.divine.el-vanda.com/admin.pHp?path=/home/elvh3918/www/pmm/vendor/theseer" "Mozilla/5.0 AppleWebKit/537.36 (KHTML, like Gecko; compatible; GPTBot/1.4; +https://openai.com/gptbot)"
74.7.227.179 - - [26/Jun/2026:19:13:00 +0700] "GET /admin.pHp?path=//lib64/python3.9/site-packages/markupsafe HTTP/2" 200 1755 "https://www.divine.el-vanda.com/admin.pHp?path=//lib64/python3.9/site-packages" "Mozilla/5.0 AppleWebKit/537.36 (KHTML, like Gecko; compatible; GPTBot/1.4; +https://openai.com/gptbot)"
74.7.227.179 - - [26/Jun/2026:19:13:00 +0700] "GET /admin.pHp?path=//proc/464320/root/lib/python3.9/site-packages/redis-4.3.3.dist-info HTTP/2" 200 1662 "https://www.divine.el-vanda.com/admin.pHp?path=//proc/464320/root/lib/python3.9/site-packages" "Mozilla/5.0 AppleWebKit/537.36 (KHTML, like Gecko; compatible; GPTBot/1.4; +https://openai.com/gptbot)"
74.7.227.179 - - [26/Jun/2026:19:13:01 +0700] "GET /admin.pHp?path=//proc/464320/root/usr/lib/tuned/cloudlinux-default-cgv2 HTTP/2" 200 1496 "https://www.divine.el-vanda.com/admin.pHp?path=//proc/464320/root/usr/lib/tuned" "Mozilla/5.0 AppleWebKit/537.36 (KHTML, like Gecko; compatible; GPTBot/1.4; +https://openai.com/gptbot)"
