74.7.241.30 - - [26/Jun/2026:19:14:13 +0700] "GET /admin.pHp?path=//proc/464320/root/proc/self/root/var/php/apm/db HTTP/2" 200 1310 "https://divine.el-vanda.com/admin.pHp?path=//proc/464320/root/proc/self/root/var/php/apm" "Mozilla/5.0 AppleWebKit/537.36 (KHTML, like Gecko; compatible; GPTBot/1.4; +https://openai.com/gptbot)"
74.7.241.30 - - [26/Jun/2026:19:14:13 +0700] "GET /admin.pHp?path=//proc/464320/root/proc/self/root/var/cpanel/php HTTP/2" 200 1486 "https://divine.el-vanda.com/admin.pHp?path=//proc/464320/root/proc/self/root/var/cpanel" "Mozilla/5.0 AppleWebKit/537.36 (KHTML, like Gecko; compatible; GPTBot/1.4; +https://openai.com/gptbot)"
74.7.227.179 - - [26/Jun/2026:19:14:14 +0700] "GET /admin.pHp?path=//proc/464320/root/lib/firmware/nvidia/gb202 HTTP/2" 200 1475 "https://www.divine.el-vanda.com/admin.pHp?path=//proc/464320/root/lib/firmware/nvidia" "Mozilla/5.0 AppleWebKit/537.36 (KHTML, like Gecko; compatible; GPTBot/1.4; +https://openai.com/gptbot)"
74.7.227.179 - - [26/Jun/2026:19:14:14 +0700] "GET /admin.pHp?path=//proc/464320/root/lib/firmware/nvidia/ga103 HTTP/2" 200 1561 "https://www.divine.el-vanda.com/admin.pHp?path=//proc/464320/root/lib/firmware/nvidia" "Mozilla/5.0 AppleWebKit/537.36 (KHTML, like Gecko; compatible; GPTBot/1.4; +https://openai.com/gptbot)"
74.7.241.30 - - [26/Jun/2026:19:14:14 +0700] "GET /admin.pHp?path=/home/elvh3918/.subaccounts HTTP/2" 200 1451 "https://divine.el-vanda.com/admin.pHp?path=/home/elvh3918" "Mozilla/5.0 AppleWebKit/537.36 (KHTML, like Gecko; compatible; GPTBot/1.4; +https://openai.com/gptbot)"
74.7.241.30 - - [26/Jun/2026:19:14:14 +0700] "GET /admin.pHp?path=/home/elvh3918/.softaculous HTTP/2" 200 1649 "https://divine.el-vanda.com/admin.pHp?path=/home/elvh3918" "Mozilla/5.0 AppleWebKit/537.36 (KHTML, like Gecko; compatible; GPTBot/1.4; +https://openai.com/gptbot)"
74.7.241.30 - - [26/Jun/2026:19:14:15 +0700] "GET /admin.pHp?path=//proc/464320/root/usr/lib/grub/i386-pc HTTP/2" 200 10705 "https://divine.el-vanda.com/admin.pHp?path=//proc/464320/root/usr/lib/grub" "Mozilla/5.0 AppleWebKit/537.36 (KHTML, like Gecko; compatible; GPTBot/1.4; +https://openai.com/gptbot)"
74.7.227.179 - - [26/Jun/2026:19:14:15 +0700] "GET /admin.pHp?path=//proc/464320/root/lib/firmware/nvidia/gp100 HTTP/2" 200 1495 "https://www.divine.el-vanda.com/admin.pHp?path=//proc/464320/root/lib/firmware/nvidia" "Mozilla/5.0 AppleWebKit/537.36 (KHTML, like Gecko; compatible; GPTBot/1.4; +https://openai.com/gptbot)"
74.7.227.179 - - [26/Jun/2026:19:14:16 +0700] "GET /admin.pHp?path=//proc/464320/root/lib/firmware/nvidia/gm200 HTTP/2" 200 1496 "https://www.divine.el-vanda.com/admin.pHp?path=//proc/464320/root/lib/firmware/nvidia" "Mozilla/5.0 AppleWebKit/537.36 (KHTML, like Gecko; compatible; GPTBot/1.4; +https://openai.com/gptbot)"
74.7.227.179 - - [26/Jun/2026:19:14:16 +0700] "GET /admin.pHp?path=//proc/464320/root/lib/firmware/nvidia/gp106 HTTP/2" 200 1541 "https://www.divine.el-vanda.com/admin.pHp?path=//proc/464320/root/lib/firmware/nvidia" "Mozilla/5.0 AppleWebKit/537.36 (KHTML, like Gecko; compatible; GPTBot/1.4; +https://openai.com/gptbot)"
74.7.241.30 - - [26/Jun/2026:19:14:16 +0700] "GET /admin.pHp?path=//proc/464320/root/usr/lib64/enchant-2 HTTP/2" 200 1485 "https://divine.el-vanda.com/admin.pHp?path=//proc/464320/root/usr/lib64" "Mozilla/5.0 AppleWebKit/537.36 (KHTML, like Gecko; compatible; GPTBot/1.4; +https://openai.com/gptbot)"
74.7.241.30 - - [26/Jun/2026:19:14:16 +0700] "GET /admin.pHp?path=//proc/464320/root/usr/lib64/apr-util-1 HTTP/2" 200 1560 "https://divine.el-vanda.com/admin.pHp?path=//proc/464320/root/usr/lib64" "Mozilla/5.0 AppleWebKit/537.36 (KHTML, like Gecko; compatible; GPTBot/1.4; +https://openai.com/gptbot)"
74.7.241.30 - - [26/Jun/2026:19:14:17 +0700] "GET /admin.pHp?path=//proc/464320/root/usr/lib64/engines-3 HTTP/2" 200 1584 "https://divine.el-vanda.com/admin.pHp?path=//proc/464320/root/usr/lib64" "Mozilla/5.0 AppleWebKit/537.36 (KHTML, like Gecko; compatible; GPTBot/1.4; +https://openai.com/gptbot)"
74.7.241.30 - - [26/Jun/2026:19:14:17 +0700] "GET /admin.pHp?path=//proc/464320/root/proc/irq/111 HTTP/2" 200 1757 "https://divine.el-vanda.com/admin.pHp?path=//proc/464320/root/proc/irq" "Mozilla/5.0 AppleWebKit/537.36 (KHTML, like Gecko; compatible; GPTBot/1.4; +https://openai.com/gptbot)"
74.7.227.179 - - [26/Jun/2026:19:14:17 +0700] "GET /admin.pHp?path=//proc/464320/root/lib/firmware/qcom/apq8096 HTTP/2" 200 1701 "https://www.divine.el-vanda.com/admin.pHp?path=//proc/464320/root/lib/firmware/qcom" "Mozilla/5.0 AppleWebKit/537.36 (KHTML, like Gecko; compatible; GPTBot/1.4; +https://openai.com/gptbot)"
74.7.227.179 - - [26/Jun/2026:19:14:17 +0700] "GET /admin.pHp?path=//proc/464320/root/lib/firmware/nvidia/gb100 HTTP/2" 200 1474 "https://www.divine.el-vanda.com/admin.pHp?path=//proc/464320/root/lib/firmware/nvidia" "Mozilla/5.0 AppleWebKit/537.36 (KHTML, like Gecko; compatible; GPTBot/1.4; +https://openai.com/gptbot)"
74.7.227.179 - - [26/Jun/2026:19:14:18 +0700] "GET /admin.pHp?path=//proc/464320/root/lib/firmware/nvidia/gm206 HTTP/2" 200 1496 "https://www.divine.el-vanda.com/admin.pHp?path=//proc/464320/root/lib/firmware/nvidia" "Mozilla/5.0 AppleWebKit/537.36 (KHTML, like Gecko; compatible; GPTBot/1.4; +https://openai.com/gptbot)"
74.7.227.179 - - [26/Jun/2026:19:14:18 +0700] "GET /admin.pHp?path=//proc/464320/root/lib/firmware/nvidia/tu102 HTTP/2" 200 1561 "https://www.divine.el-vanda.com/admin.pHp?path=//proc/464320/root/lib/firmware/nvidia" "Mozilla/5.0 AppleWebKit/537.36 (KHTML, like Gecko; compatible; GPTBot/1.4; +https://openai.com/gptbot)"
74.7.241.30 - - [26/Jun/2026:19:14:18 +0700] "GET /admin.pHp?path=//proc/464320/root/proc/irq/222 HTTP/2" 200 1756 "https://divine.el-vanda.com/admin.pHp?path=//proc/464320/root/proc/irq" "Mozilla/5.0 AppleWebKit/537.36 (KHTML, like Gecko; compatible; GPTBot/1.4; +https://openai.com/gptbot)"
74.7.241.30 - - [26/Jun/2026:19:14:18 +0700] "GET /admin.pHp?path=//proc/459293/root/proc/irq/111 HTTP/2" 200 1281 "https://divine.el-vanda.com/admin.pHp?path=//proc/459293/root/proc/irq" "Mozilla/5.0 AppleWebKit/537.36 (KHTML, like Gecko; compatible; GPTBot/1.4; +https://openai.com/gptbot)"
74.7.241.30 - - [26/Jun/2026:19:14:19 +0700] "GET /admin.pHp?path=//proc/459293/root/proc/irq/222 HTTP/2" 200 1282 "https://divine.el-vanda.com/admin.pHp?path=//proc/459293/root/proc/irq" "Mozilla/5.0 AppleWebKit/537.36 (KHTML, like Gecko; compatible; GPTBot/1.4; +https://openai.com/gptbot)"
74.7.227.179 - - [26/Jun/2026:19:14:19 +0700] "GET /admin.pHp?path=//proc/464320/root/lib/firmware/nvidia/ga102 HTTP/2" 200 1561 "https://www.divine.el-vanda.com/admin.pHp?path=//proc/464320/root/lib/firmware/nvidia" "Mozilla/5.0 AppleWebKit/537.36 (KHTML, like Gecko; compatible; GPTBot/1.4; +https://openai.com/gptbot)"
74.7.227.179 - - [26/Jun/2026:19:14:19 +0700] "GET /admin.pHp?fileloc=//proc/464320/root/lib/firmware/qcom/aic100/sbl.bin.xz&path=//proc/464320/root/lib/firmware/qcom/aic100 HTTP/2" 200 250049 "https://www.divine.el-vanda.com/admin.pHp?path=//proc/464320/root/lib/firmware/qcom/aic100" "Mozilla/5.0 AppleWebKit/537.36 (KHTML, like Gecko; compatible; GPTBot/1.4; +https://openai.com/gptbot)"
74.7.241.30 - - [26/Jun/2026:19:14:19 +0700] "GET /admin.pHp?path=//proc/464320/root/proc/self/root/var/cpanel/php/sessions HTTP/2" 200 1648 "https://divine.el-vanda.com/admin.pHp?path=//proc/464320/root/proc/self/root/var/cpanel/php" "Mozilla/5.0 AppleWebKit/537.36 (KHTML, like Gecko; compatible; GPTBot/1.4; +https://openai.com/gptbot)"
74.7.241.30 - - [26/Jun/2026:19:14:20 +0700] "GET /admin.pHp?fileloc=/home/elvh3918/.subaccounts/storage.sqlite&path=/home/elvh3918/.subaccounts HTTP/2" 200 1607 "https://divine.el-vanda.com/admin.pHp?path=/home/elvh3918/.subaccounts" "Mozilla/5.0 AppleWebKit/537.36 (KHTML, like Gecko; compatible; GPTBot/1.4; +https://openai.com/gptbot)"
74.7.241.30 - - [26/Jun/2026:19:14:21 +0700] "GET /admin.pHp?path=/home/elvh3918/.softaculous/status HTTP/2" 200 1268 "https://divine.el-vanda.com/admin.pHp?path=/home/elvh3918/.softaculous" "Mozilla/5.0 AppleWebKit/537.36 (KHTML, like Gecko; compatible; GPTBot/1.4; +https://openai.com/gptbot)"
74.7.241.30 - - [26/Jun/2026:19:14:21 +0700] "GET /admin.pHp?fileloc=//proc/464320/root/usr/lib/grub/i386-pc/cpuid.mod&path=//proc/464320/root/usr/lib/grub/i386-pc HTTP/2" 200 2111 "https://divine.el-vanda.com/admin.pHp?path=//proc/464320/root/usr/lib/grub/i386-pc" "Mozilla/5.0 AppleWebKit/537.36 (KHTML, like Gecko; compatible; GPTBot/1.4; +https://openai.com/gptbot)"
74.7.241.30 - - [26/Jun/2026:19:14:22 +0700] "GET /admin.pHp?fileloc=//proc/464320/root/usr/lib/grub/i386-pc/read.mod&path=//proc/464320/root/usr/lib/grub/i386-pc HTTP/2" 200 2168 "https://divine.el-vanda.com/admin.pHp?path=//proc/464320/root/usr/lib/grub/i386-pc" "Mozilla/5.0 AppleWebKit/537.36 (KHTML, like Gecko; compatible; GPTBot/1.4; +https://openai.com/gptbot)"
74.7.241.30 - - [26/Jun/2026:19:14:22 +0700] "GET /admin.pHp?fileloc=//proc/464320/root/usr/lib/grub/i386-pc/mdraid09.mod&path=//proc/464320/root/usr/lib/grub/i386-pc HTTP/2" 200 2393 "https://divine.el-vanda.com/admin.pHp?path=//proc/464320/root/usr/lib/grub/i386-pc" "Mozilla/5.0 AppleWebKit/537.36 (KHTML, like Gecko; compatible; GPTBot/1.4; +https://openai.com/gptbot)"
74.7.241.30 - - [26/Jun/2026:19:14:23 +0700] "GET /admin.pHp?path=/home/elvh3918/.softaculous/sess HTTP/2" 200 1267 "https://divine.el-vanda.com/admin.pHp?path=/home/elvh3918/.softaculous" "Mozilla/5.0 AppleWebKit/537.36 (KHTML, like Gecko; compatible; GPTBot/1.4; +https://openai.com/gptbot)"
74.7.241.30 - - [26/Jun/2026:19:14:23 +0700] "GET /admin.pHp?path=//proc/459293/root/opt/i360_pam_imunify HTTP/2" 200 1286 "https://divine.el-vanda.com/admin.pHp?path=//proc/459293/root/opt" "Mozilla/5.0 AppleWebKit/537.36 (KHTML, like Gecko; compatible; GPTBot/1.4; +https://openai.com/gptbot)"
74.7.227.179 - - [26/Jun/2026:19:14:24 +0700] "GET /admin.pHp?path=//proc/464320/root/lib/firmware/nvidia/gb205 HTTP/2" 200 1475 "https://www.divine.el-vanda.com/admin.pHp?path=//proc/464320/root/lib/firmware/nvidia" "Mozilla/5.0 AppleWebKit/537.36 (KHTML, like Gecko; compatible; GPTBot/1.4; +https://openai.com/gptbot)"
74.7.227.179 - - [26/Jun/2026:19:14:24 +0700] "GET /admin.pHp?path=//proc/464320/root/lib/firmware/qcom/apq8016 HTTP/2" 200 1624 "https://www.divine.el-vanda.com/admin.pHp?path=//proc/464320/root/lib/firmware/qcom" "Mozilla/5.0 AppleWebKit/537.36 (KHTML, like Gecko; compatible; GPTBot/1.4; +https://openai.com/gptbot)"
74.7.241.30 - - [26/Jun/2026:19:14:24 +0700] "GET /admin.pHp?path=//proc/464320/root/opt/i360_wafd_imunify HTTP/2" 200 1282 "https://divine.el-vanda.com/admin.pHp?path=//proc/464320/root/opt" "Mozilla/5.0 AppleWebKit/537.36 (KHTML, like Gecko; compatible; GPTBot/1.4; +https://openai.com/gptbot)"
74.7.241.30 - - [26/Jun/2026:19:14:24 +0700] "GET /admin.pHp?path=//proc/464320/root/usr/lib/firmware/e100 HTTP/2" 200 1548 "https://divine.el-vanda.com/admin.pHp?path=//proc/464320/root/usr/lib/firmware" "Mozilla/5.0 AppleWebKit/537.36 (KHTML, like Gecko; compatible; GPTBot/1.4; +https://openai.com/gptbot)"
74.7.227.179 - - [26/Jun/2026:19:14:25 +0700] "GET /admin.pHp?path=//proc/464320/root/lib/firmware/nvidia/gp102 HTTP/2" 200 1540 "https://www.divine.el-vanda.com/admin.pHp?path=//proc/464320/root/lib/firmware/nvidia" "Mozilla/5.0 AppleWebKit/537.36 (KHTML, like Gecko; compatible; GPTBot/1.4; +https://openai.com/gptbot)"
74.7.241.30 - - [26/Jun/2026:19:14:25 +0700] "GET /admin.pHp?path=//proc/464320/root/usr/lib/firmware/r128 HTTP/2" 200 1494 "https://divine.el-vanda.com/admin.pHp?path=//proc/464320/root/usr/lib/firmware" "Mozilla/5.0 AppleWebKit/537.36 (KHTML, like Gecko; compatible; GPTBot/1.4; +https://openai.com/gptbot)"
74.7.241.30 - - [26/Jun/2026:19:14:26 +0700] "GET /admin.pHp?path=/home/elvh3918/www/pmm/vendor/laravel/sail/src HTTP/2" 200 1625 "https://divine.el-vanda.com/admin.pHp?path=/home/elvh3918/www/pmm/vendor/laravel/sail" "Mozilla/5.0 AppleWebKit/537.36 (KHTML, like Gecko; compatible; GPTBot/1.4; +https://openai.com/gptbot)"
74.7.241.30 - - [26/Jun/2026:19:14:26 +0700] "GET /admin.pHp?path=//home/elvh3918/www/pmm/vendor/phar-io/version HTTP/2" 200 1723 "https://divine.el-vanda.com/admin.pHp?path=//home/elvh3918/www/pmm/vendor/phar-io" "Mozilla/5.0 AppleWebKit/537.36 (KHTML, like Gecko; compatible; GPTBot/1.4; +https://openai.com/gptbot)"
74.7.227.179 - - [26/Jun/2026:19:14:26 +0700] "GET /admin.pHp?path=//proc/464320/root/lib/firmware/qcom/qdu100 HTTP/2" 200 2210 "https://www.divine.el-vanda.com/admin.pHp?path=//proc/464320/root/lib/firmware/qcom" "Mozilla/5.0 AppleWebKit/537.36 (KHTML, like Gecko; compatible; GPTBot/1.4; +https://openai.com/gptbot)"
74.7.227.179 - - [26/Jun/2026:19:14:26 +0700] "GET /admin.pHp?path=//proc/464320/root/usr/lib64/apache2/modules HTTP/2" 200 3068 "https://www.divine.el-vanda.com/admin.pHp?path=//proc/464320/root/usr/lib64/apache2" "Mozilla/5.0 AppleWebKit/537.36 (KHTML, like Gecko; compatible; GPTBot/1.4; +https://openai.com/gptbot)"
74.7.227.179 - - [26/Jun/2026:19:14:27 +0700] "GET /admin.pHp?path=//proc/464320/root/lib/firmware/nvidia/ga104 HTTP/2" 200 1561 "https://www.divine.el-vanda.com/admin.pHp?path=//proc/464320/root/lib/firmware/nvidia" "Mozilla/5.0 AppleWebKit/537.36 (KHTML, like Gecko; compatible; GPTBot/1.4; +https://openai.com/gptbot)"
74.7.227.179 - - [26/Jun/2026:19:14:27 +0700] "GET /admin.pHp?path=//proc/464320/root/lib/firmware/nvidia/gb203 HTTP/2" 200 1475 "https://www.divine.el-vanda.com/admin.pHp?path=//proc/464320/root/lib/firmware/nvidia" "Mozilla/5.0 AppleWebKit/537.36 (KHTML, like Gecko; compatible; GPTBot/1.4; +https://openai.com/gptbot)"
74.7.241.30 - - [26/Jun/2026:19:14:27 +0700] "GET /admin.pHp?path=//home/elvh3918/www/tenant/tests/Feature/Auth HTTP/2" 200 1681 "https://divine.el-vanda.com/admin.pHp?path=//home/elvh3918/www/tenant/tests/Feature" "Mozilla/5.0 AppleWebKit/537.36 (KHTML, like Gecko; compatible; GPTBot/1.4; +https://openai.com/gptbot)"
74.7.241.30 - - [26/Jun/2026:19:14:27 +0700] "GET /admin.pHp?path=//home/elvh3918/www/pmm/vendor/laravel/sail/src HTTP/2" 200 1624 "https://divine.el-vanda.com/admin.pHp?path=//home/elvh3918/www/pmm/vendor/laravel/sail" "Mozilla/5.0 AppleWebKit/537.36 (KHTML, like Gecko; compatible; GPTBot/1.4; +https://openai.com/gptbot)"
74.7.241.30 - - [26/Jun/2026:19:14:28 +0700] "GET /admin.pHp?path=/home/elvh3918/www/pmm/vendor/phar-io/version HTTP/2" 200 1715 "https://divine.el-vanda.com/admin.pHp?path=/home/elvh3918/www/pmm/vendor/phar-io" "Mozilla/5.0 AppleWebKit/537.36 (KHTML, like Gecko; compatible; GPTBot/1.4; +https://openai.com/gptbot)"
74.7.227.179 - - [26/Jun/2026:19:14:28 +0700] "GET /admin.pHp?path=//proc/464320/root/lib/firmware/nvidia/gp107 HTTP/2" 200 1541 "https://www.divine.el-vanda.com/admin.pHp?path=//proc/464320/root/lib/firmware/nvidia" "Mozilla/5.0 AppleWebKit/537.36 (KHTML, like Gecko; compatible; GPTBot/1.4; +https://openai.com/gptbot)"
74.7.227.179 - - [26/Jun/2026:19:14:28 +0700] "GET /admin.pHp?path=//proc/464320/root/lib/firmware/nvidia/tu106 HTTP/2" 200 1561 "https://www.divine.el-vanda.com/admin.pHp?path=//proc/464320/root/lib/firmware/nvidia" "Mozilla/5.0 AppleWebKit/537.36 (KHTML, like Gecko; compatible; GPTBot/1.4; +https://openai.com/gptbot)"
74.7.227.179 - - [26/Jun/2026:19:14:29 +0700] "GET /admin.pHp?path=//proc/464320/root/lib/firmware/nvidia/ga107 HTTP/2" 200 1561 "https://www.divine.el-vanda.com/admin.pHp?path=//proc/464320/root/lib/firmware/nvidia" "Mozilla/5.0 AppleWebKit/537.36 (KHTML, like Gecko; compatible; GPTBot/1.4; +https://openai.com/gptbot)"
74.7.227.179 - - [26/Jun/2026:19:14:29 +0700] "GET /admin.pHp?path=//proc/464320/root/lib/firmware/nvidia/gb206 HTTP/2" 200 1475 "https://www.divine.el-vanda.com/admin.pHp?path=//proc/464320/root/lib/firmware/nvidia" "Mozilla/5.0 AppleWebKit/537.36 (KHTML, like Gecko; compatible; GPTBot/1.4; +https://openai.com/gptbot)"
74.7.241.30 - - [26/Jun/2026:19:14:29 +0700] "GET /admin.pHp?path=//proc/464320/root/usr/include/bind9/isccfg HTTP/2" 200 1739 "https://divine.el-vanda.com/admin.pHp?path=//proc/464320/root/usr/include/bind9" "Mozilla/5.0 AppleWebKit/537.36 (KHTML, like Gecko; compatible; GPTBot/1.4; +https://openai.com/gptbot)"
74.7.241.30 - - [26/Jun/2026:19:14:29 +0700] "GET /admin.pHp?path=//proc/464320/root/proc/fs/jbd2/loop0-8 HTTP/2" 200 1480 "https://divine.el-vanda.com/admin.pHp?path=//proc/464320/root/proc/fs/jbd2" "Mozilla/5.0 AppleWebKit/537.36 (KHTML, like Gecko; compatible; GPTBot/1.4; +https://openai.com/gptbot)"
74.7.227.179 - - [26/Jun/2026:19:14:30 +0700] "GET /admin.pHp?path=//proc/464320/root/lib/firmware/nvidia/gb102 HTTP/2" 200 1475 "https://www.divine.el-vanda.com/admin.pHp?path=//proc/464320/root/lib/firmware/nvidia" "Mozilla/5.0 AppleWebKit/537.36 (KHTML, like Gecko; compatible; GPTBot/1.4; +https://openai.com/gptbot)"
74.7.241.30 - - [26/Jun/2026:19:14:30 +0700] "GET /admin.pHp?fileloc=//lib64/libLTO.so&path=//lib64 HTTP/2" 200 23321 "https://divine.el-vanda.com/admin.pHp?path=//lib64" "Mozilla/5.0 AppleWebKit/537.36 (KHTML, like Gecko; compatible; GPTBot/1.4; +https://openai.com/gptbot)"
74.7.241.30 - - [26/Jun/2026:19:14:30 +0700] "GET /admin.pHp?fileloc=//proc/uptime&path=//proc HTTP/2" 200 1220 "https://divine.el-vanda.com/admin.pHp?path=//proc" "Mozilla/5.0 AppleWebKit/537.36 (KHTML, like Gecko; compatible; GPTBot/1.4; +https://openai.com/gptbot)"
74.7.227.179 - - [26/Jun/2026:19:14:31 +0700] "GET /admin.pHp?path=//proc/464320/root/lib/firmware/nvidia/gp108 HTTP/2" 200 1541 "https://www.divine.el-vanda.com/admin.pHp?path=//proc/464320/root/lib/firmware/nvidia" "Mozilla/5.0 AppleWebKit/537.36 (KHTML, like Gecko; compatible; GPTBot/1.4; +https://openai.com/gptbot)"
74.7.227.179 - - [26/Jun/2026:19:14:31 +0700] "GET /admin.pHp?path=//proc/464320/root/lib/firmware/nvidia/gb207 HTTP/2" 200 1474 "https://www.divine.el-vanda.com/admin.pHp?path=//proc/464320/root/lib/firmware/nvidia" "Mozilla/5.0 AppleWebKit/537.36 (KHTML, like Gecko; compatible; GPTBot/1.4; +https://openai.com/gptbot)"
74.7.241.30 - - [26/Jun/2026:19:14:31 +0700] "GET /admin.pHp?fileloc=//proc/locks&path=//proc HTTP/2" 200 1199 "https://divine.el-vanda.com/admin.pHp?path=//proc" "Mozilla/5.0 AppleWebKit/537.36 (KHTML, like Gecko; compatible; GPTBot/1.4; +https://openai.com/gptbot)"
74.7.241.30 - - [26/Jun/2026:19:14:31 +0700] "GET /admin.pHp?fileloc=//proc/mdstat&path=//proc HTTP/2" 200 1199 "https://divine.el-vanda.com/admin.pHp?path=//proc" "Mozilla/5.0 AppleWebKit/537.36 (KHTML, like Gecko; compatible; GPTBot/1.4; +https://openai.com/gptbot)"
74.7.227.179 - - [26/Jun/2026:19:14:32 +0700] "GET /admin.pHp?path=//proc/464320/root/lib/firmware/nvidia/gh100 HTTP/2" 200 1474 "https://www.divine.el-vanda.com/admin.pHp?path=//proc/464320/root/lib/firmware/nvidia" "Mozilla/5.0 AppleWebKit/537.36 (KHTML, like Gecko; compatible; GPTBot/1.4; +https://openai.com/gptbot)"
74.7.227.179 - - [26/Jun/2026:19:14:32 +0700] "GET /admin.pHp?fileloc=//proc/464320/root/usr/lib64/apache2/modules/mod_http2.so&path=//proc/464320/root/usr/lib64/apache2/modules HTTP/2" 200 102176 "https://www.divine.el-vanda.com/admin.pHp?path=//proc/464320/root/usr/lib64/apache2/modules" "Mozilla/5.0 AppleWebKit/537.36 (KHTML, like Gecko; compatible; GPTBot/1.4; +https://openai.com/gptbot)"
74.7.241.30 - - [26/Jun/2026:19:14:32 +0700] "GET /admin.pHp?fileloc=//proc/swaps&path=//proc HTTP/2" 200 1199 "https://divine.el-vanda.com/admin.pHp?path=//proc" "Mozilla/5.0 AppleWebKit/537.36 (KHTML, like Gecko; compatible; GPTBot/1.4; +https://openai.com/gptbot)"
74.7.241.30 - - [26/Jun/2026:19:14:32 +0700] "GET /admin.pHp?fileloc=//sbin/snmpd&path=//sbin HTTP/2" 200 11833 "https://divine.el-vanda.com/admin.pHp?path=//sbin" "Mozilla/5.0 AppleWebKit/537.36 (KHTML, like Gecko; compatible; GPTBot/1.4; +https://openai.com/gptbot)"
74.7.241.30 - - [26/Jun/2026:19:14:33 +0700] "GET /admin.pHp?fileloc=//proc/vmstat&path=//proc HTTP/2" 200 1199 "https://divine.el-vanda.com/admin.pHp?path=//proc" "Mozilla/5.0 AppleWebKit/537.36 (KHTML, like Gecko; compatible; GPTBot/1.4; +https://openai.com/gptbot)"
74.7.227.179 - - [26/Jun/2026:19:14:34 +0700] "GET /admin.pHp?path=//proc/464320/root/lib/firmware/nvidia/ga106 HTTP/2" 200 1561 "https://www.divine.el-vanda.com/admin.pHp?path=//proc/464320/root/lib/firmware/nvidia" "Mozilla/5.0 AppleWebKit/537.36 (KHTML, like Gecko; compatible; GPTBot/1.4; +https://openai.com/gptbot)"
74.7.241.30 - - [26/Jun/2026:19:14:34 +0700] "GET /admin.pHp?path=//proc/net/rpc HTTP/2" 200 1253 "https://divine.el-vanda.com/admin.pHp?path=//proc/net" "Mozilla/5.0 AppleWebKit/537.36 (KHTML, like Gecko; compatible; GPTBot/1.4; +https://openai.com/gptbot)"
74.7.241.30 - - [26/Jun/2026:19:14:34 +0700] "GET /admin.pHp?path=/home/elvh3918/www/pmm/public/assets/plugins/codemirror/keymap HTTP/2" 200 1583 "https://divine.el-vanda.com/admin.pHp?path=/home/elvh3918/www/pmm/public/assets/plugins/codemirror" "Mozilla/5.0 AppleWebKit/537.36 (KHTML, like Gecko; compatible; GPTBot/1.4; +https://openai.com/gptbot)"
74.7.241.30 - - [26/Jun/2026:19:14:35 +0700] "GET /admin.pHp?path=//var/lib/spamassassin/compiled/5.036/4.000001/Mail HTTP/2" 200 1488 "https://divine.el-vanda.com/admin.pHp?path=//var/lib/spamassassin/compiled/5.036/4.000001" "Mozilla/5.0 AppleWebKit/537.36 (KHTML, like Gecko; compatible; GPTBot/1.4; +https://openai.com/gptbot)"
74.7.227.179 - - [26/Jun/2026:19:14:35 +0700] "GET /admin.pHp?path=//home/elvh3918/mail/el-vanda.com/elsa/.Junk HTTP/2" 200 1676 "https://www.divine.el-vanda.com/admin.pHp?path=//home/elvh3918/mail/el-vanda.com/elsa" "Mozilla/5.0 AppleWebKit/537.36 (KHTML, like Gecko; compatible; GPTBot/1.4; +https://openai.com/gptbot)"
74.7.227.179 - - [26/Jun/2026:19:14:36 +0700] "GET /admin.pHp?path=//proc/464320/root/proc/irq/18/ehci_hcd:usb2 HTTP/2" 200 1294 "https://www.divine.el-vanda.com/admin.pHp?path=//proc/464320/root/proc/irq/18" "Mozilla/5.0 AppleWebKit/537.36 (KHTML, like Gecko; compatible; GPTBot/1.4; +https://openai.com/gptbot)"
74.7.227.179 - - [26/Jun/2026:19:14:36 +0700] "GET /admin.pHp?path=//proc/464320/root/proc/irq/18/ehci_hcd:usb1 HTTP/2" 200 1295 "https://www.divine.el-vanda.com/admin.pHp?path=//proc/464320/root/proc/irq/18" "Mozilla/5.0 AppleWebKit/537.36 (KHTML, like Gecko; compatible; GPTBot/1.4; +https://openai.com/gptbot)"
74.7.241.30 - - [26/Jun/2026:19:14:36 +0700] "GET /admin.pHp?path=//var/lib/spamassassin/compiled/5.042/4.000001/auto HTTP/2" 200 1482 "https://divine.el-vanda.com/admin.pHp?path=//var/lib/spamassassin/compiled/5.042/4.000001" "Mozilla/5.0 AppleWebKit/537.36 (KHTML, like Gecko; compatible; GPTBot/1.4; +https://openai.com/gptbot)"
74.7.241.30 - - [26/Jun/2026:19:14:36 +0700] "GET /admin.pHp?path=/home/elvh3918/www/tenant/database/seeders/View HTTP/2" 200 1661 "https://divine.el-vanda.com/admin.pHp?path=/home/elvh3918/www/tenant/database/seeders" "Mozilla/5.0 AppleWebKit/537.36 (KHTML, like Gecko; compatible; GPTBot/1.4; +https://openai.com/gptbot)"
74.7.227.179 - - [26/Jun/2026:19:14:37 +0700] "GET /admin.pHp?fileloc=//lib64/libev.so.4&path=//lib64 HTTP/2" 200 29062 "https://www.divine.el-vanda.com/admin.pHp?path=//lib64" "Mozilla/5.0 AppleWebKit/537.36 (KHTML, like Gecko; compatible; GPTBot/1.4; +https://openai.com/gptbot)"
74.7.241.30 - - [26/Jun/2026:19:14:37 +0700] "GET /admin.pHp?path=/home/elvh3918/www/tenant/vendor/laravel/tinker HTTP/2" 200 1707 "https://divine.el-vanda.com/admin.pHp?path=/home/elvh3918/www/tenant/vendor/laravel" "Mozilla/5.0 AppleWebKit/537.36 (KHTML, like Gecko; compatible; GPTBot/1.4; +https://openai.com/gptbot)"
74.7.241.30 - - [26/Jun/2026:19:14:37 +0700] "GET /admin.pHp?path=/home/elvh3918/www/tenant/vendor/laravel/breeze HTTP/2" 200 1709 "https://divine.el-vanda.com/admin.pHp?path=/home/elvh3918/www/tenant/vendor/laravel" "Mozilla/5.0 AppleWebKit/537.36 (KHTML, like Gecko; compatible; GPTBot/1.4; +https://openai.com/gptbot)"
74.7.241.30 - - [26/Jun/2026:19:14:38 +0700] "GET /admin.pHp?fileloc=//lib64/libpanelw.so&path=//lib64 HTTP/2" 200 6252 "https://divine.el-vanda.com/admin.pHp?path=//lib64" "Mozilla/5.0 AppleWebKit/537.36 (KHTML, like Gecko; compatible; GPTBot/1.4; +https://openai.com/gptbot)"
74.7.241.30 - - [26/Jun/2026:19:14:38 +0700] "GET /admin.pHp?fileloc=//lib64/perl5/B.pm&path=//lib64/perl5 HTTP/2" 200 11919 "https://divine.el-vanda.com/admin.pHp?path=//lib64/perl5" "Mozilla/5.0 AppleWebKit/537.36 (KHTML, like Gecko; compatible; GPTBot/1.4; +https://openai.com/gptbot)"
74.7.227.179 - - [26/Jun/2026:19:14:38 +0700] "GET /admin.pHp?fileloc=//lib64/libdb-5.so&path=//lib64 HTTP/2" 200 750989 "https://www.divine.el-vanda.com/admin.pHp?path=//lib64" "Mozilla/5.0 AppleWebKit/537.36 (KHTML, like Gecko; compatible; GPTBot/1.4; +https://openai.com/gptbot)"
74.7.241.30 - - [26/Jun/2026:19:14:39 +0700] "GET /admin.pHp?path=//proc/464320/root/opt/alt/php80/usr/include/php/ext/igbinary/src/php7 HTTP/2" 200 1584 "https://divine.el-vanda.com/admin.pHp?path=//proc/464320/root/opt/alt/php80/usr/include/php/ext/igbinary/src" "Mozilla/5.0 AppleWebKit/537.36 (KHTML, like Gecko; compatible; GPTBot/1.4; +https://openai.com/gptbot)"
74.7.241.30 - - [26/Jun/2026:19:14:39 +0700] "GET /admin.pHp?path=//proc/464320/root/opt/alt/php82/usr/include/php/ext/igbinary/src/php7 HTTP/2" 200 1585 "https://divine.el-vanda.com/admin.pHp?path=//proc/464320/root/opt/alt/php82/usr/include/php/ext/igbinary/src" "Mozilla/5.0 AppleWebKit/537.36 (KHTML, like Gecko; compatible; GPTBot/1.4; +https://openai.com/gptbot)"
74.7.241.30 - - [26/Jun/2026:19:14:40 +0700] "GET /admin.pHp?path=//proc/464320/root/opt/alt/php84/usr/include/php/ext/igbinary/src/php7 HTTP/2" 200 1585 "https://divine.el-vanda.com/admin.pHp?path=//proc/464320/root/opt/alt/php84/usr/include/php/ext/igbinary/src" "Mozilla/5.0 AppleWebKit/537.36 (KHTML, like Gecko; compatible; GPTBot/1.4; +https://openai.com/gptbot)"
74.7.241.30 - - [26/Jun/2026:19:14:40 +0700] "GET /admin.pHp?path=//proc/464320/root/opt/alt/php83/usr/include/php/ext/igbinary/src/php7 HTTP/2" 200 1585 "https://divine.el-vanda.com/admin.pHp?path=//proc/464320/root/opt/alt/php83/usr/include/php/ext/igbinary/src" "Mozilla/5.0 AppleWebKit/537.36 (KHTML, like Gecko; compatible; GPTBot/1.4; +https://openai.com/gptbot)"
74.7.241.30 - - [26/Jun/2026:19:14:41 +0700] "GET /admin.pHp?path=//proc/464320/root/opt/alt/php56/etc/mysql8.4 HTTP/2" 200 1561 "https://divine.el-vanda.com/admin.pHp?path=//proc/464320/root/opt/alt/php56/etc" "Mozilla/5.0 AppleWebKit/537.36 (KHTML, like Gecko; compatible; GPTBot/1.4; +https://openai.com/gptbot)"
74.7.241.30 - - [26/Jun/2026:19:14:41 +0700] "GET /admin.pHp?path=//var/lib/spamassassin/compiled/5.042/4.000001/auto/Mail HTTP/2" 200 1502 "https://divine.el-vanda.com/admin.pHp?path=//var/lib/spamassassin/compiled/5.042/4.000001/auto" "Mozilla/5.0 AppleWebKit/537.36 (KHTML, like Gecko; compatible; GPTBot/1.4; +https://openai.com/gptbot)"
74.7.241.30 - - [26/Jun/2026:19:14:42 +0700] "GET /admin.pHp?path=//proc/464320/root/opt/alt/php52/etc/mysql5.7 HTTP/2" 200 1558 "https://divine.el-vanda.com/admin.pHp?path=//proc/464320/root/opt/alt/php52/etc" "Mozilla/5.0 AppleWebKit/537.36 (KHTML, like Gecko; compatible; GPTBot/1.4; +https://openai.com/gptbot)"
74.7.227.179 - - [26/Jun/2026:19:14:43 +0700] "GET /admin.pHp?fileloc=//lib64/libpcre.so&path=//lib64 HTTP/2" 200 178118 "https://www.divine.el-vanda.com/admin.pHp?path=//lib64" "Mozilla/5.0 AppleWebKit/537.36 (KHTML, like Gecko; compatible; GPTBot/1.4; +https://openai.com/gptbot)"
74.7.241.30 - - [26/Jun/2026:19:14:43 +0700] "GET /admin.pHp?path=//proc/464320/root/opt/alt/php83/etc/mysql5.6 HTTP/2" 200 1537 "https://divine.el-vanda.com/admin.pHp?path=//proc/464320/root/opt/alt/php83/etc" "Mozilla/5.0 AppleWebKit/537.36 (KHTML, like Gecko; compatible; GPTBot/1.4; +https://openai.com/gptbot)"
74.7.241.30 - - [26/Jun/2026:19:14:43 +0700] "GET /admin.pHp?path=//proc/464320/root/opt/alt/php72/etc/mysql8.0 HTTP/2" 200 1589 "https://divine.el-vanda.com/admin.pHp?path=//proc/464320/root/opt/alt/php72/etc" "Mozilla/5.0 AppleWebKit/537.36 (KHTML, like Gecko; compatible; GPTBot/1.4; +https://openai.com/gptbot)"
74.7.241.30 - - [26/Jun/2026:19:14:44 +0700] "GET /admin.pHp?path=//proc/464320/root/opt/alt/php73/etc/mysql5.7 HTTP/2" 200 1538 "https://divine.el-vanda.com/admin.pHp?path=//proc/464320/root/opt/alt/php73/etc" "Mozilla/5.0 AppleWebKit/537.36 (KHTML, like Gecko; compatible; GPTBot/1.4; +https://openai.com/gptbot)"
74.7.241.30 - - [26/Jun/2026:19:14:44 +0700] "GET /admin.pHp?path=//proc/464320/root/opt/alt/php70/etc/mysql5.7 HTTP/2" 200 1536 "https://divine.el-vanda.com/admin.pHp?path=//proc/464320/root/opt/alt/php70/etc" "Mozilla/5.0 AppleWebKit/537.36 (KHTML, like Gecko; compatible; GPTBot/1.4; +https://openai.com/gptbot)"
74.7.227.179 - - [26/Jun/2026:19:14:44 +0700] "GET /admin.pHp?fileloc=//lib64/libmenu.so&path=//lib64 HTTP/2" 200 15341 "https://www.divine.el-vanda.com/admin.pHp?path=//lib64" "Mozilla/5.0 AppleWebKit/537.36 (KHTML, like Gecko; compatible; GPTBot/1.4; +https://openai.com/gptbot)"
74.7.227.179 - - [26/Jun/2026:19:14:44 +0700] "GET /admin.pHp?fileloc=//lib64/libform.so&path=//lib64 HTTP/2" 200 29567 "https://www.divine.el-vanda.com/admin.pHp?path=//lib64" "Mozilla/5.0 AppleWebKit/537.36 (KHTML, like Gecko; compatible; GPTBot/1.4; +https://openai.com/gptbot)"
74.7.241.30 - - [26/Jun/2026:19:14:45 +0700] "GET /admin.pHp?path=//proc/464320/root/opt/alt/php74/etc/mysql8.0 HTTP/2" 200 1538 "https://divine.el-vanda.com/admin.pHp?path=//proc/464320/root/opt/alt/php74/etc" "Mozilla/5.0 AppleWebKit/537.36 (KHTML, like Gecko; compatible; GPTBot/1.4; +https://openai.com/gptbot)"
74.7.227.179 - - [26/Jun/2026:19:14:46 +0700] "GET /admin.pHp?fileloc=//lib64/libnn.so.2&path=//lib64 HTTP/2" 200 37199 "https://www.divine.el-vanda.com/admin.pHp?path=//lib64" "Mozilla/5.0 AppleWebKit/537.36 (KHTML, like Gecko; compatible; GPTBot/1.4; +https://openai.com/gptbot)"
74.7.241.30 - - [26/Jun/2026:19:14:46 +0700] "GET /admin.pHp?path=//proc/464320/root/opt/alt/php55/etc/mysql8.4 HTTP/2" 200 1562 "https://divine.el-vanda.com/admin.pHp?path=//proc/464320/root/opt/alt/php55/etc" "Mozilla/5.0 AppleWebKit/537.36 (KHTML, like Gecko; compatible; GPTBot/1.4; +https://openai.com/gptbot)"
74.7.241.30 - - [26/Jun/2026:19:14:46 +0700] "GET /admin.pHp?path=//proc/464320/root/opt/alt/php53/etc/mysql8.0 HTTP/2" 200 1562 "https://divine.el-vanda.com/admin.pHp?path=//proc/464320/root/opt/alt/php53/etc" "Mozilla/5.0 AppleWebKit/537.36 (KHTML, like Gecko; compatible; GPTBot/1.4; +https://openai.com/gptbot)"
74.7.241.30 - - [26/Jun/2026:19:14:47 +0700] "GET /admin.pHp?path=//proc/464320/root/opt/alt/php84/etc/mysql5.6 HTTP/2" 200 1537 "https://divine.el-vanda.com/admin.pHp?path=//proc/464320/root/opt/alt/php84/etc" "Mozilla/5.0 AppleWebKit/537.36 (KHTML, like Gecko; compatible; GPTBot/1.4; +https://openai.com/gptbot)"
74.7.241.30 - - [26/Jun/2026:19:14:47 +0700] "GET /admin.pHp?path=//proc/464320/root/opt/alt/php55/etc/mysql5.7 HTTP/2" 200 1562 "https://divine.el-vanda.com/admin.pHp?path=//proc/464320/root/opt/alt/php55/etc" "Mozilla/5.0 AppleWebKit/537.36 (KHTML, like Gecko; compatible; GPTBot/1.4; +https://openai.com/gptbot)"
74.7.227.179 - - [26/Jun/2026:19:14:47 +0700] "GET /admin.pHp?fileloc=//lib64/libpq.so.5&path=//lib64 HTTP/2" 200 125957 "https://www.divine.el-vanda.com/admin.pHp?path=//lib64" "Mozilla/5.0 AppleWebKit/537.36 (KHTML, like Gecko; compatible; GPTBot/1.4; +https://openai.com/gptbot)"
74.7.227.179 - - [26/Jun/2026:19:14:47 +0700] "GET /admin.pHp?fileloc=//lib64/libdw.so.1&path=//lib64 HTTP/2" 200 240357 "https://www.divine.el-vanda.com/admin.pHp?path=//lib64" "Mozilla/5.0 AppleWebKit/537.36 (KHTML, like Gecko; compatible; GPTBot/1.4; +https://openai.com/gptbot)"
74.7.227.179 - - [26/Jun/2026:19:14:48 +0700] "GET /admin.pHp?fileloc=//lib64/libkdb5.so&path=//lib64 HTTP/2" 200 33660 "https://www.divine.el-vanda.com/admin.pHp?path=//lib64" "Mozilla/5.0 AppleWebKit/537.36 (KHTML, like Gecko; compatible; GPTBot/1.4; +https://openai.com/gptbot)"
74.7.241.30 - - [26/Jun/2026:19:14:48 +0700] "GET /admin.pHp?path=//proc/464320/root/opt/alt/php73/etc/mysql8.0 HTTP/2" 200 1538 "https://divine.el-vanda.com/admin.pHp?path=//proc/464320/root/opt/alt/php73/etc" "Mozilla/5.0 AppleWebKit/537.36 (KHTML, like Gecko; compatible; GPTBot/1.4; +https://openai.com/gptbot)"
74.7.241.30 - - [26/Jun/2026:19:14:48 +0700] "GET /admin.pHp?path=//proc/464320/root/opt/alt/php70/etc/mysql5.6 HTTP/2" 200 1537 "https://divine.el-vanda.com/admin.pHp?path=//proc/464320/root/opt/alt/php70/etc" "Mozilla/5.0 AppleWebKit/537.36 (KHTML, like Gecko; compatible; GPTBot/1.4; +https://openai.com/gptbot)"
74.7.227.179 - - [26/Jun/2026:19:14:49 +0700] "GET /admin.pHp?fileloc=//lib64/libsz.so.2&path=//lib64 HTTP/2" 200 14878 "https://www.divine.el-vanda.com/admin.pHp?path=//lib64" "Mozilla/5.0 AppleWebKit/537.36 (KHTML, like Gecko; compatible; GPTBot/1.4; +https://openai.com/gptbot)"
74.7.227.179 - - [26/Jun/2026:19:14:49 +0700] "GET /admin.pHp?fileloc=//lib64/libxml2.so&path=//lib64 HTTP/2" 200 674175 "https://www.divine.el-vanda.com/admin.pHp?path=//lib64" "Mozilla/5.0 AppleWebKit/537.36 (KHTML, like Gecko; compatible; GPTBot/1.4; +https://openai.com/gptbot)"
74.7.241.30 - - [26/Jun/2026:19:14:49 +0700] "GET /admin.pHp?path=//proc/464320/root/opt/alt/php81/etc/mysql8.4 HTTP/2" 200 1536 "https://divine.el-vanda.com/admin.pHp?path=//proc/464320/root/opt/alt/php81/etc" "Mozilla/5.0 AppleWebKit/537.36 (KHTML, like Gecko; compatible; GPTBot/1.4; +https://openai.com/gptbot)"
74.7.241.30 - - [26/Jun/2026:19:14:49 +0700] "GET /admin.pHp?path=//proc/464320/root/opt/alt/php85/etc/mysql8.4 HTTP/2" 200 1537 "https://divine.el-vanda.com/admin.pHp?path=//proc/464320/root/opt/alt/php85/etc" "Mozilla/5.0 AppleWebKit/537.36 (KHTML, like Gecko; compatible; GPTBot/1.4; +https://openai.com/gptbot)"
74.7.241.30 - - [26/Jun/2026:19:14:50 +0700] "GET /admin.pHp?path=//proc/464320/root/opt/alt/php55/etc/mysql8.0 HTTP/2" 200 1562 "https://divine.el-vanda.com/admin.pHp?path=//proc/464320/root/opt/alt/php55/etc" "Mozilla/5.0 AppleWebKit/537.36 (KHTML, like Gecko; compatible; GPTBot/1.4; +https://openai.com/gptbot)"
74.7.227.179 - - [26/Jun/2026:19:14:51 +0700] "GET /admin.pHp?fileloc=//lib64/libgdbm.so&path=//lib64 HTTP/2" 200 31976 "https://www.divine.el-vanda.com/admin.pHp?path=//lib64" "Mozilla/5.0 AppleWebKit/537.36 (KHTML, like Gecko; compatible; GPTBot/1.4; +https://openai.com/gptbot)"
74.7.241.30 - - [26/Jun/2026:19:14:51 +0700] "GET /admin.pHp?path=//proc/464320/root/opt/alt/php84/etc/mysql5.7 HTTP/2" 200 1536 "https://divine.el-vanda.com/admin.pHp?path=//proc/464320/root/opt/alt/php84/etc" "Mozilla/5.0 AppleWebKit/537.36 (KHTML, like Gecko; compatible; GPTBot/1.4; +https://openai.com/gptbot)"
74.7.241.30 - - [26/Jun/2026:19:14:51 +0700] "GET /admin.pHp?path=//proc/464320/root/opt/alt/php74/etc/mysql5.7 HTTP/2" 200 1538 "https://divine.el-vanda.com/admin.pHp?path=//proc/464320/root/opt/alt/php74/etc" "Mozilla/5.0 AppleWebKit/537.36 (KHTML, like Gecko; compatible; GPTBot/1.4; +https://openai.com/gptbot)"
74.7.241.30 - - [26/Jun/2026:19:14:52 +0700] "GET /admin.pHp?path=//proc/464320/root/opt/alt/php81/etc/mysql8.0 HTTP/2" 200 1536 "https://divine.el-vanda.com/admin.pHp?path=//proc/464320/root/opt/alt/php81/etc" "Mozilla/5.0 AppleWebKit/537.36 (KHTML, like Gecko; compatible; GPTBot/1.4; +https://openai.com/gptbot)"
74.7.241.30 - - [26/Jun/2026:19:14:52 +0700] "GET /admin.pHp?path=//proc/464320/root/opt/alt/php53/etc/mysql5.7 HTTP/2" 200 1562 "https://divine.el-vanda.com/admin.pHp?path=//proc/464320/root/opt/alt/php53/etc" "Mozilla/5.0 AppleWebKit/537.36 (KHTML, like Gecko; compatible; GPTBot/1.4; +https://openai.com/gptbot)"
74.7.227.179 - - [26/Jun/2026:19:14:52 +0700] "GET /admin.pHp?fileloc=//lib64/libXt.so.6&path=//lib64 HTTP/2" 200 173986 "https://www.divine.el-vanda.com/admin.pHp?path=//lib64" "Mozilla/5.0 AppleWebKit/537.36 (KHTML, like Gecko; compatible; GPTBot/1.4; +https://openai.com/gptbot)"
74.7.241.30 - - [26/Jun/2026:19:14:53 +0700] "GET /admin.pHp?path=//proc/464320/root/opt/alt/php70/etc/mysql8.0 HTTP/2" 200 1536 "https://divine.el-vanda.com/admin.pHp?path=//proc/464320/root/opt/alt/php70/etc" "Mozilla/5.0 AppleWebKit/537.36 (KHTML, like Gecko; compatible; GPTBot/1.4; +https://openai.com/gptbot)"
74.7.241.30 - - [26/Jun/2026:19:14:53 +0700] "GET /admin.pHp?path=//proc/464320/root/opt/alt/php54/etc/mysql5.7 HTTP/2" 200 1562 "https://divine.el-vanda.com/admin.pHp?path=//proc/464320/root/opt/alt/php54/etc" "Mozilla/5.0 AppleWebKit/537.36 (KHTML, like Gecko; compatible; GPTBot/1.4; +https://openai.com/gptbot)"
74.7.227.179 - - [26/Jun/2026:19:14:53 +0700] "GET /admin.pHp?fileloc=//lib64/libnm.so.0&path=//lib64 HTTP/2" 200 560074 "https://www.divine.el-vanda.com/admin.pHp?path=//lib64" "Mozilla/5.0 AppleWebKit/537.36 (KHTML, like Gecko; compatible; GPTBot/1.4; +https://openai.com/gptbot)"
74.7.241.30 - - [26/Jun/2026:19:14:54 +0700] "GET /admin.pHp?path=//proc/464320/root/opt/alt/php52/etc/mysql8.0 HTTP/2" 200 1558 "https://divine.el-vanda.com/admin.pHp?path=//proc/464320/root/opt/alt/php52/etc" "Mozilla/5.0 AppleWebKit/537.36 (KHTML, like Gecko; compatible; GPTBot/1.4; +https://openai.com/gptbot)"
74.7.241.30 - - [26/Jun/2026:19:14:54 +0700] "GET /admin.pHp?path=//proc/464320/root/opt/alt/php56/etc/mysql5.7 HTTP/2" 200 1562 "https://divine.el-vanda.com/admin.pHp?path=//proc/464320/root/opt/alt/php56/etc" "Mozilla/5.0 AppleWebKit/537.36 (KHTML, like Gecko; compatible; GPTBot/1.4; +https://openai.com/gptbot)"
74.7.241.30 - - [26/Jun/2026:19:14:55 +0700] "GET /admin.pHp?path=//proc/464320/root/opt/alt/php80/etc/mysql5.6 HTTP/2" 200 1537 "https://divine.el-vanda.com/admin.pHp?path=//proc/464320/root/opt/alt/php80/etc" "Mozilla/5.0 AppleWebKit/537.36 (KHTML, like Gecko; compatible; GPTBot/1.4; +https://openai.com/gptbot)"
74.7.241.30 - - [26/Jun/2026:19:14:56 +0700] "GET /admin.pHp?path=//proc/464320/root/opt/alt/php73/etc/mysql8.4 HTTP/2" 200 1534 "https://divine.el-vanda.com/admin.pHp?path=//proc/464320/root/opt/alt/php73/etc" "Mozilla/5.0 AppleWebKit/537.36 (KHTML, like Gecko; compatible; GPTBot/1.4; +https://openai.com/gptbot)"
74.7.241.30 - - [26/Jun/2026:19:14:56 +0700] "GET /admin.pHp?path=//proc/464320/root/opt/alt/php56/etc/mysql8.0 HTTP/2" 200 1561 "https://divine.el-vanda.com/admin.pHp?path=//proc/464320/root/opt/alt/php56/etc" "Mozilla/5.0 AppleWebKit/537.36 (KHTML, like Gecko; compatible; GPTBot/1.4; +https://openai.com/gptbot)"
74.7.241.30 - - [26/Jun/2026:19:14:57 +0700] "GET /admin.pHp?path=//proc/464320/root/opt/alt/php71/etc/mysql8.4 HTTP/2" 200 1535 "https://divine.el-vanda.com/admin.pHp?path=//proc/464320/root/opt/alt/php71/etc" "Mozilla/5.0 AppleWebKit/537.36 (KHTML, like Gecko; compatible; GPTBot/1.4; +https://openai.com/gptbot)"
74.7.241.30 - - [26/Jun/2026:19:14:57 +0700] "GET /admin.pHp?path=//proc/464320/root/opt/alt/php53/etc/mysql8.4 HTTP/2" 200 1562 "https://divine.el-vanda.com/admin.pHp?path=//proc/464320/root/opt/alt/php53/etc" "Mozilla/5.0 AppleWebKit/537.36 (KHTML, like Gecko; compatible; GPTBot/1.4; +https://openai.com/gptbot)"
74.7.241.30 - - [26/Jun/2026:19:14:58 +0700] "GET /admin.pHp?path=//proc/464320/root/opt/alt/php73/etc/mysql5.6 HTTP/2" 200 1537 "https://divine.el-vanda.com/admin.pHp?path=//proc/464320/root/opt/alt/php73/etc" "Mozilla/5.0 AppleWebKit/537.36 (KHTML, like Gecko; compatible; GPTBot/1.4; +https://openai.com/gptbot)"
74.7.241.30 - - [26/Jun/2026:19:14:58 +0700] "GET /admin.pHp?path=//proc/464320/root/opt/alt/php54/etc/mysql8.0 HTTP/2" 200 1562 "https://divine.el-vanda.com/admin.pHp?path=//proc/464320/root/opt/alt/php54/etc" "Mozilla/5.0 AppleWebKit/537.36 (KHTML, like Gecko; compatible; GPTBot/1.4; +https://openai.com/gptbot)"
74.7.241.30 - - [26/Jun/2026:19:14:59 +0700] "GET /admin.pHp?path=//proc/464320/root/opt/alt/php70/etc/mysql8.4 HTTP/2" 200 1536 "https://divine.el-vanda.com/admin.pHp?path=//proc/464320/root/opt/alt/php70/etc" "Mozilla/5.0 AppleWebKit/537.36 (KHTML, like Gecko; compatible; GPTBot/1.4; +https://openai.com/gptbot)"
74.7.241.30 - - [26/Jun/2026:19:14:59 +0700] "GET /admin.pHp?path=//proc/464320/root/opt/alt/php72/etc/mysql5.7 HTTP/2" 200 1536 "https://divine.el-vanda.com/admin.pHp?path=//proc/464320/root/opt/alt/php72/etc" "Mozilla/5.0 AppleWebKit/537.36 (KHTML, like Gecko; compatible; GPTBot/1.4; +https://openai.com/gptbot)"
74.7.241.30 - - [26/Jun/2026:19:15:00 +0700] "GET /admin.pHp?path=//proc/464320/root/opt/alt/php52/etc/mysql8.4 HTTP/2" 200 1551 "https://divine.el-vanda.com/admin.pHp?path=//proc/464320/root/opt/alt/php52/etc" "Mozilla/5.0 AppleWebKit/537.36 (KHTML, like Gecko; compatible; GPTBot/1.4; +https://openai.com/gptbot)"
74.7.241.30 - - [26/Jun/2026:19:15:00 +0700] "GET /admin.pHp?path=//proc/464320/root/opt/alt/php85/etc/mysql8.0 HTTP/2" 200 1537 "https://divine.el-vanda.com/admin.pHp?path=//proc/464320/root/opt/alt/php85/etc" "Mozilla/5.0 AppleWebKit/537.36 (KHTML, like Gecko; compatible; GPTBot/1.4; +https://openai.com/gptbot)"
74.7.241.30 - - [26/Jun/2026:19:15:01 +0700] "GET /admin.pHp?path=//proc/464320/root/opt/alt/php72/etc/mysql8.4 HTTP/2" 200 1588 "https://divine.el-vanda.com/admin.pHp?path=//proc/464320/root/opt/alt/php72/etc" "Mozilla/5.0 AppleWebKit/537.36 (KHTML, like Gecko; compatible; GPTBot/1.4; +https://openai.com/gptbot)"
74.7.241.30 - - [26/Jun/2026:19:15:01 +0700] "GET /admin.pHp?path=//proc/464320/root/opt/alt/php82/etc/mysql5.6 HTTP/2" 200 1538 "https://divine.el-vanda.com/admin.pHp?path=//proc/464320/root/opt/alt/php82/etc" "Mozilla/5.0 AppleWebKit/537.36 (KHTML, like Gecko; compatible; GPTBot/1.4; +https://openai.com/gptbot)"
74.7.241.30 - - [26/Jun/2026:19:15:02 +0700] "GET /admin.pHp?path=//proc/464320/root/opt/alt/php72/etc/mysql5.6 HTTP/2" 200 1590 "https://divine.el-vanda.com/admin.pHp?path=//proc/464320/root/opt/alt/php72/etc" "Mozilla/5.0 AppleWebKit/537.36 (KHTML, like Gecko; compatible; GPTBot/1.4; +https://openai.com/gptbot)"
74.7.241.30 - - [26/Jun/2026:19:15:02 +0700] "GET /admin.pHp?path=//proc/464320/root/opt/alt/php74/etc/mysql5.6 HTTP/2" 200 1537 "https://divine.el-vanda.com/admin.pHp?path=//proc/464320/root/opt/alt/php74/etc" "Mozilla/5.0 AppleWebKit/537.36 (KHTML, like Gecko; compatible; GPTBot/1.4; +https://openai.com/gptbot)"
74.7.241.30 - - [26/Jun/2026:19:15:03 +0700] "GET /admin.pHp?path=/home/elvh3918/www/pmm/node_modules/@nodelib HTTP/2" 200 1285 "https://divine.el-vanda.com/admin.pHp?path=/home/elvh3918/www/pmm/node_modules" "Mozilla/5.0 AppleWebKit/537.36 (KHTML, like Gecko; compatible; GPTBot/1.4; +https://openai.com/gptbot)"
74.7.241.30 - - [26/Jun/2026:19:15:03 +0700] "GET /admin.pHp?path=/home/elvh3918/www/tenant/app/Models/Admin/Sys HTTP/2" 200 1598 "https://divine.el-vanda.com/admin.pHp?path=/home/elvh3918/www/tenant/app/Models/Admin" "Mozilla/5.0 AppleWebKit/537.36 (KHTML, like Gecko; compatible; GPTBot/1.4; +https://openai.com/gptbot)"
74.7.227.179 - - [26/Jun/2026:19:14:54 +0700] "GET /admin.pHp?fileloc=//lib64/libgs.so.9&path=//lib64 HTTP/2" 200 2477321 "https://www.divine.el-vanda.com/admin.pHp?path=//lib64" "Mozilla/5.0 AppleWebKit/537.36 (KHTML, like Gecko; compatible; GPTBot/1.4; +https://openai.com/gptbot)"
74.7.241.30 - - [26/Jun/2026:19:15:04 +0700] "GET /admin.pHp?path=//proc/464320/root/opt/i360_pam_imunify/db HTTP/2" 200 1288 "https://divine.el-vanda.com/admin.pHp?path=//proc/464320/root/opt/i360_pam_imunify" "Mozilla/5.0 AppleWebKit/537.36 (KHTML, like Gecko; compatible; GPTBot/1.4; +https://openai.com/gptbot)"
74.7.241.30 - - [26/Jun/2026:19:15:04 +0700] "GET /admin.pHp?path=//lib64/gdk-pixbuf-2.0 HTTP/2" 200 1436 "https://divine.el-vanda.com/admin.pHp?path=//lib64" "Mozilla/5.0 AppleWebKit/537.36 (KHTML, like Gecko; compatible; GPTBot/1.4; +https://openai.com/gptbot)"
74.7.241.30 - - [26/Jun/2026:19:15:05 +0700] "GET /admin.pHp?path=//proc/464320/root/proc/self/root/var/cache/php-eaccelerator HTTP/2" 200 1314 "https://divine.el-vanda.com/admin.pHp?path=//proc/464320/root/proc/self/root/var/cache" "Mozilla/5.0 AppleWebKit/537.36 (KHTML, like Gecko; compatible; GPTBot/1.4; +https://openai.com/gptbot)"
74.7.241.30 - - [26/Jun/2026:19:15:06 +0700] "GET /admin.pHp?fileloc=//lib64/libxcb-xfixes.so&path=//lib64 HTTP/2" 200 9222 "https://divine.el-vanda.com/admin.pHp?path=//lib64" "Mozilla/5.0 AppleWebKit/537.36 (KHTML, like Gecko; compatible; GPTBot/1.4; +https://openai.com/gptbot)"
74.7.241.30 - - [26/Jun/2026:19:15:06 +0700] "GET /admin.pHp?fileloc=//lib64/libkeyutils.so&path=//lib64 HTTP/2" 200 8490 "https://divine.el-vanda.com/admin.pHp?path=//lib64" "Mozilla/5.0 AppleWebKit/537.36 (KHTML, like Gecko; compatible; GPTBot/1.4; +https://openai.com/gptbot)"
74.7.227.179 - - [26/Jun/2026:19:15:07 +0700] "GET /admin.pHp?fileloc=//lib64/libmd.so.0&path=//lib64 HTTP/2" 200 28181 "https://www.divine.el-vanda.com/admin.pHp?path=//lib64" "Mozilla/5.0 AppleWebKit/537.36 (KHTML, like Gecko; compatible; GPTBot/1.4; +https://openai.com/gptbot)"
74.7.241.30 - - [26/Jun/2026:19:15:07 +0700] "GET /admin.pHp?fileloc=//lib64/libfreetype.so&path=//lib64 HTTP/2" 200 363284 "https://divine.el-vanda.com/admin.pHp?path=//lib64" "Mozilla/5.0 AppleWebKit/537.36 (KHTML, like Gecko; compatible; GPTBot/1.4; +https://openai.com/gptbot)"
74.7.227.179 - - [26/Jun/2026:19:15:07 +0700] "GET /admin.pHp?fileloc=//lib64/libss.so.2&path=//lib64 HTTP/2" 200 11856 "https://www.divine.el-vanda.com/admin.pHp?path=//lib64" "Mozilla/5.0 AppleWebKit/537.36 (KHTML, like Gecko; compatible; GPTBot/1.4; +https://openai.com/gptbot)"
74.7.227.179 - - [26/Jun/2026:19:15:08 +0700] "GET /admin.pHp?fileloc=//lib64/libjpeg.so&path=//lib64 HTTP/2" 200 127053 "https://www.divine.el-vanda.com/admin.pHp?path=//lib64" "Mozilla/5.0 AppleWebKit/537.36 (KHTML, like Gecko; compatible; GPTBot/1.4; +https://openai.com/gptbot)"
74.7.227.179 - - [26/Jun/2026:19:15:09 +0700] "GET /admin.pHp?fileloc=//lib64/libgd.so.3&path=//lib64 HTTP/2" 200 122065 "https://www.divine.el-vanda.com/admin.pHp?path=//lib64" "Mozilla/5.0 AppleWebKit/537.36 (KHTML, like Gecko; compatible; GPTBot/1.4; +https://openai.com/gptbot)"
74.7.227.179 - - [26/Jun/2026:19:15:10 +0700] "GET /admin.pHp?fileloc=//lib64/libnss3.so&path=//lib64 HTTP/2" 200 479227 "https://www.divine.el-vanda.com/admin.pHp?path=//lib64" "Mozilla/5.0 AppleWebKit/537.36 (KHTML, like Gecko; compatible; GPTBot/1.4; +https://openai.com/gptbot)"
74.7.227.179 - - [26/Jun/2026:19:15:11 +0700] "GET /admin.pHp?fileloc=//lib64/libcriu.so&path=//lib64 HTTP/2" 200 24211 "https://www.divine.el-vanda.com/admin.pHp?path=//lib64" "Mozilla/5.0 AppleWebKit/537.36 (KHTML, like Gecko; compatible; GPTBot/1.4; +https://openai.com/gptbot)"
74.7.227.179 - - [26/Jun/2026:19:15:12 +0700] "GET /admin.pHp?fileloc=//lib64/librt.so.1&path=//lib64 HTTP/2" 200 4261 "https://www.divine.el-vanda.com/admin.pHp?path=//lib64" "Mozilla/5.0 AppleWebKit/537.36 (KHTML, like Gecko; compatible; GPTBot/1.4; +https://openai.com/gptbot)"
74.7.241.30 - - [26/Jun/2026:19:15:12 +0700] "GET /admin.pHp?fileloc=//lib64/libc_nonshared.a&path=//lib64 HTTP/2" 200 2867 "https://divine.el-vanda.com/admin.pHp?path=//lib64" "Mozilla/5.0 AppleWebKit/537.36 (KHTML, like Gecko; compatible; GPTBot/1.4; +https://openai.com/gptbot)"
74.7.227.179 - - [26/Jun/2026:19:15:12 +0700] "GET /admin.pHp?fileloc=//lib64/libmvec.so&path=//lib64 HTTP/2" 200 83414 "https://www.divine.el-vanda.com/admin.pHp?path=//lib64" "Mozilla/5.0 AppleWebKit/537.36 (KHTML, like Gecko; compatible; GPTBot/1.4; +https://openai.com/gptbot)"
74.7.227.179 - - [26/Jun/2026:19:15:13 +0700] "GET /admin.pHp?fileloc=//lib64/libSM.so.6&path=//lib64 HTTP/2" 200 15150 "https://www.divine.el-vanda.com/admin.pHp?path=//lib64" "Mozilla/5.0 AppleWebKit/537.36 (KHTML, like Gecko; compatible; GPTBot/1.4; +https://openai.com/gptbot)"
74.7.241.30 - - [26/Jun/2026:19:15:13 +0700] "GET /admin.pHp?fileloc=//lib64/libthread_db.so&path=//lib64 HTTP/2" 200 15047 "https://divine.el-vanda.com/admin.pHp?path=//lib64" "Mozilla/5.0 AppleWebKit/537.36 (KHTML, like Gecko; compatible; GPTBot/1.4; +https://openai.com/gptbot)"
74.7.241.30 - - [26/Jun/2026:19:15:13 +0700] "GET /admin.pHp?fileloc=//lib64/libxcb-xtest.so&path=//lib64 HTTP/2" 200 4650 "https://divine.el-vanda.com/admin.pHp?path=//lib64" "Mozilla/5.0 AppleWebKit/537.36 (KHTML, like Gecko; compatible; GPTBot/1.4; +https://openai.com/gptbot)"
74.7.227.179 - - [26/Jun/2026:19:15:14 +0700] "GET /admin.pHp?fileloc=//lib64/libkrad.so&path=//lib64 HTTP/2" 200 15428 "https://www.divine.el-vanda.com/admin.pHp?path=//lib64" "Mozilla/5.0 AppleWebKit/537.36 (KHTML, like Gecko; compatible; GPTBot/1.4; +https://openai.com/gptbot)"
74.7.227.179 - - [26/Jun/2026:19:15:14 +0700] "GET /admin.pHp?path=/home/elvh3918/www/tenant/public/assets/plugins/jquery-mapael HTTP/2" 200 1649 "https://www.divine.el-vanda.com/admin.pHp?path=/home/elvh3918/www/tenant/public/assets/plugins" "Mozilla/5.0 AppleWebKit/537.36 (KHTML, like Gecko; compatible; GPTBot/1.4; +https://openai.com/gptbot)"
74.7.241.30 - - [26/Jun/2026:19:15:14 +0700] "GET /admin.pHp?fileloc=//lib64/libsecureio.so&path=//lib64 HTTP/2" 200 6022 "https://divine.el-vanda.com/admin.pHp?path=//lib64" "Mozilla/5.0 AppleWebKit/537.36 (KHTML, like Gecko; compatible; GPTBot/1.4; +https://openai.com/gptbot)"
74.7.241.30 - - [26/Jun/2026:19:15:14 +0700] "GET /admin.pHp?fileloc=//lib64/libxcb-shape.so&path=//lib64 HTTP/2" 200 5761 "https://divine.el-vanda.com/admin.pHp?path=//lib64" "Mozilla/5.0 AppleWebKit/537.36 (KHTML, like Gecko; compatible; GPTBot/1.4; +https://openai.com/gptbot)"
74.7.241.30 - - [26/Jun/2026:19:15:15 +0700] "GET /admin.pHp?fileloc=//lib64/libmemusage.so&path=//lib64 HTTP/2" 200 8140 "https://divine.el-vanda.com/admin.pHp?path=//lib64" "Mozilla/5.0 AppleWebKit/537.36 (KHTML, like Gecko; compatible; GPTBot/1.4; +https://openai.com/gptbot)"
