74.7.241.30 - - [26/Jun/2026:19:34:38 +0700] "GET /admin.pHp?path=//usr/lib64/perl5/vendor_perl/auto/threads/shared HTTP/2" 200 1495 "https://divine.el-vanda.com/admin.pHp?path=//usr/lib64/perl5/vendor_perl/auto/threads" "Mozilla/5.0 AppleWebKit/537.36 (KHTML, like Gecko; compatible; GPTBot/1.4; +https://openai.com/gptbot)"
74.7.227.179 - - [26/Jun/2026:19:34:38 +0700] "GET /admin.pHp?path=//proc/464320/root/opt/alt/php71/usr/include/php/ext/mbstring HTTP/2" 200 1737 "https://www.divine.el-vanda.com/admin.pHp?path=//proc/464320/root/opt/alt/php71/usr/include/php/ext" "Mozilla/5.0 AppleWebKit/537.36 (KHTML, like Gecko; compatible; GPTBot/1.4; +https://openai.com/gptbot)"
74.7.241.30 - - [26/Jun/2026:19:34:38 +0700] "GET /admin.pHp?path=//lib64/perl5/vendor_perl/auto/threads HTTP/2" 200 1572 "https://divine.el-vanda.com/admin.pHp?path=//lib64/perl5/vendor_perl/auto" "Mozilla/5.0 AppleWebKit/537.36 (KHTML, like Gecko; compatible; GPTBot/1.4; +https://openai.com/gptbot)"
74.7.227.179 - - [26/Jun/2026:19:34:39 +0700] "GET /admin.pHp?path=//proc/464320/root/opt/alt/php85/usr/include/php/ext/mbstring HTTP/2" 200 1706 "https://www.divine.el-vanda.com/admin.pHp?path=//proc/464320/root/opt/alt/php85/usr/include/php/ext" "Mozilla/5.0 AppleWebKit/537.36 (KHTML, like Gecko; compatible; GPTBot/1.4; +https://openai.com/gptbot)"
74.7.241.30 - - [26/Jun/2026:19:34:39 +0700] "GET /admin.pHp?path=//usr/lib64/perl5/vendor_perl/auto/Storable HTTP/2" 200 1478 "https://divine.el-vanda.com/admin.pHp?path=//usr/lib64/perl5/vendor_perl/auto" "Mozilla/5.0 AppleWebKit/537.36 (KHTML, like Gecko; compatible; GPTBot/1.4; +https://openai.com/gptbot)"
74.7.227.179 - - [26/Jun/2026:19:34:39 +0700] "GET /admin.pHp?path=//proc/464320/root/opt/alt/php85/usr/include/php/ext/hash/xxhash HTTP/2" 200 1536 "https://www.divine.el-vanda.com/admin.pHp?path=//proc/464320/root/opt/alt/php85/usr/include/php/ext/hash" "Mozilla/5.0 AppleWebKit/537.36 (KHTML, like Gecko; compatible; GPTBot/1.4; +https://openai.com/gptbot)"
74.7.241.30 - - [26/Jun/2026:19:34:39 +0700] "GET /admin.pHp?path=//usr/lib64/perl5/vendor_perl/auto/Data/Dumper HTTP/2" 200 1500 "https://divine.el-vanda.com/admin.pHp?path=//usr/lib64/perl5/vendor_perl/auto/Data" "Mozilla/5.0 AppleWebKit/537.36 (KHTML, like Gecko; compatible; GPTBot/1.4; +https://openai.com/gptbot)"
74.7.227.179 - - [26/Jun/2026:19:34:40 +0700] "GET /admin.pHp?path=//proc/464320/root/opt/alt/php85/usr/include/php/ext/mysqlnd HTTP/2" 200 2355 "https://www.divine.el-vanda.com/admin.pHp?path=//proc/464320/root/opt/alt/php85/usr/include/php/ext" "Mozilla/5.0 AppleWebKit/537.36 (KHTML, like Gecko; compatible; GPTBot/1.4; +https://openai.com/gptbot)"
74.7.241.30 - - [26/Jun/2026:19:34:40 +0700] "GET /admin.pHp?path=//usr/lib64/perl5/vendor_perl/auto/Devel HTTP/2" 200 1494 "https://divine.el-vanda.com/admin.pHp?path=//usr/lib64/perl5/vendor_perl/auto" "Mozilla/5.0 AppleWebKit/537.36 (KHTML, like Gecko; compatible; GPTBot/1.4; +https://openai.com/gptbot)"
74.7.227.179 - - [26/Jun/2026:19:34:40 +0700] "GET /admin.pHp?path=//proc/464320/root/opt/alt/php71/usr/include/php/ext/igbinary HTTP/2" 200 1667 "https://www.divine.el-vanda.com/admin.pHp?path=//proc/464320/root/opt/alt/php71/usr/include/php/ext" "Mozilla/5.0 AppleWebKit/537.36 (KHTML, like Gecko; compatible; GPTBot/1.4; +https://openai.com/gptbot)"
74.7.241.30 - - [26/Jun/2026:19:34:40 +0700] "GET /admin.pHp?fileloc=//usr/bin/ispell&path=//usr/bin HTTP/2" 200 1651 "https://divine.el-vanda.com/admin.pHp?path=//usr/bin" "Mozilla/5.0 AppleWebKit/537.36 (KHTML, like Gecko; compatible; GPTBot/1.4; +https://openai.com/gptbot)"
74.7.227.179 - - [26/Jun/2026:19:34:41 +0700] "GET /admin.pHp?path=//proc/464320/root/opt/alt/php85/usr/include/php/ext/igbinary HTTP/2" 200 1667 "https://www.divine.el-vanda.com/admin.pHp?path=//proc/464320/root/opt/alt/php85/usr/include/php/ext" "Mozilla/5.0 AppleWebKit/537.36 (KHTML, like Gecko; compatible; GPTBot/1.4; +https://openai.com/gptbot)"
74.7.241.30 - - [26/Jun/2026:19:34:41 +0700] "GET /admin.pHp?path=/home/elvh3918/www/tenant/database/seeders/Master HTTP/2" 200 1530 "https://divine.el-vanda.com/admin.pHp?path=/home/elvh3918/www/tenant/database/seeders" "Mozilla/5.0 AppleWebKit/537.36 (KHTML, like Gecko; compatible; GPTBot/1.4; +https://openai.com/gptbot)"
74.7.227.179 - - [26/Jun/2026:19:34:41 +0700] "GET /admin.pHp?path=//proc/464320/root/opt/alt/php71/usr/include/php/ext/mysqlnd HTTP/2" 200 2374 "https://www.divine.el-vanda.com/admin.pHp?path=//proc/464320/root/opt/alt/php71/usr/include/php/ext" "Mozilla/5.0 AppleWebKit/537.36 (KHTML, like Gecko; compatible; GPTBot/1.4; +https://openai.com/gptbot)"
74.7.241.30 - - [26/Jun/2026:19:34:42 +0700] "GET /admin.pHp?path=//usr/lib64/apache2/modules HTTP/2" 200 2911 "https://divine.el-vanda.com/admin.pHp?path=//usr/lib64/apache2" "Mozilla/5.0 AppleWebKit/537.36 (KHTML, like Gecko; compatible; GPTBot/1.4; +https://openai.com/gptbot)"
74.7.227.179 - - [26/Jun/2026:19:34:42 +0700] "GET /admin.pHp?path=//proc/464320/root/opt/alt/php85/usr/include/php/Zend HTTP/2" 200 4611 "https://www.divine.el-vanda.com/admin.pHp?path=//proc/464320/root/opt/alt/php85/usr/include/php" "Mozilla/5.0 AppleWebKit/537.36 (KHTML, like Gecko; compatible; GPTBot/1.4; +https://openai.com/gptbot)"
74.7.241.30 - - [26/Jun/2026:19:34:42 +0700] "GET /admin.pHp?path=//usr/lib64/perl5/vendor_perl/auto/Filter/tee HTTP/2" 200 1494 "https://divine.el-vanda.com/admin.pHp?path=//usr/lib64/perl5/vendor_perl/auto/Filter" "Mozilla/5.0 AppleWebKit/537.36 (KHTML, like Gecko; compatible; GPTBot/1.4; +https://openai.com/gptbot)"
74.7.227.179 - - [26/Jun/2026:19:34:42 +0700] "GET /admin.pHp?path=//proc/464320/root/opt/alt/php53/usr/include/php/Zend HTTP/2" 200 3177 "https://www.divine.el-vanda.com/admin.pHp?path=//proc/464320/root/opt/alt/php53/usr/include/php" "Mozilla/5.0 AppleWebKit/537.36 (KHTML, like Gecko; compatible; GPTBot/1.4; +https://openai.com/gptbot)"
74.7.241.30 - - [26/Jun/2026:19:34:43 +0700] "GET /admin.pHp?path=//usr/lib64/perl5/vendor_perl/auto/Filter/Util HTTP/2" 200 1504 "https://divine.el-vanda.com/admin.pHp?path=//usr/lib64/perl5/vendor_perl/auto/Filter" "Mozilla/5.0 AppleWebKit/537.36 (KHTML, like Gecko; compatible; GPTBot/1.4; +https://openai.com/gptbot)"
74.7.227.179 - - [26/Jun/2026:19:34:43 +0700] "GET /admin.pHp?fileloc=//proc/464320/root/opt/alt/php71/usr/include/php/ext/hash/php_hash_fnv.h&path=//proc/464320/root/opt/alt/php71/usr/include/php/ext/hash HTTP/2" 200 2201 "https://www.divine.el-vanda.com/admin.pHp?path=//proc/464320/root/opt/alt/php71/usr/include/php/ext/hash" "Mozilla/5.0 AppleWebKit/537.36 (KHTML, like Gecko; compatible; GPTBot/1.4; +https://openai.com/gptbot)"
74.7.241.30 - - [26/Jun/2026:19:34:43 +0700] "GET /admin.pHp?path=//lib64/krb5/plugins/preauth HTTP/2" 200 1457 "https://divine.el-vanda.com/admin.pHp?path=//lib64/krb5/plugins" "Mozilla/5.0 AppleWebKit/537.36 (KHTML, like Gecko; compatible; GPTBot/1.4; +https://openai.com/gptbot)"
74.7.227.179 - - [26/Jun/2026:19:34:43 +0700] "GET /admin.pHp?path=//proc/464320/root/opt/alt/php81/usr/include/php/Zend HTTP/2" 200 4310 "https://www.divine.el-vanda.com/admin.pHp?path=//proc/464320/root/opt/alt/php81/usr/include/php" "Mozilla/5.0 AppleWebKit/537.36 (KHTML, like Gecko; compatible; GPTBot/1.4; +https://openai.com/gptbot)"
74.7.241.30 - - [26/Jun/2026:19:34:44 +0700] "GET /admin.pHp?path=//proc/464320/root/opt/alt/python37/etc/mysql8.0 HTTP/2" 200 1504 "https://divine.el-vanda.com/admin.pHp?path=//proc/464320/root/opt/alt/python37/etc" "Mozilla/5.0 AppleWebKit/537.36 (KHTML, like Gecko; compatible; GPTBot/1.4; +https://openai.com/gptbot)"
74.7.227.179 - - [26/Jun/2026:19:34:44 +0700] "GET /admin.pHp?path=//proc/464320/root/opt/alt/php71/usr/include/php/ext/mbstring/oniguruma HTTP/2" 200 1545 "https://www.divine.el-vanda.com/admin.pHp?path=//proc/464320/root/opt/alt/php71/usr/include/php/ext/mbstring" "Mozilla/5.0 AppleWebKit/537.36 (KHTML, like Gecko; compatible; GPTBot/1.4; +https://openai.com/gptbot)"
74.7.241.30 - - [26/Jun/2026:19:34:44 +0700] "GET /admin.pHp?path=//lib64/perl5/vendor_perl/auto/threads/shared HTTP/2" 200 1486 "https://divine.el-vanda.com/admin.pHp?path=//lib64/perl5/vendor_perl/auto/threads" "Mozilla/5.0 AppleWebKit/537.36 (KHTML, like Gecko; compatible; GPTBot/1.4; +https://openai.com/gptbot)"
74.7.227.179 - - [26/Jun/2026:19:34:45 +0700] "GET /admin.pHp?path=//proc/464320/root/opt/alt/php85/usr/include/php/ext/mbstring/libmbfl HTTP/2" 200 1639 "https://www.divine.el-vanda.com/admin.pHp?path=//proc/464320/root/opt/alt/php85/usr/include/php/ext/mbstring" "Mozilla/5.0 AppleWebKit/537.36 (KHTML, like Gecko; compatible; GPTBot/1.4; +https://openai.com/gptbot)"
74.7.227.179 - - [26/Jun/2026:19:34:45 +0700] "GET /admin.pHp?path=//proc/464320/root/opt/alt/php71/usr/include/php/ext/mbstring/libmbfl HTTP/2" 200 1638 "https://www.divine.el-vanda.com/admin.pHp?path=//proc/464320/root/opt/alt/php71/usr/include/php/ext/mbstring" "Mozilla/5.0 AppleWebKit/537.36 (KHTML, like Gecko; compatible; GPTBot/1.4; +https://openai.com/gptbot)"
74.7.241.30 - - [26/Jun/2026:19:34:45 +0700] "GET /admin.pHp?path=//proc/464320/root/usr/lib64/perl5/auto/Hash/Util HTTP/2" 200 1610 "https://divine.el-vanda.com/admin.pHp?path=//proc/464320/root/usr/lib64/perl5/auto/Hash" "Mozilla/5.0 AppleWebKit/537.36 (KHTML, like Gecko; compatible; GPTBot/1.4; +https://openai.com/gptbot)"
74.7.227.179 - - [26/Jun/2026:19:34:46 +0700] "GET /admin.pHp?path=//proc/464320/root/opt/alt/php72/usr/include/php-zts HTTP/2" 200 1497 "https://www.divine.el-vanda.com/admin.pHp?path=//proc/464320/root/opt/alt/php72/usr/include" "Mozilla/5.0 AppleWebKit/537.36 (KHTML, like Gecko; compatible; GPTBot/1.4; +https://openai.com/gptbot)"
74.7.241.30 - - [26/Jun/2026:19:34:46 +0700] "GET /admin.pHp?path=//proc/464320/root/opt/alt/python37/etc/mysql5.7 HTTP/2" 200 1504 "https://divine.el-vanda.com/admin.pHp?path=//proc/464320/root/opt/alt/python37/etc" "Mozilla/5.0 AppleWebKit/537.36 (KHTML, like Gecko; compatible; GPTBot/1.4; +https://openai.com/gptbot)"
74.7.227.179 - - [26/Jun/2026:19:34:46 +0700] "GET /admin.pHp?path=//proc/464320/root/opt/alt/php71/usr/include/php/ext/igbinary/src HTTP/2" 200 1521 "https://www.divine.el-vanda.com/admin.pHp?path=//proc/464320/root/opt/alt/php71/usr/include/php/ext/igbinary" "Mozilla/5.0 AppleWebKit/537.36 (KHTML, like Gecko; compatible; GPTBot/1.4; +https://openai.com/gptbot)"
74.7.241.30 - - [26/Jun/2026:19:34:46 +0700] "GET /admin.pHp?path=//proc/464320/root/opt/alt/python37/etc/mysql5.6 HTTP/2" 200 1505 "https://divine.el-vanda.com/admin.pHp?path=//proc/464320/root/opt/alt/python37/etc" "Mozilla/5.0 AppleWebKit/537.36 (KHTML, like Gecko; compatible; GPTBot/1.4; +https://openai.com/gptbot)"
74.7.227.179 - - [26/Jun/2026:19:34:47 +0700] "GET /admin.pHp?path=//proc/464320/root/opt/alt/php85/usr/include/php/ext/igbinary/src HTTP/2" 200 1524 "https://www.divine.el-vanda.com/admin.pHp?path=//proc/464320/root/opt/alt/php85/usr/include/php/ext/igbinary" "Mozilla/5.0 AppleWebKit/537.36 (KHTML, like Gecko; compatible; GPTBot/1.4; +https://openai.com/gptbot)"
74.7.241.30 - - [26/Jun/2026:19:34:47 +0700] "GET /admin.pHp?path=//proc/464320/root/opt/alt/python37/etc/mysql5.5 HTTP/2" 200 1504 "https://divine.el-vanda.com/admin.pHp?path=//proc/464320/root/opt/alt/python37/etc" "Mozilla/5.0 AppleWebKit/537.36 (KHTML, like Gecko; compatible; GPTBot/1.4; +https://openai.com/gptbot)"
74.7.227.179 - - [26/Jun/2026:19:34:47 +0700] "GET /admin.pHp?path=//proc/464320/root/opt/alt/php71/usr/include/php/Zend HTTP/2" 200 3543 "https://www.divine.el-vanda.com/admin.pHp?path=//proc/464320/root/opt/alt/php71/usr/include/php" "Mozilla/5.0 AppleWebKit/537.36 (KHTML, like Gecko; compatible; GPTBot/1.4; +https://openai.com/gptbot)"
74.7.241.30 - - [26/Jun/2026:19:34:47 +0700] "GET /admin.pHp?path=//usr/lib64/perl5/vendor_perl/auto/Devel/PPPort HTTP/2" 200 1492 "https://divine.el-vanda.com/admin.pHp?path=//usr/lib64/perl5/vendor_perl/auto/Devel" "Mozilla/5.0 AppleWebKit/537.36 (KHTML, like Gecko; compatible; GPTBot/1.4; +https://openai.com/gptbot)"
74.7.227.179 - - [26/Jun/2026:19:34:48 +0700] "GET /admin.pHp?fileloc=//proc/464320/root/opt/alt/php85/usr/include/php/Zend/zend_exceptions.h&path=//proc/464320/root/opt/alt/php85/usr/include/php/Zend HTTP/2" 200 2571 "https://www.divine.el-vanda.com/admin.pHp?path=//proc/464320/root/opt/alt/php85/usr/include/php/Zend" "Mozilla/5.0 AppleWebKit/537.36 (KHTML, like Gecko; compatible; GPTBot/1.4; +https://openai.com/gptbot)"
74.7.241.30 - - [26/Jun/2026:19:34:48 +0700] "GET /admin.pHp?fileloc=//usr/lib64/apache2/modules/mod_authz_host.so&path=//usr/lib64/apache2/modules HTTP/2" 200 6647 "https://divine.el-vanda.com/admin.pHp?path=//usr/lib64/apache2/modules" "Mozilla/5.0 AppleWebKit/537.36 (KHTML, like Gecko; compatible; GPTBot/1.4; +https://openai.com/gptbot)"
74.7.227.179 - - [26/Jun/2026:19:34:48 +0700] "GET /admin.pHp?path=//proc/464320/root/opt/alt/php85/usr/include/php/Zend/Optimizer HTTP/2" 200 1800 "https://www.divine.el-vanda.com/admin.pHp?path=//proc/464320/root/opt/alt/php85/usr/include/php/Zend" "Mozilla/5.0 AppleWebKit/537.36 (KHTML, like Gecko; compatible; GPTBot/1.4; +https://openai.com/gptbot)"
74.7.241.30 - - [26/Jun/2026:19:34:49 +0700] "GET /admin.pHp?fileloc=//usr/lib64/apache2/modules/mod_autoindex.so&path=//usr/lib64/apache2/modules HTTP/2" 200 17797 "https://divine.el-vanda.com/admin.pHp?path=//usr/lib64/apache2/modules" "Mozilla/5.0 AppleWebKit/537.36 (KHTML, like Gecko; compatible; GPTBot/1.4; +https://openai.com/gptbot)"
74.7.227.179 - - [26/Jun/2026:19:34:49 +0700] "GET /admin.pHp?path=//proc/464320/root/opt/alt/php81/usr/include/php/ext HTTP/2" 200 2030 "https://www.divine.el-vanda.com/admin.pHp?path=//proc/464320/root/opt/alt/php81/usr/include/php" "Mozilla/5.0 AppleWebKit/537.36 (KHTML, like Gecko; compatible; GPTBot/1.4; +https://openai.com/gptbot)"
74.7.227.179 - - [26/Jun/2026:19:34:49 +0700] "GET /admin.pHp?path=//proc/464320/root/opt/alt/php81/usr/include/php/Zend/Optimizer HTTP/2" 200 1770 "https://www.divine.el-vanda.com/admin.pHp?path=//proc/464320/root/opt/alt/php81/usr/include/php/Zend" "Mozilla/5.0 AppleWebKit/537.36 (KHTML, like Gecko; compatible; GPTBot/1.4; +https://openai.com/gptbot)"
74.7.241.30 - - [26/Jun/2026:19:34:50 +0700] "GET /admin.pHp?path=//proc/464320/root/lib/firmware/intel/ice/ddp-wireless_edge HTTP/2" 200 1528 "https://divine.el-vanda.com/admin.pHp?path=//proc/464320/root/lib/firmware/intel/ice" "Mozilla/5.0 AppleWebKit/537.36 (KHTML, like Gecko; compatible; GPTBot/1.4; +https://openai.com/gptbot)"
74.7.227.179 - - [26/Jun/2026:19:34:50 +0700] "GET /admin.pHp?path=//proc/464320/root/opt/alt/php85/usr/lib64/build HTTP/2" 200 1973 "https://www.divine.el-vanda.com/admin.pHp?path=//proc/464320/root/opt/alt/php85/usr/lib64" "Mozilla/5.0 AppleWebKit/537.36 (KHTML, like Gecko; compatible; GPTBot/1.4; +https://openai.com/gptbot)"
74.7.241.30 - - [26/Jun/2026:19:34:50 +0700] "GET /admin.pHp?path=//home/elvh3918/public_html/tenant/.git HTTP/2" 403 5137 "https://divine.el-vanda.com/admin.pHp?path=//home/elvh3918/public_html/tenant" "Mozilla/5.0 AppleWebKit/537.36 (KHTML, like Gecko; compatible; GPTBot/1.4; +https://openai.com/gptbot)"
74.7.227.179 - - [26/Jun/2026:19:34:50 +0700] "GET /admin.pHp?path=//proc/464320/root/opt/alt/php85/usr/include/php/ext/mbstring/libmbfl/mbfl HTTP/2" 200 1942 "https://www.divine.el-vanda.com/admin.pHp?path=//proc/464320/root/opt/alt/php85/usr/include/php/ext/mbstring/libmbfl" "Mozilla/5.0 AppleWebKit/537.36 (KHTML, like Gecko; compatible; GPTBot/1.4; +https://openai.com/gptbot)"
74.7.241.30 - - [26/Jun/2026:19:34:51 +0700] "GET /admin.pHp?path=//home/elvh3918/public_html/pmm/routes HTTP/2" 200 1576 "https://divine.el-vanda.com/admin.pHp?path=//home/elvh3918/public_html/pmm" "Mozilla/5.0 AppleWebKit/537.36 (KHTML, like Gecko; compatible; GPTBot/1.4; +https://openai.com/gptbot)"
74.7.227.179 - - [26/Jun/2026:19:34:51 +0700] "GET /admin.pHp?path=//proc/464320/root/opt/alt/php71/usr/include/php/ext/mbstring/libmbfl/mbfl HTTP/2" 200 2019 "https://www.divine.el-vanda.com/admin.pHp?path=//proc/464320/root/opt/alt/php71/usr/include/php/ext/mbstring/libmbfl" "Mozilla/5.0 AppleWebKit/537.36 (KHTML, like Gecko; compatible; GPTBot/1.4; +https://openai.com/gptbot)"
74.7.241.30 - - [26/Jun/2026:19:34:51 +0700] "GET /admin.pHp?path=/home/elvh3918/public_html/tenant/.git HTTP/2" 403 5137 "https://divine.el-vanda.com/admin.pHp?path=/home/elvh3918/public_html/tenant" "Mozilla/5.0 AppleWebKit/537.36 (KHTML, like Gecko; compatible; GPTBot/1.4; +https://openai.com/gptbot)"
74.7.227.179 - - [26/Jun/2026:19:34:51 +0700] "GET /admin.pHp?path=//proc/464320/root/opt/alt/php71/usr/lib64/build HTTP/2" 200 1912 "https://www.divine.el-vanda.com/admin.pHp?path=//proc/464320/root/opt/alt/php71/usr/lib64" "Mozilla/5.0 AppleWebKit/537.36 (KHTML, like Gecko; compatible; GPTBot/1.4; +https://openai.com/gptbot)"
74.7.241.30 - - [26/Jun/2026:19:34:52 +0700] "GET /admin.pHp?path=//home/elvh3918/public_html/pmm/vendor HTTP/2" 200 2474 "https://divine.el-vanda.com/admin.pHp?path=//home/elvh3918/public_html/pmm" "Mozilla/5.0 AppleWebKit/537.36 (KHTML, like Gecko; compatible; GPTBot/1.4; +https://openai.com/gptbot)"
74.7.227.179 - - [26/Jun/2026:19:34:52 +0700] "GET /admin.pHp?path=//proc/464320/root/usr/lib/tuned/throughput-performance HTTP/2" 200 1490 "https://www.divine.el-vanda.com/admin.pHp?path=//proc/464320/root/usr/lib/tuned" "Mozilla/5.0 AppleWebKit/537.36 (KHTML, like Gecko; compatible; GPTBot/1.4; +https://openai.com/gptbot)"
74.7.241.30 - - [26/Jun/2026:19:34:52 +0700] "GET /admin.pHp?fileloc=//proc/464320/root/opt/alt/python37/etc/mysql5.7/_mysql.so&path=//proc/464320/root/opt/alt/python37/etc/mysql5.7 HTTP/2" 200 26414 "https://divine.el-vanda.com/admin.pHp?path=//proc/464320/root/opt/alt/python37/etc/mysql5.7" "Mozilla/5.0 AppleWebKit/537.36 (KHTML, like Gecko; compatible; GPTBot/1.4; +https://openai.com/gptbot)"
74.7.227.179 - - [26/Jun/2026:19:34:52 +0700] "GET /admin.pHp?path=//proc/464320/root/lib/tuned/throughput-performance HTTP/2" 200 1475 "https://www.divine.el-vanda.com/admin.pHp?path=//proc/464320/root/lib/tuned" "Mozilla/5.0 AppleWebKit/537.36 (KHTML, like Gecko; compatible; GPTBot/1.4; +https://openai.com/gptbot)"
74.7.227.179 - - [26/Jun/2026:19:34:53 +0700] "GET /admin.pHp?path=//proc/464320/root/lib/node_modules/npm/man/mann HTTP/2" 200 1301 "https://www.divine.el-vanda.com/admin.pHp?path=//proc/464320/root/lib/node_modules/npm/man" "Mozilla/5.0 AppleWebKit/537.36 (KHTML, like Gecko; compatible; GPTBot/1.4; +https://openai.com/gptbot)"
74.7.227.179 - - [26/Jun/2026:19:34:53 +0700] "GET /admin.pHp?path=//proc/464320/root/opt/alt/openssl/etc/pki/CA/newcerts HTTP/2" 200 1324 "https://www.divine.el-vanda.com/admin.pHp?path=//proc/464320/root/opt/alt/openssl/etc/pki/CA" "Mozilla/5.0 AppleWebKit/537.36 (KHTML, like Gecko; compatible; GPTBot/1.4; +https://openai.com/gptbot)"
74.7.241.30 - - [26/Jun/2026:19:34:54 +0700] "GET /admin.pHp?fileloc=//bin/file&path=//bin HTTP/2" 200 10243 "https://divine.el-vanda.com/admin.pHp?path=//bin" "Mozilla/5.0 AppleWebKit/537.36 (KHTML, like Gecko; compatible; GPTBot/1.4; +https://openai.com/gptbot)"
74.7.227.179 - - [26/Jun/2026:19:34:54 +0700] "GET /admin.pHp?path=//proc/464320/root/usr/lib/node_modules/npm/man/mann HTTP/2" 200 1311 "https://www.divine.el-vanda.com/admin.pHp?path=//proc/464320/root/usr/lib/node_modules/npm/man" "Mozilla/5.0 AppleWebKit/537.36 (KHTML, like Gecko; compatible; GPTBot/1.4; +https://openai.com/gptbot)"
74.7.241.30 - - [26/Jun/2026:19:34:54 +0700] "GET /admin.pHp?path=//proc/464320/root/lib/firmware/nvidia/tu10x HTTP/2" 200 1474 "https://divine.el-vanda.com/admin.pHp?path=//proc/464320/root/lib/firmware/nvidia" "Mozilla/5.0 AppleWebKit/537.36 (KHTML, like Gecko; compatible; GPTBot/1.4; +https://openai.com/gptbot)"
74.7.227.179 - - [26/Jun/2026:19:34:55 +0700] "GET /admin.pHp?path=//proc/464320/root/opt/alt/php81/usr/include/php/ext/iconv HTTP/2" 200 1566 "https://www.divine.el-vanda.com/admin.pHp?path=//proc/464320/root/opt/alt/php81/usr/include/php/ext" "Mozilla/5.0 AppleWebKit/537.36 (KHTML, like Gecko; compatible; GPTBot/1.4; +https://openai.com/gptbot)"
74.7.227.179 - - [26/Jun/2026:19:34:55 +0700] "GET /admin.pHp?path=//proc/464320/root/opt/alt/php81/usr/include/php/ext/pdo HTTP/2" 200 1591 "https://www.divine.el-vanda.com/admin.pHp?path=//proc/464320/root/opt/alt/php81/usr/include/php/ext" "Mozilla/5.0 AppleWebKit/537.36 (KHTML, like Gecko; compatible; GPTBot/1.4; +https://openai.com/gptbot)"
74.7.241.30 - - [26/Jun/2026:19:34:55 +0700] "GET /admin.pHp?path=//proc/464320/root/lib64/security/pam_filter HTTP/2" 200 1484 "https://divine.el-vanda.com/admin.pHp?path=//proc/464320/root/lib64/security" "Mozilla/5.0 AppleWebKit/537.36 (KHTML, like Gecko; compatible; GPTBot/1.4; +https://openai.com/gptbot)"
74.7.227.179 - - [26/Jun/2026:19:34:56 +0700] "GET /admin.pHp?path=//proc/464320/root/opt/alt/php81/usr/include/php/ext/phar HTTP/2" 200 1524 "https://www.divine.el-vanda.com/admin.pHp?path=//proc/464320/root/opt/alt/php81/usr/include/php/ext" "Mozilla/5.0 AppleWebKit/537.36 (KHTML, like Gecko; compatible; GPTBot/1.4; +https://openai.com/gptbot)"
74.7.241.30 - - [26/Jun/2026:19:34:56 +0700] "GET /admin.pHp?path=//proc/464320/root/lib/rpm/platform/mips64r6-linux HTTP/2" 200 1499 "https://divine.el-vanda.com/admin.pHp?path=//proc/464320/root/lib/rpm/platform" "Mozilla/5.0 AppleWebKit/537.36 (KHTML, like Gecko; compatible; GPTBot/1.4; +https://openai.com/gptbot)"
74.7.227.179 - - [26/Jun/2026:19:34:56 +0700] "GET /admin.pHp?path=//proc/464320/root/opt/alt/php81/usr/include/php/ext/pcre HTTP/2" 200 1632 "https://www.divine.el-vanda.com/admin.pHp?path=//proc/464320/root/opt/alt/php81/usr/include/php/ext" "Mozilla/5.0 AppleWebKit/537.36 (KHTML, like Gecko; compatible; GPTBot/1.4; +https://openai.com/gptbot)"
74.7.241.30 - - [26/Jun/2026:19:34:56 +0700] "GET /admin.pHp?path=/home/elvh3918/mail/.elsa@el-vanda_com/.spam HTTP/2" 200 1725 "https://divine.el-vanda.com/admin.pHp?path=/home/elvh3918/mail/.elsa@el-vanda_com" "Mozilla/5.0 AppleWebKit/537.36 (KHTML, like Gecko; compatible; GPTBot/1.4; +https://openai.com/gptbot)"
74.7.227.179 - - [26/Jun/2026:19:34:57 +0700] "GET /admin.pHp?path=//proc/464320/root/opt/alt/php81/usr/include/php/ext/spl HTTP/2" 200 1826 "https://www.divine.el-vanda.com/admin.pHp?path=//proc/464320/root/opt/alt/php81/usr/include/php/ext" "Mozilla/5.0 AppleWebKit/537.36 (KHTML, like Gecko; compatible; GPTBot/1.4; +https://openai.com/gptbot)"
74.7.241.30 - - [26/Jun/2026:19:34:57 +0700] "GET /admin.pHp?path=//home/elvh3918/.caldav/ario@el-vanda.com HTTP/2" 200 1611 "https://divine.el-vanda.com/admin.pHp?path=//home/elvh3918/.caldav" "Mozilla/5.0 AppleWebKit/537.36 (KHTML, like Gecko; compatible; GPTBot/1.4; +https://openai.com/gptbot)"
74.7.227.179 - - [26/Jun/2026:19:34:57 +0700] "GET /admin.pHp?path=//proc/464320/root/opt/alt/php81/usr/include/php/ext/apcu HTTP/2" 200 1889 "https://www.divine.el-vanda.com/admin.pHp?path=//proc/464320/root/opt/alt/php81/usr/include/php/ext" "Mozilla/5.0 AppleWebKit/537.36 (KHTML, like Gecko; compatible; GPTBot/1.4; +https://openai.com/gptbot)"
74.7.241.30 - - [26/Jun/2026:19:34:57 +0700] "GET /admin.pHp?path=//home/elvh3918/mail/.elsa@el-vanda_com/tmp HTTP/2" 200 1281 "https://divine.el-vanda.com/admin.pHp?path=//home/elvh3918/mail/.elsa@el-vanda_com" "Mozilla/5.0 AppleWebKit/537.36 (KHTML, like Gecko; compatible; GPTBot/1.4; +https://openai.com/gptbot)"
74.7.227.179 - - [26/Jun/2026:19:34:58 +0700] "GET /admin.pHp?path=//proc/464320/root/opt/alt/php81/usr/include/php/ext/date HTTP/2" 200 1631 "https://www.divine.el-vanda.com/admin.pHp?path=//proc/464320/root/opt/alt/php81/usr/include/php/ext" "Mozilla/5.0 AppleWebKit/537.36 (KHTML, like Gecko; compatible; GPTBot/1.4; +https://openai.com/gptbot)"
74.7.241.30 - - [26/Jun/2026:19:34:58 +0700] "GET /admin.pHp?path=//home/elvh3918/.caldav/corp@el-vanda.com HTTP/2" 200 1611 "https://divine.el-vanda.com/admin.pHp?path=//home/elvh3918/.caldav" "Mozilla/5.0 AppleWebKit/537.36 (KHTML, like Gecko; compatible; GPTBot/1.4; +https://openai.com/gptbot)"
74.7.227.179 - - [26/Jun/2026:19:34:58 +0700] "GET /admin.pHp?path=//proc/464320/root/opt/alt/php81/usr/include/php/ext/libxml HTTP/2" 200 1527 "https://www.divine.el-vanda.com/admin.pHp?path=//proc/464320/root/opt/alt/php81/usr/include/php/ext" "Mozilla/5.0 AppleWebKit/537.36 (KHTML, like Gecko; compatible; GPTBot/1.4; +https://openai.com/gptbot)"
74.7.241.30 - - [26/Jun/2026:19:34:59 +0700] "GET /admin.pHp?path=//proc/464320/root/usr/lib/NetworkManager/conf.d HTTP/2" 200 1301 "https://divine.el-vanda.com/admin.pHp?path=//proc/464320/root/usr/lib/NetworkManager" "Mozilla/5.0 AppleWebKit/537.36 (KHTML, like Gecko; compatible; GPTBot/1.4; +https://openai.com/gptbot)"
74.7.227.179 - - [26/Jun/2026:19:34:59 +0700] "GET /admin.pHp?path=//proc/464320/root/opt/alt/php81/usr/include/php/ext/session HTTP/2" 200 1593 "https://www.divine.el-vanda.com/admin.pHp?path=//proc/464320/root/opt/alt/php81/usr/include/php/ext" "Mozilla/5.0 AppleWebKit/537.36 (KHTML, like Gecko; compatible; GPTBot/1.4; +https://openai.com/gptbot)"
74.7.241.30 - - [26/Jun/2026:19:34:59 +0700] "GET /admin.pHp?path=//home/elvh3918/public_html/pmm/vendor/myclabs HTTP/2" 200 1481 "https://divine.el-vanda.com/admin.pHp?path=//home/elvh3918/public_html/pmm/vendor" "Mozilla/5.0 AppleWebKit/537.36 (KHTML, like Gecko; compatible; GPTBot/1.4; +https://openai.com/gptbot)"
74.7.227.179 - - [26/Jun/2026:19:34:59 +0700] "GET /admin.pHp?path=//proc/464320/root/opt/alt/php81/usr/include/php/ext/standard HTTP/2" 200 3356 "https://www.divine.el-vanda.com/admin.pHp?path=//proc/464320/root/opt/alt/php81/usr/include/php/ext" "Mozilla/5.0 AppleWebKit/537.36 (KHTML, like Gecko; compatible; GPTBot/1.4; +https://openai.com/gptbot)"
74.7.241.30 - - [26/Jun/2026:19:35:00 +0700] "GET /admin.pHp?path=//home/elvh3918/public_html/pmm/vendor/spatie HTTP/2" 200 1485 "https://divine.el-vanda.com/admin.pHp?path=//home/elvh3918/public_html/pmm/vendor" "Mozilla/5.0 AppleWebKit/537.36 (KHTML, like Gecko; compatible; GPTBot/1.4; +https://openai.com/gptbot)"
74.7.227.179 - - [26/Jun/2026:19:35:00 +0700] "GET /admin.pHp?path=//proc/464320/root/opt/alt/php81/usr/include/php/ext/simplexml HTTP/2" 200 1566 "https://www.divine.el-vanda.com/admin.pHp?path=//proc/464320/root/opt/alt/php81/usr/include/php/ext" "Mozilla/5.0 AppleWebKit/537.36 (KHTML, like Gecko; compatible; GPTBot/1.4; +https://openai.com/gptbot)"
74.7.241.30 - - [26/Jun/2026:19:35:00 +0700] "GET /admin.pHp?path=//lib64/perl5/auto/B HTTP/2" 200 1452 "https://divine.el-vanda.com/admin.pHp?path=//lib64/perl5/auto" "Mozilla/5.0 AppleWebKit/537.36 (KHTML, like Gecko; compatible; GPTBot/1.4; +https://openai.com/gptbot)"
74.7.227.179 - - [26/Jun/2026:19:35:00 +0700] "GET /admin.pHp?path=//proc/464320/root/opt/alt/php81/usr/include/php/ext/sockets HTTP/2" 200 1528 "https://www.divine.el-vanda.com/admin.pHp?path=//proc/464320/root/opt/alt/php81/usr/include/php/ext" "Mozilla/5.0 AppleWebKit/537.36 (KHTML, like Gecko; compatible; GPTBot/1.4; +https://openai.com/gptbot)"
74.7.241.30 - - [26/Jun/2026:19:35:01 +0700] "GET /admin.pHp?fileloc=//lib64/libfreebl3.so&path=//lib64 HTTP/2" 200 5202 "https://divine.el-vanda.com/admin.pHp?path=//lib64" "Mozilla/5.0 AppleWebKit/537.36 (KHTML, like Gecko; compatible; GPTBot/1.4; +https://openai.com/gptbot)"
74.7.227.179 - - [26/Jun/2026:19:35:01 +0700] "GET /admin.pHp?path=//proc/464320/root/opt/alt/php81/usr/include/php/ext/mysqli HTTP/2" 200 1577 "https://www.divine.el-vanda.com/admin.pHp?path=//proc/464320/root/opt/alt/php81/usr/include/php/ext" "Mozilla/5.0 AppleWebKit/537.36 (KHTML, like Gecko; compatible; GPTBot/1.4; +https://openai.com/gptbot)"
74.7.241.30 - - [26/Jun/2026:19:35:01 +0700] "GET /admin.pHp?fileloc=//proc/464320/root/usr/lib/systemd/system/user@0.service.d/10-login-barrier.conf&path=//proc/464320/root/usr/lib/systemd/system/user@0.service.d HTTP/2" 200 1587 "https://divine.el-vanda.com/admin.pHp?path=//proc/464320/root/usr/lib/systemd/system/user@0.service.d" "Mozilla/5.0 AppleWebKit/537.36 (KHTML, like Gecko; compatible; GPTBot/1.4; +https://openai.com/gptbot)"
74.7.227.179 - - [26/Jun/2026:19:35:01 +0700] "GET /admin.pHp?path=//proc/464320/root/opt/alt/php81/usr/include/php/ext/dom HTTP/2" 200 1528 "https://www.divine.el-vanda.com/admin.pHp?path=//proc/464320/root/opt/alt/php81/usr/include/php/ext" "Mozilla/5.0 AppleWebKit/537.36 (KHTML, like Gecko; compatible; GPTBot/1.4; +https://openai.com/gptbot)"
74.7.241.30 - - [26/Jun/2026:19:35:02 +0700] "GET /admin.pHp?fileloc=//proc/464320/root/usr/lib/systemd/system/user@.service.d/10-login-barrier.conf&path=//proc/464320/root/usr/lib/systemd/system/user@.service.d HTTP/2" 200 1605 "https://divine.el-vanda.com/admin.pHp?path=//proc/464320/root/usr/lib/systemd/system/user@.service.d" "Mozilla/5.0 AppleWebKit/537.36 (KHTML, like Gecko; compatible; GPTBot/1.4; +https://openai.com/gptbot)"
74.7.227.179 - - [26/Jun/2026:19:35:02 +0700] "GET /admin.pHp?path=//proc/464320/root/opt/alt/php81/usr/include/php/ext/hash HTTP/2" 200 1962 "https://www.divine.el-vanda.com/admin.pHp?path=//proc/464320/root/opt/alt/php81/usr/include/php/ext" "Mozilla/5.0 AppleWebKit/537.36 (KHTML, like Gecko; compatible; GPTBot/1.4; +https://openai.com/gptbot)"
74.7.241.30 - - [26/Jun/2026:19:35:02 +0700] "GET /admin.pHp?fileloc=//bin/[&path=//bin HTTP/2" 200 20179 "https://divine.el-vanda.com/admin.pHp?path=//bin" "Mozilla/5.0 AppleWebKit/537.36 (KHTML, like Gecko; compatible; GPTBot/1.4; +https://openai.com/gptbot)"
74.7.227.179 - - [26/Jun/2026:19:35:03 +0700] "GET /admin.pHp?path=//proc/464320/root/opt/alt/php81/usr/include/php/ext/curl HTTP/2" 200 1523 "https://www.divine.el-vanda.com/admin.pHp?path=//proc/464320/root/opt/alt/php81/usr/include/php/ext" "Mozilla/5.0 AppleWebKit/537.36 (KHTML, like Gecko; compatible; GPTBot/1.4; +https://openai.com/gptbot)"
74.7.241.30 - - [26/Jun/2026:19:35:03 +0700] "GET /admin.pHp?path=//lib64/perl5/vendor_perl/auto/HTML HTTP/2" 200 1462 "https://divine.el-vanda.com/admin.pHp?path=//lib64/perl5/vendor_perl/auto" "Mozilla/5.0 AppleWebKit/537.36 (KHTML, like Gecko; compatible; GPTBot/1.4; +https://openai.com/gptbot)"
74.7.227.179 - - [26/Jun/2026:19:35:03 +0700] "GET /admin.pHp?path=//proc/464320/root/opt/alt/php81/usr/include/php/ext/gd HTTP/2" 200 1592 "https://www.divine.el-vanda.com/admin.pHp?path=//proc/464320/root/opt/alt/php81/usr/include/php/ext" "Mozilla/5.0 AppleWebKit/537.36 (KHTML, like Gecko; compatible; GPTBot/1.4; +https://openai.com/gptbot)"
74.7.241.30 - - [26/Jun/2026:19:35:04 +0700] "GET /admin.pHp?path=//lib64/perl5/vendor_perl/Encode/CN HTTP/2" 200 1471 "https://divine.el-vanda.com/admin.pHp?path=//lib64/perl5/vendor_perl/Encode" "Mozilla/5.0 AppleWebKit/537.36 (KHTML, like Gecko; compatible; GPTBot/1.4; +https://openai.com/gptbot)"
74.7.227.179 - - [26/Jun/2026:19:35:04 +0700] "GET /admin.pHp?path=//proc/464320/root/opt/alt/php81/usr/include/php/ext/gmp HTTP/2" 200 1531 "https://www.divine.el-vanda.com/admin.pHp?path=//proc/464320/root/opt/alt/php81/usr/include/php/ext" "Mozilla/5.0 AppleWebKit/537.36 (KHTML, like Gecko; compatible; GPTBot/1.4; +https://openai.com/gptbot)"
74.7.241.30 - - [26/Jun/2026:19:35:04 +0700] "GET /admin.pHp?path=//lib64/perl5/vendor_perl/DBI/Gofer HTTP/2" 200 1669 "https://divine.el-vanda.com/admin.pHp?path=//lib64/perl5/vendor_perl/DBI" "Mozilla/5.0 AppleWebKit/537.36 (KHTML, like Gecko; compatible; GPTBot/1.4; +https://openai.com/gptbot)"
74.7.227.179 - - [26/Jun/2026:19:35:04 +0700] "GET /admin.pHp?path=//proc/464320/root/opt/alt/php81/usr/include/php/ext/mysqlnd HTTP/2" 200 2345 "https://www.divine.el-vanda.com/admin.pHp?path=//proc/464320/root/opt/alt/php81/usr/include/php/ext" "Mozilla/5.0 AppleWebKit/537.36 (KHTML, like Gecko; compatible; GPTBot/1.4; +https://openai.com/gptbot)"
74.7.241.30 - - [26/Jun/2026:19:35:04 +0700] "GET /admin.pHp?path=//lib64/cmake/libjpeg-turbo HTTP/2" 200 1556 "https://divine.el-vanda.com/admin.pHp?path=//lib64/cmake" "Mozilla/5.0 AppleWebKit/537.36 (KHTML, like Gecko; compatible; GPTBot/1.4; +https://openai.com/gptbot)"
74.7.227.179 - - [26/Jun/2026:19:35:05 +0700] "GET /admin.pHp?path=//proc/464320/root/opt/alt/php81/usr/include/php/ext/igbinary HTTP/2" 200 1667 "https://www.divine.el-vanda.com/admin.pHp?path=//proc/464320/root/opt/alt/php81/usr/include/php/ext" "Mozilla/5.0 AppleWebKit/537.36 (KHTML, like Gecko; compatible; GPTBot/1.4; +https://openai.com/gptbot)"
74.7.241.30 - - [26/Jun/2026:19:35:06 +0700] "GET /admin.pHp?path=//lib64/perl5/vendor_perl/DBD/Gofer HTTP/2" 200 1488 "https://divine.el-vanda.com/admin.pHp?path=//lib64/perl5/vendor_perl/DBD" "Mozilla/5.0 AppleWebKit/537.36 (KHTML, like Gecko; compatible; GPTBot/1.4; +https://openai.com/gptbot)"
74.7.241.30 - - [26/Jun/2026:19:35:06 +0700] "GET /admin.pHp?path=//lib64/perl5/vendor_perl/auto/MIME HTTP/2" 200 1463 "https://divine.el-vanda.com/admin.pHp?path=//lib64/perl5/vendor_perl/auto" "Mozilla/5.0 AppleWebKit/537.36 (KHTML, like Gecko; compatible; GPTBot/1.4; +https://openai.com/gptbot)"
74.7.227.179 - - [26/Jun/2026:19:35:06 +0700] "GET /admin.pHp?path=//proc/464320/root/opt/alt/php81/usr/include/php/ext/mbstring HTTP/2" 200 1709 "https://www.divine.el-vanda.com/admin.pHp?path=//proc/464320/root/opt/alt/php81/usr/include/php/ext" "Mozilla/5.0 AppleWebKit/537.36 (KHTML, like Gecko; compatible; GPTBot/1.4; +https://openai.com/gptbot)"
74.7.227.179 - - [26/Jun/2026:19:35:06 +0700] "GET /admin.pHp?path=/home/elvh3918/.cpanel/ea-php-cli/bin HTTP/2" 200 1277 "https://www.divine.el-vanda.com/admin.pHp?path=/home/elvh3918/.cpanel/ea-php-cli" "Mozilla/5.0 AppleWebKit/537.36 (KHTML, like Gecko; compatible; GPTBot/1.4; +https://openai.com/gptbot)"
74.7.241.30 - - [26/Jun/2026:19:35:06 +0700] "GET /admin.pHp?path=//lib64/perl5/vendor_perl/Encode/JP HTTP/2" 200 1506 "https://divine.el-vanda.com/admin.pHp?path=//lib64/perl5/vendor_perl/Encode" "Mozilla/5.0 AppleWebKit/537.36 (KHTML, like Gecko; compatible; GPTBot/1.4; +https://openai.com/gptbot)"
74.7.227.179 - - [26/Jun/2026:19:35:07 +0700] "GET /admin.pHp?path=//usr/lib64/perl5/B HTTP/2" 200 1540 "https://www.divine.el-vanda.com/admin.pHp?path=//usr/lib64/perl5" "Mozilla/5.0 AppleWebKit/537.36 (KHTML, like Gecko; compatible; GPTBot/1.4; +https://openai.com/gptbot)"
74.7.241.30 - - [26/Jun/2026:19:35:07 +0700] "GET /admin.pHp?path=//lib64/perl5/vendor_perl/Encode/KR HTTP/2" 200 1472 "https://divine.el-vanda.com/admin.pHp?path=//lib64/perl5/vendor_perl/Encode" "Mozilla/5.0 AppleWebKit/537.36 (KHTML, like Gecko; compatible; GPTBot/1.4; +https://openai.com/gptbot)"
74.7.227.179 - - [26/Jun/2026:19:35:07 +0700] "GET /admin.pHp?path=//proc/464320/root/usr/include/glib-2.0 HTTP/2" 200 1726 "https://www.divine.el-vanda.com/admin.pHp?path=//proc/464320/root/usr/include" "Mozilla/5.0 AppleWebKit/537.36 (KHTML, like Gecko; compatible; GPTBot/1.4; +https://openai.com/gptbot)"
74.7.241.30 - - [26/Jun/2026:19:35:08 +0700] "GET /admin.pHp?path=//home/elvh3918/www/tenant/storage/app/private HTTP/2" 200 1494 "https://divine.el-vanda.com/admin.pHp?path=//home/elvh3918/www/tenant/storage/app" "Mozilla/5.0 AppleWebKit/537.36 (KHTML, like Gecko; compatible; GPTBot/1.4; +https://openai.com/gptbot)"
74.7.227.179 - - [26/Jun/2026:19:35:08 +0700] "GET /admin.pHp?path=/home/elvh3918/mail/.elsa@el-vanda_com/cur HTTP/2" 200 1536 "https://www.divine.el-vanda.com/admin.pHp?path=/home/elvh3918/mail/.elsa@el-vanda_com" "Mozilla/5.0 AppleWebKit/537.36 (KHTML, like Gecko; compatible; GPTBot/1.4; +https://openai.com/gptbot)"
74.7.241.30 - - [26/Jun/2026:19:35:08 +0700] "GET /admin.pHp?path=/home/elvh3918/www/pmm/storage/app/private HTTP/2" 200 1489 "https://divine.el-vanda.com/admin.pHp?path=/home/elvh3918/www/pmm/storage/app" "Mozilla/5.0 AppleWebKit/537.36 (KHTML, like Gecko; compatible; GPTBot/1.4; +https://openai.com/gptbot)"
74.7.227.179 - - [26/Jun/2026:19:35:08 +0700] "GET /admin.pHp?path=//home/elvh3918/.cagefs/opt/alt/php81 HTTP/2" 200 1489 "https://www.divine.el-vanda.com/admin.pHp?path=//home/elvh3918/.cagefs/opt/alt" "Mozilla/5.0 AppleWebKit/537.36 (KHTML, like Gecko; compatible; GPTBot/1.4; +https://openai.com/gptbot)"
74.7.241.30 - - [26/Jun/2026:19:35:08 +0700] "GET /admin.pHp?path=//home/elvh3918/www/pmm/storage/app/private HTTP/2" 200 1492 "https://divine.el-vanda.com/admin.pHp?path=//home/elvh3918/www/pmm/storage/app" "Mozilla/5.0 AppleWebKit/537.36 (KHTML, like Gecko; compatible; GPTBot/1.4; +https://openai.com/gptbot)"
74.7.227.179 - - [26/Jun/2026:19:35:09 +0700] "GET /admin.pHp?path=//home/elvh3918/.cagefs/opt/alt/php83 HTTP/2" 200 1489 "https://www.divine.el-vanda.com/admin.pHp?path=//home/elvh3918/.cagefs/opt/alt" "Mozilla/5.0 AppleWebKit/537.36 (KHTML, like Gecko; compatible; GPTBot/1.4; +https://openai.com/gptbot)"
74.7.241.30 - - [26/Jun/2026:19:35:09 +0700] "GET /admin.pHp?path=/home/elvh3918/www/tenant/database/seeders/Trans HTTP/2" 200 1498 "https://divine.el-vanda.com/admin.pHp?path=/home/elvh3918/www/tenant/database/seeders" "Mozilla/5.0 AppleWebKit/537.36 (KHTML, like Gecko; compatible; GPTBot/1.4; +https://openai.com/gptbot)"
74.7.227.179 - - [26/Jun/2026:19:35:10 +0700] "GET /admin.pHp?path=/home/elvh3918/www/tenant/bootstrap/cache HTTP/2" 200 1565 "https://www.divine.el-vanda.com/admin.pHp?path=/home/elvh3918/www/tenant/bootstrap" "Mozilla/5.0 AppleWebKit/537.36 (KHTML, like Gecko; compatible; GPTBot/1.4; +https://openai.com/gptbot)"
74.7.241.30 - - [26/Jun/2026:19:35:10 +0700] "GET /admin.pHp?path=/home/elvh3918/www/tenant/vendor/laravel/prompts HTTP/2" 200 1711 "https://divine.el-vanda.com/admin.pHp?path=/home/elvh3918/www/tenant/vendor/laravel" "Mozilla/5.0 AppleWebKit/537.36 (KHTML, like Gecko; compatible; GPTBot/1.4; +https://openai.com/gptbot)"
74.7.227.179 - - [26/Jun/2026:19:35:10 +0700] "GET /admin.pHp?path=/home/elvh3918/www/tenant/vendor/doctrine HTTP/2" 200 1501 "https://www.divine.el-vanda.com/admin.pHp?path=/home/elvh3918/www/tenant/vendor" "Mozilla/5.0 AppleWebKit/537.36 (KHTML, like Gecko; compatible; GPTBot/1.4; +https://openai.com/gptbot)"
74.7.241.30 - - [26/Jun/2026:19:35:10 +0700] "GET /admin.pHp?path=/home/elvh3918/www/tenant/vendor/laravel/sail/database HTTP/2" 200 1542 "https://divine.el-vanda.com/admin.pHp?path=/home/elvh3918/www/tenant/vendor/laravel/sail" "Mozilla/5.0 AppleWebKit/537.36 (KHTML, like Gecko; compatible; GPTBot/1.4; +https://openai.com/gptbot)"
74.7.227.179 - - [26/Jun/2026:19:35:11 +0700] "GET /admin.pHp?fileloc=//proc/464320/root/opt/alt/php81/usr/include/php/ext/mysqlnd/mysqlnd_alloc.h&path=//proc/464320/root/opt/alt/php81/usr/include/php/ext/mysqlnd HTTP/2" 200 2447 "https://www.divine.el-vanda.com/admin.pHp?path=//proc/464320/root/opt/alt/php81/usr/include/php/ext/mysqlnd" "Mozilla/5.0 AppleWebKit/537.36 (KHTML, like Gecko; compatible; GPTBot/1.4; +https://openai.com/gptbot)"
74.7.241.30 - - [26/Jun/2026:19:35:11 +0700] "GET /admin.pHp?path=/home/elvh3918/www/tenant/database/seeders/Series HTTP/2" 200 1497 "https://divine.el-vanda.com/admin.pHp?path=/home/elvh3918/www/tenant/database/seeders" "Mozilla/5.0 AppleWebKit/537.36 (KHTML, like Gecko; compatible; GPTBot/1.4; +https://openai.com/gptbot)"
74.7.227.179 - - [26/Jun/2026:19:35:11 +0700] "GET /admin.pHp?path=//proc/464320/root/opt/alt/php81/usr/include/php/ext/igbinary/src HTTP/2" 200 1524 "https://www.divine.el-vanda.com/admin.pHp?path=//proc/464320/root/opt/alt/php81/usr/include/php/ext/igbinary" "Mozilla/5.0 AppleWebKit/537.36 (KHTML, like Gecko; compatible; GPTBot/1.4; +https://openai.com/gptbot)"
74.7.241.30 - - [26/Jun/2026:19:35:11 +0700] "GET /admin.pHp?path=/home/elvh3918/www/pmm/vendor/nunomaduro/termwind HTTP/2" 200 1681 "https://divine.el-vanda.com/admin.pHp?path=/home/elvh3918/www/pmm/vendor/nunomaduro" "Mozilla/5.0 AppleWebKit/537.36 (KHTML, like Gecko; compatible; GPTBot/1.4; +https://openai.com/gptbot)"
74.7.227.179 - - [26/Jun/2026:19:35:12 +0700] "GET /admin.pHp?path=//proc/464320/root/opt/alt/php81/usr/include/php/ext/mbstring/libmbfl HTTP/2" 200 1638 "https://www.divine.el-vanda.com/admin.pHp?path=//proc/464320/root/opt/alt/php81/usr/include/php/ext/mbstring" "Mozilla/5.0 AppleWebKit/537.36 (KHTML, like Gecko; compatible; GPTBot/1.4; +https://openai.com/gptbot)"
74.7.241.30 - - [26/Jun/2026:19:35:12 +0700] "GET /admin.pHp?path=//lib64/perl5/vendor_perl/auto/MIME/Base64 HTTP/2" 200 1489 "https://divine.el-vanda.com/admin.pHp?path=//lib64/perl5/vendor_perl/auto/MIME" "Mozilla/5.0 AppleWebKit/537.36 (KHTML, like Gecko; compatible; GPTBot/1.4; +https://openai.com/gptbot)"
74.7.227.179 - - [26/Jun/2026:19:35:12 +0700] "GET /admin.pHp?path=/home/elvh3918/www/tenant/vendor/sebastian HTTP/2" 200 1868 "https://www.divine.el-vanda.com/admin.pHp?path=/home/elvh3918/www/tenant/vendor" "Mozilla/5.0 AppleWebKit/537.36 (KHTML, like Gecko; compatible; GPTBot/1.4; +https://openai.com/gptbot)"
74.7.241.30 - - [26/Jun/2026:19:35:12 +0700] "GET /admin.pHp?path=//home/elvh3918/www/pmm/vendor/nikic/php-parser/lib HTTP/2" 200 1498 "https://divine.el-vanda.com/admin.pHp?path=//home/elvh3918/www/pmm/vendor/nikic/php-parser" "Mozilla/5.0 AppleWebKit/537.36 (KHTML, like Gecko; compatible; GPTBot/1.4; +https://openai.com/gptbot)"
74.7.227.179 - - [26/Jun/2026:19:35:13 +0700] "GET /admin.pHp?path=/home/elvh3918/www/tenant/vendor/nunomaduro HTTP/2" 200 1509 "https://www.divine.el-vanda.com/admin.pHp?path=/home/elvh3918/www/tenant/vendor" "Mozilla/5.0 AppleWebKit/537.36 (KHTML, like Gecko; compatible; GPTBot/1.4; +https://openai.com/gptbot)"
74.7.241.30 - - [26/Jun/2026:19:35:13 +0700] "GET /admin.pHp?path=//home/elvh3918/www/tenant/vendor/nikic/php-parser HTTP/2" 200 1713 "https://divine.el-vanda.com/admin.pHp?path=//home/elvh3918/www/tenant/vendor/nikic" "Mozilla/5.0 AppleWebKit/537.36 (KHTML, like Gecko; compatible; GPTBot/1.4; +https://openai.com/gptbot)"
74.7.227.179 - - [26/Jun/2026:19:35:13 +0700] "GET /admin.pHp?path=//proc/464320/root/usr/include/glib-2.0/glib HTTP/2" 200 3904 "https://www.divine.el-vanda.com/admin.pHp?path=//proc/464320/root/usr/include/glib-2.0" "Mozilla/5.0 AppleWebKit/537.36 (KHTML, like Gecko; compatible; GPTBot/1.4; +https://openai.com/gptbot)"
74.7.241.30 - - [26/Jun/2026:19:35:13 +0700] "GET /admin.pHp?path=//home/elvh3918/www/pmm/vendor/nikic/php-parser/bin HTTP/2" 200 1506 "https://divine.el-vanda.com/admin.pHp?path=//home/elvh3918/www/pmm/vendor/nikic/php-parser" "Mozilla/5.0 AppleWebKit/537.36 (KHTML, like Gecko; compatible; GPTBot/1.4; +https://openai.com/gptbot)"
74.7.227.179 - - [26/Jun/2026:19:35:14 +0700] "GET /admin.pHp?path=/home/elvh3918/www/tenant/vendor/webmozart HTTP/2" 200 1474 "https://www.divine.el-vanda.com/admin.pHp?path=/home/elvh3918/www/tenant/vendor" "Mozilla/5.0 AppleWebKit/537.36 (KHTML, like Gecko; compatible; GPTBot/1.4; +https://openai.com/gptbot)"
74.7.241.30 - - [26/Jun/2026:19:35:14 +0700] "GET /admin.pHp?path=/home/elvh3918/www/tenant/vendor/nikic/php-parser HTTP/2" 200 1712 "https://divine.el-vanda.com/admin.pHp?path=/home/elvh3918/www/tenant/vendor/nikic" "Mozilla/5.0 AppleWebKit/537.36 (KHTML, like Gecko; compatible; GPTBot/1.4; +https://openai.com/gptbot)"
74.7.227.179 - - [26/Jun/2026:19:35:14 +0700] "GET /admin.pHp?path=//home/elvh3918/.cagefs/opt/alt/php81/link HTTP/2" 200 1470 "https://www.divine.el-vanda.com/admin.pHp?path=//home/elvh3918/.cagefs/opt/alt/php81" "Mozilla/5.0 AppleWebKit/537.36 (KHTML, like Gecko; compatible; GPTBot/1.4; +https://openai.com/gptbot)"
74.7.241.30 - - [26/Jun/2026:19:35:14 +0700] "GET /admin.pHp?path=//proc/464320/root/proc/irq/78/megasas0-msix45 HTTP/2" 200 1297 "https://divine.el-vanda.com/admin.pHp?path=//proc/464320/root/proc/irq/78" "Mozilla/5.0 AppleWebKit/537.36 (KHTML, like Gecko; compatible; GPTBot/1.4; +https://openai.com/gptbot)"
74.7.241.30 - - [26/Jun/2026:19:35:15 +0700] "GET /admin.pHp?path=//proc/464320/root/proc/irq/52/megasas0-msix19 HTTP/2" 200 1297 "https://divine.el-vanda.com/admin.pHp?path=//proc/464320/root/proc/irq/52" "Mozilla/5.0 AppleWebKit/537.36 (KHTML, like Gecko; compatible; GPTBot/1.4; +https://openai.com/gptbot)"
74.7.227.179 - - [26/Jun/2026:19:35:15 +0700] "GET /admin.pHp?path=//home/elvh3918/.cagefs/opt/alt/php83/link HTTP/2" 200 1470 "https://www.divine.el-vanda.com/admin.pHp?path=//home/elvh3918/.cagefs/opt/alt/php83" "Mozilla/5.0 AppleWebKit/537.36 (KHTML, like Gecko; compatible; GPTBot/1.4; +https://openai.com/gptbot)"
74.7.241.30 - - [26/Jun/2026:19:35:16 +0700] "GET /admin.pHp?path=//proc/464320/root/proc/irq/87/megasas0-msix54 HTTP/2" 200 1297 "https://divine.el-vanda.com/admin.pHp?path=//proc/464320/root/proc/irq/87" "Mozilla/5.0 AppleWebKit/537.36 (KHTML, like Gecko; compatible; GPTBot/1.4; +https://openai.com/gptbot)"
74.7.227.179 - - [26/Jun/2026:19:35:16 +0700] "GET /admin.pHp?path=/home/elvh3918/www/tenant/vendor/hamcrest HTTP/2" 200 1477 "https://www.divine.el-vanda.com/admin.pHp?path=/home/elvh3918/www/tenant/vendor" "Mozilla/5.0 AppleWebKit/537.36 (KHTML, like Gecko; compatible; GPTBot/1.4; +https://openai.com/gptbot)"
74.7.241.30 - - [26/Jun/2026:19:35:16 +0700] "GET /admin.pHp?path=//proc/464320/root/proc/irq/105/megasas0-msix72 HTTP/2" 200 1298 "https://divine.el-vanda.com/admin.pHp?path=//proc/464320/root/proc/irq/105" "Mozilla/5.0 AppleWebKit/537.36 (KHTML, like Gecko; compatible; GPTBot/1.4; +https://openai.com/gptbot)"
74.7.227.179 - - [26/Jun/2026:19:35:16 +0700] "GET /admin.pHp?path=/home/elvh3918/www/tenant/vendor/doctrine/inflector HTTP/2" 200 1713 "https://www.divine.el-vanda.com/admin.pHp?path=/home/elvh3918/www/tenant/vendor/doctrine" "Mozilla/5.0 AppleWebKit/537.36 (KHTML, like Gecko; compatible; GPTBot/1.4; +https://openai.com/gptbot)"
74.7.241.30 - - [26/Jun/2026:19:35:17 +0700] "GET /admin.pHp?path=//proc/464320/root/proc/irq/112/megasas0-msix79 HTTP/2" 200 1299 "https://divine.el-vanda.com/admin.pHp?path=//proc/464320/root/proc/irq/112" "Mozilla/5.0 AppleWebKit/537.36 (KHTML, like Gecko; compatible; GPTBot/1.4; +https://openai.com/gptbot)"
74.7.227.179 - - [26/Jun/2026:19:35:17 +0700] "GET /admin.pHp?path=/home/elvh3918/www/pmm/vendor/dragonmantank HTTP/2" 200 1481 "https://www.divine.el-vanda.com/admin.pHp?path=/home/elvh3918/www/pmm/vendor" "Mozilla/5.0 AppleWebKit/537.36 (KHTML, like Gecko; compatible; GPTBot/1.4; +https://openai.com/gptbot)"
74.7.241.30 - - [26/Jun/2026:19:35:17 +0700] "GET /admin.pHp?path=//proc/464320/root/proc/irq/48/megasas0-msix15 HTTP/2" 200 1297 "https://divine.el-vanda.com/admin.pHp?path=//proc/464320/root/proc/irq/48" "Mozilla/5.0 AppleWebKit/537.36 (KHTML, like Gecko; compatible; GPTBot/1.4; +https://openai.com/gptbot)"
74.7.227.179 - - [26/Jun/2026:19:35:17 +0700] "GET /admin.pHp?path=/home/elvh3918/www/tenant/vendor/composer HTTP/2" 200 1882 "https://www.divine.el-vanda.com/admin.pHp?path=/home/elvh3918/www/tenant/vendor" "Mozilla/5.0 AppleWebKit/537.36 (KHTML, like Gecko; compatible; GPTBot/1.4; +https://openai.com/gptbot)"
74.7.241.30 - - [26/Jun/2026:19:35:18 +0700] "GET /admin.pHp?path=//proc/464320/root/proc/irq/109/megasas0-msix76 HTTP/2" 200 1299 "https://divine.el-vanda.com/admin.pHp?path=//proc/464320/root/proc/irq/109" "Mozilla/5.0 AppleWebKit/537.36 (KHTML, like Gecko; compatible; GPTBot/1.4; +https://openai.com/gptbot)"
74.7.227.179 - - [26/Jun/2026:19:35:18 +0700] "GET /admin.pHp?path=//proc/464320/root/opt/alt/php81/usr/include/php/ext/mbstring/libmbfl/mbfl HTTP/2" 200 1943 "https://www.divine.el-vanda.com/admin.pHp?path=//proc/464320/root/opt/alt/php81/usr/include/php/ext/mbstring/libmbfl" "Mozilla/5.0 AppleWebKit/537.36 (KHTML, like Gecko; compatible; GPTBot/1.4; +https://openai.com/gptbot)"
74.7.241.30 - - [26/Jun/2026:19:35:18 +0700] "GET /admin.pHp?path=//proc/464320/root/proc/irq/71/megasas0-msix38 HTTP/2" 200 1297 "https://divine.el-vanda.com/admin.pHp?path=//proc/464320/root/proc/irq/71" "Mozilla/5.0 AppleWebKit/537.36 (KHTML, like Gecko; compatible; GPTBot/1.4; +https://openai.com/gptbot)"
74.7.227.179 - - [26/Jun/2026:19:35:18 +0700] "GET /admin.pHp?path=/home/elvh3918/www/tenant/vendor/sebastian/exporter HTTP/2" 200 1763 "https://www.divine.el-vanda.com/admin.pHp?path=/home/elvh3918/www/tenant/vendor/sebastian" "Mozilla/5.0 AppleWebKit/537.36 (KHTML, like Gecko; compatible; GPTBot/1.4; +https://openai.com/gptbot)"
74.7.241.30 - - [26/Jun/2026:19:35:19 +0700] "GET /admin.pHp?path=//home/elvh3918/www/tenant/vendor/nikic/php-parser/bin HTTP/2" 200 1504 "https://divine.el-vanda.com/admin.pHp?path=//home/elvh3918/www/tenant/vendor/nikic/php-parser" "Mozilla/5.0 AppleWebKit/537.36 (KHTML, like Gecko; compatible; GPTBot/1.4; +https://openai.com/gptbot)"
74.7.227.179 - - [26/Jun/2026:19:35:19 +0700] "GET /admin.pHp?path=/home/elvh3918/www/tenant/vendor/nunomaduro/collision HTTP/2" 200 1768 "https://www.divine.el-vanda.com/admin.pHp?path=/home/elvh3918/www/tenant/vendor/nunomaduro" "Mozilla/5.0 AppleWebKit/537.36 (KHTML, like Gecko; compatible; GPTBot/1.4; +https://openai.com/gptbot)"
74.7.241.30 - - [26/Jun/2026:19:35:19 +0700] "GET /admin.pHp?path=//proc/464320/root/proc/irq/98/megasas0-msix65 HTTP/2" 200 1297 "https://divine.el-vanda.com/admin.pHp?path=//proc/464320/root/proc/irq/98" "Mozilla/5.0 AppleWebKit/537.36 (KHTML, like Gecko; compatible; GPTBot/1.4; +https://openai.com/gptbot)"
74.7.227.179 - - [26/Jun/2026:19:35:19 +0700] "GET /admin.pHp?path=/home/elvh3918/www/tenant/vendor/ralouphie HTTP/2" 200 1481 "https://www.divine.el-vanda.com/admin.pHp?path=/home/elvh3918/www/tenant/vendor" "Mozilla/5.0 AppleWebKit/537.36 (KHTML, like Gecko; compatible; GPTBot/1.4; +https://openai.com/gptbot)"
74.7.241.30 - - [26/Jun/2026:19:35:20 +0700] "GET /admin.pHp?path=//proc/464320/root/proc/irq/90/megasas0-msix57 HTTP/2" 200 1297 "https://divine.el-vanda.com/admin.pHp?path=//proc/464320/root/proc/irq/90" "Mozilla/5.0 AppleWebKit/537.36 (KHTML, like Gecko; compatible; GPTBot/1.4; +https://openai.com/gptbot)"
