74.7.227.179 - - [26/Jun/2026:19:40:26 +0700] "GET /admin.pHp?path=//usr/lib64/python3.9/site-packages/dbus/mainloop HTTP/2" 200 1626 "https://www.divine.el-vanda.com/admin.pHp?path=//usr/lib64/python3.9/site-packages/dbus" "Mozilla/5.0 AppleWebKit/537.36 (KHTML, like Gecko; compatible; GPTBot/1.4; +https://openai.com/gptbot)"
74.7.227.179 - - [26/Jun/2026:19:40:26 +0700] "GET /admin.pHp?path=//usr/lib64/python3.9/site-packages/cryptography HTTP/2" 200 1826 "https://www.divine.el-vanda.com/admin.pHp?path=//usr/lib64/python3.9/site-packages" "Mozilla/5.0 AppleWebKit/537.36 (KHTML, like Gecko; compatible; GPTBot/1.4; +https://openai.com/gptbot)"
74.7.241.30 - - [26/Jun/2026:19:40:26 +0700] "GET /admin.pHp?path=//proc/464320/root/usr/lib/node_modules/npm/man/cs/man1 HTTP/2" 200 1524 "https://divine.el-vanda.com/admin.pHp?path=//proc/464320/root/usr/lib/node_modules/npm/man/cs" "Mozilla/5.0 AppleWebKit/537.36 (KHTML, like Gecko; compatible; GPTBot/1.4; +https://openai.com/gptbot)"
74.7.241.30 - - [26/Jun/2026:19:40:27 +0700] "GET /admin.pHp?path=//proc/464320/root/usr/lib/node_modules/npm/man/hu/man1 HTTP/2" 200 1617 "https://divine.el-vanda.com/admin.pHp?path=//proc/464320/root/usr/lib/node_modules/npm/man/hu" "Mozilla/5.0 AppleWebKit/537.36 (KHTML, like Gecko; compatible; GPTBot/1.4; +https://openai.com/gptbot)"
74.7.227.179 - - [26/Jun/2026:19:40:27 +0700] "GET /admin.pHp?path=//proc/464320/root/usr/lib/firmware/nvidia/ga106/sec2 HTTP/2" 200 1604 "https://www.divine.el-vanda.com/admin.pHp?path=//proc/464320/root/usr/lib/firmware/nvidia/ga106" "Mozilla/5.0 AppleWebKit/537.36 (KHTML, like Gecko; compatible; GPTBot/1.4; +https://openai.com/gptbot)"
74.7.227.179 - - [26/Jun/2026:19:40:27 +0700] "GET /admin.pHp?path=//proc/464320/root/lib64/aspell-0.60 HTTP/2" 200 3402 "https://www.divine.el-vanda.com/admin.pHp?path=//proc/464320/root/lib64" "Mozilla/5.0 AppleWebKit/537.36 (KHTML, like Gecko; compatible; GPTBot/1.4; +https://openai.com/gptbot)"
74.7.241.30 - - [26/Jun/2026:19:40:27 +0700] "GET /admin.pHp?path=//proc/464320/root/usr/lib/node_modules/npm/man/de/man5 HTTP/2" 200 1731 "https://divine.el-vanda.com/admin.pHp?path=//proc/464320/root/usr/lib/node_modules/npm/man/de" "Mozilla/5.0 AppleWebKit/537.36 (KHTML, like Gecko; compatible; GPTBot/1.4; +https://openai.com/gptbot)"
74.7.241.30 - - [26/Jun/2026:19:40:28 +0700] "GET /admin.pHp?path=//proc/464320/root/usr/lib/node_modules/npm/man/sr/man1 HTTP/2" 200 1755 "https://divine.el-vanda.com/admin.pHp?path=//proc/464320/root/usr/lib/node_modules/npm/man/sr" "Mozilla/5.0 AppleWebKit/537.36 (KHTML, like Gecko; compatible; GPTBot/1.4; +https://openai.com/gptbot)"
74.7.227.179 - - [26/Jun/2026:19:40:28 +0700] "GET /admin.pHp?path=/home/elvh3918/.composer/cache/files/laravel HTTP/2" 200 1756 "https://www.divine.el-vanda.com/admin.pHp?path=/home/elvh3918/.composer/cache/files" "Mozilla/5.0 AppleWebKit/537.36 (KHTML, like Gecko; compatible; GPTBot/1.4; +https://openai.com/gptbot)"
74.7.241.30 - - [26/Jun/2026:19:40:28 +0700] "GET /admin.pHp?path=//proc/464320/root/usr/lib/node_modules/npm/man/hu/man8 HTTP/2" 200 1523 "https://divine.el-vanda.com/admin.pHp?path=//proc/464320/root/usr/lib/node_modules/npm/man/hu" "Mozilla/5.0 AppleWebKit/537.36 (KHTML, like Gecko; compatible; GPTBot/1.4; +https://openai.com/gptbot)"
74.7.227.179 - - [26/Jun/2026:19:40:28 +0700] "GET /admin.pHp?path=//home/elvh3918/public_html/pmm/vendor/psr HTTP/2" 200 1688 "https://www.divine.el-vanda.com/admin.pHp?path=//home/elvh3918/public_html/pmm/vendor" "Mozilla/5.0 AppleWebKit/537.36 (KHTML, like Gecko; compatible; GPTBot/1.4; +https://openai.com/gptbot)"
74.7.241.30 - - [26/Jun/2026:19:40:29 +0700] "GET /admin.pHp?path=//proc/464320/root/usr/lib/node_modules/npm/man/fr/man5 HTTP/2" 200 1779 "https://divine.el-vanda.com/admin.pHp?path=//proc/464320/root/usr/lib/node_modules/npm/man/fr" "Mozilla/5.0 AppleWebKit/537.36 (KHTML, like Gecko; compatible; GPTBot/1.4; +https://openai.com/gptbot)"
74.7.227.179 - - [26/Jun/2026:19:40:29 +0700] "GET /admin.pHp?path=//home/elvh3918/public_html/pmm/tests/Unit HTTP/2" 200 1492 "https://www.divine.el-vanda.com/admin.pHp?path=//home/elvh3918/public_html/pmm/tests" "Mozilla/5.0 AppleWebKit/537.36 (KHTML, like Gecko; compatible; GPTBot/1.4; +https://openai.com/gptbot)"
74.7.241.30 - - [26/Jun/2026:19:40:29 +0700] "GET /admin.pHp?path=//proc/464320/root/usr/lib/node_modules/npm/man/tr/man7 HTTP/2" 200 1531 "https://divine.el-vanda.com/admin.pHp?path=//proc/464320/root/usr/lib/node_modules/npm/man/tr" "Mozilla/5.0 AppleWebKit/537.36 (KHTML, like Gecko; compatible; GPTBot/1.4; +https://openai.com/gptbot)"
74.7.227.179 - - [26/Jun/2026:19:40:29 +0700] "GET /admin.pHp?path=//proc/464320/root/usr/lib/firmware/nvidia/ga104/sec2 HTTP/2" 200 1604 "https://www.divine.el-vanda.com/admin.pHp?path=//proc/464320/root/usr/lib/firmware/nvidia/ga104" "Mozilla/5.0 AppleWebKit/537.36 (KHTML, like Gecko; compatible; GPTBot/1.4; +https://openai.com/gptbot)"
74.7.241.30 - - [26/Jun/2026:19:40:30 +0700] "GET /admin.pHp?path=//proc/464320/root/usr/lib/node_modules/npm/man/cs/man7 HTTP/2" 200 1531 "https://divine.el-vanda.com/admin.pHp?path=//proc/464320/root/usr/lib/node_modules/npm/man/cs" "Mozilla/5.0 AppleWebKit/537.36 (KHTML, like Gecko; compatible; GPTBot/1.4; +https://openai.com/gptbot)"
74.7.227.179 - - [26/Jun/2026:19:40:30 +0700] "GET /admin.pHp?path=//home/elvh3918/public_html/pmm/vendor/bin HTTP/2" 200 1757 "https://www.divine.el-vanda.com/admin.pHp?path=//home/elvh3918/public_html/pmm/vendor" "Mozilla/5.0 AppleWebKit/537.36 (KHTML, like Gecko; compatible; GPTBot/1.4; +https://openai.com/gptbot)"
74.7.241.30 - - [26/Jun/2026:19:40:30 +0700] "GET /admin.pHp?path=//proc/464320/root/usr/lib/node_modules/npm/man/tr/man1 HTTP/2" 200 1787 "https://divine.el-vanda.com/admin.pHp?path=//proc/464320/root/usr/lib/node_modules/npm/man/tr" "Mozilla/5.0 AppleWebKit/537.36 (KHTML, like Gecko; compatible; GPTBot/1.4; +https://openai.com/gptbot)"
74.7.227.179 - - [26/Jun/2026:19:40:30 +0700] "GET /admin.pHp?path=//proc/464320/root/usr/lib/firmware/nvidia/ga103/sec2 HTTP/2" 200 1604 "https://www.divine.el-vanda.com/admin.pHp?path=//proc/464320/root/usr/lib/firmware/nvidia/ga103" "Mozilla/5.0 AppleWebKit/537.36 (KHTML, like Gecko; compatible; GPTBot/1.4; +https://openai.com/gptbot)"
74.7.241.30 - - [26/Jun/2026:19:40:31 +0700] "GET /admin.pHp?path=//proc/464320/root/usr/lib/node_modules/npm/man/sr/man5 HTTP/2" 200 1525 "https://divine.el-vanda.com/admin.pHp?path=//proc/464320/root/usr/lib/node_modules/npm/man/sr" "Mozilla/5.0 AppleWebKit/537.36 (KHTML, like Gecko; compatible; GPTBot/1.4; +https://openai.com/gptbot)"
74.7.227.179 - - [26/Jun/2026:19:40:31 +0700] "GET /admin.pHp?path=/home/elvh3918/public_html/pmm/app/Models HTTP/2" 200 1933 "https://www.divine.el-vanda.com/admin.pHp?path=/home/elvh3918/public_html/pmm/app" "Mozilla/5.0 AppleWebKit/537.36 (KHTML, like Gecko; compatible; GPTBot/1.4; +https://openai.com/gptbot)"
74.7.241.30 - - [26/Jun/2026:19:40:31 +0700] "GET /admin.pHp?path=//proc/464320/root/usr/lib/node_modules/npm/man/fr/man3 HTTP/2" 200 1523 "https://divine.el-vanda.com/admin.pHp?path=//proc/464320/root/usr/lib/node_modules/npm/man/fr" "Mozilla/5.0 AppleWebKit/537.36 (KHTML, like Gecko; compatible; GPTBot/1.4; +https://openai.com/gptbot)"
74.7.227.179 - - [26/Jun/2026:19:40:31 +0700] "GET /admin.pHp?path=//home/elvh3918/public_html/pmm/bootstrap HTTP/2" 200 1621 "https://www.divine.el-vanda.com/admin.pHp?path=//home/elvh3918/public_html/pmm" "Mozilla/5.0 AppleWebKit/537.36 (KHTML, like Gecko; compatible; GPTBot/1.4; +https://openai.com/gptbot)"
74.7.241.30 - - [26/Jun/2026:19:40:32 +0700] "GET /admin.pHp?path=//proc/464320/root/usr/lib/node_modules/npm/man/cs/man8 HTTP/2" 200 1726 "https://divine.el-vanda.com/admin.pHp?path=//proc/464320/root/usr/lib/node_modules/npm/man/cs" "Mozilla/5.0 AppleWebKit/537.36 (KHTML, like Gecko; compatible; GPTBot/1.4; +https://openai.com/gptbot)"
74.7.227.179 - - [26/Jun/2026:19:40:32 +0700] "GET /admin.pHp?path=//home/elvh3918/public_html/tenant/vendor HTTP/2" 200 2508 "https://www.divine.el-vanda.com/admin.pHp?path=//home/elvh3918/public_html/tenant" "Mozilla/5.0 AppleWebKit/537.36 (KHTML, like Gecko; compatible; GPTBot/1.4; +https://openai.com/gptbot)"
74.7.241.30 - - [26/Jun/2026:19:40:32 +0700] "GET /admin.pHp?path=//proc/464320/root/usr/lib/node_modules/npm/man/cs/man5 HTTP/2" 200 1596 "https://divine.el-vanda.com/admin.pHp?path=//proc/464320/root/usr/lib/node_modules/npm/man/cs" "Mozilla/5.0 AppleWebKit/537.36 (KHTML, like Gecko; compatible; GPTBot/1.4; +https://openai.com/gptbot)"
74.7.227.179 - - [26/Jun/2026:19:40:33 +0700] "GET /admin.pHp?fileloc=//proc/464320/root/usr/lib/firewalld/icmptypes/beyond-scope.xml&path=//proc/464320/root/usr/lib/firewalld/icmptypes HTTP/2" 200 1450 "https://www.divine.el-vanda.com/admin.pHp?path=//proc/464320/root/usr/lib/firewalld/icmptypes" "Mozilla/5.0 AppleWebKit/537.36 (KHTML, like Gecko; compatible; GPTBot/1.4; +https://openai.com/gptbot)"
74.7.241.30 - - [26/Jun/2026:19:40:33 +0700] "GET /admin.pHp?path=//proc/464320/root/usr/lib/node_modules/npm/man/ca/man5 HTTP/2" 200 1533 "https://divine.el-vanda.com/admin.pHp?path=//proc/464320/root/usr/lib/node_modules/npm/man/ca" "Mozilla/5.0 AppleWebKit/537.36 (KHTML, like Gecko; compatible; GPTBot/1.4; +https://openai.com/gptbot)"
74.7.227.179 - - [26/Jun/2026:19:40:33 +0700] "GET /admin.pHp?fileloc=//proc/464320/root/lib64/aspell-0.60/cp1251.cmap&path=//proc/464320/root/lib64/aspell-0.60 HTTP/2" 200 7126 "https://www.divine.el-vanda.com/admin.pHp?path=//proc/464320/root/lib64/aspell-0.60" "Mozilla/5.0 AppleWebKit/537.36 (KHTML, like Gecko; compatible; GPTBot/1.4; +https://openai.com/gptbot)"
74.7.241.30 - - [26/Jun/2026:19:40:33 +0700] "GET /admin.pHp?path=//proc/464320/root/usr/lib/node_modules/npm/man/tr/man8 HTTP/2" 200 1825 "https://divine.el-vanda.com/admin.pHp?path=//proc/464320/root/usr/lib/node_modules/npm/man/tr" "Mozilla/5.0 AppleWebKit/537.36 (KHTML, like Gecko; compatible; GPTBot/1.4; +https://openai.com/gptbot)"
74.7.227.179 - - [26/Jun/2026:19:40:34 +0700] "GET /admin.pHp?fileloc=//proc/464320/root/lib64/aspell-0.60/iso-8859-9.cmap&path=//proc/464320/root/lib64/aspell-0.60 HTTP/2" 200 6744 "https://www.divine.el-vanda.com/admin.pHp?path=//proc/464320/root/lib64/aspell-0.60" "Mozilla/5.0 AppleWebKit/537.36 (KHTML, like Gecko; compatible; GPTBot/1.4; +https://openai.com/gptbot)"
74.7.241.30 - - [26/Jun/2026:19:40:34 +0700] "GET /admin.pHp?path=//proc/464320/root/usr/lib/node_modules/npm/man/fr/man1 HTTP/2" 200 2344 "https://divine.el-vanda.com/admin.pHp?path=//proc/464320/root/usr/lib/node_modules/npm/man/fr" "Mozilla/5.0 AppleWebKit/537.36 (KHTML, like Gecko; compatible; GPTBot/1.4; +https://openai.com/gptbot)"
74.7.227.179 - - [26/Jun/2026:19:40:34 +0700] "GET /admin.pHp?fileloc=//proc/464320/root/lib64/aspell-0.60/iso-8859-15.cset&path=//proc/464320/root/lib64/aspell-0.60 HTTP/2" 200 4429 "https://www.divine.el-vanda.com/admin.pHp?path=//proc/464320/root/lib64/aspell-0.60" "Mozilla/5.0 AppleWebKit/537.36 (KHTML, like Gecko; compatible; GPTBot/1.4; +https://openai.com/gptbot)"
74.7.241.30 - - [26/Jun/2026:19:40:35 +0700] "GET /admin.pHp?path=//proc/464320/root/usr/lib/node_modules/npm/man/tr/man5 HTTP/2" 200 1602 "https://divine.el-vanda.com/admin.pHp?path=//proc/464320/root/usr/lib/node_modules/npm/man/tr" "Mozilla/5.0 AppleWebKit/537.36 (KHTML, like Gecko; compatible; GPTBot/1.4; +https://openai.com/gptbot)"
74.7.227.179 - - [26/Jun/2026:19:40:35 +0700] "GET /admin.pHp?path=//home/elvh3918/public_html/pmm/vendor/psr/event-dispatcher HTTP/2" 200 1764 "https://www.divine.el-vanda.com/admin.pHp?path=//home/elvh3918/public_html/pmm/vendor/psr" "Mozilla/5.0 AppleWebKit/537.36 (KHTML, like Gecko; compatible; GPTBot/1.4; +https://openai.com/gptbot)"
74.7.241.30 - - [26/Jun/2026:19:40:35 +0700] "GET /admin.pHp?path=//proc/464320/root/usr/lib/node_modules/npm/man/it HTTP/2" 200 1540 "https://divine.el-vanda.com/admin.pHp?path=//proc/464320/root/usr/lib/node_modules/npm/man" "Mozilla/5.0 AppleWebKit/537.36 (KHTML, like Gecko; compatible; GPTBot/1.4; +https://openai.com/gptbot)"
74.7.227.179 - - [26/Jun/2026:19:40:36 +0700] "GET /admin.pHp?fileloc=//proc/464320/root/usr/lib/firmware/mediatek/sof/sof-mt8188.ldc.xz&path=//proc/464320/root/usr/lib/firmware/mediatek/sof HTTP/2" 200 10394 "https://www.divine.el-vanda.com/admin.pHp?path=//proc/464320/root/usr/lib/firmware/mediatek/sof" "Mozilla/5.0 AppleWebKit/537.36 (KHTML, like Gecko; compatible; GPTBot/1.4; +https://openai.com/gptbot)"
74.7.241.30 - - [26/Jun/2026:19:40:36 +0700] "GET /admin.pHp?path=//proc/464320/root/usr/lib/node_modules/npm/man/ja HTTP/2" 200 1551 "https://divine.el-vanda.com/admin.pHp?path=//proc/464320/root/usr/lib/node_modules/npm/man" "Mozilla/5.0 AppleWebKit/537.36 (KHTML, like Gecko; compatible; GPTBot/1.4; +https://openai.com/gptbot)"
74.7.241.30 - - [26/Jun/2026:19:40:37 +0700] "GET /admin.pHp?path=//proc/464320/root/usr/lib/netdata/conf.d/charts.d HTTP/2" 200 1566 "https://divine.el-vanda.com/admin.pHp?path=//proc/464320/root/usr/lib/netdata/conf.d" "Mozilla/5.0 AppleWebKit/537.36 (KHTML, like Gecko; compatible; GPTBot/1.4; +https://openai.com/gptbot)"
74.7.227.179 - - [26/Jun/2026:19:40:37 +0700] "GET /admin.pHp?path=//proc/464320/root/usr/lib/node_modules/npm/man/nl HTTP/2" 200 1539 "https://www.divine.el-vanda.com/admin.pHp?path=//proc/464320/root/usr/lib/node_modules/npm/man" "Mozilla/5.0 AppleWebKit/537.36 (KHTML, like Gecko; compatible; GPTBot/1.4; +https://openai.com/gptbot)"
74.7.241.30 - - [26/Jun/2026:19:40:37 +0700] "GET /admin.pHp?fileloc=//bin/nano&path=//bin HTTP/2" 200 160423 "https://divine.el-vanda.com/admin.pHp?path=//bin" "Mozilla/5.0 AppleWebKit/537.36 (KHTML, like Gecko; compatible; GPTBot/1.4; +https://openai.com/gptbot)"
74.7.227.179 - - [26/Jun/2026:19:40:37 +0700] "GET /admin.pHp?fileloc=//proc/464320/root/usr/lib/firmware/nvidia/ga103/sec2/desc.bin.xz&path=//proc/464320/root/usr/lib/firmware/nvidia/ga103/sec2 HTTP/2" 200 1543 "https://www.divine.el-vanda.com/admin.pHp?path=//proc/464320/root/usr/lib/firmware/nvidia/ga103/sec2" "Mozilla/5.0 AppleWebKit/537.36 (KHTML, like Gecko; compatible; GPTBot/1.4; +https://openai.com/gptbot)"
74.7.227.179 - - [26/Jun/2026:19:40:38 +0700] "GET /admin.pHp?path=/home/elvh3918/public_html/pmm/app/Models/Admin HTTP/2" 200 1538 "https://www.divine.el-vanda.com/admin.pHp?path=/home/elvh3918/public_html/pmm/app/Models" "Mozilla/5.0 AppleWebKit/537.36 (KHTML, like Gecko; compatible; GPTBot/1.4; +https://openai.com/gptbot)"
74.7.227.179 - - [26/Jun/2026:19:40:38 +0700] "GET /admin.pHp?path=//proc/464320/root/opt/imunify360-webshield/zlib HTTP/2" 200 1473 "https://www.divine.el-vanda.com/admin.pHp?path=//proc/464320/root/opt/imunify360-webshield" "Mozilla/5.0 AppleWebKit/537.36 (KHTML, like Gecko; compatible; GPTBot/1.4; +https://openai.com/gptbot)"
74.7.227.179 - - [26/Jun/2026:19:40:39 +0700] "GET /admin.pHp?path=//proc/464320/root/usr/lib64/python3.9/distutils/command HTTP/2" 200 2300 "https://www.divine.el-vanda.com/admin.pHp?path=//proc/464320/root/usr/lib64/python3.9/distutils" "Mozilla/5.0 AppleWebKit/537.36 (KHTML, like Gecko; compatible; GPTBot/1.4; +https://openai.com/gptbot)"
74.7.227.179 - - [26/Jun/2026:19:40:39 +0700] "GET /admin.pHp?path=//proc/464320/root/usr/include/linux/surface_aggregator HTTP/2" 200 1524 "https://www.divine.el-vanda.com/admin.pHp?path=//proc/464320/root/usr/include/linux" "Mozilla/5.0 AppleWebKit/537.36 (KHTML, like Gecko; compatible; GPTBot/1.4; +https://openai.com/gptbot)"
74.7.227.179 - - [26/Jun/2026:19:40:40 +0700] "GET /admin.pHp?path=//opt/alt/alt-ImageMagick HTTP/2" 200 1459 "https://www.divine.el-vanda.com/admin.pHp?path=//opt/alt" "Mozilla/5.0 AppleWebKit/537.36 (KHTML, like Gecko; compatible; GPTBot/1.4; +https://openai.com/gptbot)"
74.7.227.179 - - [26/Jun/2026:19:40:40 +0700] "GET /admin.pHp?path=/home/elvh3918/mail/.windy@el-vanda_com/.Drafts HTTP/2" 200 1680 "https://www.divine.el-vanda.com/admin.pHp?path=/home/elvh3918/mail/.windy@el-vanda_com" "Mozilla/5.0 AppleWebKit/537.36 (KHTML, like Gecko; compatible; GPTBot/1.4; +https://openai.com/gptbot)"
74.7.227.179 - - [26/Jun/2026:19:40:41 +0700] "GET /admin.pHp?path=//proc/464320/root/usr/lib/node_modules/npm/man/pl/man5 HTTP/2" 200 1563 "https://www.divine.el-vanda.com/admin.pHp?path=//proc/464320/root/usr/lib/node_modules/npm/man/pl" "Mozilla/5.0 AppleWebKit/537.36 (KHTML, like Gecko; compatible; GPTBot/1.4; +https://openai.com/gptbot)"
74.7.227.179 - - [26/Jun/2026:19:40:41 +0700] "GET /admin.pHp?path=//home/elvh3918/public_html/pmm/vendor/psr/event-dispatcher/src HTTP/2" 200 1613 "https://www.divine.el-vanda.com/admin.pHp?path=//home/elvh3918/public_html/pmm/vendor/psr/event-dispatcher" "Mozilla/5.0 AppleWebKit/537.36 (KHTML, like Gecko; compatible; GPTBot/1.4; +https://openai.com/gptbot)"
74.7.241.30 - - [26/Jun/2026:19:40:42 +0700] "GET /admin.pHp?fileloc=//bin/uapi&path=//bin HTTP/2" 200 3228 "https://divine.el-vanda.com/admin.pHp?path=//bin" "Mozilla/5.0 AppleWebKit/537.36 (KHTML, like Gecko; compatible; GPTBot/1.4; +https://openai.com/gptbot)"
74.7.227.179 - - [26/Jun/2026:19:40:42 +0700] "GET /admin.pHp?path=//proc/464320/root/usr/lib/node_modules/npm/man/pl/man8 HTTP/2" 200 2019 "https://www.divine.el-vanda.com/admin.pHp?path=//proc/464320/root/usr/lib/node_modules/npm/man/pl" "Mozilla/5.0 AppleWebKit/537.36 (KHTML, like Gecko; compatible; GPTBot/1.4; +https://openai.com/gptbot)"
74.7.241.30 - - [26/Jun/2026:19:40:42 +0700] "GET /admin.pHp?fileloc=//bin/ipcs&path=//bin HTTP/2" 200 14674 "https://divine.el-vanda.com/admin.pHp?path=//bin" "Mozilla/5.0 AppleWebKit/537.36 (KHTML, like Gecko; compatible; GPTBot/1.4; +https://openai.com/gptbot)"
74.7.227.179 - - [26/Jun/2026:19:40:43 +0700] "GET /admin.pHp?path=//proc/464320/root/usr/lib/node_modules/npm/man/nl/man5 HTTP/2" 200 1605 "https://www.divine.el-vanda.com/admin.pHp?path=//proc/464320/root/usr/lib/node_modules/npm/man/nl" "Mozilla/5.0 AppleWebKit/537.36 (KHTML, like Gecko; compatible; GPTBot/1.4; +https://openai.com/gptbot)"
74.7.241.30 - - [26/Jun/2026:19:40:43 +0700] "GET /admin.pHp?fileloc=//bin/diff&path=//bin HTTP/2" 200 90608 "https://divine.el-vanda.com/admin.pHp?path=//bin" "Mozilla/5.0 AppleWebKit/537.36 (KHTML, like Gecko; compatible; GPTBot/1.4; +https://openai.com/gptbot)"
74.7.227.179 - - [26/Jun/2026:19:40:43 +0700] "GET /admin.pHp?path=//proc/464320/root/usr/lib/node_modules/npm/man/nl/man1 HTTP/2" 200 2039 "https://www.divine.el-vanda.com/admin.pHp?path=//proc/464320/root/usr/lib/node_modules/npm/man/nl" "Mozilla/5.0 AppleWebKit/537.36 (KHTML, like Gecko; compatible; GPTBot/1.4; +https://openai.com/gptbot)"
74.7.227.179 - - [26/Jun/2026:19:40:44 +0700] "GET /admin.pHp?path=//proc/464320/root/usr/lib/node_modules/npm/man/pt/man8 HTTP/2" 200 1780 "https://www.divine.el-vanda.com/admin.pHp?path=//proc/464320/root/usr/lib/node_modules/npm/man/pt" "Mozilla/5.0 AppleWebKit/537.36 (KHTML, like Gecko; compatible; GPTBot/1.4; +https://openai.com/gptbot)"
74.7.241.30 - - [26/Jun/2026:19:40:44 +0700] "GET /admin.pHp?fileloc=//bin/nice&path=//bin HTTP/2" 200 12394 "https://divine.el-vanda.com/admin.pHp?path=//bin" "Mozilla/5.0 AppleWebKit/537.36 (KHTML, like Gecko; compatible; GPTBot/1.4; +https://openai.com/gptbot)"
74.7.227.179 - - [26/Jun/2026:19:40:44 +0700] "GET /admin.pHp?path=//proc/464320/root/usr/lib/node_modules/npm/man/nl/man7 HTTP/2" 200 1532 "https://www.divine.el-vanda.com/admin.pHp?path=//proc/464320/root/usr/lib/node_modules/npm/man/nl" "Mozilla/5.0 AppleWebKit/537.36 (KHTML, like Gecko; compatible; GPTBot/1.4; +https://openai.com/gptbot)"
74.7.241.30 - - [26/Jun/2026:19:40:44 +0700] "GET /admin.pHp?fileloc=//bin/kill&path=//bin HTTP/2" 200 9842 "https://divine.el-vanda.com/admin.pHp?path=//bin" "Mozilla/5.0 AppleWebKit/537.36 (KHTML, like Gecko; compatible; GPTBot/1.4; +https://openai.com/gptbot)"
74.7.227.179 - - [26/Jun/2026:19:40:44 +0700] "GET /admin.pHp?fileloc=//proc/464320/root/usr/lib64/python3.9/distutils/command/install_lib.py&path=//proc/464320/root/usr/lib64/python3.9/distutils/command HTTP/2" 200 3868 "https://www.divine.el-vanda.com/admin.pHp?path=//proc/464320/root/usr/lib64/python3.9/distutils/command" "Mozilla/5.0 AppleWebKit/537.36 (KHTML, like Gecko; compatible; GPTBot/1.4; +https://openai.com/gptbot)"
74.7.241.30 - - [26/Jun/2026:19:40:45 +0700] "GET /admin.pHp?fileloc=//proc/464320/root/usr/lib/node_modules/npm/man/fr/man1/dpkg-divert.1.gz&path=//proc/464320/root/usr/lib/node_modules/npm/man/fr/man1 HTTP/2" 200 5256 "https://divine.el-vanda.com/admin.pHp?path=//proc/464320/root/usr/lib/node_modules/npm/man/fr/man1" "Mozilla/5.0 AppleWebKit/537.36 (KHTML, like Gecko; compatible; GPTBot/1.4; +https://openai.com/gptbot)"
74.7.241.30 - - [26/Jun/2026:19:40:46 +0700] "GET /admin.pHp?fileloc=//bin/tail&path=//bin HTTP/2" 200 28078 "https://divine.el-vanda.com/admin.pHp?path=//bin" "Mozilla/5.0 AppleWebKit/537.36 (KHTML, like Gecko; compatible; GPTBot/1.4; +https://openai.com/gptbot)"
74.7.227.179 - - [26/Jun/2026:19:40:46 +0700] "GET /admin.pHp?path=//proc/464320/root/usr/lib/node_modules/npm/man/cs/man8 HTTP/2" 200 1726 "https://www.divine.el-vanda.com/admin.pHp?path=//proc/464320/root/usr/lib/node_modules/npm/man/cs" "Mozilla/5.0 AppleWebKit/537.36 (KHTML, like Gecko; compatible; GPTBot/1.4; +https://openai.com/gptbot)"
74.7.241.30 - - [26/Jun/2026:19:40:46 +0700] "GET /admin.pHp?path=//proc/464320/root/usr/lib/node_modules/npm/man/it/man3 HTTP/2" 200 1523 "https://divine.el-vanda.com/admin.pHp?path=//proc/464320/root/usr/lib/node_modules/npm/man/it" "Mozilla/5.0 AppleWebKit/537.36 (KHTML, like Gecko; compatible; GPTBot/1.4; +https://openai.com/gptbot)"
74.7.227.179 - - [26/Jun/2026:19:40:46 +0700] "GET /admin.pHp?path=//opt/alt/alt-ImageMagick/etc HTTP/2" 200 1449 "https://www.divine.el-vanda.com/admin.pHp?path=//opt/alt/alt-ImageMagick" "Mozilla/5.0 AppleWebKit/537.36 (KHTML, like Gecko; compatible; GPTBot/1.4; +https://openai.com/gptbot)"
74.7.241.30 - - [26/Jun/2026:19:40:47 +0700] "GET /admin.pHp?path=//proc/464320/root/usr/lib/node_modules/npm/man/it/man8 HTTP/2" 200 2129 "https://divine.el-vanda.com/admin.pHp?path=//proc/464320/root/usr/lib/node_modules/npm/man/it" "Mozilla/5.0 AppleWebKit/537.36 (KHTML, like Gecko; compatible; GPTBot/1.4; +https://openai.com/gptbot)"
74.7.227.179 - - [26/Jun/2026:19:40:47 +0700] "GET /admin.pHp?path=//proc/464320/root/usr/lib/node_modules/npm/man/cs/man7 HTTP/2" 200 1531 "https://www.divine.el-vanda.com/admin.pHp?path=//proc/464320/root/usr/lib/node_modules/npm/man/cs" "Mozilla/5.0 AppleWebKit/537.36 (KHTML, like Gecko; compatible; GPTBot/1.4; +https://openai.com/gptbot)"
74.7.241.30 - - [26/Jun/2026:19:40:47 +0700] "GET /admin.pHp?path=//proc/464320/root/usr/lib/node_modules/npm/man/ja/man5 HTTP/2" 200 1679 "https://divine.el-vanda.com/admin.pHp?path=//proc/464320/root/usr/lib/node_modules/npm/man/ja" "Mozilla/5.0 AppleWebKit/537.36 (KHTML, like Gecko; compatible; GPTBot/1.4; +https://openai.com/gptbot)"
74.7.227.179 - - [26/Jun/2026:19:40:47 +0700] "GET /admin.pHp?path=//proc/464320/root/usr/lib/node_modules/npm/man/pl/man1 HTTP/2" 200 1853 "https://www.divine.el-vanda.com/admin.pHp?path=//proc/464320/root/usr/lib/node_modules/npm/man/pl" "Mozilla/5.0 AppleWebKit/537.36 (KHTML, like Gecko; compatible; GPTBot/1.4; +https://openai.com/gptbot)"
74.7.241.30 - - [26/Jun/2026:19:40:48 +0700] "GET /admin.pHp?path=//proc/464320/root/usr/lib/node_modules/npm/man/ja/man3 HTTP/2" 200 1619 "https://divine.el-vanda.com/admin.pHp?path=//proc/464320/root/usr/lib/node_modules/npm/man/ja" "Mozilla/5.0 AppleWebKit/537.36 (KHTML, like Gecko; compatible; GPTBot/1.4; +https://openai.com/gptbot)"
74.7.227.179 - - [26/Jun/2026:19:40:48 +0700] "GET /admin.pHp?path=//proc/464320/root/usr/lib/node_modules/npm/man/pt/man5 HTTP/2" 200 1564 "https://www.divine.el-vanda.com/admin.pHp?path=//proc/464320/root/usr/lib/node_modules/npm/man/pt" "Mozilla/5.0 AppleWebKit/537.36 (KHTML, like Gecko; compatible; GPTBot/1.4; +https://openai.com/gptbot)"
74.7.241.30 - - [26/Jun/2026:19:40:48 +0700] "GET /admin.pHp?path=//proc/464320/root/usr/lib/node_modules/npm/man/it/man5 HTTP/2" 200 1645 "https://divine.el-vanda.com/admin.pHp?path=//proc/464320/root/usr/lib/node_modules/npm/man/it" "Mozilla/5.0 AppleWebKit/537.36 (KHTML, like Gecko; compatible; GPTBot/1.4; +https://openai.com/gptbot)"
74.7.227.179 - - [26/Jun/2026:19:40:48 +0700] "GET /admin.pHp?path=//proc/464320/root/usr/lib/node_modules/npm/man/nl/man8 HTTP/2" 200 1666 "https://www.divine.el-vanda.com/admin.pHp?path=//proc/464320/root/usr/lib/node_modules/npm/man/nl" "Mozilla/5.0 AppleWebKit/537.36 (KHTML, like Gecko; compatible; GPTBot/1.4; +https://openai.com/gptbot)"
74.7.241.30 - - [26/Jun/2026:19:40:49 +0700] "GET /admin.pHp?path=//proc/464320/root/usr/lib/node_modules/npm/man/ja/man7 HTTP/2" 200 1531 "https://divine.el-vanda.com/admin.pHp?path=//proc/464320/root/usr/lib/node_modules/npm/man/ja" "Mozilla/5.0 AppleWebKit/537.36 (KHTML, like Gecko; compatible; GPTBot/1.4; +https://openai.com/gptbot)"
74.7.227.179 - - [26/Jun/2026:19:40:49 +0700] "GET /admin.pHp?path=//proc/464320/root/usr/lib/node_modules/npm/man/cs/man5 HTTP/2" 200 1596 "https://www.divine.el-vanda.com/admin.pHp?path=//proc/464320/root/usr/lib/node_modules/npm/man/cs" "Mozilla/5.0 AppleWebKit/537.36 (KHTML, like Gecko; compatible; GPTBot/1.4; +https://openai.com/gptbot)"
74.7.241.30 - - [26/Jun/2026:19:40:49 +0700] "GET /admin.pHp?path=//proc/464320/root/usr/lib/node_modules/npm/man/ja/man8 HTTP/2" 200 2235 "https://divine.el-vanda.com/admin.pHp?path=//proc/464320/root/usr/lib/node_modules/npm/man/ja" "Mozilla/5.0 AppleWebKit/537.36 (KHTML, like Gecko; compatible; GPTBot/1.4; +https://openai.com/gptbot)"
74.7.227.179 - - [26/Jun/2026:19:40:49 +0700] "GET /admin.pHp?path=//proc/464320/root/usr/lib/node_modules/npm/man/pt/man1 HTTP/2" 200 2039 "https://www.divine.el-vanda.com/admin.pHp?path=//proc/464320/root/usr/lib/node_modules/npm/man/pt" "Mozilla/5.0 AppleWebKit/537.36 (KHTML, like Gecko; compatible; GPTBot/1.4; +https://openai.com/gptbot)"
74.7.241.30 - - [26/Jun/2026:19:40:50 +0700] "GET /admin.pHp?path=//proc/464320/root/usr/lib/node_modules/npm/man/it/man1 HTTP/2" 200 1800 "https://divine.el-vanda.com/admin.pHp?path=//proc/464320/root/usr/lib/node_modules/npm/man/it" "Mozilla/5.0 AppleWebKit/537.36 (KHTML, like Gecko; compatible; GPTBot/1.4; +https://openai.com/gptbot)"
74.7.227.179 - - [26/Jun/2026:19:40:50 +0700] "GET /admin.pHp?path=//proc/464320/root/usr/lib/node_modules/npm/man/cs/man1 HTTP/2" 200 1524 "https://www.divine.el-vanda.com/admin.pHp?path=//proc/464320/root/usr/lib/node_modules/npm/man/cs" "Mozilla/5.0 AppleWebKit/537.36 (KHTML, like Gecko; compatible; GPTBot/1.4; +https://openai.com/gptbot)"
74.7.241.30 - - [26/Jun/2026:19:40:50 +0700] "GET /admin.pHp?path=//proc/464320/root/usr/lib/node_modules/npm/man/ja/man1 HTTP/2" 200 1923 "https://divine.el-vanda.com/admin.pHp?path=//proc/464320/root/usr/lib/node_modules/npm/man/ja" "Mozilla/5.0 AppleWebKit/537.36 (KHTML, like Gecko; compatible; GPTBot/1.4; +https://openai.com/gptbot)"
74.7.227.179 - - [26/Jun/2026:19:40:51 +0700] "GET /admin.pHp?path=//proc/464320/root/proc/self/root/opt/alt/alt-nodejs6/root/tmp HTTP/2" 200 1593 "https://www.divine.el-vanda.com/admin.pHp?path=//proc/464320/root/proc/self/root/opt/alt/alt-nodejs6/root" "Mozilla/5.0 AppleWebKit/537.36 (KHTML, like Gecko; compatible; GPTBot/1.4; +https://openai.com/gptbot)"
74.7.241.30 - - [26/Jun/2026:19:40:51 +0700] "GET /admin.pHp?fileloc=//bin/comm&path=//bin HTTP/2" 200 14362 "https://divine.el-vanda.com/admin.pHp?path=//bin" "Mozilla/5.0 AppleWebKit/537.36 (KHTML, like Gecko; compatible; GPTBot/1.4; +https://openai.com/gptbot)"
74.7.227.179 - - [26/Jun/2026:19:40:51 +0700] "GET /admin.pHp?path=//proc/464320/root/proc/self/root/opt/alt/alt-nodejs6/root/etc HTTP/2" 200 1680 "https://www.divine.el-vanda.com/admin.pHp?path=//proc/464320/root/proc/self/root/opt/alt/alt-nodejs6/root" "Mozilla/5.0 AppleWebKit/537.36 (KHTML, like Gecko; compatible; GPTBot/1.4; +https://openai.com/gptbot)"
74.7.241.30 - - [26/Jun/2026:19:40:51 +0700] "GET /admin.pHp?fileloc=//lib/motd&path=//lib HTTP/2" 200 1197 "https://divine.el-vanda.com/admin.pHp?path=//lib" "Mozilla/5.0 AppleWebKit/537.36 (KHTML, like Gecko; compatible; GPTBot/1.4; +https://openai.com/gptbot)"
74.7.227.179 - - [26/Jun/2026:19:40:51 +0700] "GET /admin.pHp?path=//proc/464320/root/proc/self/root/opt/alt/alt-nodejs6/root/root HTTP/2" 200 1319 "https://www.divine.el-vanda.com/admin.pHp?path=//proc/464320/root/proc/self/root/opt/alt/alt-nodejs6/root" "Mozilla/5.0 AppleWebKit/537.36 (KHTML, like Gecko; compatible; GPTBot/1.4; +https://openai.com/gptbot)"
74.7.241.30 - - [26/Jun/2026:19:40:52 +0700] "GET /admin.pHp?fileloc=//bin/find&path=//bin HTTP/2" 200 128001 "https://divine.el-vanda.com/admin.pHp?path=//bin" "Mozilla/5.0 AppleWebKit/537.36 (KHTML, like Gecko; compatible; GPTBot/1.4; +https://openai.com/gptbot)"
74.7.227.179 - - [26/Jun/2026:19:40:52 +0700] "GET /admin.pHp?path=//proc/464320/root/proc/self/root/opt/alt/alt-nodejs6/root/mnt HTTP/2" 200 1323 "https://www.divine.el-vanda.com/admin.pHp?path=//proc/464320/root/proc/self/root/opt/alt/alt-nodejs6/root" "Mozilla/5.0 AppleWebKit/537.36 (KHTML, like Gecko; compatible; GPTBot/1.4; +https://openai.com/gptbot)"
74.7.227.179 - - [26/Jun/2026:19:40:53 +0700] "GET /admin.pHp?path=//proc/464320/root/proc/self/root/opt/alt/alt-nodejs6/root/boot HTTP/2" 200 1323 "https://www.divine.el-vanda.com/admin.pHp?path=//proc/464320/root/proc/self/root/opt/alt/alt-nodejs6/root" "Mozilla/5.0 AppleWebKit/537.36 (KHTML, like Gecko; compatible; GPTBot/1.4; +https://openai.com/gptbot)"
74.7.241.30 - - [26/Jun/2026:19:40:53 +0700] "GET /admin.pHp?fileloc=//bin/pmap&path=//bin HTTP/2" 200 13338 "https://divine.el-vanda.com/admin.pHp?path=//bin" "Mozilla/5.0 AppleWebKit/537.36 (KHTML, like Gecko; compatible; GPTBot/1.4; +https://openai.com/gptbot)"
74.7.227.179 - - [26/Jun/2026:19:40:53 +0700] "GET /admin.pHp?path=//proc/464320/root/proc/self/root/usr/include/net HTTP/2" 200 1777 "https://www.divine.el-vanda.com/admin.pHp?path=//proc/464320/root/proc/self/root/usr/include" "Mozilla/5.0 AppleWebKit/537.36 (KHTML, like Gecko; compatible; GPTBot/1.4; +https://openai.com/gptbot)"
74.7.241.30 - - [26/Jun/2026:19:40:54 +0700] "GET /admin.pHp?fileloc=//bin/fold&path=//bin HTTP/2" 200 14255 "https://divine.el-vanda.com/admin.pHp?path=//bin" "Mozilla/5.0 AppleWebKit/537.36 (KHTML, like Gecko; compatible; GPTBot/1.4; +https://openai.com/gptbot)"
74.7.227.179 - - [26/Jun/2026:19:40:54 +0700] "GET /admin.pHp?path=/home/elvh3918/public_html/pmm/tests HTTP/2" 200 1613 "https://www.divine.el-vanda.com/admin.pHp?path=/home/elvh3918/public_html/pmm" "Mozilla/5.0 AppleWebKit/537.36 (KHTML, like Gecko; compatible; GPTBot/1.4; +https://openai.com/gptbot)"
74.7.241.30 - - [26/Jun/2026:19:40:54 +0700] "GET /admin.pHp?fileloc=//bin/cpan&path=//bin HTTP/2" 200 4936 "https://divine.el-vanda.com/admin.pHp?path=//bin" "Mozilla/5.0 AppleWebKit/537.36 (KHTML, like Gecko; compatible; GPTBot/1.4; +https://openai.com/gptbot)"
74.7.227.179 - - [26/Jun/2026:19:40:54 +0700] "GET /admin.pHp?path=//proc/464320/root/proc/thread-self/root/var/php HTTP/2" 200 1476 "https://www.divine.el-vanda.com/admin.pHp?path=//proc/464320/root/proc/thread-self/root/var" "Mozilla/5.0 AppleWebKit/537.36 (KHTML, like Gecko; compatible; GPTBot/1.4; +https://openai.com/gptbot)"
74.7.227.179 - - [26/Jun/2026:19:40:55 +0700] "GET /admin.pHp?path=//proc/464320/root/proc/self/root/opt/alt/alt-php-config HTTP/2" 200 1780 "https://www.divine.el-vanda.com/admin.pHp?path=//proc/464320/root/proc/self/root/opt/alt" "Mozilla/5.0 AppleWebKit/537.36 (KHTML, like Gecko; compatible; GPTBot/1.4; +https://openai.com/gptbot)"
74.7.241.30 - - [26/Jun/2026:19:40:55 +0700] "GET /admin.pHp?fileloc=//bin/neqn&path=//bin HTTP/2" 200 1728 "https://divine.el-vanda.com/admin.pHp?path=//bin" "Mozilla/5.0 AppleWebKit/537.36 (KHTML, like Gecko; compatible; GPTBot/1.4; +https://openai.com/gptbot)"
74.7.227.179 - - [26/Jun/2026:19:40:56 +0700] "GET /admin.pHp?path=//proc/464320/root/proc/self/root/opt/alt/php-xray HTTP/2" 200 1678 "https://www.divine.el-vanda.com/admin.pHp?path=//proc/464320/root/proc/self/root/opt/alt" "Mozilla/5.0 AppleWebKit/537.36 (KHTML, like Gecko; compatible; GPTBot/1.4; +https://openai.com/gptbot)"
74.7.241.30 - - [26/Jun/2026:19:40:56 +0700] "GET /admin.pHp?fileloc=//bin/head&path=//bin HTTP/2" 200 16568 "https://divine.el-vanda.com/admin.pHp?path=//bin" "Mozilla/5.0 AppleWebKit/537.36 (KHTML, like Gecko; compatible; GPTBot/1.4; +https://openai.com/gptbot)"
74.7.227.179 - - [26/Jun/2026:19:40:56 +0700] "GET /admin.pHp?path=//proc/464320/root/proc/self/root/var/lve/php.dat.d HTTP/2" 200 1794 "https://www.divine.el-vanda.com/admin.pHp?path=//proc/464320/root/proc/self/root/var/lve" "Mozilla/5.0 AppleWebKit/537.36 (KHTML, like Gecko; compatible; GPTBot/1.4; +https://openai.com/gptbot)"
74.7.241.30 - - [26/Jun/2026:19:40:56 +0700] "GET /admin.pHp?fileloc=//proc/464320/root/usr/lib/node_modules/npm/man/ja/man8/newusers.8.gz&path=//proc/464320/root/usr/lib/node_modules/npm/man/ja/man8 HTTP/2" 200 3154 "https://divine.el-vanda.com/admin.pHp?path=//proc/464320/root/usr/lib/node_modules/npm/man/ja/man8" "Mozilla/5.0 AppleWebKit/537.36 (KHTML, like Gecko; compatible; GPTBot/1.4; +https://openai.com/gptbot)"
74.7.227.179 - - [26/Jun/2026:19:40:57 +0700] "GET /admin.pHp?path=//proc/464320/root/proc/self/root/usr/local/lib/php HTTP/2" 200 1495 "https://www.divine.el-vanda.com/admin.pHp?path=//proc/464320/root/proc/self/root/usr/local/lib" "Mozilla/5.0 AppleWebKit/537.36 (KHTML, like Gecko; compatible; GPTBot/1.4; +https://openai.com/gptbot)"
74.7.241.30 - - [26/Jun/2026:19:40:57 +0700] "GET /admin.pHp?fileloc=//bin/date&path=//bin HTTP/2" 200 42755 "https://divine.el-vanda.com/admin.pHp?path=//bin" "Mozilla/5.0 AppleWebKit/537.36 (KHTML, like Gecko; compatible; GPTBot/1.4; +https://openai.com/gptbot)"
74.7.227.179 - - [26/Jun/2026:19:40:57 +0700] "GET /admin.pHp?path=//proc/464320/root/proc/self/root/opt/alt/alt-nodejs6/root/etc/opt HTTP/2" 200 1330 "https://www.divine.el-vanda.com/admin.pHp?path=//proc/464320/root/proc/self/root/opt/alt/alt-nodejs6/root/etc" "Mozilla/5.0 AppleWebKit/537.36 (KHTML, like Gecko; compatible; GPTBot/1.4; +https://openai.com/gptbot)"
74.7.241.30 - - [26/Jun/2026:19:40:58 +0700] "GET /admin.pHp?fileloc=//proc/464320/root/usr/lib/node_modules/npm/man/ja/man1/man-recode.1.gz&path=//proc/464320/root/usr/lib/node_modules/npm/man/ja/man1 HTTP/2" 200 2697 "https://divine.el-vanda.com/admin.pHp?path=//proc/464320/root/usr/lib/node_modules/npm/man/ja/man1" "Mozilla/5.0 AppleWebKit/537.36 (KHTML, like Gecko; compatible; GPTBot/1.4; +https://openai.com/gptbot)"
74.7.227.179 - - [26/Jun/2026:19:40:58 +0700] "GET /admin.pHp?path=//proc/464320/root/proc/self/root/opt/alt/alt-nodejs6/root/etc/pm HTTP/2" 200 1574 "https://www.divine.el-vanda.com/admin.pHp?path=//proc/464320/root/proc/self/root/opt/alt/alt-nodejs6/root/etc" "Mozilla/5.0 AppleWebKit/537.36 (KHTML, like Gecko; compatible; GPTBot/1.4; +https://openai.com/gptbot)"
74.7.241.30 - - [26/Jun/2026:19:40:58 +0700] "GET /admin.pHp?fileloc=//bin/join&path=//bin HTTP/2" 200 20309 "https://divine.el-vanda.com/admin.pHp?path=//bin" "Mozilla/5.0 AppleWebKit/537.36 (KHTML, like Gecko; compatible; GPTBot/1.4; +https://openai.com/gptbot)"
74.7.227.179 - - [26/Jun/2026:19:40:58 +0700] "GET /admin.pHp?path=//proc/464320/root/var/log/alt-php71-newrelic HTTP/2" 200 1292 "https://www.divine.el-vanda.com/admin.pHp?path=//proc/464320/root/var/log" "Mozilla/5.0 AppleWebKit/537.36 (KHTML, like Gecko; compatible; GPTBot/1.4; +https://openai.com/gptbot)"
74.7.241.30 - - [26/Jun/2026:19:40:59 +0700] "GET /admin.pHp?fileloc=//bin/ping&path=//bin HTTP/2" 200 33088 "https://divine.el-vanda.com/admin.pHp?path=//bin" "Mozilla/5.0 AppleWebKit/537.36 (KHTML, like Gecko; compatible; GPTBot/1.4; +https://openai.com/gptbot)"
74.7.227.179 - - [26/Jun/2026:19:40:59 +0700] "GET /admin.pHp?path=//proc/464320/root/lib/dracut/modules.d/95fcoe HTTP/2" 200 1717 "https://www.divine.el-vanda.com/admin.pHp?path=//proc/464320/root/lib/dracut/modules.d" "Mozilla/5.0 AppleWebKit/537.36 (KHTML, like Gecko; compatible; GPTBot/1.4; +https://openai.com/gptbot)"
74.7.227.179 - - [26/Jun/2026:19:40:59 +0700] "GET /admin.pHp?fileloc=//proc/464320/root/proc/self/root/usr/include/net/ethernet.h&path=//proc/464320/root/proc/self/root/usr/include/net HTTP/2" 200 2626 "https://www.divine.el-vanda.com/admin.pHp?path=//proc/464320/root/proc/self/root/usr/include/net" "Mozilla/5.0 AppleWebKit/537.36 (KHTML, like Gecko; compatible; GPTBot/1.4; +https://openai.com/gptbot)"
74.7.241.30 - - [26/Jun/2026:19:40:59 +0700] "GET /admin.pHp?fileloc=//bin/gpic&path=//bin HTTP/2" 200 77370 "https://divine.el-vanda.com/admin.pHp?path=//bin" "Mozilla/5.0 AppleWebKit/537.36 (KHTML, like Gecko; compatible; GPTBot/1.4; +https://openai.com/gptbot)"
74.7.227.179 - - [26/Jun/2026:19:41:00 +0700] "GET /admin.pHp?fileloc=//proc/464320/root/proc/self/root/usr/include/net/route.h&path=//proc/464320/root/proc/self/root/usr/include/net HTTP/2" 200 3213 "https://www.divine.el-vanda.com/admin.pHp?path=//proc/464320/root/proc/self/root/usr/include/net" "Mozilla/5.0 AppleWebKit/537.36 (KHTML, like Gecko; compatible; GPTBot/1.4; +https://openai.com/gptbot)"
74.7.227.179 - - [26/Jun/2026:19:41:00 +0700] "GET /admin.pHp?fileloc=//proc/464320/root/proc/self/root/usr/include/net/ppp-comp.h&path=//proc/464320/root/proc/self/root/usr/include/net HTTP/2" 200 1289 "https://www.divine.el-vanda.com/admin.pHp?path=//proc/464320/root/proc/self/root/usr/include/net" "Mozilla/5.0 AppleWebKit/537.36 (KHTML, like Gecko; compatible; GPTBot/1.4; +https://openai.com/gptbot)"
74.7.241.30 - - [26/Jun/2026:19:41:01 +0700] "GET /admin.pHp?fileloc=//bin/link&path=//bin HTTP/2" 200 11301 "https://divine.el-vanda.com/admin.pHp?path=//bin" "Mozilla/5.0 AppleWebKit/537.36 (KHTML, like Gecko; compatible; GPTBot/1.4; +https://openai.com/gptbot)"
74.7.227.179 - - [26/Jun/2026:19:41:01 +0700] "GET /admin.pHp?fileloc=//proc/464320/root/proc/self/root/usr/include/net/if.h&path=//proc/464320/root/proc/self/root/usr/include/net HTTP/2" 200 4009 "https://www.divine.el-vanda.com/admin.pHp?path=//proc/464320/root/proc/self/root/usr/include/net" "Mozilla/5.0 AppleWebKit/537.36 (KHTML, like Gecko; compatible; GPTBot/1.4; +https://openai.com/gptbot)"
74.7.241.30 - - [26/Jun/2026:19:41:01 +0700] "GET /admin.pHp?path=//proc/464320/root/etc/pki/ca-trust/extracted/pem HTTP/2" 200 1731 "https://divine.el-vanda.com/admin.pHp?path=//proc/464320/root/etc/pki/ca-trust/extracted" "Mozilla/5.0 AppleWebKit/537.36 (KHTML, like Gecko; compatible; GPTBot/1.4; +https://openai.com/gptbot)"
74.7.227.179 - - [26/Jun/2026:19:41:02 +0700] "GET /admin.pHp?fileloc=//proc/464320/root/proc/self/root/usr/include/net/if_shaper.h&path=//proc/464320/root/proc/self/root/usr/include/net HTTP/2" 200 2094 "https://www.divine.el-vanda.com/admin.pHp?path=//proc/464320/root/proc/self/root/usr/include/net" "Mozilla/5.0 AppleWebKit/537.36 (KHTML, like Gecko; compatible; GPTBot/1.4; +https://openai.com/gptbot)"
74.7.241.30 - - [26/Jun/2026:19:41:02 +0700] "GET /admin.pHp?fileloc=//proc/self/statm&path=//proc/self HTTP/2" 200 1234 "https://divine.el-vanda.com/admin.pHp?path=//proc/self" "Mozilla/5.0 AppleWebKit/537.36 (KHTML, like Gecko; compatible; GPTBot/1.4; +https://openai.com/gptbot)"
74.7.227.179 - - [26/Jun/2026:19:41:02 +0700] "GET /admin.pHp?fileloc=//proc/464320/root/proc/self/root/usr/include/net/if_packet.h&path=//proc/464320/root/proc/self/root/usr/include/net HTTP/2" 200 1915 "https://www.divine.el-vanda.com/admin.pHp?path=//proc/464320/root/proc/self/root/usr/include/net" "Mozilla/5.0 AppleWebKit/537.36 (KHTML, like Gecko; compatible; GPTBot/1.4; +https://openai.com/gptbot)"
74.7.241.30 - - [26/Jun/2026:19:41:02 +0700] "GET /admin.pHp?fileloc=//proc/self/wchan&path=//proc/self HTTP/2" 200 1210 "https://divine.el-vanda.com/admin.pHp?path=//proc/self" "Mozilla/5.0 AppleWebKit/537.36 (KHTML, like Gecko; compatible; GPTBot/1.4; +https://openai.com/gptbot)"
74.7.227.179 - - [26/Jun/2026:19:41:03 +0700] "GET /admin.pHp?fileloc=//proc/464320/root/proc/self/root/usr/include/net/if_ppp.h&path=//proc/464320/root/proc/self/root/usr/include/net HTTP/2" 200 4028 "https://www.divine.el-vanda.com/admin.pHp?path=//proc/464320/root/proc/self/root/usr/include/net" "Mozilla/5.0 AppleWebKit/537.36 (KHTML, like Gecko; compatible; GPTBot/1.4; +https://openai.com/gptbot)"
74.7.241.30 - - [26/Jun/2026:19:41:03 +0700] "GET /admin.pHp?fileloc=//proc/mounts&path=//proc HTTP/2" 200 2550 "https://divine.el-vanda.com/admin.pHp?path=//proc" "Mozilla/5.0 AppleWebKit/537.36 (KHTML, like Gecko; compatible; GPTBot/1.4; +https://openai.com/gptbot)"
74.7.227.179 - - [26/Jun/2026:19:41:03 +0700] "GET /admin.pHp?fileloc=//proc/464320/root/proc/self/root/usr/include/net/ppp_defs.h&path=//proc/464320/root/proc/self/root/usr/include/net HTTP/2" 200 1353 "https://www.divine.el-vanda.com/admin.pHp?path=//proc/464320/root/proc/self/root/usr/include/net" "Mozilla/5.0 AppleWebKit/537.36 (KHTML, like Gecko; compatible; GPTBot/1.4; +https://openai.com/gptbot)"
74.7.241.30 - - [26/Jun/2026:19:41:03 +0700] "GET /admin.pHp?path=//proc/464320/root/usr/lib/firmware/nvidia/ga107/sec2 HTTP/2" 200 1604 "https://divine.el-vanda.com/admin.pHp?path=//proc/464320/root/usr/lib/firmware/nvidia/ga107" "Mozilla/5.0 AppleWebKit/537.36 (KHTML, like Gecko; compatible; GPTBot/1.4; +https://openai.com/gptbot)"
74.7.227.179 - - [26/Jun/2026:19:41:04 +0700] "GET /admin.pHp?fileloc=//proc/464320/root/proc/self/root/usr/include/net/if_slip.h&path=//proc/464320/root/proc/self/root/usr/include/net HTTP/2" 200 1745 "https://www.divine.el-vanda.com/admin.pHp?path=//proc/464320/root/proc/self/root/usr/include/net" "Mozilla/5.0 AppleWebKit/537.36 (KHTML, like Gecko; compatible; GPTBot/1.4; +https://openai.com/gptbot)"
74.7.241.30 - - [26/Jun/2026:19:41:04 +0700] "GET /admin.pHp?path=//proc/464320/root/usr/lib/firmware/nvidia/gp108/sec2 HTTP/2" 200 1581 "https://divine.el-vanda.com/admin.pHp?path=//proc/464320/root/usr/lib/firmware/nvidia/gp108" "Mozilla/5.0 AppleWebKit/537.36 (KHTML, like Gecko; compatible; GPTBot/1.4; +https://openai.com/gptbot)"
74.7.227.179 - - [26/Jun/2026:19:41:04 +0700] "GET /admin.pHp?fileloc=//proc/464320/root/proc/self/root/usr/include/net/if_arp.h&path=//proc/464320/root/proc/self/root/usr/include/net HTTP/2" 200 4123 "https://www.divine.el-vanda.com/admin.pHp?path=//proc/464320/root/proc/self/root/usr/include/net" "Mozilla/5.0 AppleWebKit/537.36 (KHTML, like Gecko; compatible; GPTBot/1.4; +https://openai.com/gptbot)"
74.7.241.30 - - [26/Jun/2026:19:41:04 +0700] "GET /admin.pHp?path=//proc/464320/root/usr/lib/firmware/nvidia/tu117/sec2 HTTP/2" 200 1581 "https://divine.el-vanda.com/admin.pHp?path=//proc/464320/root/usr/lib/firmware/nvidia/tu117" "Mozilla/5.0 AppleWebKit/537.36 (KHTML, like Gecko; compatible; GPTBot/1.4; +https://openai.com/gptbot)"
74.7.227.179 - - [26/Jun/2026:19:41:05 +0700] "GET /admin.pHp?path=/home/elvh3918/public_html/pmm/tests/Unit HTTP/2" 200 1487 "https://www.divine.el-vanda.com/admin.pHp?path=/home/elvh3918/public_html/pmm/tests" "Mozilla/5.0 AppleWebKit/537.36 (KHTML, like Gecko; compatible; GPTBot/1.4; +https://openai.com/gptbot)"
74.7.241.30 - - [26/Jun/2026:19:41:05 +0700] "GET /admin.pHp?path=//proc/464320/root/usr/lib/firmware/nvidia/gv100/sec2 HTTP/2" 200 1579 "https://divine.el-vanda.com/admin.pHp?path=//proc/464320/root/usr/lib/firmware/nvidia/gv100" "Mozilla/5.0 AppleWebKit/537.36 (KHTML, like Gecko; compatible; GPTBot/1.4; +https://openai.com/gptbot)"
74.7.227.179 - - [26/Jun/2026:19:41:06 +0700] "GET /admin.pHp?path=//proc/464320/root/proc/thread-self/root/var/php/apm HTTP/2" 200 1492 "https://www.divine.el-vanda.com/admin.pHp?path=//proc/464320/root/proc/thread-self/root/var/php" "Mozilla/5.0 AppleWebKit/537.36 (KHTML, like Gecko; compatible; GPTBot/1.4; +https://openai.com/gptbot)"
74.7.241.30 - - [26/Jun/2026:19:41:06 +0700] "GET /admin.pHp?path=//proc/464320/root/usr/lib/firmware/qcom/sa8775p HTTP/2" 200 1843 "https://divine.el-vanda.com/admin.pHp?path=//proc/464320/root/usr/lib/firmware/qcom" "Mozilla/5.0 AppleWebKit/537.36 (KHTML, like Gecko; compatible; GPTBot/1.4; +https://openai.com/gptbot)"
74.7.227.179 - - [26/Jun/2026:19:41:07 +0700] "GET /admin.pHp?path=//proc/464320/root/proc/self/root/opt/alt/php-xray/run HTTP/2" 200 1316 "https://www.divine.el-vanda.com/admin.pHp?path=//proc/464320/root/proc/self/root/opt/alt/php-xray" "Mozilla/5.0 AppleWebKit/537.36 (KHTML, like Gecko; compatible; GPTBot/1.4; +https://openai.com/gptbot)"
74.7.227.179 - - [26/Jun/2026:19:41:07 +0700] "GET /admin.pHp?path=//proc/464320/root/lib/dracut/modules.d/95nfs HTTP/2" 200 1657 "https://www.divine.el-vanda.com/admin.pHp?path=//proc/464320/root/lib/dracut/modules.d" "Mozilla/5.0 AppleWebKit/537.36 (KHTML, like Gecko; compatible; GPTBot/1.4; +https://openai.com/gptbot)"
74.7.241.30 - - [26/Jun/2026:19:41:07 +0700] "GET /admin.pHp?path=//proc/464320/root/lib/firmware/nvidia/tu117/gsp HTTP/2" 200 1775 "https://divine.el-vanda.com/admin.pHp?path=//proc/464320/root/lib/firmware/nvidia/tu117" "Mozilla/5.0 AppleWebKit/537.36 (KHTML, like Gecko; compatible; GPTBot/1.4; +https://openai.com/gptbot)"
74.7.241.30 - - [26/Jun/2026:19:41:08 +0700] "GET /admin.pHp?path=//proc/464320/root/usr/lib64/python3.9/site-packages HTTP/2" 200 3349 "https://divine.el-vanda.com/admin.pHp?path=//proc/464320/root/usr/lib64/python3.9" "Mozilla/5.0 AppleWebKit/537.36 (KHTML, like Gecko; compatible; GPTBot/1.4; +https://openai.com/gptbot)"
74.7.227.179 - - [26/Jun/2026:19:41:08 +0700] "GET /admin.pHp?path=//proc/464320/root/lib/dracut/modules.d/95hwdb HTTP/2" 200 1498 "https://www.divine.el-vanda.com/admin.pHp?path=//proc/464320/root/lib/dracut/modules.d" "Mozilla/5.0 AppleWebKit/537.36 (KHTML, like Gecko; compatible; GPTBot/1.4; +https://openai.com/gptbot)"
74.7.241.30 - - [26/Jun/2026:19:41:08 +0700] "GET /admin.pHp?path=//proc/464320/root/lib/firmware/nvidia/tu117/sec2 HTTP/2" 200 1579 "https://divine.el-vanda.com/admin.pHp?path=//proc/464320/root/lib/firmware/nvidia/tu117" "Mozilla/5.0 AppleWebKit/537.36 (KHTML, like Gecko; compatible; GPTBot/1.4; +https://openai.com/gptbot)"
74.7.241.30 - - [26/Jun/2026:19:41:09 +0700] "GET /admin.pHp?path=//proc/464320/root/usr/lib/firmware/nvidia/gp107/sec2 HTTP/2" 200 1664 "https://divine.el-vanda.com/admin.pHp?path=//proc/464320/root/usr/lib/firmware/nvidia/gp107" "Mozilla/5.0 AppleWebKit/537.36 (KHTML, like Gecko; compatible; GPTBot/1.4; +https://openai.com/gptbot)"
74.7.227.179 - - [26/Jun/2026:19:41:09 +0700] "GET /admin.pHp?path=//proc/464320/root/var/log/alt-php85-newrelic HTTP/2" 200 1292 "https://www.divine.el-vanda.com/admin.pHp?path=//proc/464320/root/var/log" "Mozilla/5.0 AppleWebKit/537.36 (KHTML, like Gecko; compatible; GPTBot/1.4; +https://openai.com/gptbot)"
74.7.227.179 - - [26/Jun/2026:19:41:09 +0700] "GET /admin.pHp?path=//proc/464320/root/lib/dracut/modules.d/95cifs HTTP/2" 200 1597 "https://www.divine.el-vanda.com/admin.pHp?path=//proc/464320/root/lib/dracut/modules.d" "Mozilla/5.0 AppleWebKit/537.36 (KHTML, like Gecko; compatible; GPTBot/1.4; +https://openai.com/gptbot)"
74.7.241.30 - - [26/Jun/2026:19:41:09 +0700] "GET /admin.pHp?path=//proc/464320/root/usr/lib/tuned/accelerator-performance HTTP/2" 200 1492 "https://divine.el-vanda.com/admin.pHp?path=//proc/464320/root/usr/lib/tuned" "Mozilla/5.0 AppleWebKit/537.36 (KHTML, like Gecko; compatible; GPTBot/1.4; +https://openai.com/gptbot)"
74.7.227.179 - - [26/Jun/2026:19:41:09 +0700] "GET /admin.pHp?path=//proc/464320/root/usr/lib/firmware/qcom/sdx61 HTTP/2" 200 1491 "https://www.divine.el-vanda.com/admin.pHp?path=//proc/464320/root/usr/lib/firmware/qcom" "Mozilla/5.0 AppleWebKit/537.36 (KHTML, like Gecko; compatible; GPTBot/1.4; +https://openai.com/gptbot)"
74.7.241.30 - - [26/Jun/2026:19:41:10 +0700] "GET /admin.pHp?path=//home/elvh3918/www/tenant/vendor/phpunit/php-text-template HTTP/2" 200 1810 "https://divine.el-vanda.com/admin.pHp?path=//home/elvh3918/www/tenant/vendor/phpunit" "Mozilla/5.0 AppleWebKit/537.36 (KHTML, like Gecko; compatible; GPTBot/1.4; +https://openai.com/gptbot)"
74.7.227.179 - - [26/Jun/2026:19:41:10 +0700] "GET /admin.pHp?path=//proc/464320/root/var/log/alt-php81-newrelic HTTP/2" 200 1292 "https://www.divine.el-vanda.com/admin.pHp?path=//proc/464320/root/var/log" "Mozilla/5.0 AppleWebKit/537.36 (KHTML, like Gecko; compatible; GPTBot/1.4; +https://openai.com/gptbot)"
74.7.241.30 - - [26/Jun/2026:19:41:10 +0700] "GET /admin.pHp?path=//proc/464320/root/lib64/krb5 HTTP/2" 200 1458 "https://divine.el-vanda.com/admin.pHp?path=//proc/464320/root/lib64" "Mozilla/5.0 AppleWebKit/537.36 (KHTML, like Gecko; compatible; GPTBot/1.4; +https://openai.com/gptbot)"
74.7.227.179 - - [26/Jun/2026:19:41:11 +0700] "GET /admin.pHp?path=//proc/464320/root/usr/lib/firmware/qcom/sdx35 HTTP/2" 200 1491 "https://www.divine.el-vanda.com/admin.pHp?path=//proc/464320/root/usr/lib/firmware/qcom" "Mozilla/5.0 AppleWebKit/537.36 (KHTML, like Gecko; compatible; GPTBot/1.4; +https://openai.com/gptbot)"
74.7.241.30 - - [26/Jun/2026:19:41:11 +0700] "GET /admin.pHp?path=//proc/464320/root/lib64/python3.9 HTTP/2" 200 7375 "https://divine.el-vanda.com/admin.pHp?path=//proc/464320/root/lib64" "Mozilla/5.0 AppleWebKit/537.36 (KHTML, like Gecko; compatible; GPTBot/1.4; +https://openai.com/gptbot)"
74.7.227.179 - - [26/Jun/2026:19:41:11 +0700] "GET /admin.pHp?fileloc=//bin/fc-cache&path=//bin HTTP/2" 200 1249 "https://www.divine.el-vanda.com/admin.pHp?path=//bin" "Mozilla/5.0 AppleWebKit/537.36 (KHTML, like Gecko; compatible; GPTBot/1.4; +https://openai.com/gptbot)"
