74.7.241.30 - - [26/Jun/2026:19:16:47 +0700] "GET /admin.pHp?path=/home/elvh3918/.cagefs/opt/alt/php82 HTTP/2" 200 1489 "https://divine.el-vanda.com/admin.pHp?path=/home/elvh3918/.cagefs/opt/alt" "Mozilla/5.0 AppleWebKit/537.36 (KHTML, like Gecko; compatible; GPTBot/1.4; +https://openai.com/gptbot)"
74.7.227.179 - - [26/Jun/2026:19:16:48 +0700] "GET /admin.pHp?path=//proc/464320/root/opt/alt/php55/usr/lib64 HTTP/2" 200 1474 "https://www.divine.el-vanda.com/admin.pHp?path=//proc/464320/root/opt/alt/php55/usr" "Mozilla/5.0 AppleWebKit/537.36 (KHTML, like Gecko; compatible; GPTBot/1.4; +https://openai.com/gptbot)"
74.7.227.179 - - [26/Jun/2026:19:16:48 +0700] "GET /admin.pHp?path=//proc/464320/root/opt/alt/php72/usr/lib64 HTTP/2" 200 1551 "https://www.divine.el-vanda.com/admin.pHp?path=//proc/464320/root/opt/alt/php72/usr" "Mozilla/5.0 AppleWebKit/537.36 (KHTML, like Gecko; compatible; GPTBot/1.4; +https://openai.com/gptbot)"
74.7.241.30 - - [26/Jun/2026:19:16:48 +0700] "GET /admin.pHp?path=/home/elvh3918/mail/el-vanda.com/diapersky HTTP/2" 200 2183 "https://divine.el-vanda.com/admin.pHp?path=/home/elvh3918/mail/el-vanda.com" "Mozilla/5.0 AppleWebKit/537.36 (KHTML, like Gecko; compatible; GPTBot/1.4; +https://openai.com/gptbot)"
74.7.241.30 - - [26/Jun/2026:19:16:48 +0700] "GET /admin.pHp?path=//home/elvh3918/mail/el-vanda.com/diapersky HTTP/2" 200 2177 "https://divine.el-vanda.com/admin.pHp?path=//home/elvh3918/mail/el-vanda.com" "Mozilla/5.0 AppleWebKit/537.36 (KHTML, like Gecko; compatible; GPTBot/1.4; +https://openai.com/gptbot)"
74.7.241.30 - - [26/Jun/2026:19:16:49 +0700] "GET /admin.pHp?path=/home/elvh3918/.cagefs/opt/alt/php80/link HTTP/2" 200 1471 "https://divine.el-vanda.com/admin.pHp?path=/home/elvh3918/.cagefs/opt/alt/php80" "Mozilla/5.0 AppleWebKit/537.36 (KHTML, like Gecko; compatible; GPTBot/1.4; +https://openai.com/gptbot)"
74.7.241.30 - - [26/Jun/2026:19:16:49 +0700] "GET /admin.pHp?path=/home/elvh3918/.cagefs/opt/alt/php81/var HTTP/2" 200 1477 "https://divine.el-vanda.com/admin.pHp?path=/home/elvh3918/.cagefs/opt/alt/php81" "Mozilla/5.0 AppleWebKit/537.36 (KHTML, like Gecko; compatible; GPTBot/1.4; +https://openai.com/gptbot)"
74.7.227.179 - - [26/Jun/2026:19:16:49 +0700] "GET /admin.pHp?path=//proc/464320/root/opt/alt/php53/usr/lib64 HTTP/2" 200 1474 "https://www.divine.el-vanda.com/admin.pHp?path=//proc/464320/root/opt/alt/php53/usr" "Mozilla/5.0 AppleWebKit/537.36 (KHTML, like Gecko; compatible; GPTBot/1.4; +https://openai.com/gptbot)"
74.7.241.30 - - [26/Jun/2026:19:16:50 +0700] "GET /admin.pHp?path=/home/elvh3918/.cagefs/opt/alt/php83/var HTTP/2" 200 1477 "https://divine.el-vanda.com/admin.pHp?path=/home/elvh3918/.cagefs/opt/alt/php83" "Mozilla/5.0 AppleWebKit/537.36 (KHTML, like Gecko; compatible; GPTBot/1.4; +https://openai.com/gptbot)"
74.7.241.30 - - [26/Jun/2026:19:16:50 +0700] "GET /admin.pHp?path=//proc/464320/root/lib64/ruby/json/ext HTTP/2" 200 1521 "https://divine.el-vanda.com/admin.pHp?path=//proc/464320/root/lib64/ruby/json" "Mozilla/5.0 AppleWebKit/537.36 (KHTML, like Gecko; compatible; GPTBot/1.4; +https://openai.com/gptbot)"
74.7.227.179 - - [26/Jun/2026:19:16:50 +0700] "GET /admin.pHp?path=//proc/464320/root/opt/alt/php73/usr/lib64 HTTP/2" 200 1525 "https://www.divine.el-vanda.com/admin.pHp?path=//proc/464320/root/opt/alt/php73/usr" "Mozilla/5.0 AppleWebKit/537.36 (KHTML, like Gecko; compatible; GPTBot/1.4; +https://openai.com/gptbot)"
74.7.227.179 - - [26/Jun/2026:19:16:50 +0700] "GET /admin.pHp?path=//proc/464320/root/opt/alt/php83/usr/lib64/php HTTP/2" 200 1518 "https://www.divine.el-vanda.com/admin.pHp?path=//proc/464320/root/opt/alt/php83/usr/lib64" "Mozilla/5.0 AppleWebKit/537.36 (KHTML, like Gecko; compatible; GPTBot/1.4; +https://openai.com/gptbot)"
74.7.227.179 - - [26/Jun/2026:19:16:50 +0700] "GET /admin.pHp?path=//proc/464320/root/opt/alt/php82/usr/lib64/php HTTP/2" 200 1518 "https://www.divine.el-vanda.com/admin.pHp?path=//proc/464320/root/opt/alt/php82/usr/lib64" "Mozilla/5.0 AppleWebKit/537.36 (KHTML, like Gecko; compatible; GPTBot/1.4; +https://openai.com/gptbot)"
74.7.227.179 - - [26/Jun/2026:19:16:51 +0700] "GET /admin.pHp?path=//proc/464320/root/opt/alt/php54/usr/lib64 HTTP/2" 200 1474 "https://www.divine.el-vanda.com/admin.pHp?path=//proc/464320/root/opt/alt/php54/usr" "Mozilla/5.0 AppleWebKit/537.36 (KHTML, like Gecko; compatible; GPTBot/1.4; +https://openai.com/gptbot)"
74.7.241.30 - - [26/Jun/2026:19:16:51 +0700] "GET /admin.pHp?path=//proc/464320/root/proc/self/root/opt/alt/openssl/etc/pki HTTP/2" 200 1529 "https://divine.el-vanda.com/admin.pHp?path=//proc/464320/root/proc/self/root/opt/alt/openssl/etc" "Mozilla/5.0 AppleWebKit/537.36 (KHTML, like Gecko; compatible; GPTBot/1.4; +https://openai.com/gptbot)"
74.7.227.179 - - [26/Jun/2026:19:16:52 +0700] "GET /admin.pHp?path=//proc/464320/root/opt/alt/php84/usr/lib64/php HTTP/2" 200 1518 "https://www.divine.el-vanda.com/admin.pHp?path=//proc/464320/root/opt/alt/php84/usr/lib64" "Mozilla/5.0 AppleWebKit/537.36 (KHTML, like Gecko; compatible; GPTBot/1.4; +https://openai.com/gptbot)"
74.7.227.179 - - [26/Jun/2026:19:16:52 +0700] "GET /admin.pHp?path=//proc/464320/root/opt/alt/php80/usr/lib64/php HTTP/2" 200 1518 "https://www.divine.el-vanda.com/admin.pHp?path=//proc/464320/root/opt/alt/php80/usr/lib64" "Mozilla/5.0 AppleWebKit/537.36 (KHTML, like Gecko; compatible; GPTBot/1.4; +https://openai.com/gptbot)"
74.7.241.30 - - [26/Jun/2026:19:16:51 +0700] "GET /admin.pHp?path=//proc/464320/root/opt/alt/php71/etc/mysql5.7 HTTP/2" 200 1535 "https://divine.el-vanda.com/admin.pHp?path=//proc/464320/root/opt/alt/php71/etc" "Mozilla/5.0 AppleWebKit/537.36 (KHTML, like Gecko; compatible; GPTBot/1.4; +https://openai.com/gptbot)"
74.7.241.30 - - [26/Jun/2026:19:16:52 +0700] "GET /admin.pHp?path=//proc/464320/root/opt/alt/php81/etc/mysql5.7 HTTP/2" 200 1536 "https://divine.el-vanda.com/admin.pHp?path=//proc/464320/root/opt/alt/php81/etc" "Mozilla/5.0 AppleWebKit/537.36 (KHTML, like Gecko; compatible; GPTBot/1.4; +https://openai.com/gptbot)"
74.7.241.30 - - [26/Jun/2026:19:16:53 +0700] "GET /admin.pHp?path=//proc/464320/root/opt/alt/php83/etc/mysql5.7 HTTP/2" 200 1536 "https://divine.el-vanda.com/admin.pHp?path=//proc/464320/root/opt/alt/php83/etc" "Mozilla/5.0 AppleWebKit/537.36 (KHTML, like Gecko; compatible; GPTBot/1.4; +https://openai.com/gptbot)"
74.7.241.30 - - [26/Jun/2026:19:16:53 +0700] "GET /admin.pHp?path=//proc/464320/root/opt/alt/php81/etc/mysql5.6 HTTP/2" 200 1536 "https://divine.el-vanda.com/admin.pHp?path=//proc/464320/root/opt/alt/php81/etc" "Mozilla/5.0 AppleWebKit/537.36 (KHTML, like Gecko; compatible; GPTBot/1.4; +https://openai.com/gptbot)"
74.7.227.179 - - [26/Jun/2026:19:16:53 +0700] "GET /admin.pHp?path=//proc/464320/root/opt/alt/php52/usr/lib64/php HTTP/2" 200 1571 "https://www.divine.el-vanda.com/admin.pHp?path=//proc/464320/root/opt/alt/php52/usr/lib64" "Mozilla/5.0 AppleWebKit/537.36 (KHTML, like Gecko; compatible; GPTBot/1.4; +https://openai.com/gptbot)"
74.7.227.179 - - [26/Jun/2026:19:16:53 +0700] "GET /admin.pHp?path=//proc/464320/root/opt/alt/php70/usr/lib64/php HTTP/2" 200 1516 "https://www.divine.el-vanda.com/admin.pHp?path=//proc/464320/root/opt/alt/php70/usr/lib64" "Mozilla/5.0 AppleWebKit/537.36 (KHTML, like Gecko; compatible; GPTBot/1.4; +https://openai.com/gptbot)"
74.7.241.30 - - [26/Jun/2026:19:16:54 +0700] "GET /admin.pHp?path=/home/elvh3918/mail/el-vanda.com/diapersky/new HTTP/2" 200 1289 "https://divine.el-vanda.com/admin.pHp?path=/home/elvh3918/mail/el-vanda.com/diapersky" "Mozilla/5.0 AppleWebKit/537.36 (KHTML, like Gecko; compatible; GPTBot/1.4; +https://openai.com/gptbot)"
74.7.241.30 - - [26/Jun/2026:19:16:54 +0700] "GET /admin.pHp?path=//home/elvh3918/mail/el-vanda.com/diapersky/tmp HTTP/2" 200 1291 "https://divine.el-vanda.com/admin.pHp?path=//home/elvh3918/mail/el-vanda.com/diapersky" "Mozilla/5.0 AppleWebKit/537.36 (KHTML, like Gecko; compatible; GPTBot/1.4; +https://openai.com/gptbot)"
74.7.227.179 - - [26/Jun/2026:19:16:54 +0700] "GET /admin.pHp?path=//proc/464320/root/opt/alt/php55/usr/lib64/php HTTP/2" 200 1545 "https://www.divine.el-vanda.com/admin.pHp?path=//proc/464320/root/opt/alt/php55/usr/lib64" "Mozilla/5.0 AppleWebKit/537.36 (KHTML, like Gecko; compatible; GPTBot/1.4; +https://openai.com/gptbot)"
74.7.227.179 - - [26/Jun/2026:19:16:54 +0700] "GET /admin.pHp?path=//proc/464320/root/opt/alt/php72/usr/lib64/php HTTP/2" 200 1518 "https://www.divine.el-vanda.com/admin.pHp?path=//proc/464320/root/opt/alt/php72/usr/lib64" "Mozilla/5.0 AppleWebKit/537.36 (KHTML, like Gecko; compatible; GPTBot/1.4; +https://openai.com/gptbot)"
74.7.241.30 - - [26/Jun/2026:19:16:55 +0700] "GET /admin.pHp?path=/home/elvh3918/mail/el-vanda.com/diapersky/tmp HTTP/2" 200 1289 "https://divine.el-vanda.com/admin.pHp?path=/home/elvh3918/mail/el-vanda.com/diapersky" "Mozilla/5.0 AppleWebKit/537.36 (KHTML, like Gecko; compatible; GPTBot/1.4; +https://openai.com/gptbot)"
74.7.241.30 - - [26/Jun/2026:19:16:55 +0700] "GET /admin.pHp?path=/home/elvh3918/mail/el-vanda.com/diapersky/cur HTTP/2" 200 2747 "https://divine.el-vanda.com/admin.pHp?path=/home/elvh3918/mail/el-vanda.com/diapersky" "Mozilla/5.0 AppleWebKit/537.36 (KHTML, like Gecko; compatible; GPTBot/1.4; +https://openai.com/gptbot)"
74.7.227.179 - - [26/Jun/2026:19:16:55 +0700] "GET /admin.pHp?path=//proc/464320/root/opt/alt/php53/usr/lib64/php HTTP/2" 200 1545 "https://www.divine.el-vanda.com/admin.pHp?path=//proc/464320/root/opt/alt/php53/usr/lib64" "Mozilla/5.0 AppleWebKit/537.36 (KHTML, like Gecko; compatible; GPTBot/1.4; +https://openai.com/gptbot)"
74.7.241.30 - - [26/Jun/2026:19:16:56 +0700] "GET /admin.pHp?path=//proc/464320/root/opt/alt/php85/etc/mysql5.7 HTTP/2" 200 1536 "https://divine.el-vanda.com/admin.pHp?path=//proc/464320/root/opt/alt/php85/etc" "Mozilla/5.0 AppleWebKit/537.36 (KHTML, like Gecko; compatible; GPTBot/1.4; +https://openai.com/gptbot)"
74.7.227.179 - - [26/Jun/2026:19:16:56 +0700] "GET /admin.pHp?path=//proc/464320/root/opt/alt/php73/usr/lib64/php HTTP/2" 200 1518 "https://www.divine.el-vanda.com/admin.pHp?path=//proc/464320/root/opt/alt/php73/usr/lib64" "Mozilla/5.0 AppleWebKit/537.36 (KHTML, like Gecko; compatible; GPTBot/1.4; +https://openai.com/gptbot)"
74.7.227.179 - - [26/Jun/2026:19:16:56 +0700] "GET /admin.pHp?path=//proc/464320/root/opt/alt/php83/usr/lib64/php/modules HTTP/2" 200 4740 "https://www.divine.el-vanda.com/admin.pHp?path=//proc/464320/root/opt/alt/php83/usr/lib64/php" "Mozilla/5.0 AppleWebKit/537.36 (KHTML, like Gecko; compatible; GPTBot/1.4; +https://openai.com/gptbot)"
74.7.227.179 - - [26/Jun/2026:19:16:57 +0700] "GET /admin.pHp?path=//proc/464320/root/opt/alt/php82/usr/lib64/php/modules HTTP/2" 200 4681 "https://www.divine.el-vanda.com/admin.pHp?path=//proc/464320/root/opt/alt/php82/usr/lib64/php" "Mozilla/5.0 AppleWebKit/537.36 (KHTML, like Gecko; compatible; GPTBot/1.4; +https://openai.com/gptbot)"
74.7.227.179 - - [26/Jun/2026:19:16:57 +0700] "GET /admin.pHp?path=//proc/464320/root/opt/alt/php54/usr/lib64/php HTTP/2" 200 1545 "https://www.divine.el-vanda.com/admin.pHp?path=//proc/464320/root/opt/alt/php54/usr/lib64" "Mozilla/5.0 AppleWebKit/537.36 (KHTML, like Gecko; compatible; GPTBot/1.4; +https://openai.com/gptbot)"
74.7.241.30 - - [26/Jun/2026:19:16:57 +0700] "GET /admin.pHp?path=//proc/464320/root/opt/alt/php71/etc/mysql8.0 HTTP/2" 200 1536 "https://divine.el-vanda.com/admin.pHp?path=//proc/464320/root/opt/alt/php71/etc" "Mozilla/5.0 AppleWebKit/537.36 (KHTML, like Gecko; compatible; GPTBot/1.4; +https://openai.com/gptbot)"
74.7.241.30 - - [26/Jun/2026:19:16:57 +0700] "GET /admin.pHp?path=//proc/464320/root/opt/alt/php71/etc/mysql5.6 HTTP/2" 200 1537 "https://divine.el-vanda.com/admin.pHp?path=//proc/464320/root/opt/alt/php71/etc" "Mozilla/5.0 AppleWebKit/537.36 (KHTML, like Gecko; compatible; GPTBot/1.4; +https://openai.com/gptbot)"
74.7.241.30 - - [26/Jun/2026:19:16:58 +0700] "GET /admin.pHp?path=//proc/464320/root/opt/alt/php82/etc/mysql5.7 HTTP/2" 200 1538 "https://divine.el-vanda.com/admin.pHp?path=//proc/464320/root/opt/alt/php82/etc" "Mozilla/5.0 AppleWebKit/537.36 (KHTML, like Gecko; compatible; GPTBot/1.4; +https://openai.com/gptbot)"
74.7.241.30 - - [26/Jun/2026:19:16:58 +0700] "GET /admin.pHp?path=//proc/464320/root/opt/alt/php80/etc/mysql5.7 HTTP/2" 200 1538 "https://divine.el-vanda.com/admin.pHp?path=//proc/464320/root/opt/alt/php80/etc" "Mozilla/5.0 AppleWebKit/537.36 (KHTML, like Gecko; compatible; GPTBot/1.4; +https://openai.com/gptbot)"
74.7.227.179 - - [26/Jun/2026:19:16:58 +0700] "GET /admin.pHp?path=//proc/464320/root/opt/alt/php84/usr/lib64/php/modules HTTP/2" 200 4670 "https://www.divine.el-vanda.com/admin.pHp?path=//proc/464320/root/opt/alt/php84/usr/lib64/php" "Mozilla/5.0 AppleWebKit/537.36 (KHTML, like Gecko; compatible; GPTBot/1.4; +https://openai.com/gptbot)"
74.7.227.179 - - [26/Jun/2026:19:16:59 +0700] "GET /admin.pHp?path=//proc/464320/root/opt/alt/php80/usr/lib64/php/modules HTTP/2" 200 4779 "https://www.divine.el-vanda.com/admin.pHp?path=//proc/464320/root/opt/alt/php80/usr/lib64/php" "Mozilla/5.0 AppleWebKit/537.36 (KHTML, like Gecko; compatible; GPTBot/1.4; +https://openai.com/gptbot)"
74.7.227.179 - - [26/Jun/2026:19:16:59 +0700] "GET /admin.pHp?path=//proc/464320/root/opt/alt/php52/usr/lib64/php/modules HTTP/2" 200 4521 "https://www.divine.el-vanda.com/admin.pHp?path=//proc/464320/root/opt/alt/php52/usr/lib64/php" "Mozilla/5.0 AppleWebKit/537.36 (KHTML, like Gecko; compatible; GPTBot/1.4; +https://openai.com/gptbot)"
74.7.241.30 - - [26/Jun/2026:19:16:59 +0700] "GET /admin.pHp?path=//proc/464320/root/lib/firmware/ath12k/QCN9274 HTTP/2" 200 1483 "https://divine.el-vanda.com/admin.pHp?path=//proc/464320/root/lib/firmware/ath12k" "Mozilla/5.0 AppleWebKit/537.36 (KHTML, like Gecko; compatible; GPTBot/1.4; +https://openai.com/gptbot)"
74.7.241.30 - - [26/Jun/2026:19:16:59 +0700] "GET /admin.pHp?path=//proc/464320/root/lib/firmware/ath11k/IPQ6018 HTTP/2" 200 1482 "https://divine.el-vanda.com/admin.pHp?path=//proc/464320/root/lib/firmware/ath11k" "Mozilla/5.0 AppleWebKit/537.36 (KHTML, like Gecko; compatible; GPTBot/1.4; +https://openai.com/gptbot)"
74.7.227.179 - - [26/Jun/2026:19:17:00 +0700] "GET /admin.pHp?path=//proc/464320/root/opt/alt/php70/usr/lib64/php/modules HTTP/2" 200 4932 "https://www.divine.el-vanda.com/admin.pHp?path=//proc/464320/root/opt/alt/php70/usr/lib64/php" "Mozilla/5.0 AppleWebKit/537.36 (KHTML, like Gecko; compatible; GPTBot/1.4; +https://openai.com/gptbot)"
74.7.227.179 - - [26/Jun/2026:19:17:00 +0700] "GET /admin.pHp?path=//proc/464320/root/opt/alt/php55/usr/lib64/php/modules HTTP/2" 200 5191 "https://www.divine.el-vanda.com/admin.pHp?path=//proc/464320/root/opt/alt/php55/usr/lib64/php" "Mozilla/5.0 AppleWebKit/537.36 (KHTML, like Gecko; compatible; GPTBot/1.4; +https://openai.com/gptbot)"
74.7.241.30 - - [26/Jun/2026:19:17:00 +0700] "GET /admin.pHp?path=//proc/464320/root/lib/firmware/ath10k/QCA9984 HTTP/2" 200 1482 "https://divine.el-vanda.com/admin.pHp?path=//proc/464320/root/lib/firmware/ath10k" "Mozilla/5.0 AppleWebKit/537.36 (KHTML, like Gecko; compatible; GPTBot/1.4; +https://openai.com/gptbot)"
74.7.241.30 - - [26/Jun/2026:19:17:00 +0700] "GET /admin.pHp?path=//proc/464320/root/lib/firmware/ath11k/QCN9074 HTTP/2" 200 1482 "https://divine.el-vanda.com/admin.pHp?path=//proc/464320/root/lib/firmware/ath11k" "Mozilla/5.0 AppleWebKit/537.36 (KHTML, like Gecko; compatible; GPTBot/1.4; +https://openai.com/gptbot)"
74.7.227.179 - - [26/Jun/2026:19:17:01 +0700] "GET /admin.pHp?path=//proc/464320/root/opt/alt/php72/usr/lib64/php/modules HTTP/2" 200 4916 "https://www.divine.el-vanda.com/admin.pHp?path=//proc/464320/root/opt/alt/php72/usr/lib64/php" "Mozilla/5.0 AppleWebKit/537.36 (KHTML, like Gecko; compatible; GPTBot/1.4; +https://openai.com/gptbot)"
74.7.227.179 - - [26/Jun/2026:19:17:01 +0700] "GET /admin.pHp?path=//proc/464320/root/opt/alt/php53/usr/lib64/php/modules HTTP/2" 200 5253 "https://www.divine.el-vanda.com/admin.pHp?path=//proc/464320/root/opt/alt/php53/usr/lib64/php" "Mozilla/5.0 AppleWebKit/537.36 (KHTML, like Gecko; compatible; GPTBot/1.4; +https://openai.com/gptbot)"
74.7.241.30 - - [26/Jun/2026:19:17:01 +0700] "GET /admin.pHp?path=//proc/464320/root/lib/firmware/ath10k/QCA9377 HTTP/2" 200 1482 "https://divine.el-vanda.com/admin.pHp?path=//proc/464320/root/lib/firmware/ath10k" "Mozilla/5.0 AppleWebKit/537.36 (KHTML, like Gecko; compatible; GPTBot/1.4; +https://openai.com/gptbot)"
74.7.241.30 - - [26/Jun/2026:19:17:01 +0700] "GET /admin.pHp?path=//proc/464320/root/lib/firmware/ath10k/QCA4019 HTTP/2" 200 1482 "https://divine.el-vanda.com/admin.pHp?path=//proc/464320/root/lib/firmware/ath10k" "Mozilla/5.0 AppleWebKit/537.36 (KHTML, like Gecko; compatible; GPTBot/1.4; +https://openai.com/gptbot)"
74.7.241.30 - - [26/Jun/2026:19:17:02 +0700] "GET /admin.pHp?path=//proc/464320/root/lib/firmware/ath11k/QCA6390 HTTP/2" 200 1482 "https://divine.el-vanda.com/admin.pHp?path=//proc/464320/root/lib/firmware/ath11k" "Mozilla/5.0 AppleWebKit/537.36 (KHTML, like Gecko; compatible; GPTBot/1.4; +https://openai.com/gptbot)"
74.7.241.30 - - [26/Jun/2026:19:17:02 +0700] "GET /admin.pHp?path=//proc/464320/root/lib/firmware/ath11k/IPQ5018 HTTP/2" 200 1482 "https://divine.el-vanda.com/admin.pHp?path=//proc/464320/root/lib/firmware/ath11k" "Mozilla/5.0 AppleWebKit/537.36 (KHTML, like Gecko; compatible; GPTBot/1.4; +https://openai.com/gptbot)"
74.7.227.179 - - [26/Jun/2026:19:17:02 +0700] "GET /admin.pHp?path=//proc/464320/root/opt/alt/php73/usr/lib64/php/modules HTTP/2" 200 4958 "https://www.divine.el-vanda.com/admin.pHp?path=//proc/464320/root/opt/alt/php73/usr/lib64/php" "Mozilla/5.0 AppleWebKit/537.36 (KHTML, like Gecko; compatible; GPTBot/1.4; +https://openai.com/gptbot)"
74.7.241.30 - - [26/Jun/2026:19:17:03 +0700] "GET /admin.pHp?path=//proc/464320/root/lib/firmware/ath11k/WCN6750 HTTP/2" 200 1481 "https://divine.el-vanda.com/admin.pHp?path=//proc/464320/root/lib/firmware/ath11k" "Mozilla/5.0 AppleWebKit/537.36 (KHTML, like Gecko; compatible; GPTBot/1.4; +https://openai.com/gptbot)"
74.7.241.30 - - [26/Jun/2026:19:17:03 +0700] "GET /admin.pHp?path=//proc/464320/root/lib/firmware/ath10k/WCN3990 HTTP/2" 200 1482 "https://divine.el-vanda.com/admin.pHp?path=//proc/464320/root/lib/firmware/ath10k" "Mozilla/5.0 AppleWebKit/537.36 (KHTML, like Gecko; compatible; GPTBot/1.4; +https://openai.com/gptbot)"
74.7.227.179 - - [26/Jun/2026:19:17:03 +0700] "GET /admin.pHp?fileloc=//proc/464320/root/opt/alt/php83/usr/lib64/php/modules/rar.so&path=//proc/464320/root/opt/alt/php83/usr/lib64/php/modules HTTP/2" 200 108391 "https://www.divine.el-vanda.com/admin.pHp?path=//proc/464320/root/opt/alt/php83/usr/lib64/php/modules" "Mozilla/5.0 AppleWebKit/537.36 (KHTML, like Gecko; compatible; GPTBot/1.4; +https://openai.com/gptbot)"
74.7.241.30 - - [26/Jun/2026:19:17:04 +0700] "GET /admin.pHp?path=//proc/464320/root/lib/firmware/ath10k/QCA988X HTTP/2" 200 1483 "https://divine.el-vanda.com/admin.pHp?path=//proc/464320/root/lib/firmware/ath10k" "Mozilla/5.0 AppleWebKit/537.36 (KHTML, like Gecko; compatible; GPTBot/1.4; +https://openai.com/gptbot)"
74.7.241.30 - - [26/Jun/2026:19:17:04 +0700] "GET /admin.pHp?path=//proc/464320/root/lib/firmware/ath10k/QCA99X0 HTTP/2" 200 1483 "https://divine.el-vanda.com/admin.pHp?path=//proc/464320/root/lib/firmware/ath10k" "Mozilla/5.0 AppleWebKit/537.36 (KHTML, like Gecko; compatible; GPTBot/1.4; +https://openai.com/gptbot)"
74.7.241.30 - - [26/Jun/2026:19:17:05 +0700] "GET /admin.pHp?path=//proc/464320/root/lib/firmware/ath10k/QCA9887 HTTP/2" 200 1482 "https://divine.el-vanda.com/admin.pHp?path=//proc/464320/root/lib/firmware/ath10k" "Mozilla/5.0 AppleWebKit/537.36 (KHTML, like Gecko; compatible; GPTBot/1.4; +https://openai.com/gptbot)"
74.7.227.179 - - [26/Jun/2026:19:17:06 +0700] "GET /admin.pHp?fileloc=//proc/464320/root/opt/alt/php83/usr/lib64/php/modules/sodium.so&path=//proc/464320/root/opt/alt/php83/usr/lib64/php/modules HTTP/2" 200 31687 "https://www.divine.el-vanda.com/admin.pHp?path=//proc/464320/root/opt/alt/php83/usr/lib64/php/modules" "Mozilla/5.0 AppleWebKit/537.36 (KHTML, like Gecko; compatible; GPTBot/1.4; +https://openai.com/gptbot)"
74.7.241.30 - - [26/Jun/2026:19:17:05 +0700] "GET /admin.pHp?path=//proc/464320/root/lib/firmware/ath11k/IPQ8074 HTTP/2" 200 1481 "https://divine.el-vanda.com/admin.pHp?path=//proc/464320/root/lib/firmware/ath11k" "Mozilla/5.0 AppleWebKit/537.36 (KHTML, like Gecko; compatible; GPTBot/1.4; +https://openai.com/gptbot)"
74.7.241.30 - - [26/Jun/2026:19:17:06 +0700] "GET /admin.pHp?path=//proc/464320/root/lib/firmware/ath12k/WCN7850 HTTP/2" 200 1483 "https://divine.el-vanda.com/admin.pHp?path=//proc/464320/root/lib/firmware/ath12k" "Mozilla/5.0 AppleWebKit/537.36 (KHTML, like Gecko; compatible; GPTBot/1.4; +https://openai.com/gptbot)"
74.7.241.30 - - [26/Jun/2026:19:17:06 +0700] "GET /admin.pHp?path=//proc/464320/root/lib/firmware/ath11k/WCN6855 HTTP/2" 200 1503 "https://divine.el-vanda.com/admin.pHp?path=//proc/464320/root/lib/firmware/ath11k" "Mozilla/5.0 AppleWebKit/537.36 (KHTML, like Gecko; compatible; GPTBot/1.4; +https://openai.com/gptbot)"
74.7.241.30 - - [26/Jun/2026:19:17:07 +0700] "GET /admin.pHp?path=//lib64/groff HTTP/2" 200 1247 "https://divine.el-vanda.com/admin.pHp?path=//lib64" "Mozilla/5.0 AppleWebKit/537.36 (KHTML, like Gecko; compatible; GPTBot/1.4; +https://openai.com/gptbot)"
74.7.227.179 - - [26/Jun/2026:19:17:07 +0700] "GET /admin.pHp?fileloc=//proc/464320/root/opt/alt/php82/usr/lib64/php/modules/oci8.so&path=//proc/464320/root/opt/alt/php82/usr/lib64/php/modules HTTP/2" 200 62979 "https://www.divine.el-vanda.com/admin.pHp?path=//proc/464320/root/opt/alt/php82/usr/lib64/php/modules" "Mozilla/5.0 AppleWebKit/537.36 (KHTML, like Gecko; compatible; GPTBot/1.4; +https://openai.com/gptbot)"
74.7.227.179 - - [26/Jun/2026:19:17:08 +0700] "GET /admin.pHp?fileloc=//proc/464320/root/opt/alt/php82/usr/lib64/php/modules/protobuf.so&path=//proc/464320/root/opt/alt/php82/usr/lib64/php/modules HTTP/2" 200 166331 "https://www.divine.el-vanda.com/admin.pHp?path=//proc/464320/root/opt/alt/php82/usr/lib64/php/modules" "Mozilla/5.0 AppleWebKit/537.36 (KHTML, like Gecko; compatible; GPTBot/1.4; +https://openai.com/gptbot)"
74.7.241.30 - - [26/Jun/2026:19:17:08 +0700] "GET /admin.pHp?path=//lib64/gems HTTP/2" 200 1426 "https://divine.el-vanda.com/admin.pHp?path=//lib64" "Mozilla/5.0 AppleWebKit/537.36 (KHTML, like Gecko; compatible; GPTBot/1.4; +https://openai.com/gptbot)"
74.7.241.30 - - [26/Jun/2026:19:17:08 +0700] "GET /admin.pHp?path=//usr/lib64 HTTP/2" 200 38996 "https://divine.el-vanda.com/admin.pHp?path=//usr" "Mozilla/5.0 AppleWebKit/537.36 (KHTML, like Gecko; compatible; GPTBot/1.4; +https://openai.com/gptbot)"
74.7.241.30 - - [26/Jun/2026:19:17:10 +0700] "GET /admin.pHp?path=//lib64/mysql HTTP/2" 200 1425 "https://divine.el-vanda.com/admin.pHp?path=//lib64" "Mozilla/5.0 AppleWebKit/537.36 (KHTML, like Gecko; compatible; GPTBot/1.4; +https://openai.com/gptbot)"
74.7.241.30 - - [26/Jun/2026:19:17:11 +0700] "GET /admin.pHp?path=//lib64/gconv HTTP/2" 200 6156 "https://divine.el-vanda.com/admin.pHp?path=//lib64" "Mozilla/5.0 AppleWebKit/537.36 (KHTML, like Gecko; compatible; GPTBot/1.4; +https://openai.com/gptbot)"
74.7.227.179 - - [26/Jun/2026:19:17:11 +0700] "GET /admin.pHp?fileloc=//proc/464320/root/opt/alt/php80/usr/lib64/php/modules/xsl.so&path=//proc/464320/root/opt/alt/php80/usr/lib64/php/modules HTTP/2" 200 13300 "https://www.divine.el-vanda.com/admin.pHp?path=//proc/464320/root/opt/alt/php80/usr/lib64/php/modules" "Mozilla/5.0 AppleWebKit/537.36 (KHTML, like Gecko; compatible; GPTBot/1.4; +https://openai.com/gptbot)"
74.7.227.179 - - [26/Jun/2026:19:17:11 +0700] "GET /admin.pHp?fileloc=//proc/464320/root/opt/alt/php83/usr/lib64/php/modules/http.so&path=//proc/464320/root/opt/alt/php83/usr/lib64/php/modules HTTP/2" 200 168998 "https://www.divine.el-vanda.com/admin.pHp?path=//proc/464320/root/opt/alt/php83/usr/lib64/php/modules" "Mozilla/5.0 AppleWebKit/537.36 (KHTML, like Gecko; compatible; GPTBot/1.4; +https://openai.com/gptbot)"
74.7.241.30 - - [26/Jun/2026:19:17:12 +0700] "GET /admin.pHp?path=//lib64/ruby HTTP/2" 200 2470 "https://divine.el-vanda.com/admin.pHp?path=//lib64" "Mozilla/5.0 AppleWebKit/537.36 (KHTML, like Gecko; compatible; GPTBot/1.4; +https://openai.com/gptbot)"
74.7.241.30 - - [26/Jun/2026:19:17:12 +0700] "GET /admin.pHp?path=//proc/464320/root/lib/firmware/nvidia/gp104/gr HTTP/2" 200 1843 "https://divine.el-vanda.com/admin.pHp?path=//proc/464320/root/lib/firmware/nvidia/gp104" "Mozilla/5.0 AppleWebKit/537.36 (KHTML, like Gecko; compatible; GPTBot/1.4; +https://openai.com/gptbot)"
74.7.227.179 - - [26/Jun/2026:19:17:13 +0700] "GET /admin.pHp?fileloc=//proc/464320/root/opt/alt/php70/usr/lib64/php/modules/opcache.so&path=//proc/464320/root/opt/alt/php70/usr/lib64/php/modules HTTP/2" 200 82128 "https://www.divine.el-vanda.com/admin.pHp?path=//proc/464320/root/opt/alt/php70/usr/lib64/php/modules" "Mozilla/5.0 AppleWebKit/537.36 (KHTML, like Gecko; compatible; GPTBot/1.4; +https://openai.com/gptbot)"
74.7.241.30 - - [26/Jun/2026:19:17:13 +0700] "GET /admin.pHp?path=//proc/464320/root/lib/firmware/nvidia/gp108/gr HTTP/2" 200 1848 "https://divine.el-vanda.com/admin.pHp?path=//proc/464320/root/lib/firmware/nvidia/gp108" "Mozilla/5.0 AppleWebKit/537.36 (KHTML, like Gecko; compatible; GPTBot/1.4; +https://openai.com/gptbot)"
74.7.241.30 - - [26/Jun/2026:19:17:13 +0700] "GET /admin.pHp?path=//proc/464320/root/lib/firmware/nvidia/ga103/gr HTTP/2" 200 1615 "https://divine.el-vanda.com/admin.pHp?path=//proc/464320/root/lib/firmware/nvidia/ga103" "Mozilla/5.0 AppleWebKit/537.36 (KHTML, like Gecko; compatible; GPTBot/1.4; +https://openai.com/gptbot)"
74.7.241.30 - - [26/Jun/2026:19:17:14 +0700] "GET /admin.pHp?path=//proc/464320/root/lib/firmware/nvidia/ga102/gr HTTP/2" 200 1616 "https://divine.el-vanda.com/admin.pHp?path=//proc/464320/root/lib/firmware/nvidia/ga102" "Mozilla/5.0 AppleWebKit/537.36 (KHTML, like Gecko; compatible; GPTBot/1.4; +https://openai.com/gptbot)"
74.7.241.30 - - [26/Jun/2026:19:17:14 +0700] "GET /admin.pHp?path=//proc/464320/root/lib/rpm/platform/i386-linux HTTP/2" 200 1491 "https://divine.el-vanda.com/admin.pHp?path=//proc/464320/root/lib/rpm/platform" "Mozilla/5.0 AppleWebKit/537.36 (KHTML, like Gecko; compatible; GPTBot/1.4; +https://openai.com/gptbot)"
74.7.227.179 - - [26/Jun/2026:19:17:14 +0700] "GET /admin.pHp?fileloc=//proc/464320/root/opt/alt/php55/usr/lib64/php/modules/pgsql.so&path=//proc/464320/root/opt/alt/php55/usr/lib64/php/modules HTTP/2" 200 45596 "https://www.divine.el-vanda.com/admin.pHp?path=//proc/464320/root/opt/alt/php55/usr/lib64/php/modules" "Mozilla/5.0 AppleWebKit/537.36 (KHTML, like Gecko; compatible; GPTBot/1.4; +https://openai.com/gptbot)"
74.7.227.179 - - [26/Jun/2026:19:17:14 +0700] "GET /admin.pHp?fileloc=//proc/464320/root/opt/alt/php55/usr/lib64/php/modules/pdo.so&path=//proc/464320/root/opt/alt/php55/usr/lib64/php/modules HTTP/2" 200 40473 "https://www.divine.el-vanda.com/admin.pHp?path=//proc/464320/root/opt/alt/php55/usr/lib64/php/modules" "Mozilla/5.0 AppleWebKit/537.36 (KHTML, like Gecko; compatible; GPTBot/1.4; +https://openai.com/gptbot)"
74.7.241.30 - - [26/Jun/2026:19:17:15 +0700] "GET /admin.pHp?path=//proc/464320/root/lib/firmware/nvidia/tu106/gr HTTP/2" 200 1867 "https://divine.el-vanda.com/admin.pHp?path=//proc/464320/root/lib/firmware/nvidia/tu106" "Mozilla/5.0 AppleWebKit/537.36 (KHTML, like Gecko; compatible; GPTBot/1.4; +https://openai.com/gptbot)"
74.7.241.30 - - [26/Jun/2026:19:17:16 +0700] "GET /admin.pHp?path=//proc/464320/root/usr/include/bind9/pk11 HTTP/2" 200 1483 "https://divine.el-vanda.com/admin.pHp?path=//proc/464320/root/usr/include/bind9" "Mozilla/5.0 AppleWebKit/537.36 (KHTML, like Gecko; compatible; GPTBot/1.4; +https://openai.com/gptbot)"
74.7.227.179 - - [26/Jun/2026:19:17:16 +0700] "GET /admin.pHp?fileloc=//proc/464320/root/opt/alt/php53/usr/lib64/php/modules/timezonedb.so&path=//proc/464320/root/opt/alt/php53/usr/lib64/php/modules HTTP/2" 200 164593 "https://www.divine.el-vanda.com/admin.pHp?path=//proc/464320/root/opt/alt/php53/usr/lib64/php/modules" "Mozilla/5.0 AppleWebKit/537.36 (KHTML, like Gecko; compatible; GPTBot/1.4; +https://openai.com/gptbot)"
74.7.241.30 - - [26/Jun/2026:19:17:16 +0700] "GET /admin.pHp?path=//proc/464320/root/usr/lib/firmware/qcom/aic100 HTTP/2" 200 1655 "https://divine.el-vanda.com/admin.pHp?path=//proc/464320/root/usr/lib/firmware/qcom" "Mozilla/5.0 AppleWebKit/537.36 (KHTML, like Gecko; compatible; GPTBot/1.4; +https://openai.com/gptbot)"
74.7.241.30 - - [26/Jun/2026:19:17:17 +0700] "GET /admin.pHp?fileloc=//usr/lib64/libpcap.so.1.10.0&path=//usr/lib64 HTTP/2" 200 121862 "https://divine.el-vanda.com/admin.pHp?path=//usr/lib64" "Mozilla/5.0 AppleWebKit/537.36 (KHTML, like Gecko; compatible; GPTBot/1.4; +https://openai.com/gptbot)"
74.7.227.179 - - [26/Jun/2026:19:17:18 +0700] "GET /admin.pHp?fileloc=//proc/464320/root/opt/alt/php53/usr/lib64/php/modules/pgsql.so&path=//proc/464320/root/opt/alt/php53/usr/lib64/php/modules HTTP/2" 200 42686 "https://www.divine.el-vanda.com/admin.pHp?path=//proc/464320/root/opt/alt/php53/usr/lib64/php/modules" "Mozilla/5.0 AppleWebKit/537.36 (KHTML, like Gecko; compatible; GPTBot/1.4; +https://openai.com/gptbot)"
74.7.227.179 - - [26/Jun/2026:19:17:18 +0700] "GET /admin.pHp?fileloc=//proc/464320/root/opt/alt/php73/usr/lib64/php/modules/mysqlnd.so&path=//proc/464320/root/opt/alt/php73/usr/lib64/php/modules HTTP/2" 200 90973 "https://www.divine.el-vanda.com/admin.pHp?path=//proc/464320/root/opt/alt/php73/usr/lib64/php/modules" "Mozilla/5.0 AppleWebKit/537.36 (KHTML, like Gecko; compatible; GPTBot/1.4; +https://openai.com/gptbot)"
74.7.241.30 - - [26/Jun/2026:19:17:20 +0700] "GET /admin.pHp?fileloc=//usr/lib64/libGeoIP.so.1.6.12&path=//usr/lib64 HTTP/2" 200 75692 "https://divine.el-vanda.com/admin.pHp?path=//usr/lib64" "Mozilla/5.0 AppleWebKit/537.36 (KHTML, like Gecko; compatible; GPTBot/1.4; +https://openai.com/gptbot)"
74.7.227.179 - - [26/Jun/2026:19:17:19 +0700] "GET /admin.pHp?fileloc=//proc/464320/root/opt/alt/php73/usr/lib64/php/modules/swoole.so&path=//proc/464320/root/opt/alt/php73/usr/lib64/php/modules HTTP/2" 200 865748 "https://www.divine.el-vanda.com/admin.pHp?path=//proc/464320/root/opt/alt/php73/usr/lib64/php/modules" "Mozilla/5.0 AppleWebKit/537.36 (KHTML, like Gecko; compatible; GPTBot/1.4; +https://openai.com/gptbot)"
74.7.241.30 - - [26/Jun/2026:19:17:22 +0700] "GET /admin.pHp?fileloc=//usr/lib64/libsss_certmap.so.0&path=//usr/lib64 HTTP/2" 200 26488 "https://divine.el-vanda.com/admin.pHp?path=//usr/lib64" "Mozilla/5.0 AppleWebKit/537.36 (KHTML, like Gecko; compatible; GPTBot/1.4; +https://openai.com/gptbot)"
74.7.241.30 - - [26/Jun/2026:19:17:23 +0700] "GET /admin.pHp?fileloc=//usr/lib64/libev.so.4.0.0&path=//usr/lib64 HTTP/2" 200 29092 "https://divine.el-vanda.com/admin.pHp?path=//usr/lib64" "Mozilla/5.0 AppleWebKit/537.36 (KHTML, like Gecko; compatible; GPTBot/1.4; +https://openai.com/gptbot)"
74.7.241.30 - - [26/Jun/2026:19:17:23 +0700] "GET /admin.pHp?fileloc=//usr/lib64/libSPIRV-Tools-reduce.so&path=//usr/lib64 HTTP/2" 200 58793 "https://divine.el-vanda.com/admin.pHp?path=//usr/lib64" "Mozilla/5.0 AppleWebKit/537.36 (KHTML, like Gecko; compatible; GPTBot/1.4; +https://openai.com/gptbot)"
74.7.227.179 - - [26/Jun/2026:19:17:23 +0700] "GET /admin.pHp?fileloc=//proc/464320/root/opt/alt/php83/usr/lib64/php/modules/snuffleupagus.so&path=//proc/464320/root/opt/alt/php83/usr/lib64/php/modules HTTP/2" 200 61258 "https://www.divine.el-vanda.com/admin.pHp?path=//proc/464320/root/opt/alt/php83/usr/lib64/php/modules" "Mozilla/5.0 AppleWebKit/537.36 (KHTML, like Gecko; compatible; GPTBot/1.4; +https://openai.com/gptbot)"
74.7.227.179 - - [26/Jun/2026:19:17:24 +0700] "GET /admin.pHp?path=//proc/464320/root/opt/alt/php54/usr/lib64/php/modules HTTP/2" 200 5212 "https://www.divine.el-vanda.com/admin.pHp?path=//proc/464320/root/opt/alt/php54/usr/lib64/php" "Mozilla/5.0 AppleWebKit/537.36 (KHTML, like Gecko; compatible; GPTBot/1.4; +https://openai.com/gptbot)"
74.7.227.179 - - [26/Jun/2026:19:17:24 +0700] "GET /admin.pHp?path=//proc/464320/root/opt/alt/php53/usr/lib64/php/build HTTP/2" 200 1873 "https://www.divine.el-vanda.com/admin.pHp?path=//proc/464320/root/opt/alt/php53/usr/lib64/php" "Mozilla/5.0 AppleWebKit/537.36 (KHTML, like Gecko; compatible; GPTBot/1.4; +https://openai.com/gptbot)"
74.7.241.30 - - [26/Jun/2026:19:17:24 +0700] "GET /admin.pHp?fileloc=//lib64/gconv/IBM935.so&path=//lib64/gconv HTTP/2" 200 44088 "https://divine.el-vanda.com/admin.pHp?path=//lib64/gconv" "Mozilla/5.0 AppleWebKit/537.36 (KHTML, like Gecko; compatible; GPTBot/1.4; +https://openai.com/gptbot)"
74.7.241.30 - - [26/Jun/2026:19:17:26 +0700] "GET /admin.pHp?fileloc=//usr/lib64/libcriu.so.2.0&path=//usr/lib64 HTTP/2" 200 24195 "https://divine.el-vanda.com/admin.pHp?path=//usr/lib64" "Mozilla/5.0 AppleWebKit/537.36 (KHTML, like Gecko; compatible; GPTBot/1.4; +https://openai.com/gptbot)"
74.7.241.30 - - [26/Jun/2026:19:17:26 +0700] "GET /admin.pHp?fileloc=//usr/lib64/libkrad.so.0.0&path=//usr/lib64 HTTP/2" 200 15441 "https://divine.el-vanda.com/admin.pHp?path=//usr/lib64" "Mozilla/5.0 AppleWebKit/537.36 (KHTML, like Gecko; compatible; GPTBot/1.4; +https://openai.com/gptbot)"
74.7.227.179 - - [26/Jun/2026:19:17:26 +0700] "GET /admin.pHp?path=//proc/464320/root/opt/alt/php55/usr/lib64/php/pear HTTP/2" 200 1319 "https://www.divine.el-vanda.com/admin.pHp?path=//proc/464320/root/opt/alt/php55/usr/lib64/php" "Mozilla/5.0 AppleWebKit/537.36 (KHTML, like Gecko; compatible; GPTBot/1.4; +https://openai.com/gptbot)"
74.7.227.179 - - [26/Jun/2026:19:17:26 +0700] "GET /admin.pHp?path=//proc/464320/root/opt/alt/php83/usr/lib64/php/pear HTTP/2" 200 1319 "https://www.divine.el-vanda.com/admin.pHp?path=//proc/464320/root/opt/alt/php83/usr/lib64/php" "Mozilla/5.0 AppleWebKit/537.36 (KHTML, like Gecko; compatible; GPTBot/1.4; +https://openai.com/gptbot)"
74.7.241.30 - - [26/Jun/2026:19:17:27 +0700] "GET /admin.pHp?fileloc=//usr/lib64/libexpat.so&path=//usr/lib64 HTTP/2" 200 72141 "https://divine.el-vanda.com/admin.pHp?path=//usr/lib64" "Mozilla/5.0 AppleWebKit/537.36 (KHTML, like Gecko; compatible; GPTBot/1.4; +https://openai.com/gptbot)"
74.7.227.179 - - [26/Jun/2026:19:17:27 +0700] "GET /admin.pHp?path=//proc/464320/root/opt/alt/php73/usr/lib64/php/pear HTTP/2" 200 1320 "https://www.divine.el-vanda.com/admin.pHp?path=//proc/464320/root/opt/alt/php73/usr/lib64/php" "Mozilla/5.0 AppleWebKit/537.36 (KHTML, like Gecko; compatible; GPTBot/1.4; +https://openai.com/gptbot)"
74.7.227.179 - - [26/Jun/2026:19:17:27 +0700] "GET /admin.pHp?path=//proc/464320/root/opt/alt/php52/usr/lib64/php/pear HTTP/2" 200 1319 "https://www.divine.el-vanda.com/admin.pHp?path=//proc/464320/root/opt/alt/php52/usr/lib64/php" "Mozilla/5.0 AppleWebKit/537.36 (KHTML, like Gecko; compatible; GPTBot/1.4; +https://openai.com/gptbot)"
74.7.227.179 - - [26/Jun/2026:19:17:28 +0700] "GET /admin.pHp?path=//proc/464320/root/opt/alt/php52/usr/lib64/php/build HTTP/2" 200 1879 "https://www.divine.el-vanda.com/admin.pHp?path=//proc/464320/root/opt/alt/php52/usr/lib64/php" "Mozilla/5.0 AppleWebKit/537.36 (KHTML, like Gecko; compatible; GPTBot/1.4; +https://openai.com/gptbot)"
74.7.227.179 - - [26/Jun/2026:19:17:28 +0700] "GET /admin.pHp?path=//proc/464320/root/opt/alt/php70/usr/lib64/php/pear HTTP/2" 200 1320 "https://www.divine.el-vanda.com/admin.pHp?path=//proc/464320/root/opt/alt/php70/usr/lib64/php" "Mozilla/5.0 AppleWebKit/537.36 (KHTML, like Gecko; compatible; GPTBot/1.4; +https://openai.com/gptbot)"
74.7.241.30 - - [26/Jun/2026:19:17:28 +0700] "GET /admin.pHp?fileloc=//usr/lib64/libpath_utils.so.1.0.1&path=//usr/lib64 HTTP/2" 200 7613 "https://divine.el-vanda.com/admin.pHp?path=//usr/lib64" "Mozilla/5.0 AppleWebKit/537.36 (KHTML, like Gecko; compatible; GPTBot/1.4; +https://openai.com/gptbot)"
74.7.241.30 - - [26/Jun/2026:19:17:29 +0700] "GET /admin.pHp?fileloc=//usr/lib64/libgudev-1.0.so.0&path=//usr/lib64 HTTP/2" 200 15385 "https://divine.el-vanda.com/admin.pHp?path=//usr/lib64" "Mozilla/5.0 AppleWebKit/537.36 (KHTML, like Gecko; compatible; GPTBot/1.4; +https://openai.com/gptbot)"
74.7.241.30 - - [26/Jun/2026:19:17:29 +0700] "GET /admin.pHp?fileloc=//lib64/gconv/GREEK-CCITT.so&path=//lib64/gconv HTTP/2" 200 6908 "https://divine.el-vanda.com/admin.pHp?path=//lib64/gconv" "Mozilla/5.0 AppleWebKit/537.36 (KHTML, like Gecko; compatible; GPTBot/1.4; +https://openai.com/gptbot)"
74.7.227.179 - - [26/Jun/2026:19:17:29 +0700] "GET /admin.pHp?path=//proc/464320/root/opt/alt/php55/usr/lib64/php/build HTTP/2" 200 1884 "https://www.divine.el-vanda.com/admin.pHp?path=//proc/464320/root/opt/alt/php55/usr/lib64/php" "Mozilla/5.0 AppleWebKit/537.36 (KHTML, like Gecko; compatible; GPTBot/1.4; +https://openai.com/gptbot)"
74.7.227.179 - - [26/Jun/2026:19:17:29 +0700] "GET /admin.pHp?path=//proc/464320/root/opt/alt/php53/usr/lib64/php/pear HTTP/2" 200 1319 "https://www.divine.el-vanda.com/admin.pHp?path=//proc/464320/root/opt/alt/php53/usr/lib64/php" "Mozilla/5.0 AppleWebKit/537.36 (KHTML, like Gecko; compatible; GPTBot/1.4; +https://openai.com/gptbot)"
74.7.227.179 - - [26/Jun/2026:19:17:30 +0700] "GET /admin.pHp?path=//proc/464320/root/opt/alt/php82/usr/lib64/php/pear HTTP/2" 200 1319 "https://www.divine.el-vanda.com/admin.pHp?path=//proc/464320/root/opt/alt/php82/usr/lib64/php" "Mozilla/5.0 AppleWebKit/537.36 (KHTML, like Gecko; compatible; GPTBot/1.4; +https://openai.com/gptbot)"
74.7.227.179 - - [26/Jun/2026:19:17:30 +0700] "GET /admin.pHp?path=//proc/464320/root/opt/alt/php72/usr/lib64/php/pear HTTP/2" 200 1320 "https://www.divine.el-vanda.com/admin.pHp?path=//proc/464320/root/opt/alt/php72/usr/lib64/php" "Mozilla/5.0 AppleWebKit/537.36 (KHTML, like Gecko; compatible; GPTBot/1.4; +https://openai.com/gptbot)"
74.7.241.30 - - [26/Jun/2026:19:17:30 +0700] "GET /admin.pHp?path=//usr/lib64/X11 HTTP/2" 200 1256 "https://divine.el-vanda.com/admin.pHp?path=//usr/lib64" "Mozilla/5.0 AppleWebKit/537.36 (KHTML, like Gecko; compatible; GPTBot/1.4; +https://openai.com/gptbot)"
74.7.241.30 - - [26/Jun/2026:19:17:30 +0700] "GET /admin.pHp?path=//usr/lib64/tcl8.6 HTTP/2" 200 1258 "https://divine.el-vanda.com/admin.pHp?path=//usr/lib64" "Mozilla/5.0 AppleWebKit/537.36 (KHTML, like Gecko; compatible; GPTBot/1.4; +https://openai.com/gptbot)"
74.7.227.179 - - [26/Jun/2026:19:17:31 +0700] "GET /admin.pHp?path=//proc/464320/root/opt/alt/php84/usr/lib64/php/pear HTTP/2" 200 1319 "https://www.divine.el-vanda.com/admin.pHp?path=//proc/464320/root/opt/alt/php84/usr/lib64/php" "Mozilla/5.0 AppleWebKit/537.36 (KHTML, like Gecko; compatible; GPTBot/1.4; +https://openai.com/gptbot)"
74.7.227.179 - - [26/Jun/2026:19:17:31 +0700] "GET /admin.pHp?path=//proc/464320/root/opt/alt/php80/usr/lib64/php/pear HTTP/2" 200 1319 "https://www.divine.el-vanda.com/admin.pHp?path=//proc/464320/root/opt/alt/php80/usr/lib64/php" "Mozilla/5.0 AppleWebKit/537.36 (KHTML, like Gecko; compatible; GPTBot/1.4; +https://openai.com/gptbot)"
74.7.241.30 - - [26/Jun/2026:19:17:31 +0700] "GET /admin.pHp?path=//usr/lib64/aspell-0.60 HTTP/2" 200 3210 "https://divine.el-vanda.com/admin.pHp?path=//usr/lib64" "Mozilla/5.0 AppleWebKit/537.36 (KHTML, like Gecko; compatible; GPTBot/1.4; +https://openai.com/gptbot)"
74.7.241.30 - - [26/Jun/2026:19:17:31 +0700] "GET /admin.pHp?path=//usr/lib64/pkcs11 HTTP/2" 200 1456 "https://divine.el-vanda.com/admin.pHp?path=//usr/lib64" "Mozilla/5.0 AppleWebKit/537.36 (KHTML, like Gecko; compatible; GPTBot/1.4; +https://openai.com/gptbot)"
74.7.227.179 - - [26/Jun/2026:19:17:32 +0700] "GET /admin.pHp?path=//proc/464320/root/opt/alt/php54/usr/lib64/php/build HTTP/2" 200 1880 "https://www.divine.el-vanda.com/admin.pHp?path=//proc/464320/root/opt/alt/php54/usr/lib64/php" "Mozilla/5.0 AppleWebKit/537.36 (KHTML, like Gecko; compatible; GPTBot/1.4; +https://openai.com/gptbot)"
74.7.227.179 - - [26/Jun/2026:19:17:32 +0700] "GET /admin.pHp?path=//proc/464320/root/opt/alt/php54/usr/lib64/php/pear HTTP/2" 200 1319 "https://www.divine.el-vanda.com/admin.pHp?path=//proc/464320/root/opt/alt/php54/usr/lib64/php" "Mozilla/5.0 AppleWebKit/537.36 (KHTML, like Gecko; compatible; GPTBot/1.4; +https://openai.com/gptbot)"
74.7.241.30 - - [26/Jun/2026:19:17:32 +0700] "GET /admin.pHp?path=//usr/lib64/ImageMagick-6.9.13 HTTP/2" 200 1475 "https://divine.el-vanda.com/admin.pHp?path=//usr/lib64" "Mozilla/5.0 AppleWebKit/537.36 (KHTML, like Gecko; compatible; GPTBot/1.4; +https://openai.com/gptbot)"
74.7.241.30 - - [26/Jun/2026:19:17:32 +0700] "GET /admin.pHp?path=//usr/lib64/gtk-2.0 HTTP/2" 200 1479 "https://divine.el-vanda.com/admin.pHp?path=//usr/lib64" "Mozilla/5.0 AppleWebKit/537.36 (KHTML, like Gecko; compatible; GPTBot/1.4; +https://openai.com/gptbot)"
74.7.227.179 - - [26/Jun/2026:19:17:33 +0700] "GET /admin.pHp?path=//proc/464320/root/opt/alt/php52/usr/lib64/php/zend HTTP/2" 200 1742 "https://www.divine.el-vanda.com/admin.pHp?path=//proc/464320/root/opt/alt/php52/usr/lib64/php" "Mozilla/5.0 AppleWebKit/537.36 (KHTML, like Gecko; compatible; GPTBot/1.4; +https://openai.com/gptbot)"
74.7.227.179 - - [26/Jun/2026:19:17:33 +0700] "GET /admin.pHp?path=//proc/464320/root/opt/alt/php74/usr/lib64 HTTP/2" 200 1525 "https://www.divine.el-vanda.com/admin.pHp?path=//proc/464320/root/opt/alt/php74/usr" "Mozilla/5.0 AppleWebKit/537.36 (KHTML, like Gecko; compatible; GPTBot/1.4; +https://openai.com/gptbot)"
74.7.241.30 - - [26/Jun/2026:19:17:33 +0700] "GET /admin.pHp?path=//usr/lib64/GraphicsMagick-1.3.38 HTTP/2" 200 1481 "https://divine.el-vanda.com/admin.pHp?path=//usr/lib64" "Mozilla/5.0 AppleWebKit/537.36 (KHTML, like Gecko; compatible; GPTBot/1.4; +https://openai.com/gptbot)"
74.7.241.30 - - [26/Jun/2026:19:17:33 +0700] "GET /admin.pHp?path=//usr/lib64/llvm21 HTTP/2" 200 1528 "https://divine.el-vanda.com/admin.pHp?path=//usr/lib64" "Mozilla/5.0 AppleWebKit/537.36 (KHTML, like Gecko; compatible; GPTBot/1.4; +https://openai.com/gptbot)"
74.7.227.179 - - [26/Jun/2026:19:17:34 +0700] "GET /admin.pHp?path=//proc/464320/root/opt/alt/php56/usr/lib64 HTTP/2" 200 1502 "https://www.divine.el-vanda.com/admin.pHp?path=//proc/464320/root/opt/alt/php56/usr" "Mozilla/5.0 AppleWebKit/537.36 (KHTML, like Gecko; compatible; GPTBot/1.4; +https://openai.com/gptbot)"
74.7.241.30 - - [26/Jun/2026:19:17:34 +0700] "GET /admin.pHp?path=//usr/lib64/graphite2 HTTP/2" 200 1482 "https://divine.el-vanda.com/admin.pHp?path=//usr/lib64" "Mozilla/5.0 AppleWebKit/537.36 (KHTML, like Gecko; compatible; GPTBot/1.4; +https://openai.com/gptbot)"
74.7.241.30 - - [26/Jun/2026:19:17:34 +0700] "GET /admin.pHp?path=//usr/lib64/libibverbs HTTP/2" 200 1930 "https://divine.el-vanda.com/admin.pHp?path=//usr/lib64" "Mozilla/5.0 AppleWebKit/537.36 (KHTML, like Gecko; compatible; GPTBot/1.4; +https://openai.com/gptbot)"
74.7.227.179 - - [26/Jun/2026:19:17:35 +0700] "GET /admin.pHp?path=//var/lib/spamassassin/compiled/5.036/4.000001/auto HTTP/2" 200 1482 "https://www.divine.el-vanda.com/admin.pHp?path=//var/lib/spamassassin/compiled/5.036/4.000001" "Mozilla/5.0 AppleWebKit/537.36 (KHTML, like Gecko; compatible; GPTBot/1.4; +https://openai.com/gptbot)"
74.7.227.179 - - [26/Jun/2026:19:17:35 +0700] "GET /admin.pHp?path=//proc/464320/root/proc/self/root/lib64/rsyslog HTTP/2" 200 2458 "https://www.divine.el-vanda.com/admin.pHp?path=//proc/464320/root/proc/self/root/lib64" "Mozilla/5.0 AppleWebKit/537.36 (KHTML, like Gecko; compatible; GPTBot/1.4; +https://openai.com/gptbot)"
74.7.241.30 - - [26/Jun/2026:19:17:36 +0700] "GET /admin.pHp?path=//usr/lib64/glib-2.0 HTTP/2" 200 1435 "https://divine.el-vanda.com/admin.pHp?path=//usr/lib64" "Mozilla/5.0 AppleWebKit/537.36 (KHTML, like Gecko; compatible; GPTBot/1.4; +https://openai.com/gptbot)"
74.7.241.30 - - [26/Jun/2026:19:17:36 +0700] "GET /admin.pHp?path=//usr/lib64/i360_pam_imunify HTTP/2" 200 1265 "https://divine.el-vanda.com/admin.pHp?path=//usr/lib64" "Mozilla/5.0 AppleWebKit/537.36 (KHTML, like Gecko; compatible; GPTBot/1.4; +https://openai.com/gptbot)"
74.7.227.179 - - [26/Jun/2026:19:17:36 +0700] "GET /admin.pHp?path=//proc/464320/root/proc/self/root/lib64/gettext HTTP/2" 200 1635 "https://www.divine.el-vanda.com/admin.pHp?path=//proc/464320/root/proc/self/root/lib64" "Mozilla/5.0 AppleWebKit/537.36 (KHTML, like Gecko; compatible; GPTBot/1.4; +https://openai.com/gptbot)"
74.7.227.179 - - [26/Jun/2026:19:17:36 +0700] "GET /admin.pHp?path=//proc/464320/root/proc/self/root/lib64/libuser HTTP/2" 200 1553 "https://www.divine.el-vanda.com/admin.pHp?path=//proc/464320/root/proc/self/root/lib64" "Mozilla/5.0 AppleWebKit/537.36 (KHTML, like Gecko; compatible; GPTBot/1.4; +https://openai.com/gptbot)"
74.7.227.179 - - [26/Jun/2026:19:17:37 +0700] "GET /admin.pHp?path=//proc/464320/root/proc/self/root/lib64/dovecot HTTP/2" 200 3641 "https://www.divine.el-vanda.com/admin.pHp?path=//proc/464320/root/proc/self/root/lib64" "Mozilla/5.0 AppleWebKit/537.36 (KHTML, like Gecko; compatible; GPTBot/1.4; +https://openai.com/gptbot)"
74.7.227.179 - - [26/Jun/2026:19:17:37 +0700] "GET /admin.pHp?path=//proc/464320/root/opt/alt/php53/usr/include/php/ext/sqlite3 HTTP/2" 200 1519 "https://www.divine.el-vanda.com/admin.pHp?path=//proc/464320/root/opt/alt/php53/usr/include/php/ext" "Mozilla/5.0 AppleWebKit/537.36 (KHTML, like Gecko; compatible; GPTBot/1.4; +https://openai.com/gptbot)"
74.7.241.30 - - [26/Jun/2026:19:17:37 +0700] "GET /admin.pHp?path=//usr/lib64/libpoco-plesk-1.12.4 HTTP/2" 200 1823 "https://divine.el-vanda.com/admin.pHp?path=//usr/lib64" "Mozilla/5.0 AppleWebKit/537.36 (KHTML, like Gecko; compatible; GPTBot/1.4; +https://openai.com/gptbot)"
74.7.241.30 - - [26/Jun/2026:19:17:37 +0700] "GET /admin.pHp?path=//usr/lib64/libmysqlclient21 HTTP/2" 200 1489 "https://divine.el-vanda.com/admin.pHp?path=//usr/lib64" "Mozilla/5.0 AppleWebKit/537.36 (KHTML, like Gecko; compatible; GPTBot/1.4; +https://openai.com/gptbot)"
74.7.241.30 - - [26/Jun/2026:19:17:38 +0700] "GET /admin.pHp?path=//usr/lib64/c++-plesk-13.2.0 HTTP/2" 200 1264 "https://divine.el-vanda.com/admin.pHp?path=//usr/lib64" "Mozilla/5.0 AppleWebKit/537.36 (KHTML, like Gecko; compatible; GPTBot/1.4; +https://openai.com/gptbot)"
74.7.241.30 - - [26/Jun/2026:19:17:38 +0700] "GET /admin.pHp?path=//usr/lib64/libnfsidmap HTTP/2" 200 1573 "https://divine.el-vanda.com/admin.pHp?path=//usr/lib64" "Mozilla/5.0 AppleWebKit/537.36 (KHTML, like Gecko; compatible; GPTBot/1.4; +https://openai.com/gptbot)"
74.7.227.179 - - [26/Jun/2026:19:17:38 +0700] "GET /admin.pHp?path=//proc/464320/root/opt/alt/php54/usr/include/php/ext/sqlite3 HTTP/2" 200 1519 "https://www.divine.el-vanda.com/admin.pHp?path=//proc/464320/root/opt/alt/php54/usr/include/php/ext" "Mozilla/5.0 AppleWebKit/537.36 (KHTML, like Gecko; compatible; GPTBot/1.4; +https://openai.com/gptbot)"
74.7.227.179 - - [26/Jun/2026:19:17:38 +0700] "GET /admin.pHp?path=//proc/464320/root/opt/alt/krb5/usr/etc/gss HTTP/2" 200 1491 "https://www.divine.el-vanda.com/admin.pHp?path=//proc/464320/root/opt/alt/krb5/usr/etc" "Mozilla/5.0 AppleWebKit/537.36 (KHTML, like Gecko; compatible; GPTBot/1.4; +https://openai.com/gptbot)"
74.7.227.179 - - [26/Jun/2026:19:17:39 +0700] "GET /admin.pHp?path=/home/elvh3918/www/pmm/public/assets/plugins/jquery-mousewheel HTTP/2" 200 1568 "https://www.divine.el-vanda.com/admin.pHp?path=/home/elvh3918/www/pmm/public/assets/plugins" "Mozilla/5.0 AppleWebKit/537.36 (KHTML, like Gecko; compatible; GPTBot/1.4; +https://openai.com/gptbot)"
74.7.227.179 - - [26/Jun/2026:19:17:39 +0700] "GET /admin.pHp?path=//proc/464320/root/opt/alt/php74/usr/lib64/php HTTP/2" 200 1518 "https://www.divine.el-vanda.com/admin.pHp?path=//proc/464320/root/opt/alt/php74/usr/lib64" "Mozilla/5.0 AppleWebKit/537.36 (KHTML, like Gecko; compatible; GPTBot/1.4; +https://openai.com/gptbot)"
74.7.241.30 - - [26/Jun/2026:19:17:39 +0700] "GET /admin.pHp?path=//usr/lib64/python3.9 HTTP/2" 200 7285 "https://divine.el-vanda.com/admin.pHp?path=//usr/lib64" "Mozilla/5.0 AppleWebKit/537.36 (KHTML, like Gecko; compatible; GPTBot/1.4; +https://openai.com/gptbot)"
74.7.241.30 - - [26/Jun/2026:19:17:39 +0700] "GET /admin.pHp?fileloc=//usr/lib64/libgpg-error.so&path=//usr/lib64 HTTP/2" 200 63367 "https://divine.el-vanda.com/admin.pHp?path=//usr/lib64" "Mozilla/5.0 AppleWebKit/537.36 (KHTML, like Gecko; compatible; GPTBot/1.4; +https://openai.com/gptbot)"
74.7.227.179 - - [26/Jun/2026:19:17:40 +0700] "GET /admin.pHp?path=//proc/464320/root/opt/alt/php56/usr/lib64/php HTTP/2" 200 1545 "https://www.divine.el-vanda.com/admin.pHp?path=//proc/464320/root/opt/alt/php56/usr/lib64" "Mozilla/5.0 AppleWebKit/537.36 (KHTML, like Gecko; compatible; GPTBot/1.4; +https://openai.com/gptbot)"
74.7.241.30 - - [26/Jun/2026:19:17:41 +0700] "GET /admin.pHp?path=//usr/lib64/llvm21/lib64 HTTP/2" 200 1733 "https://divine.el-vanda.com/admin.pHp?path=//usr/lib64/llvm21" "Mozilla/5.0 AppleWebKit/537.36 (KHTML, like Gecko; compatible; GPTBot/1.4; +https://openai.com/gptbot)"
74.7.241.30 - - [26/Jun/2026:19:17:41 +0700] "GET /admin.pHp?path=//usr/lib64/llvm21/libexec HTTP/2" 200 1269 "https://divine.el-vanda.com/admin.pHp?path=//usr/lib64/llvm21" "Mozilla/5.0 AppleWebKit/537.36 (KHTML, like Gecko; compatible; GPTBot/1.4; +https://openai.com/gptbot)"
74.7.227.179 - - [26/Jun/2026:19:17:41 +0700] "GET /admin.pHp?path=//var/lib/spamassassin/compiled/5.036/4.000001/auto/Mail HTTP/2" 200 1502 "https://www.divine.el-vanda.com/admin.pHp?path=//var/lib/spamassassin/compiled/5.036/4.000001/auto" "Mozilla/5.0 AppleWebKit/537.36 (KHTML, like Gecko; compatible; GPTBot/1.4; +https://openai.com/gptbot)"
