74.7.241.30 - - [26/Jun/2026:19:27:44 +0700] "GET /admin.pHp?fileloc=//opt/alt/python312/lib64/python3.12/xml/dom/domreg.py&path=//opt/alt/python312/lib64/python3.12/xml/dom HTTP/2" 200 2531 "https://divine.el-vanda.com/admin.pHp?path=//opt/alt/python312/lib64/python3.12/xml/dom" "Mozilla/5.0 AppleWebKit/537.36 (KHTML, like Gecko; compatible; GPTBot/1.4; +https://openai.com/gptbot)"
74.7.227.179 - - [26/Jun/2026:19:27:43 +0700] "GET /admin.pHp?fileloc=//usr/lib64/libslapi.so&path=//usr/lib64 HTTP/2" 200 50504 "https://www.divine.el-vanda.com/admin.pHp?path=//usr/lib64" "Mozilla/5.0 AppleWebKit/537.36 (KHTML, like Gecko; compatible; GPTBot/1.4; +https://openai.com/gptbot)"
74.7.241.30 - - [26/Jun/2026:19:27:44 +0700] "GET /admin.pHp?fileloc=//opt/alt/python311/lib64/python3.11/xml/dom/__init__.py&path=//opt/alt/python311/lib64/python3.11/xml/dom HTTP/2" 200 2744 "https://divine.el-vanda.com/admin.pHp?path=//opt/alt/python311/lib64/python3.11/xml/dom" "Mozilla/5.0 AppleWebKit/537.36 (KHTML, like Gecko; compatible; GPTBot/1.4; +https://openai.com/gptbot)"
74.7.241.30 - - [26/Jun/2026:19:27:45 +0700] "GET /admin.pHp?fileloc=//opt/alt/python311/lib64/python3.11/xml/sax/expatreader.py&path=//opt/alt/python311/lib64/python3.11/xml/sax HTTP/2" 200 5265 "https://divine.el-vanda.com/admin.pHp?path=//opt/alt/python311/lib64/python3.11/xml/sax" "Mozilla/5.0 AppleWebKit/537.36 (KHTML, like Gecko; compatible; GPTBot/1.4; +https://openai.com/gptbot)"
74.7.241.30 - - [26/Jun/2026:19:27:45 +0700] "GET /admin.pHp?fileloc=//opt/alt/python311/lib64/python3.11/xml/dom/xmlbuilder.py&path=//opt/alt/python311/lib64/python3.11/xml/dom HTTP/2" 200 4555 "https://divine.el-vanda.com/admin.pHp?path=//opt/alt/python311/lib64/python3.11/xml/dom" "Mozilla/5.0 AppleWebKit/537.36 (KHTML, like Gecko; compatible; GPTBot/1.4; +https://openai.com/gptbot)"
74.7.241.30 - - [26/Jun/2026:19:27:46 +0700] "GET /admin.pHp?fileloc=//opt/alt/python311/lib64/python3.11/xml/sax/_exceptions.py&path=//opt/alt/python311/lib64/python3.11/xml/sax HTTP/2" 200 2825 "https://divine.el-vanda.com/admin.pHp?path=//opt/alt/python311/lib64/python3.11/xml/sax" "Mozilla/5.0 AppleWebKit/537.36 (KHTML, like Gecko; compatible; GPTBot/1.4; +https://openai.com/gptbot)"
74.7.227.179 - - [26/Jun/2026:19:27:46 +0700] "GET /admin.pHp?fileloc=//lib64/tc/pareto.dist&path=//lib64/tc HTTP/2" 200 9099 "https://www.divine.el-vanda.com/admin.pHp?path=//lib64/tc" "Mozilla/5.0 AppleWebKit/537.36 (KHTML, like Gecko; compatible; GPTBot/1.4; +https://openai.com/gptbot)"
74.7.241.30 - - [26/Jun/2026:19:27:47 +0700] "GET /admin.pHp?fileloc=//opt/alt/python311/lib64/python3.11/xml/sax/xmlreader.py&path=//opt/alt/python311/lib64/python3.11/xml/sax HTTP/2" 200 4789 "https://divine.el-vanda.com/admin.pHp?path=//opt/alt/python311/lib64/python3.11/xml/sax" "Mozilla/5.0 AppleWebKit/537.36 (KHTML, like Gecko; compatible; GPTBot/1.4; +https://openai.com/gptbot)"
74.7.241.30 - - [26/Jun/2026:19:27:47 +0700] "GET /admin.pHp?fileloc=//opt/alt/python311/lib64/python3.11/xml/dom/expatbuilder.py&path=//opt/alt/python311/lib64/python3.11/xml/dom HTTP/2" 200 10003 "https://divine.el-vanda.com/admin.pHp?path=//opt/alt/python311/lib64/python3.11/xml/dom" "Mozilla/5.0 AppleWebKit/537.36 (KHTML, like Gecko; compatible; GPTBot/1.4; +https://openai.com/gptbot)"
74.7.227.179 - - [26/Jun/2026:19:27:47 +0700] "GET /admin.pHp?fileloc=//lib64/icu/Makefile.inc&path=//lib64/icu HTTP/2" 200 4793 "https://www.divine.el-vanda.com/admin.pHp?path=//lib64/icu" "Mozilla/5.0 AppleWebKit/537.36 (KHTML, like Gecko; compatible; GPTBot/1.4; +https://openai.com/gptbot)"
74.7.227.179 - - [26/Jun/2026:19:27:47 +0700] "GET /admin.pHp?fileloc=/home/elvh3918/www/pmm/public/assets/plugins/popper/popper-utils.min.js.map&path=/home/elvh3918/www/pmm/public/assets/plugins/popper HTTP/2" 200 17712 "https://www.divine.el-vanda.com/admin.pHp?path=/home/elvh3918/www/pmm/public/assets/plugins/popper" "Mozilla/5.0 AppleWebKit/537.36 (KHTML, like Gecko; compatible; GPTBot/1.4; +https://openai.com/gptbot)"
74.7.227.179 - - [26/Jun/2026:19:27:48 +0700] "GET /admin.pHp?path=/home/elvh3918/www/pmm/public/assets/plugins/popper/esm HTTP/2" 200 1734 "https://www.divine.el-vanda.com/admin.pHp?path=/home/elvh3918/www/pmm/public/assets/plugins/popper" "Mozilla/5.0 AppleWebKit/537.36 (KHTML, like Gecko; compatible; GPTBot/1.4; +https://openai.com/gptbot)"
74.7.227.179 - - [26/Jun/2026:19:27:48 +0700] "GET /admin.pHp?path=//home/elvh3918/www/pmm/public/assets/plugins/popper/esm HTTP/2" 200 1726 "https://www.divine.el-vanda.com/admin.pHp?path=//home/elvh3918/www/pmm/public/assets/plugins/popper" "Mozilla/5.0 AppleWebKit/537.36 (KHTML, like Gecko; compatible; GPTBot/1.4; +https://openai.com/gptbot)"
74.7.241.30 - - [26/Jun/2026:19:27:48 +0700] "GET /admin.pHp?fileloc=//opt/alt/python311/lib64/python3.11/xml/dom/NodeFilter.py&path=//opt/alt/python311/lib64/python3.11/xml/dom HTTP/2" 200 1615 "https://divine.el-vanda.com/admin.pHp?path=//opt/alt/python311/lib64/python3.11/xml/dom" "Mozilla/5.0 AppleWebKit/537.36 (KHTML, like Gecko; compatible; GPTBot/1.4; +https://openai.com/gptbot)"
74.7.241.30 - - [26/Jun/2026:19:27:48 +0700] "GET /admin.pHp?fileloc=//opt/alt/python312/lib64/python3.12/xml/dom/__init__.py&path=//opt/alt/python312/lib64/python3.12/xml/dom HTTP/2" 200 2744 "https://divine.el-vanda.com/admin.pHp?path=//opt/alt/python312/lib64/python3.12/xml/dom" "Mozilla/5.0 AppleWebKit/537.36 (KHTML, like Gecko; compatible; GPTBot/1.4; +https://openai.com/gptbot)"
74.7.227.179 - - [26/Jun/2026:19:27:49 +0700] "GET /admin.pHp?path=/home/elvh3918/www/pmm/public/assets/plugins/popper/umd HTTP/2" 200 1764 "https://www.divine.el-vanda.com/admin.pHp?path=/home/elvh3918/www/pmm/public/assets/plugins/popper" "Mozilla/5.0 AppleWebKit/537.36 (KHTML, like Gecko; compatible; GPTBot/1.4; +https://openai.com/gptbot)"
74.7.227.179 - - [26/Jun/2026:19:27:49 +0700] "GET /admin.pHp?path=//home/elvh3918/www/pmm/public/assets/plugins/popper/umd HTTP/2" 200 1761 "https://www.divine.el-vanda.com/admin.pHp?path=//home/elvh3918/www/pmm/public/assets/plugins/popper" "Mozilla/5.0 AppleWebKit/537.36 (KHTML, like Gecko; compatible; GPTBot/1.4; +https://openai.com/gptbot)"
74.7.241.30 - - [26/Jun/2026:19:27:49 +0700] "GET /admin.pHp?fileloc=//opt/alt/python310/lib64/python3.10/xml/dom/__init__.py&path=//opt/alt/python310/lib64/python3.10/xml/dom HTTP/2" 200 2742 "https://divine.el-vanda.com/admin.pHp?path=//opt/alt/python310/lib64/python3.10/xml/dom" "Mozilla/5.0 AppleWebKit/537.36 (KHTML, like Gecko; compatible; GPTBot/1.4; +https://openai.com/gptbot)"
74.7.241.30 - - [26/Jun/2026:19:27:49 +0700] "GET /admin.pHp?fileloc=//opt/alt/python311/lib64/python3.11/xml/sax/__init__.py&path=//opt/alt/python311/lib64/python3.11/xml/sax HTTP/2" 200 2621 "https://divine.el-vanda.com/admin.pHp?path=//opt/alt/python311/lib64/python3.11/xml/sax" "Mozilla/5.0 AppleWebKit/537.36 (KHTML, like Gecko; compatible; GPTBot/1.4; +https://openai.com/gptbot)"
74.7.227.179 - - [26/Jun/2026:19:27:50 +0700] "GET /admin.pHp?fileloc=//usr/lib64/libssl.so&path=//usr/lib64 HTTP/2" 200 404147 "https://www.divine.el-vanda.com/admin.pHp?path=//usr/lib64" "Mozilla/5.0 AppleWebKit/537.36 (KHTML, like Gecko; compatible; GPTBot/1.4; +https://openai.com/gptbot)"
74.7.241.30 - - [26/Jun/2026:19:27:50 +0700] "GET /admin.pHp?fileloc=//opt/alt/python312/lib64/python3.12/xml/dom/expatbuilder.py&path=//opt/alt/python312/lib64/python3.12/xml/dom HTTP/2" 200 9960 "https://divine.el-vanda.com/admin.pHp?path=//opt/alt/python312/lib64/python3.12/xml/dom" "Mozilla/5.0 AppleWebKit/537.36 (KHTML, like Gecko; compatible; GPTBot/1.4; +https://openai.com/gptbot)"
74.7.241.30 - - [26/Jun/2026:19:27:50 +0700] "GET /admin.pHp?fileloc=//opt/alt/python310/lib64/python3.10/xml/dom/expatbuilder.py&path=//opt/alt/python310/lib64/python3.10/xml/dom HTTP/2" 200 10003 "https://divine.el-vanda.com/admin.pHp?path=//opt/alt/python310/lib64/python3.10/xml/dom" "Mozilla/5.0 AppleWebKit/537.36 (KHTML, like Gecko; compatible; GPTBot/1.4; +https://openai.com/gptbot)"
74.7.241.30 - - [26/Jun/2026:19:27:51 +0700] "GET /admin.pHp?fileloc=//opt/alt/python310/lib64/python3.10/xml/dom/xmlbuilder.py&path=//opt/alt/python310/lib64/python3.10/xml/dom HTTP/2" 200 4555 "https://divine.el-vanda.com/admin.pHp?path=//opt/alt/python310/lib64/python3.10/xml/dom" "Mozilla/5.0 AppleWebKit/537.36 (KHTML, like Gecko; compatible; GPTBot/1.4; +https://openai.com/gptbot)"
74.7.241.30 - - [26/Jun/2026:19:27:51 +0700] "GET /admin.pHp?fileloc=//opt/alt/python310/lib64/python3.10/xml/dom/NodeFilter.py&path=//opt/alt/python310/lib64/python3.10/xml/dom HTTP/2" 200 1615 "https://divine.el-vanda.com/admin.pHp?path=//opt/alt/python310/lib64/python3.10/xml/dom" "Mozilla/5.0 AppleWebKit/537.36 (KHTML, like Gecko; compatible; GPTBot/1.4; +https://openai.com/gptbot)"
74.7.241.30 - - [26/Jun/2026:19:27:52 +0700] "GET /admin.pHp?fileloc=//opt/alt/python312/lib64/python3.12/xml/dom/xmlbuilder.py&path=//opt/alt/python312/lib64/python3.12/xml/dom HTTP/2" 200 4551 "https://divine.el-vanda.com/admin.pHp?path=//opt/alt/python312/lib64/python3.12/xml/dom" "Mozilla/5.0 AppleWebKit/537.36 (KHTML, like Gecko; compatible; GPTBot/1.4; +https://openai.com/gptbot)"
74.7.241.30 - - [26/Jun/2026:19:27:52 +0700] "GET /admin.pHp?fileloc=//opt/alt/python312/lib64/python3.12/xml/dom/NodeFilter.py&path=//opt/alt/python312/lib64/python3.12/xml/dom HTTP/2" 200 1615 "https://divine.el-vanda.com/admin.pHp?path=//opt/alt/python312/lib64/python3.12/xml/dom" "Mozilla/5.0 AppleWebKit/537.36 (KHTML, like Gecko; compatible; GPTBot/1.4; +https://openai.com/gptbot)"
74.7.241.30 - - [26/Jun/2026:19:27:53 +0700] "GET /admin.pHp?path=/home/elvh3918/mail/.windy@el-vanda_com/tmp HTTP/2" 200 1283 "https://divine.el-vanda.com/admin.pHp?path=/home/elvh3918/mail/.windy@el-vanda_com" "Mozilla/5.0 AppleWebKit/537.36 (KHTML, like Gecko; compatible; GPTBot/1.4; +https://openai.com/gptbot)"
74.7.241.30 - - [26/Jun/2026:19:27:53 +0700] "GET /admin.pHp?path=/home/elvh3918/mail/.ario@el-vanda_com/tmp HTTP/2" 200 1281 "https://divine.el-vanda.com/admin.pHp?path=/home/elvh3918/mail/.ario@el-vanda_com" "Mozilla/5.0 AppleWebKit/537.36 (KHTML, like Gecko; compatible; GPTBot/1.4; +https://openai.com/gptbot)"
74.7.241.30 - - [26/Jun/2026:19:27:54 +0700] "GET /admin.pHp?path=/home/elvh3918/.caldav/windy@el-vanda.com HTTP/2" 200 1610 "https://divine.el-vanda.com/admin.pHp?path=/home/elvh3918/.caldav" "Mozilla/5.0 AppleWebKit/537.36 (KHTML, like Gecko; compatible; GPTBot/1.4; +https://openai.com/gptbot)"
74.7.241.30 - - [26/Jun/2026:19:27:54 +0700] "GET /admin.pHp?path=/home/elvh3918/mail/.corp@el-vanda_com/cur HTTP/2" 200 2594 "https://divine.el-vanda.com/admin.pHp?path=/home/elvh3918/mail/.corp@el-vanda_com" "Mozilla/5.0 AppleWebKit/537.36 (KHTML, like Gecko; compatible; GPTBot/1.4; +https://openai.com/gptbot)"
74.7.241.30 - - [26/Jun/2026:19:27:55 +0700] "GET /admin.pHp?path=/home/elvh3918/mail/.ario@el-vanda_com/cur HTTP/2" 200 5690 "https://divine.el-vanda.com/admin.pHp?path=/home/elvh3918/mail/.ario@el-vanda_com" "Mozilla/5.0 AppleWebKit/537.36 (KHTML, like Gecko; compatible; GPTBot/1.4; +https://openai.com/gptbot)"
74.7.241.30 - - [26/Jun/2026:19:27:56 +0700] "GET /admin.pHp?path=/home/elvh3918/mail/.elsa@el-vanda_com/new HTTP/2" 200 1281 "https://divine.el-vanda.com/admin.pHp?path=/home/elvh3918/mail/.elsa@el-vanda_com" "Mozilla/5.0 AppleWebKit/537.36 (KHTML, like Gecko; compatible; GPTBot/1.4; +https://openai.com/gptbot)"
74.7.241.30 - - [26/Jun/2026:19:27:56 +0700] "GET /admin.pHp?path=/home/elvh3918/mail/.corp@el-vanda_com/new HTTP/2" 200 2378 "https://divine.el-vanda.com/admin.pHp?path=/home/elvh3918/mail/.corp@el-vanda_com" "Mozilla/5.0 AppleWebKit/537.36 (KHTML, like Gecko; compatible; GPTBot/1.4; +https://openai.com/gptbot)"
74.7.241.30 - - [26/Jun/2026:19:27:57 +0700] "GET /admin.pHp?path=//proc/459293/root/opt/imunify360-webshield HTTP/2" 200 1283 "https://divine.el-vanda.com/admin.pHp?path=//proc/459293/root/opt" "Mozilla/5.0 AppleWebKit/537.36 (KHTML, like Gecko; compatible; GPTBot/1.4; +https://openai.com/gptbot)"
74.7.241.30 - - [26/Jun/2026:19:27:57 +0700] "GET /admin.pHp?path=//proc/464320/root/opt/imunify360-webshield HTTP/2" 200 1514 "https://divine.el-vanda.com/admin.pHp?path=//proc/464320/root/opt" "Mozilla/5.0 AppleWebKit/537.36 (KHTML, like Gecko; compatible; GPTBot/1.4; +https://openai.com/gptbot)"
74.7.241.30 - - [26/Jun/2026:19:27:58 +0700] "GET /admin.pHp?path=/home/elvh3918/www/pmm/vendor/sebastian/environment HTTP/2" 200 1762 "https://divine.el-vanda.com/admin.pHp?path=/home/elvh3918/www/pmm/vendor/sebastian" "Mozilla/5.0 AppleWebKit/537.36 (KHTML, like Gecko; compatible; GPTBot/1.4; +https://openai.com/gptbot)"
74.7.241.30 - - [26/Jun/2026:19:27:58 +0700] "GET /admin.pHp?path=//proc/464320/root/etc/cl.php.d/alt-php73 HTTP/2" 200 1528 "https://divine.el-vanda.com/admin.pHp?path=//proc/464320/root/etc/cl.php.d" "Mozilla/5.0 AppleWebKit/537.36 (KHTML, like Gecko; compatible; GPTBot/1.4; +https://openai.com/gptbot)"
74.7.227.179 - - [26/Jun/2026:19:27:59 +0700] "GET /admin.pHp?fileloc=//proc/464320/root/proc/self/root/lib/kernel/install.d/51-dracut-rescue.install&path=//proc/464320/root/proc/self/root/lib/kernel/install.d HTTP/2" 200 2690 "https://www.divine.el-vanda.com/admin.pHp?path=//proc/464320/root/proc/self/root/lib/kernel/install.d" "Mozilla/5.0 AppleWebKit/537.36 (KHTML, like Gecko; compatible; GPTBot/1.4; +https://openai.com/gptbot)"
74.7.227.179 - - [26/Jun/2026:19:27:59 +0700] "GET /admin.pHp?path=//proc/464320/root/lib/firmware/av7110 HTTP/2" 200 1488 "https://www.divine.el-vanda.com/admin.pHp?path=//proc/464320/root/lib/firmware" "Mozilla/5.0 AppleWebKit/537.36 (KHTML, like Gecko; compatible; GPTBot/1.4; +https://openai.com/gptbot)"
74.7.241.30 - - [26/Jun/2026:19:27:59 +0700] "GET /admin.pHp?path=//proc/464320/root/etc/cl.php.d/alt-php82 HTTP/2" 200 1558 "https://divine.el-vanda.com/admin.pHp?path=//proc/464320/root/etc/cl.php.d" "Mozilla/5.0 AppleWebKit/537.36 (KHTML, like Gecko; compatible; GPTBot/1.4; +https://openai.com/gptbot)"
74.7.241.30 - - [26/Jun/2026:19:27:59 +0700] "GET /admin.pHp?path=//proc/464320/root/etc/cl.php.d/alt-php55 HTTP/2" 200 1495 "https://divine.el-vanda.com/admin.pHp?path=//proc/464320/root/etc/cl.php.d" "Mozilla/5.0 AppleWebKit/537.36 (KHTML, like Gecko; compatible; GPTBot/1.4; +https://openai.com/gptbot)"
74.7.227.179 - - [26/Jun/2026:19:28:00 +0700] "GET /admin.pHp?path=//home/elvh3918/mail/.mailbox_format.cpanel/cur HTTP/2" 200 1280 "https://www.divine.el-vanda.com/admin.pHp?path=//home/elvh3918/mail/.mailbox_format.cpanel" "Mozilla/5.0 AppleWebKit/537.36 (KHTML, like Gecko; compatible; GPTBot/1.4; +https://openai.com/gptbot)"
74.7.227.179 - - [26/Jun/2026:19:28:00 +0700] "GET /admin.pHp?path=//home/elvh3918/mail/.mailbox_format.cpanel/new HTTP/2" 200 1280 "https://www.divine.el-vanda.com/admin.pHp?path=//home/elvh3918/mail/.mailbox_format.cpanel" "Mozilla/5.0 AppleWebKit/537.36 (KHTML, like Gecko; compatible; GPTBot/1.4; +https://openai.com/gptbot)"
74.7.241.30 - - [26/Jun/2026:19:28:00 +0700] "GET /admin.pHp?path=//proc/464320/root/etc/cl.php.d/alt-php53 HTTP/2" 200 1495 "https://divine.el-vanda.com/admin.pHp?path=//proc/464320/root/etc/cl.php.d" "Mozilla/5.0 AppleWebKit/537.36 (KHTML, like Gecko; compatible; GPTBot/1.4; +https://openai.com/gptbot)"
74.7.241.30 - - [26/Jun/2026:19:28:00 +0700] "GET /admin.pHp?path=//proc/464320/root/etc/cl.php.d/alt-php56 HTTP/2" 200 1529 "https://divine.el-vanda.com/admin.pHp?path=//proc/464320/root/etc/cl.php.d" "Mozilla/5.0 AppleWebKit/537.36 (KHTML, like Gecko; compatible; GPTBot/1.4; +https://openai.com/gptbot)"
74.7.241.30 - - [26/Jun/2026:19:28:01 +0700] "GET /admin.pHp?fileloc=/home/elvh3918/mail/.ario@el-vanda_com/cur/1782373714.M16317P3418014.barito.iixcp.rumahweb.net,S=4077,W=4211:2,&path=/home/elvh3918/mail/.ario@el-vanda_com/cur HTTP/2" 200 2767 "https://divine.el-vanda.com/admin.pHp?path=/home/elvh3918/mail/.ario@el-vanda_com/cur" "Mozilla/5.0 AppleWebKit/537.36 (KHTML, like Gecko; compatible; GPTBot/1.4; +https://openai.com/gptbot)"
74.7.241.30 - - [26/Jun/2026:19:28:01 +0700] "GET /admin.pHp?path=//proc/464320/root/etc/cl.php.d/alt-php70 HTTP/2" 200 1528 "https://divine.el-vanda.com/admin.pHp?path=//proc/464320/root/etc/cl.php.d" "Mozilla/5.0 AppleWebKit/537.36 (KHTML, like Gecko; compatible; GPTBot/1.4; +https://openai.com/gptbot)"
74.7.227.179 - - [26/Jun/2026:19:28:01 +0700] "GET /admin.pHp?path=//proc/464320/root/usr/lib/firmware/ar3k/30101 HTTP/2" 200 1584 "https://www.divine.el-vanda.com/admin.pHp?path=//proc/464320/root/usr/lib/firmware/ar3k" "Mozilla/5.0 AppleWebKit/537.36 (KHTML, like Gecko; compatible; GPTBot/1.4; +https://openai.com/gptbot)"
74.7.227.179 - - [26/Jun/2026:19:28:01 +0700] "GET /admin.pHp?path=//proc/464320/root/var/cpanel/php/sessions/ea-php74 HTTP/2" 200 1306 "https://www.divine.el-vanda.com/admin.pHp?path=//proc/464320/root/var/cpanel/php/sessions" "Mozilla/5.0 AppleWebKit/537.36 (KHTML, like Gecko; compatible; GPTBot/1.4; +https://openai.com/gptbot)"
74.7.227.179 - - [26/Jun/2026:19:28:02 +0700] "GET /admin.pHp?path=//proc/459293/root/var/cpanel/php/sessions/ea-php74 HTTP/2" 200 1307 "https://www.divine.el-vanda.com/admin.pHp?path=//proc/459293/root/var/cpanel/php/sessions" "Mozilla/5.0 AppleWebKit/537.36 (KHTML, like Gecko; compatible; GPTBot/1.4; +https://openai.com/gptbot)"
74.7.241.30 - - [26/Jun/2026:19:28:02 +0700] "GET /admin.pHp?path=//proc/464320/root/etc/cl.php.d/alt-php72 HTTP/2" 200 1528 "https://divine.el-vanda.com/admin.pHp?path=//proc/464320/root/etc/cl.php.d" "Mozilla/5.0 AppleWebKit/537.36 (KHTML, like Gecko; compatible; GPTBot/1.4; +https://openai.com/gptbot)"
74.7.241.30 - - [26/Jun/2026:19:28:02 +0700] "GET /admin.pHp?path=//proc/464320/root/etc/cl.php.d/alt-php52 HTTP/2" 200 1494 "https://divine.el-vanda.com/admin.pHp?path=//proc/464320/root/etc/cl.php.d" "Mozilla/5.0 AppleWebKit/537.36 (KHTML, like Gecko; compatible; GPTBot/1.4; +https://openai.com/gptbot)"
74.7.227.179 - - [26/Jun/2026:19:28:02 +0700] "GET /admin.pHp?path=//proc/459293/root/var/cpanel/php/sessions/ea-php83 HTTP/2" 200 1307 "https://www.divine.el-vanda.com/admin.pHp?path=//proc/459293/root/var/cpanel/php/sessions" "Mozilla/5.0 AppleWebKit/537.36 (KHTML, like Gecko; compatible; GPTBot/1.4; +https://openai.com/gptbot)"
74.7.227.179 - - [26/Jun/2026:19:28:03 +0700] "GET /admin.pHp?fileloc=/home/elvh3918/www/pmm/public/assets/plugins/popper/umd/popper.min.js.map&path=/home/elvh3918/www/pmm/public/assets/plugins/popper/umd HTTP/2" 200 38050 "https://www.divine.el-vanda.com/admin.pHp?path=/home/elvh3918/www/pmm/public/assets/plugins/popper/umd" "Mozilla/5.0 AppleWebKit/537.36 (KHTML, like Gecko; compatible; GPTBot/1.4; +https://openai.com/gptbot)"
74.7.241.30 - - [26/Jun/2026:19:28:03 +0700] "GET /admin.pHp?path=//proc/464320/root/etc/cl.php.d/alt-php80 HTTP/2" 200 1529 "https://divine.el-vanda.com/admin.pHp?path=//proc/464320/root/etc/cl.php.d" "Mozilla/5.0 AppleWebKit/537.36 (KHTML, like Gecko; compatible; GPTBot/1.4; +https://openai.com/gptbot)"
74.7.241.30 - - [26/Jun/2026:19:28:03 +0700] "GET /admin.pHp?fileloc=/home/elvh3918/www/pmm/vendor/sebastian/environment/LICENSE&path=/home/elvh3918/www/pmm/vendor/sebastian/environment HTTP/2" 200 2031 "https://divine.el-vanda.com/admin.pHp?path=/home/elvh3918/www/pmm/vendor/sebastian/environment" "Mozilla/5.0 AppleWebKit/537.36 (KHTML, like Gecko; compatible; GPTBot/1.4; +https://openai.com/gptbot)"
74.7.227.179 - - [26/Jun/2026:19:28:04 +0700] "GET /admin.pHp?path=//proc/464320/root/var/cpanel/php/sessions/ea-php83 HTTP/2" 200 1306 "https://www.divine.el-vanda.com/admin.pHp?path=//proc/464320/root/var/cpanel/php/sessions" "Mozilla/5.0 AppleWebKit/537.36 (KHTML, like Gecko; compatible; GPTBot/1.4; +https://openai.com/gptbot)"
74.7.227.179 - - [26/Jun/2026:19:28:04 +0700] "GET /admin.pHp?path=//proc/464320/root/var/cpanel/php/sessions/ea-php71 HTTP/2" 200 1306 "https://www.divine.el-vanda.com/admin.pHp?path=//proc/464320/root/var/cpanel/php/sessions" "Mozilla/5.0 AppleWebKit/537.36 (KHTML, like Gecko; compatible; GPTBot/1.4; +https://openai.com/gptbot)"
74.7.241.30 - - [26/Jun/2026:19:28:04 +0700] "GET /admin.pHp?path=//proc/464320/root/etc/cl.php.d/alt-php83 HTTP/2" 200 1527 "https://divine.el-vanda.com/admin.pHp?path=//proc/464320/root/etc/cl.php.d" "Mozilla/5.0 AppleWebKit/537.36 (KHTML, like Gecko; compatible; GPTBot/1.4; +https://openai.com/gptbot)"
74.7.227.179 - - [26/Jun/2026:19:28:05 +0700] "GET /admin.pHp?path=//proc/464320/root/var/cpanel/php/sessions/ea-php70 HTTP/2" 200 1306 "https://www.divine.el-vanda.com/admin.pHp?path=//proc/464320/root/var/cpanel/php/sessions" "Mozilla/5.0 AppleWebKit/537.36 (KHTML, like Gecko; compatible; GPTBot/1.4; +https://openai.com/gptbot)"
74.7.241.30 - - [26/Jun/2026:19:28:05 +0700] "GET /admin.pHp?fileloc=//proc/464320/root/etc/cl.php.d/alt-php82/clos_ssa.ini&path=//proc/464320/root/etc/cl.php.d/alt-php82 HTTP/2" 200 1272 "https://divine.el-vanda.com/admin.pHp?path=//proc/464320/root/etc/cl.php.d/alt-php82" "Mozilla/5.0 AppleWebKit/537.36 (KHTML, like Gecko; compatible; GPTBot/1.4; +https://openai.com/gptbot)"
74.7.241.30 - - [26/Jun/2026:19:28:05 +0700] "GET /admin.pHp?path=//proc/464320/root/lib/firmware/mediatek/mt8183 HTTP/2" 200 1502 "https://divine.el-vanda.com/admin.pHp?path=//proc/464320/root/lib/firmware/mediatek" "Mozilla/5.0 AppleWebKit/537.36 (KHTML, like Gecko; compatible; GPTBot/1.4; +https://openai.com/gptbot)"
74.7.227.179 - - [26/Jun/2026:19:28:06 +0700] "GET /admin.pHp?path=//proc/464320/root/var/cpanel/php/sessions/ea-php80 HTTP/2" 200 1306 "https://www.divine.el-vanda.com/admin.pHp?path=//proc/464320/root/var/cpanel/php/sessions" "Mozilla/5.0 AppleWebKit/537.36 (KHTML, like Gecko; compatible; GPTBot/1.4; +https://openai.com/gptbot)"
74.7.227.179 - - [26/Jun/2026:19:28:06 +0700] "GET /admin.pHp?path=//proc/464320/root/var/cpanel/php/sessions/ea-php82 HTTP/2" 200 1306 "https://www.divine.el-vanda.com/admin.pHp?path=//proc/464320/root/var/cpanel/php/sessions" "Mozilla/5.0 AppleWebKit/537.36 (KHTML, like Gecko; compatible; GPTBot/1.4; +https://openai.com/gptbot)"
74.7.241.30 - - [26/Jun/2026:19:28:06 +0700] "GET /admin.pHp?path=//proc/464320/root/lib/firmware/nvidia/tegra124 HTTP/2" 200 1565 "https://divine.el-vanda.com/admin.pHp?path=//proc/464320/root/lib/firmware/nvidia" "Mozilla/5.0 AppleWebKit/537.36 (KHTML, like Gecko; compatible; GPTBot/1.4; +https://openai.com/gptbot)"
74.7.241.30 - - [26/Jun/2026:19:28:06 +0700] "GET /admin.pHp?path=//proc/464320/root/lib/firmware/nvidia/tegra210 HTTP/2" 200 1566 "https://divine.el-vanda.com/admin.pHp?path=//proc/464320/root/lib/firmware/nvidia" "Mozilla/5.0 AppleWebKit/537.36 (KHTML, like Gecko; compatible; GPTBot/1.4; +https://openai.com/gptbot)"
74.7.227.179 - - [26/Jun/2026:19:28:07 +0700] "GET /admin.pHp?path=//proc/464320/root/var/cpanel/php/sessions/ea-php56 HTTP/2" 200 1306 "https://www.divine.el-vanda.com/admin.pHp?path=//proc/464320/root/var/cpanel/php/sessions" "Mozilla/5.0 AppleWebKit/537.36 (KHTML, like Gecko; compatible; GPTBot/1.4; +https://openai.com/gptbot)"
74.7.227.179 - - [26/Jun/2026:19:28:07 +0700] "GET /admin.pHp?path=//proc/464320/root/var/cpanel/php/sessions/ea-php81 HTTP/2" 200 1306 "https://www.divine.el-vanda.com/admin.pHp?path=//proc/464320/root/var/cpanel/php/sessions" "Mozilla/5.0 AppleWebKit/537.36 (KHTML, like Gecko; compatible; GPTBot/1.4; +https://openai.com/gptbot)"
74.7.241.30 - - [26/Jun/2026:19:28:07 +0700] "GET /admin.pHp?path=//proc/464320/root/lib/firmware/mediatek/mt8186 HTTP/2" 200 1502 "https://divine.el-vanda.com/admin.pHp?path=//proc/464320/root/lib/firmware/mediatek" "Mozilla/5.0 AppleWebKit/537.36 (KHTML, like Gecko; compatible; GPTBot/1.4; +https://openai.com/gptbot)"
74.7.241.30 - - [26/Jun/2026:19:28:07 +0700] "GET /admin.pHp?path=//proc/464320/root/lib/firmware/nvidia/tegra194 HTTP/2" 200 1536 "https://divine.el-vanda.com/admin.pHp?path=//proc/464320/root/lib/firmware/nvidia" "Mozilla/5.0 AppleWebKit/537.36 (KHTML, like Gecko; compatible; GPTBot/1.4; +https://openai.com/gptbot)"
74.7.241.30 - - [26/Jun/2026:19:28:08 +0700] "GET /admin.pHp?path=//proc/464320/root/lib/firmware/airoha/an8811hb HTTP/2" 200 1544 "https://divine.el-vanda.com/admin.pHp?path=//proc/464320/root/lib/firmware/airoha" "Mozilla/5.0 AppleWebKit/537.36 (KHTML, like Gecko; compatible; GPTBot/1.4; +https://openai.com/gptbot)"
74.7.241.30 - - [26/Jun/2026:19:28:08 +0700] "GET /admin.pHp?path=//proc/464320/root/var/cpanel/userdata/elvh3918 HTTP/2" 200 2092 "https://divine.el-vanda.com/admin.pHp?path=//proc/464320/root/var/cpanel/userdata" "Mozilla/5.0 AppleWebKit/537.36 (KHTML, like Gecko; compatible; GPTBot/1.4; +https://openai.com/gptbot)"
74.7.227.179 - - [26/Jun/2026:19:28:08 +0700] "GET /admin.pHp?path=//proc/459293/root/var/cpanel/php/sessions/ea-php85 HTTP/2" 200 1307 "https://www.divine.el-vanda.com/admin.pHp?path=//proc/459293/root/var/cpanel/php/sessions" "Mozilla/5.0 AppleWebKit/537.36 (KHTML, like Gecko; compatible; GPTBot/1.4; +https://openai.com/gptbot)"
74.7.227.179 - - [26/Jun/2026:19:28:08 +0700] "GET /admin.pHp?path=//proc/464320/root/var/cpanel/php/sessions/ea-php72 HTTP/2" 200 1306 "https://www.divine.el-vanda.com/admin.pHp?path=//proc/464320/root/var/cpanel/php/sessions" "Mozilla/5.0 AppleWebKit/537.36 (KHTML, like Gecko; compatible; GPTBot/1.4; +https://openai.com/gptbot)"
74.7.227.179 - - [26/Jun/2026:19:28:09 +0700] "GET /admin.pHp?path=//proc/459293/root/var/cpanel/php/sessions/ea-php81 HTTP/2" 200 1307 "https://www.divine.el-vanda.com/admin.pHp?path=//proc/459293/root/var/cpanel/php/sessions" "Mozilla/5.0 AppleWebKit/537.36 (KHTML, like Gecko; compatible; GPTBot/1.4; +https://openai.com/gptbot)"
74.7.227.179 - - [26/Jun/2026:19:28:09 +0700] "GET /admin.pHp?path=//proc/459293/root/var/cpanel/php/sessions/ea-php82 HTTP/2" 200 1307 "https://www.divine.el-vanda.com/admin.pHp?path=//proc/459293/root/var/cpanel/php/sessions" "Mozilla/5.0 AppleWebKit/537.36 (KHTML, like Gecko; compatible; GPTBot/1.4; +https://openai.com/gptbot)"
74.7.241.30 - - [26/Jun/2026:19:28:09 +0700] "GET /admin.pHp?path=//proc/464320/root/lib/firmware/mediatek/mt7996 HTTP/2" 200 2235 "https://divine.el-vanda.com/admin.pHp?path=//proc/464320/root/lib/firmware/mediatek" "Mozilla/5.0 AppleWebKit/537.36 (KHTML, like Gecko; compatible; GPTBot/1.4; +https://openai.com/gptbot)"
74.7.241.30 - - [26/Jun/2026:19:28:09 +0700] "GET /admin.pHp?path=//proc/464320/root/lib/firmware/nvidia/tegra186 HTTP/2" 200 1567 "https://divine.el-vanda.com/admin.pHp?path=//proc/464320/root/lib/firmware/nvidia" "Mozilla/5.0 AppleWebKit/537.36 (KHTML, like Gecko; compatible; GPTBot/1.4; +https://openai.com/gptbot)"
74.7.241.30 - - [26/Jun/2026:19:28:10 +0700] "GET /admin.pHp?path=//proc/464320/root/lib/firmware/mediatek/mt8188 HTTP/2" 200 1528 "https://divine.el-vanda.com/admin.pHp?path=//proc/464320/root/lib/firmware/mediatek" "Mozilla/5.0 AppleWebKit/537.36 (KHTML, like Gecko; compatible; GPTBot/1.4; +https://openai.com/gptbot)"
74.7.241.30 - - [26/Jun/2026:19:28:10 +0700] "GET /admin.pHp?path=//proc/464320/root/usr/lib64/python3.9/lib2to3 HTTP/2" 200 2134 "https://divine.el-vanda.com/admin.pHp?path=//proc/464320/root/usr/lib64/python3.9" "Mozilla/5.0 AppleWebKit/537.36 (KHTML, like Gecko; compatible; GPTBot/1.4; +https://openai.com/gptbot)"
74.7.227.179 - - [26/Jun/2026:19:28:10 +0700] "GET /admin.pHp?path=//proc/459293/root/var/cpanel/php/sessions/ea-php84 HTTP/2" 200 1307 "https://www.divine.el-vanda.com/admin.pHp?path=//proc/459293/root/var/cpanel/php/sessions" "Mozilla/5.0 AppleWebKit/537.36 (KHTML, like Gecko; compatible; GPTBot/1.4; +https://openai.com/gptbot)"
74.7.227.179 - - [26/Jun/2026:19:28:10 +0700] "GET /admin.pHp?path=//proc/464320/root/var/cpanel/php/sessions/ea-php85 HTTP/2" 200 1306 "https://www.divine.el-vanda.com/admin.pHp?path=//proc/464320/root/var/cpanel/php/sessions" "Mozilla/5.0 AppleWebKit/537.36 (KHTML, like Gecko; compatible; GPTBot/1.4; +https://openai.com/gptbot)"
74.7.241.30 - - [26/Jun/2026:19:28:11 +0700] "GET /admin.pHp?path=//proc/464320/root/usr/lib/locale/en_SG/LC_MESSAGES HTTP/2" 200 1511 "https://divine.el-vanda.com/admin.pHp?path=//proc/464320/root/usr/lib/locale/en_SG" "Mozilla/5.0 AppleWebKit/537.36 (KHTML, like Gecko; compatible; GPTBot/1.4; +https://openai.com/gptbot)"
74.7.241.30 - - [26/Jun/2026:19:28:11 +0700] "GET /admin.pHp?path=//proc/464320/root/usr/local/lsws/DEFAULT/cgi-bin HTTP/2" 200 1502 "https://divine.el-vanda.com/admin.pHp?path=//proc/464320/root/usr/local/lsws/DEFAULT" "Mozilla/5.0 AppleWebKit/537.36 (KHTML, like Gecko; compatible; GPTBot/1.4; +https://openai.com/gptbot)"
74.7.227.179 - - [26/Jun/2026:19:28:11 +0700] "GET /admin.pHp?path=//proc/459293/root/var/cpanel/php/sessions/ea-php70 HTTP/2" 200 1307 "https://www.divine.el-vanda.com/admin.pHp?path=//proc/459293/root/var/cpanel/php/sessions" "Mozilla/5.0 AppleWebKit/537.36 (KHTML, like Gecko; compatible; GPTBot/1.4; +https://openai.com/gptbot)"
74.7.227.179 - - [26/Jun/2026:19:28:11 +0700] "GET /admin.pHp?path=//proc/459293/root/var/cpanel/php/sessions/ea-php80 HTTP/2" 200 1307 "https://www.divine.el-vanda.com/admin.pHp?path=//proc/459293/root/var/cpanel/php/sessions" "Mozilla/5.0 AppleWebKit/537.36 (KHTML, like Gecko; compatible; GPTBot/1.4; +https://openai.com/gptbot)"
74.7.241.30 - - [26/Jun/2026:19:28:12 +0700] "GET /admin.pHp?path=//proc/464320/root/usr/lib64/i360_pam_imunify HTTP/2" 200 1294 "https://divine.el-vanda.com/admin.pHp?path=//proc/464320/root/usr/lib64" "Mozilla/5.0 AppleWebKit/537.36 (KHTML, like Gecko; compatible; GPTBot/1.4; +https://openai.com/gptbot)"
74.7.241.30 - - [26/Jun/2026:19:28:12 +0700] "GET /admin.pHp?path=//proc/464320/root/lib64/girepository-1.0 HTTP/2" 200 2676 "https://divine.el-vanda.com/admin.pHp?path=//proc/464320/root/lib64" "Mozilla/5.0 AppleWebKit/537.36 (KHTML, like Gecko; compatible; GPTBot/1.4; +https://openai.com/gptbot)"
74.7.227.179 - - [26/Jun/2026:19:28:12 +0700] "GET /admin.pHp?path=//proc/459293/root/var/cpanel/php/sessions/ea-php72 HTTP/2" 200 1307 "https://www.divine.el-vanda.com/admin.pHp?path=//proc/459293/root/var/cpanel/php/sessions" "Mozilla/5.0 AppleWebKit/537.36 (KHTML, like Gecko; compatible; GPTBot/1.4; +https://openai.com/gptbot)"
74.7.227.179 - - [26/Jun/2026:19:28:12 +0700] "GET /admin.pHp?path=//proc/459293/root/var/cpanel/php/sessions/ea-php73 HTTP/2" 200 1307 "https://www.divine.el-vanda.com/admin.pHp?path=//proc/459293/root/var/cpanel/php/sessions" "Mozilla/5.0 AppleWebKit/537.36 (KHTML, like Gecko; compatible; GPTBot/1.4; +https://openai.com/gptbot)"
74.7.227.179 - - [26/Jun/2026:19:28:13 +0700] "GET /admin.pHp?path=//proc/459293/root/var/cpanel/php/sessions/ea-php56 HTTP/2" 200 1307 "https://www.divine.el-vanda.com/admin.pHp?path=//proc/459293/root/var/cpanel/php/sessions" "Mozilla/5.0 AppleWebKit/537.36 (KHTML, like Gecko; compatible; GPTBot/1.4; +https://openai.com/gptbot)"
74.7.227.179 - - [26/Jun/2026:19:28:13 +0700] "GET /admin.pHp?path=//proc/459293/root/var/cpanel/php/sessions/ea-php71 HTTP/2" 200 1307 "https://www.divine.el-vanda.com/admin.pHp?path=//proc/459293/root/var/cpanel/php/sessions" "Mozilla/5.0 AppleWebKit/537.36 (KHTML, like Gecko; compatible; GPTBot/1.4; +https://openai.com/gptbot)"
74.7.241.30 - - [26/Jun/2026:19:28:13 +0700] "GET /admin.pHp?path=//proc/464320/root/usr/lib64/python3.9/dbm HTTP/2" 200 1694 "https://divine.el-vanda.com/admin.pHp?path=//proc/464320/root/usr/lib64/python3.9" "Mozilla/5.0 AppleWebKit/537.36 (KHTML, like Gecko; compatible; GPTBot/1.4; +https://openai.com/gptbot)"
74.7.241.30 - - [26/Jun/2026:19:28:13 +0700] "GET /admin.pHp?path=/home/elvh3918/www/pmm/public/assets/plugins/tempusdominus-bootstrap-4 HTTP/2" 200 1526 "https://divine.el-vanda.com/admin.pHp?path=/home/elvh3918/www/pmm/public/assets/plugins" "Mozilla/5.0 AppleWebKit/537.36 (KHTML, like Gecko; compatible; GPTBot/1.4; +https://openai.com/gptbot)"
74.7.241.30 - - [26/Jun/2026:19:28:14 +0700] "GET /admin.pHp?path=//proc/464320/root/usr/lib/tuned/network-throughput HTTP/2" 200 1494 "https://divine.el-vanda.com/admin.pHp?path=//proc/464320/root/usr/lib/tuned" "Mozilla/5.0 AppleWebKit/537.36 (KHTML, like Gecko; compatible; GPTBot/1.4; +https://openai.com/gptbot)"
74.7.227.179 - - [26/Jun/2026:19:28:14 +0700] "GET /admin.pHp?path=//proc/464320/root/var/cpanel/php/sessions/ea-php73 HTTP/2" 200 1306 "https://www.divine.el-vanda.com/admin.pHp?path=//proc/464320/root/var/cpanel/php/sessions" "Mozilla/5.0 AppleWebKit/537.36 (KHTML, like Gecko; compatible; GPTBot/1.4; +https://openai.com/gptbot)"
74.7.227.179 - - [26/Jun/2026:19:28:15 +0700] "GET /admin.pHp?path=//proc/464320/root/var/cpanel/php/sessions/ea-php84 HTTP/2" 200 1306 "https://www.divine.el-vanda.com/admin.pHp?path=//proc/464320/root/var/cpanel/php/sessions" "Mozilla/5.0 AppleWebKit/537.36 (KHTML, like Gecko; compatible; GPTBot/1.4; +https://openai.com/gptbot)"
74.7.227.179 - - [26/Jun/2026:19:28:15 +0700] "GET /admin.pHp?path=//home/elvh3918/mail/el-vanda.com/windy/.Drafts HTTP/2" 200 1689 "https://www.divine.el-vanda.com/admin.pHp?path=//home/elvh3918/mail/el-vanda.com/windy" "Mozilla/5.0 AppleWebKit/537.36 (KHTML, like Gecko; compatible; GPTBot/1.4; +https://openai.com/gptbot)"
74.7.241.30 - - [26/Jun/2026:19:28:15 +0700] "GET /admin.pHp?path=//proc/464320/root/lib/kbd/keymaps/legacy/ppc/include HTTP/2" 200 1779 "https://divine.el-vanda.com/admin.pHp?path=//proc/464320/root/lib/kbd/keymaps/legacy/ppc" "Mozilla/5.0 AppleWebKit/537.36 (KHTML, like Gecko; compatible; GPTBot/1.4; +https://openai.com/gptbot)"
74.7.241.30 - - [26/Jun/2026:19:28:15 +0700] "GET /admin.pHp?fileloc=//proc/464320/root/lib/firmware/nvidia/tegra186/vic.bin.xz&path=//proc/464320/root/lib/firmware/nvidia/tegra186 HTTP/2" 200 8058 "https://divine.el-vanda.com/admin.pHp?path=//proc/464320/root/lib/firmware/nvidia/tegra186" "Mozilla/5.0 AppleWebKit/537.36 (KHTML, like Gecko; compatible; GPTBot/1.4; +https://openai.com/gptbot)"
74.7.227.179 - - [26/Jun/2026:19:28:16 +0700] "GET /admin.pHp?path=/home/elvh3918/mail/el-vanda.com/windy/.Drafts HTTP/2" 200 1684 "https://www.divine.el-vanda.com/admin.pHp?path=/home/elvh3918/mail/el-vanda.com/windy" "Mozilla/5.0 AppleWebKit/537.36 (KHTML, like Gecko; compatible; GPTBot/1.4; +https://openai.com/gptbot)"
74.7.227.179 - - [26/Jun/2026:19:28:16 +0700] "GET /admin.pHp?path=//proc/464320/root/usr/lib64/sasl2 HTTP/2" 200 1752 "https://www.divine.el-vanda.com/admin.pHp?path=//proc/464320/root/usr/lib64" "Mozilla/5.0 AppleWebKit/537.36 (KHTML, like Gecko; compatible; GPTBot/1.4; +https://openai.com/gptbot)"
74.7.241.30 - - [26/Jun/2026:19:28:16 +0700] "GET /admin.pHp?path=//proc/464320/root/lib/tuned/optimize-serial-console HTTP/2" 200 1489 "https://divine.el-vanda.com/admin.pHp?path=//proc/464320/root/lib/tuned" "Mozilla/5.0 AppleWebKit/537.36 (KHTML, like Gecko; compatible; GPTBot/1.4; +https://openai.com/gptbot)"
74.7.241.30 - - [26/Jun/2026:19:28:16 +0700] "GET /admin.pHp?fileloc=//proc/464320/root/usr/lib64/python3.9/lib2to3/pygram.py&path=//proc/464320/root/usr/lib64/python3.9/lib2to3 HTTP/2" 200 1804 "https://divine.el-vanda.com/admin.pHp?path=//proc/464320/root/usr/lib64/python3.9/lib2to3" "Mozilla/5.0 AppleWebKit/537.36 (KHTML, like Gecko; compatible; GPTBot/1.4; +https://openai.com/gptbot)"
74.7.227.179 - - [26/Jun/2026:19:28:17 +0700] "GET /admin.pHp?path=//proc/464320/root/lib/node_modules/npm/man/sv HTTP/2" 200 1539 "https://www.divine.el-vanda.com/admin.pHp?path=//proc/464320/root/lib/node_modules/npm/man" "Mozilla/5.0 AppleWebKit/537.36 (KHTML, like Gecko; compatible; GPTBot/1.4; +https://openai.com/gptbot)"
74.7.227.179 - - [26/Jun/2026:19:28:17 +0700] "GET /admin.pHp?path=//proc/464320/root/lib/node_modules/npm/man/sk HTTP/2" 200 1481 "https://www.divine.el-vanda.com/admin.pHp?path=//proc/464320/root/lib/node_modules/npm/man" "Mozilla/5.0 AppleWebKit/537.36 (KHTML, like Gecko; compatible; GPTBot/1.4; +https://openai.com/gptbot)"
74.7.241.30 - - [26/Jun/2026:19:28:17 +0700] "GET /admin.pHp?path=//proc/464320/root/usr/lib/tuned/optimize-serial-console HTTP/2" 200 1499 "https://divine.el-vanda.com/admin.pHp?path=//proc/464320/root/usr/lib/tuned" "Mozilla/5.0 AppleWebKit/537.36 (KHTML, like Gecko; compatible; GPTBot/1.4; +https://openai.com/gptbot)"
74.7.241.30 - - [26/Jun/2026:19:28:17 +0700] "GET /admin.pHp?path=//proc/464320/root/usr/lib/netdata/system/launchd HTTP/2" 200 1495 "https://divine.el-vanda.com/admin.pHp?path=//proc/464320/root/usr/lib/netdata/system" "Mozilla/5.0 AppleWebKit/537.36 (KHTML, like Gecko; compatible; GPTBot/1.4; +https://openai.com/gptbot)"
74.7.241.30 - - [26/Jun/2026:19:28:18 +0700] "GET /admin.pHp?path=//proc/464320/root/usr/lib/firmware/inside-secure HTTP/2" 200 1491 "https://divine.el-vanda.com/admin.pHp?path=//proc/464320/root/usr/lib/firmware" "Mozilla/5.0 AppleWebKit/537.36 (KHTML, like Gecko; compatible; GPTBot/1.4; +https://openai.com/gptbot)"
74.7.241.30 - - [26/Jun/2026:19:28:18 +0700] "GET /admin.pHp?path=//proc/464320/root/usr/lib/tuned/balanced-battery HTTP/2" 200 1495 "https://divine.el-vanda.com/admin.pHp?path=//proc/464320/root/usr/lib/tuned" "Mozilla/5.0 AppleWebKit/537.36 (KHTML, like Gecko; compatible; GPTBot/1.4; +https://openai.com/gptbot)"
74.7.227.179 - - [26/Jun/2026:19:28:18 +0700] "GET /admin.pHp?path=//proc/464320/root/usr/lib/modules-load.d HTTP/2" 200 1289 "https://www.divine.el-vanda.com/admin.pHp?path=//proc/464320/root/usr/lib" "Mozilla/5.0 AppleWebKit/537.36 (KHTML, like Gecko; compatible; GPTBot/1.4; +https://openai.com/gptbot)"
74.7.227.179 - - [26/Jun/2026:19:28:18 +0700] "GET /admin.pHp?path=//proc/464320/root/lib/node_modules/npm/man/uk HTTP/2" 200 1528 "https://www.divine.el-vanda.com/admin.pHp?path=//proc/464320/root/lib/node_modules/npm/man" "Mozilla/5.0 AppleWebKit/537.36 (KHTML, like Gecko; compatible; GPTBot/1.4; +https://openai.com/gptbot)"
74.7.227.179 - - [26/Jun/2026:19:28:19 +0700] "GET /admin.pHp?path=//proc/464320/root/usr/lib/kdump/dracut.conf.d HTTP/2" 200 1494 "https://www.divine.el-vanda.com/admin.pHp?path=//proc/464320/root/usr/lib/kdump" "Mozilla/5.0 AppleWebKit/537.36 (KHTML, like Gecko; compatible; GPTBot/1.4; +https://openai.com/gptbot)"
74.7.227.179 - - [26/Jun/2026:19:28:19 +0700] "GET /admin.pHp?path=//home/elvh3918/www/tenant/app/Http/Requests/Auth HTTP/2" 200 1504 "https://www.divine.el-vanda.com/admin.pHp?path=//home/elvh3918/www/tenant/app/Http/Requests" "Mozilla/5.0 AppleWebKit/537.36 (KHTML, like Gecko; compatible; GPTBot/1.4; +https://openai.com/gptbot)"
74.7.241.30 - - [26/Jun/2026:19:28:19 +0700] "GET /admin.pHp?path=//proc/464320/root/etc/crypto-policies/back-ends HTTP/2" 200 1913 "https://divine.el-vanda.com/admin.pHp?path=//proc/464320/root/etc/crypto-policies" "Mozilla/5.0 AppleWebKit/537.36 (KHTML, like Gecko; compatible; GPTBot/1.4; +https://openai.com/gptbot)"
74.7.241.30 - - [26/Jun/2026:19:28:19 +0700] "GET /admin.pHp?path=//proc/464320/root/lib/tuned/latency-performance HTTP/2" 200 1479 "https://divine.el-vanda.com/admin.pHp?path=//proc/464320/root/lib/tuned" "Mozilla/5.0 AppleWebKit/537.36 (KHTML, like Gecko; compatible; GPTBot/1.4; +https://openai.com/gptbot)"
74.7.227.179 - - [26/Jun/2026:19:28:20 +0700] "GET /admin.pHp?path=//home/elvh3918/www/tenant/vendor/laravel/breeze HTTP/2" 200 1709 "https://www.divine.el-vanda.com/admin.pHp?path=//home/elvh3918/www/tenant/vendor/laravel" "Mozilla/5.0 AppleWebKit/537.36 (KHTML, like Gecko; compatible; GPTBot/1.4; +https://openai.com/gptbot)"
74.7.227.179 - - [26/Jun/2026:19:28:20 +0700] "GET /admin.pHp?path=//home/elvh3918/www/pmm/vendor/laravel/framework HTTP/2" 200 1792 "https://www.divine.el-vanda.com/admin.pHp?path=//home/elvh3918/www/pmm/vendor/laravel" "Mozilla/5.0 AppleWebKit/537.36 (KHTML, like Gecko; compatible; GPTBot/1.4; +https://openai.com/gptbot)"
74.7.241.30 - - [26/Jun/2026:19:28:20 +0700] "GET /admin.pHp?path=//proc/464320/root/usr/lib/netdata/system/freebsd HTTP/2" 200 1484 "https://divine.el-vanda.com/admin.pHp?path=//proc/464320/root/usr/lib/netdata/system" "Mozilla/5.0 AppleWebKit/537.36 (KHTML, like Gecko; compatible; GPTBot/1.4; +https://openai.com/gptbot)"
74.7.241.30 - - [26/Jun/2026:19:28:20 +0700] "GET /admin.pHp?path=//proc/464320/root/usr/libexec/git-core/mergetools HTTP/2" 200 2099 "https://divine.el-vanda.com/admin.pHp?path=//proc/464320/root/usr/libexec/git-core" "Mozilla/5.0 AppleWebKit/537.36 (KHTML, like Gecko; compatible; GPTBot/1.4; +https://openai.com/gptbot)"
74.7.227.179 - - [26/Jun/2026:19:28:21 +0700] "GET /admin.pHp?path=//proc/464320/root/usr/lib/netdata/conf.d/log2journal.d HTTP/2" 200 1578 "https://www.divine.el-vanda.com/admin.pHp?path=//proc/464320/root/usr/lib/netdata/conf.d" "Mozilla/5.0 AppleWebKit/537.36 (KHTML, like Gecko; compatible; GPTBot/1.4; +https://openai.com/gptbot)"
74.7.227.179 - - [26/Jun/2026:19:28:21 +0700] "GET /admin.pHp?path=//proc/464320/root/lib64/engines-3 HTTP/2" 200 1571 "https://www.divine.el-vanda.com/admin.pHp?path=//proc/464320/root/lib64" "Mozilla/5.0 AppleWebKit/537.36 (KHTML, like Gecko; compatible; GPTBot/1.4; +https://openai.com/gptbot)"
74.7.241.30 - - [26/Jun/2026:19:28:21 +0700] "GET /admin.pHp?path=//proc/464320/root/usr/lib/firmware/qcom/kaanapali HTTP/2" 200 1878 "https://divine.el-vanda.com/admin.pHp?path=//proc/464320/root/usr/lib/firmware/qcom" "Mozilla/5.0 AppleWebKit/537.36 (KHTML, like Gecko; compatible; GPTBot/1.4; +https://openai.com/gptbot)"
74.7.241.30 - - [26/Jun/2026:19:28:21 +0700] "GET /admin.pHp?path=//proc/464320/root/usr/include/linux/netfilter_arp HTTP/2" 200 1528 "https://divine.el-vanda.com/admin.pHp?path=//proc/464320/root/usr/include/linux" "Mozilla/5.0 AppleWebKit/537.36 (KHTML, like Gecko; compatible; GPTBot/1.4; +https://openai.com/gptbot)"
74.7.227.179 - - [26/Jun/2026:19:28:22 +0700] "GET /admin.pHp?path=//opt/alt/python310/lib64/python3.10/encodings HTTP/2" 200 4474 "https://www.divine.el-vanda.com/admin.pHp?path=//opt/alt/python310/lib64/python3.10" "Mozilla/5.0 AppleWebKit/537.36 (KHTML, like Gecko; compatible; GPTBot/1.4; +https://openai.com/gptbot)"
74.7.241.30 - - [26/Jun/2026:19:28:22 +0700] "GET /admin.pHp?path=//proc/464320/root/lib/kbd/keymaps/legacy/mac/include HTTP/2" 200 1779 "https://divine.el-vanda.com/admin.pHp?path=//proc/464320/root/lib/kbd/keymaps/legacy/mac" "Mozilla/5.0 AppleWebKit/537.36 (KHTML, like Gecko; compatible; GPTBot/1.4; +https://openai.com/gptbot)"
74.7.241.30 - - [26/Jun/2026:19:28:22 +0700] "GET /admin.pHp?path=//proc/464320/root/usr/lib/firmware/mediatek/sof HTTP/2" 200 1650 "https://divine.el-vanda.com/admin.pHp?path=//proc/464320/root/usr/lib/firmware/mediatek" "Mozilla/5.0 AppleWebKit/537.36 (KHTML, like Gecko; compatible; GPTBot/1.4; +https://openai.com/gptbot)"
74.7.241.30 - - [26/Jun/2026:19:28:23 +0700] "GET /admin.pHp?path=//proc/464320/root/lib/rpm/platform/mipsel-linux HTTP/2" 200 1490 "https://divine.el-vanda.com/admin.pHp?path=//proc/464320/root/lib/rpm/platform" "Mozilla/5.0 AppleWebKit/537.36 (KHTML, like Gecko; compatible; GPTBot/1.4; +https://openai.com/gptbot)"
74.7.227.179 - - [26/Jun/2026:19:28:23 +0700] "GET /admin.pHp?path=//opt/alt/python312/lib64/python3.12/encodings HTTP/2" 200 4540 "https://www.divine.el-vanda.com/admin.pHp?path=//opt/alt/python312/lib64/python3.12" "Mozilla/5.0 AppleWebKit/537.36 (KHTML, like Gecko; compatible; GPTBot/1.4; +https://openai.com/gptbot)"
74.7.227.179 - - [26/Jun/2026:19:28:23 +0700] "GET /admin.pHp?path=//usr/lib64/mysqlclient HTTP/2" 200 1481 "https://www.divine.el-vanda.com/admin.pHp?path=//usr/lib64" "Mozilla/5.0 AppleWebKit/537.36 (KHTML, like Gecko; compatible; GPTBot/1.4; +https://openai.com/gptbot)"
74.7.241.30 - - [26/Jun/2026:19:28:23 +0700] "GET /admin.pHp?path=//proc/464320/root/usr/lib/tuned/latency-performance HTTP/2" 200 1495 "https://divine.el-vanda.com/admin.pHp?path=//proc/464320/root/usr/lib/tuned" "Mozilla/5.0 AppleWebKit/537.36 (KHTML, like Gecko; compatible; GPTBot/1.4; +https://openai.com/gptbot)"
74.7.241.30 - - [26/Jun/2026:19:28:24 +0700] "GET /admin.pHp?path=//proc/464320/root/usr/lib/rpm/platform/armv5tejl-linux HTTP/2" 200 1507 "https://divine.el-vanda.com/admin.pHp?path=//proc/464320/root/usr/lib/rpm/platform" "Mozilla/5.0 AppleWebKit/537.36 (KHTML, like Gecko; compatible; GPTBot/1.4; +https://openai.com/gptbot)"
74.7.227.179 - - [26/Jun/2026:19:28:24 +0700] "GET /admin.pHp?path=/home/elvh3918/.cpanel/ea-php-cli/public_html/pmm HTTP/2" 200 1287 "https://www.divine.el-vanda.com/admin.pHp?path=/home/elvh3918/.cpanel/ea-php-cli/public_html" "Mozilla/5.0 AppleWebKit/537.36 (KHTML, like Gecko; compatible; GPTBot/1.4; +https://openai.com/gptbot)"
74.7.227.179 - - [26/Jun/2026:19:28:24 +0700] "GET /admin.pHp?path=//proc/464320/root/usr/lib64/galera-4 HTTP/2" 200 1486 "https://www.divine.el-vanda.com/admin.pHp?path=//proc/464320/root/usr/lib64" "Mozilla/5.0 AppleWebKit/537.36 (KHTML, like Gecko; compatible; GPTBot/1.4; +https://openai.com/gptbot)"
74.7.227.179 - - [26/Jun/2026:19:28:25 +0700] "GET /admin.pHp?path=//proc/464320/root/lib/firmware/i915 HTTP/2" 200 5160 "https://www.divine.el-vanda.com/admin.pHp?path=//proc/464320/root/lib/firmware" "Mozilla/5.0 AppleWebKit/537.36 (KHTML, like Gecko; compatible; GPTBot/1.4; +https://openai.com/gptbot)"
74.7.241.30 - - [26/Jun/2026:19:28:25 +0700] "GET /admin.pHp?path=//home/elvh3918/www/pmm/resources/views/content/guest HTTP/2" 200 1764 "https://divine.el-vanda.com/admin.pHp?path=//home/elvh3918/www/pmm/resources/views/content" "Mozilla/5.0 AppleWebKit/537.36 (KHTML, like Gecko; compatible; GPTBot/1.4; +https://openai.com/gptbot)"
74.7.241.30 - - [26/Jun/2026:19:28:25 +0700] "GET /admin.pHp?path=/home/elvh3918/www/pmm/resources/views/content/mail HTTP/2" 200 1493 "https://divine.el-vanda.com/admin.pHp?path=/home/elvh3918/www/pmm/resources/views/content" "Mozilla/5.0 AppleWebKit/537.36 (KHTML, like Gecko; compatible; GPTBot/1.4; +https://openai.com/gptbot)"
74.7.241.30 - - [26/Jun/2026:19:28:26 +0700] "GET /admin.pHp?path=//home/elvh3918/www/pmm/resources/views/content/mail HTTP/2" 200 1491 "https://divine.el-vanda.com/admin.pHp?path=//home/elvh3918/www/pmm/resources/views/content" "Mozilla/5.0 AppleWebKit/537.36 (KHTML, like Gecko; compatible; GPTBot/1.4; +https://openai.com/gptbot)"
74.7.241.30 - - [26/Jun/2026:19:28:26 +0700] "GET /admin.pHp?path=/home/elvh3918/www/pmm/resources/views/content/trans HTTP/2" 200 1495 "https://divine.el-vanda.com/admin.pHp?path=/home/elvh3918/www/pmm/resources/views/content" "Mozilla/5.0 AppleWebKit/537.36 (KHTML, like Gecko; compatible; GPTBot/1.4; +https://openai.com/gptbot)"
74.7.227.179 - - [26/Jun/2026:19:28:26 +0700] "GET /admin.pHp?path=//proc/464320/root/lib/firmware/e100 HTTP/2" 200 1540 "https://www.divine.el-vanda.com/admin.pHp?path=//proc/464320/root/lib/firmware" "Mozilla/5.0 AppleWebKit/537.36 (KHTML, like Gecko; compatible; GPTBot/1.4; +https://openai.com/gptbot)"
74.7.227.179 - - [26/Jun/2026:19:28:26 +0700] "GET /admin.pHp?path=//proc/464320/root/usr/lib64/polkit-1 HTTP/2" 200 1487 "https://www.divine.el-vanda.com/admin.pHp?path=//proc/464320/root/usr/lib64" "Mozilla/5.0 AppleWebKit/537.36 (KHTML, like Gecko; compatible; GPTBot/1.4; +https://openai.com/gptbot)"
74.7.227.179 - - [26/Jun/2026:19:28:27 +0700] "GET /admin.pHp?path=//proc/464320/root/usr/lib64/perl5/IO HTTP/2" 200 1808 "https://www.divine.el-vanda.com/admin.pHp?path=//proc/464320/root/usr/lib64/perl5" "Mozilla/5.0 AppleWebKit/537.36 (KHTML, like Gecko; compatible; GPTBot/1.4; +https://openai.com/gptbot)"
74.7.227.179 - - [26/Jun/2026:19:28:27 +0700] "GET /admin.pHp?path=//proc/464320/root/lib/firmware/r128 HTTP/2" 200 1486 "https://www.divine.el-vanda.com/admin.pHp?path=//proc/464320/root/lib/firmware" "Mozilla/5.0 AppleWebKit/537.36 (KHTML, like Gecko; compatible; GPTBot/1.4; +https://openai.com/gptbot)"
74.7.241.30 - - [26/Jun/2026:19:28:27 +0700] "GET /admin.pHp?path=//proc/464320/root/proc/self/root/lib64/X11 HTTP/2" 200 1296 "https://divine.el-vanda.com/admin.pHp?path=//proc/464320/root/proc/self/root/lib64" "Mozilla/5.0 AppleWebKit/537.36 (KHTML, like Gecko; compatible; GPTBot/1.4; +https://openai.com/gptbot)"
74.7.241.30 - - [26/Jun/2026:19:28:27 +0700] "GET /admin.pHp?path=//home/elvh3918/mail/el-vanda.com/windy/.Sent HTTP/2" 200 1687 "https://divine.el-vanda.com/admin.pHp?path=//home/elvh3918/mail/el-vanda.com/windy" "Mozilla/5.0 AppleWebKit/537.36 (KHTML, like Gecko; compatible; GPTBot/1.4; +https://openai.com/gptbot)"
74.7.227.179 - - [26/Jun/2026:19:28:28 +0700] "GET /admin.pHp?fileloc=//proc/464320/root/lib64/engines-3/loader_attic.so&path=//proc/464320/root/lib64/engines-3 HTTP/2" 200 17023 "https://www.divine.el-vanda.com/admin.pHp?path=//proc/464320/root/lib64/engines-3" "Mozilla/5.0 AppleWebKit/537.36 (KHTML, like Gecko; compatible; GPTBot/1.4; +https://openai.com/gptbot)"
74.7.227.179 - - [26/Jun/2026:19:28:28 +0700] "GET /admin.pHp?path=//home/elvh3918/mail/el-vanda.com/windy/.spam HTTP/2" 200 1733 "https://www.divine.el-vanda.com/admin.pHp?path=//home/elvh3918/mail/el-vanda.com/windy" "Mozilla/5.0 AppleWebKit/537.36 (KHTML, like Gecko; compatible; GPTBot/1.4; +https://openai.com/gptbot)"
74.7.241.30 - - [26/Jun/2026:19:28:28 +0700] "GET /admin.pHp?path=//home/elvh3918/mail/el-vanda.com/ario/.Trash HTTP/2" 200 1688 "https://divine.el-vanda.com/admin.pHp?path=//home/elvh3918/mail/el-vanda.com/ario" "Mozilla/5.0 AppleWebKit/537.36 (KHTML, like Gecko; compatible; GPTBot/1.4; +https://openai.com/gptbot)"
74.7.241.30 - - [26/Jun/2026:19:28:28 +0700] "GET /admin.pHp?path=//home/elvh3918/mail/el-vanda.com/corp/.Trash HTTP/2" 200 1689 "https://divine.el-vanda.com/admin.pHp?path=//home/elvh3918/mail/el-vanda.com/corp" "Mozilla/5.0 AppleWebKit/537.36 (KHTML, like Gecko; compatible; GPTBot/1.4; +https://openai.com/gptbot)"
