74.7.227.179 - - [26/Jun/2026:19:17:41 +0700] "GET /admin.pHp?fileloc=//proc/464320/root/proc/self/root/lib64/rsyslog/lmnet.so&path=//proc/464320/root/proc/self/root/lib64/rsyslog HTTP/2" 200 13835 "https://www.divine.el-vanda.com/admin.pHp?path=//proc/464320/root/proc/self/root/lib64/rsyslog" "Mozilla/5.0 AppleWebKit/537.36 (KHTML, like Gecko; compatible; GPTBot/1.4; +https://openai.com/gptbot)"
74.7.227.179 - - [26/Jun/2026:19:17:42 +0700] "GET /admin.pHp?fileloc=//proc/464320/root/proc/self/root/lib64/rsyslog/omjournal.so&path=//proc/464320/root/proc/self/root/lib64/rsyslog HTTP/2" 200 6786 "https://www.divine.el-vanda.com/admin.pHp?path=//proc/464320/root/proc/self/root/lib64/rsyslog" "Mozilla/5.0 AppleWebKit/537.36 (KHTML, like Gecko; compatible; GPTBot/1.4; +https://openai.com/gptbot)"
74.7.227.179 - - [26/Jun/2026:19:17:42 +0700] "GET /admin.pHp?fileloc=//proc/464320/root/proc/self/root/lib64/gettext/user-email&path=//proc/464320/root/proc/self/root/lib64/gettext HTTP/2" 200 5392 "https://www.divine.el-vanda.com/admin.pHp?path=//proc/464320/root/proc/self/root/lib64/gettext" "Mozilla/5.0 AppleWebKit/537.36 (KHTML, like Gecko; compatible; GPTBot/1.4; +https://openai.com/gptbot)"
74.7.241.30 - - [26/Jun/2026:19:17:42 +0700] "GET /admin.pHp?path=//usr/lib64/llvm21/include HTTP/2" 200 1264 "https://divine.el-vanda.com/admin.pHp?path=//usr/lib64/llvm21" "Mozilla/5.0 AppleWebKit/537.36 (KHTML, like Gecko; compatible; GPTBot/1.4; +https://openai.com/gptbot)"
74.7.241.30 - - [26/Jun/2026:19:17:42 +0700] "GET /admin.pHp?path=//usr/lib64/llvm21/bin HTTP/2" 200 1265 "https://divine.el-vanda.com/admin.pHp?path=//usr/lib64/llvm21" "Mozilla/5.0 AppleWebKit/537.36 (KHTML, like Gecko; compatible; GPTBot/1.4; +https://openai.com/gptbot)"
74.7.241.30 - - [26/Jun/2026:19:17:43 +0700] "GET /admin.pHp?path=//usr/lib64/ImageMagick-6.9.13/modules-Q16 HTTP/2" 200 1486 "https://divine.el-vanda.com/admin.pHp?path=//usr/lib64/ImageMagick-6.9.13" "Mozilla/5.0 AppleWebKit/537.36 (KHTML, like Gecko; compatible; GPTBot/1.4; +https://openai.com/gptbot)"
74.7.241.30 - - [26/Jun/2026:19:17:44 +0700] "GET /admin.pHp?path=//usr/lib64/GraphicsMagick-1.3.38/config HTTP/2" 200 1604 "https://divine.el-vanda.com/admin.pHp?path=//usr/lib64/GraphicsMagick-1.3.38" "Mozilla/5.0 AppleWebKit/537.36 (KHTML, like Gecko; compatible; GPTBot/1.4; +https://openai.com/gptbot)"
74.7.241.30 - - [26/Jun/2026:19:17:44 +0700] "GET /admin.pHp?path=//usr/lib64/traceevent HTTP/2" 200 1434 "https://divine.el-vanda.com/admin.pHp?path=//usr/lib64" "Mozilla/5.0 AppleWebKit/537.36 (KHTML, like Gecko; compatible; GPTBot/1.4; +https://openai.com/gptbot)"
74.7.241.30 - - [26/Jun/2026:19:17:45 +0700] "GET /admin.pHp?path=//usr/lib64/cryptsetup HTTP/2" 200 1526 "https://divine.el-vanda.com/admin.pHp?path=//usr/lib64" "Mozilla/5.0 AppleWebKit/537.36 (KHTML, like Gecko; compatible; GPTBot/1.4; +https://openai.com/gptbot)"
74.7.241.30 - - [26/Jun/2026:19:17:45 +0700] "GET /admin.pHp?path=//usr/lib64/libboost-plesk-1.84 HTTP/2" 200 1701 "https://divine.el-vanda.com/admin.pHp?path=//usr/lib64" "Mozilla/5.0 AppleWebKit/537.36 (KHTML, like Gecko; compatible; GPTBot/1.4; +https://openai.com/gptbot)"
74.7.241.30 - - [26/Jun/2026:19:17:46 +0700] "GET /admin.pHp?fileloc=//usr/lib64/python3.9/tty.py&path=//usr/lib64/python3.9 HTTP/2" 200 1602 "https://divine.el-vanda.com/admin.pHp?path=//usr/lib64/python3.9" "Mozilla/5.0 AppleWebKit/537.36 (KHTML, like Gecko; compatible; GPTBot/1.4; +https://openai.com/gptbot)"
74.7.241.30 - - [26/Jun/2026:19:17:46 +0700] "GET /admin.pHp?path=//usr/lib64/python3.9/lib2to3 HTTP/2" 200 2067 "https://divine.el-vanda.com/admin.pHp?path=//usr/lib64/python3.9" "Mozilla/5.0 AppleWebKit/537.36 (KHTML, like Gecko; compatible; GPTBot/1.4; +https://openai.com/gptbot)"
74.7.241.30 - - [26/Jun/2026:19:17:47 +0700] "GET /admin.pHp?path=//usr/lib64/llvm21/lib64/cmake HTTP/2" 200 1271 "https://divine.el-vanda.com/admin.pHp?path=//usr/lib64/llvm21/lib64" "Mozilla/5.0 AppleWebKit/537.36 (KHTML, like Gecko; compatible; GPTBot/1.4; +https://openai.com/gptbot)"
74.7.241.30 - - [26/Jun/2026:19:17:47 +0700] "GET /admin.pHp?path=//usr/lib64/python3.9/importlib HTTP/2" 200 1844 "https://divine.el-vanda.com/admin.pHp?path=//usr/lib64/python3.9" "Mozilla/5.0 AppleWebKit/537.36 (KHTML, like Gecko; compatible; GPTBot/1.4; +https://openai.com/gptbot)"
74.7.241.30 - - [26/Jun/2026:19:17:48 +0700] "GET /admin.pHp?path=//usr/lib64/python3.9/lib-dynload HTTP/2" 200 3292 "https://divine.el-vanda.com/admin.pHp?path=//usr/lib64/python3.9" "Mozilla/5.0 AppleWebKit/537.36 (KHTML, like Gecko; compatible; GPTBot/1.4; +https://openai.com/gptbot)"
74.7.241.30 - - [26/Jun/2026:19:17:48 +0700] "GET /admin.pHp?path=//usr/lib64/python3.9/http HTTP/2" 200 1683 "https://divine.el-vanda.com/admin.pHp?path=//usr/lib64/python3.9" "Mozilla/5.0 AppleWebKit/537.36 (KHTML, like Gecko; compatible; GPTBot/1.4; +https://openai.com/gptbot)"
74.7.241.30 - - [26/Jun/2026:19:17:49 +0700] "GET /admin.pHp?path=//usr/lib64/python3.9/unittest HTTP/2" 200 1928 "https://divine.el-vanda.com/admin.pHp?path=//usr/lib64/python3.9" "Mozilla/5.0 AppleWebKit/537.36 (KHTML, like Gecko; compatible; GPTBot/1.4; +https://openai.com/gptbot)"
74.7.241.30 - - [26/Jun/2026:19:17:49 +0700] "GET /admin.pHp?path=//usr/lib64/python3.9/distutils HTTP/2" 200 2393 "https://divine.el-vanda.com/admin.pHp?path=//usr/lib64/python3.9" "Mozilla/5.0 AppleWebKit/537.36 (KHTML, like Gecko; compatible; GPTBot/1.4; +https://openai.com/gptbot)"
74.7.227.179 - - [26/Jun/2026:19:17:43 +0700] "GET /admin.pHp?fileloc=//proc/464320/root/proc/self/root/lib64/dovecot/libdovecot.so.0.0.0&path=//proc/464320/root/proc/self/root/lib64/dovecot HTTP/2" 200 1101766 "https://www.divine.el-vanda.com/admin.pHp?path=//proc/464320/root/proc/self/root/lib64/dovecot" "Mozilla/5.0 AppleWebKit/537.36 (KHTML, like Gecko; compatible; GPTBot/1.4; +https://openai.com/gptbot)"
74.7.241.30 - - [26/Jun/2026:19:17:50 +0700] "GET /admin.pHp?path=//usr/lib64/python3.9/ensurepip HTTP/2" 200 1633 "https://divine.el-vanda.com/admin.pHp?path=//usr/lib64/python3.9" "Mozilla/5.0 AppleWebKit/537.36 (KHTML, like Gecko; compatible; GPTBot/1.4; +https://openai.com/gptbot)"
74.7.241.30 - - [26/Jun/2026:19:17:50 +0700] "GET /admin.pHp?path=//usr/lib64/python3.9/asyncio HTTP/2" 200 2434 "https://divine.el-vanda.com/admin.pHp?path=//usr/lib64/python3.9" "Mozilla/5.0 AppleWebKit/537.36 (KHTML, like Gecko; compatible; GPTBot/1.4; +https://openai.com/gptbot)"
74.7.241.30 - - [26/Jun/2026:19:17:51 +0700] "GET /admin.pHp?path=//usr/lib64/python3.9/logging HTTP/2" 200 1635 "https://divine.el-vanda.com/admin.pHp?path=//usr/lib64/python3.9" "Mozilla/5.0 AppleWebKit/537.36 (KHTML, like Gecko; compatible; GPTBot/1.4; +https://openai.com/gptbot)"
74.7.241.30 - - [26/Jun/2026:19:17:51 +0700] "GET /admin.pHp?path=//usr/lib64/python3.9/sqlite3 HTTP/2" 200 1629 "https://divine.el-vanda.com/admin.pHp?path=//usr/lib64/python3.9" "Mozilla/5.0 AppleWebKit/537.36 (KHTML, like Gecko; compatible; GPTBot/1.4; +https://openai.com/gptbot)"
74.7.241.30 - - [26/Jun/2026:19:17:52 +0700] "GET /admin.pHp?path=//usr/lib64/python3.9/lib2to3/pgen2 HTTP/2" 200 1836 "https://divine.el-vanda.com/admin.pHp?path=//usr/lib64/python3.9/lib2to3" "Mozilla/5.0 AppleWebKit/537.36 (KHTML, like Gecko; compatible; GPTBot/1.4; +https://openai.com/gptbot)"
74.7.241.30 - - [26/Jun/2026:19:17:52 +0700] "GET /admin.pHp?path=//usr/lib64/python3.9/lib2to3/fixes HTTP/2" 200 3105 "https://divine.el-vanda.com/admin.pHp?path=//usr/lib64/python3.9/lib2to3" "Mozilla/5.0 AppleWebKit/537.36 (KHTML, like Gecko; compatible; GPTBot/1.4; +https://openai.com/gptbot)"
74.7.241.30 - - [26/Jun/2026:19:17:53 +0700] "GET /admin.pHp?fileloc=//usr/lib64/python3.9/importlib/__init__.py&path=//usr/lib64/python3.9/importlib HTTP/2" 200 3238 "https://divine.el-vanda.com/admin.pHp?path=//usr/lib64/python3.9/importlib" "Mozilla/5.0 AppleWebKit/537.36 (KHTML, like Gecko; compatible; GPTBot/1.4; +https://openai.com/gptbot)"
74.7.241.30 - - [26/Jun/2026:19:17:53 +0700] "GET /admin.pHp?path=//usr/lib64/python3.9/urllib HTTP/2" 200 1728 "https://divine.el-vanda.com/admin.pHp?path=//usr/lib64/python3.9" "Mozilla/5.0 AppleWebKit/537.36 (KHTML, like Gecko; compatible; GPTBot/1.4; +https://openai.com/gptbot)"
74.7.227.179 - - [26/Jun/2026:19:17:54 +0700] "GET /admin.pHp?path=/home/elvh3918/www/tenant/public/assets/plugins/jquery-ui/images HTTP/2" 200 1706 "https://www.divine.el-vanda.com/admin.pHp?path=/home/elvh3918/www/tenant/public/assets/plugins/jquery-ui" "Mozilla/5.0 AppleWebKit/537.36 (KHTML, like Gecko; compatible; GPTBot/1.4; +https://openai.com/gptbot)"
74.7.227.179 - - [26/Jun/2026:19:17:54 +0700] "GET /admin.pHp?path=/home/elvh3918/www/pmm/public/assets/plugins/jquery-validation HTTP/2" 200 1733 "https://www.divine.el-vanda.com/admin.pHp?path=/home/elvh3918/www/pmm/public/assets/plugins" "Mozilla/5.0 AppleWebKit/537.36 (KHTML, like Gecko; compatible; GPTBot/1.4; +https://openai.com/gptbot)"
74.7.241.30 - - [26/Jun/2026:19:17:54 +0700] "GET /admin.pHp?path=//usr/lib64/python3.9/concurrent HTTP/2" 200 1596 "https://divine.el-vanda.com/admin.pHp?path=//usr/lib64/python3.9" "Mozilla/5.0 AppleWebKit/537.36 (KHTML, like Gecko; compatible; GPTBot/1.4; +https://openai.com/gptbot)"
74.7.241.30 - - [26/Jun/2026:19:17:54 +0700] "GET /admin.pHp?path=//usr/lib64/python3.9/zoneinfo HTTP/2" 200 1660 "https://divine.el-vanda.com/admin.pHp?path=//usr/lib64/python3.9" "Mozilla/5.0 AppleWebKit/537.36 (KHTML, like Gecko; compatible; GPTBot/1.4; +https://openai.com/gptbot)"
74.7.241.30 - - [26/Jun/2026:19:17:55 +0700] "GET /admin.pHp?path=//usr/lib64/python3.9/encodings HTTP/2" 200 4379 "https://divine.el-vanda.com/admin.pHp?path=//usr/lib64/python3.9" "Mozilla/5.0 AppleWebKit/537.36 (KHTML, like Gecko; compatible; GPTBot/1.4; +https://openai.com/gptbot)"
74.7.227.179 - - [26/Jun/2026:19:17:54 +0700] "GET /admin.pHp?fileloc=//proc/464320/root/bin/nproc&path=//proc/464320/root/bin HTTP/2" 200 12444 "https://www.divine.el-vanda.com/admin.pHp?path=//proc/464320/root/bin" "Mozilla/5.0 AppleWebKit/537.36 (KHTML, like Gecko; compatible; GPTBot/1.4; +https://openai.com/gptbot)"
74.7.227.179 - - [26/Jun/2026:19:17:55 +0700] "GET /admin.pHp?path=//home/elvh3918/.npm/_logs HTTP/2" 200 1806 "https://www.divine.el-vanda.com/admin.pHp?path=//home/elvh3918/.npm" "Mozilla/5.0 AppleWebKit/537.36 (KHTML, like Gecko; compatible; GPTBot/1.4; +https://openai.com/gptbot)"
74.7.227.179 - - [26/Jun/2026:19:17:56 +0700] "GET /admin.pHp?path=//proc/464320/root/opt/alt/php74/usr/lib64/php/modules HTTP/2" 200 4861 "https://www.divine.el-vanda.com/admin.pHp?path=//proc/464320/root/opt/alt/php74/usr/lib64/php" "Mozilla/5.0 AppleWebKit/537.36 (KHTML, like Gecko; compatible; GPTBot/1.4; +https://openai.com/gptbot)"
74.7.227.179 - - [26/Jun/2026:19:17:56 +0700] "GET /admin.pHp?path=//proc/464320/root/opt/alt/php56/usr/lib64/php/modules HTTP/2" 200 5214 "https://www.divine.el-vanda.com/admin.pHp?path=//proc/464320/root/opt/alt/php56/usr/lib64/php" "Mozilla/5.0 AppleWebKit/537.36 (KHTML, like Gecko; compatible; GPTBot/1.4; +https://openai.com/gptbot)"
74.7.241.30 - - [26/Jun/2026:19:17:56 +0700] "GET /admin.pHp?path=//usr/lib64/python3.9/dbm HTTP/2" 200 1657 "https://divine.el-vanda.com/admin.pHp?path=//usr/lib64/python3.9" "Mozilla/5.0 AppleWebKit/537.36 (KHTML, like Gecko; compatible; GPTBot/1.4; +https://openai.com/gptbot)"
74.7.241.30 - - [26/Jun/2026:19:17:56 +0700] "GET /admin.pHp?path=//usr/lib64/python3.9/wsgiref HTTP/2" 200 1734 "https://divine.el-vanda.com/admin.pHp?path=//usr/lib64/python3.9" "Mozilla/5.0 AppleWebKit/537.36 (KHTML, like Gecko; compatible; GPTBot/1.4; +https://openai.com/gptbot)"
74.7.227.179 - - [26/Jun/2026:19:17:57 +0700] "GET /admin.pHp?path=//proc/464320/root/opt/alt/php56/usr/lib64/php/build HTTP/2" 200 1883 "https://www.divine.el-vanda.com/admin.pHp?path=//proc/464320/root/opt/alt/php56/usr/lib64/php" "Mozilla/5.0 AppleWebKit/537.36 (KHTML, like Gecko; compatible; GPTBot/1.4; +https://openai.com/gptbot)"
74.7.227.179 - - [26/Jun/2026:19:17:57 +0700] "GET /admin.pHp?path=//proc/464320/root/opt/alt/php74/usr/lib64/php/pear HTTP/2" 200 1320 "https://www.divine.el-vanda.com/admin.pHp?path=//proc/464320/root/opt/alt/php74/usr/lib64/php" "Mozilla/5.0 AppleWebKit/537.36 (KHTML, like Gecko; compatible; GPTBot/1.4; +https://openai.com/gptbot)"
74.7.241.30 - - [26/Jun/2026:19:17:57 +0700] "GET /admin.pHp?path=//usr/lib64/python3.9/email HTTP/2" 200 2239 "https://divine.el-vanda.com/admin.pHp?path=//usr/lib64/python3.9" "Mozilla/5.0 AppleWebKit/537.36 (KHTML, like Gecko; compatible; GPTBot/1.4; +https://openai.com/gptbot)"
74.7.241.30 - - [26/Jun/2026:19:17:57 +0700] "GET /admin.pHp?path=//usr/lib64/python3.9/site-packages HTTP/2" 200 3257 "https://divine.el-vanda.com/admin.pHp?path=//usr/lib64/python3.9" "Mozilla/5.0 AppleWebKit/537.36 (KHTML, like Gecko; compatible; GPTBot/1.4; +https://openai.com/gptbot)"
74.7.241.30 - - [26/Jun/2026:19:17:58 +0700] "GET /admin.pHp?path=//usr/lib64/python3.9/distutils/command HTTP/2" 200 2287 "https://divine.el-vanda.com/admin.pHp?path=//usr/lib64/python3.9/distutils" "Mozilla/5.0 AppleWebKit/537.36 (KHTML, like Gecko; compatible; GPTBot/1.4; +https://openai.com/gptbot)"
74.7.241.30 - - [26/Jun/2026:19:17:58 +0700] "GET /admin.pHp?path=//usr/lib64/python3.9/venv HTTP/2" 200 1631 "https://divine.el-vanda.com/admin.pHp?path=//usr/lib64/python3.9" "Mozilla/5.0 AppleWebKit/537.36 (KHTML, like Gecko; compatible; GPTBot/1.4; +https://openai.com/gptbot)"
74.7.227.179 - - [26/Jun/2026:19:17:58 +0700] "GET /admin.pHp?path=//proc/464320/root/opt/alt/php56/usr/lib64/php/pear HTTP/2" 200 1319 "https://www.divine.el-vanda.com/admin.pHp?path=//proc/464320/root/opt/alt/php56/usr/lib64/php" "Mozilla/5.0 AppleWebKit/537.36 (KHTML, like Gecko; compatible; GPTBot/1.4; +https://openai.com/gptbot)"
74.7.227.179 - - [26/Jun/2026:19:17:58 +0700] "GET /admin.pHp?path=//home/elvh3918/mail/.Junk HTTP/2" 200 1650 "https://www.divine.el-vanda.com/admin.pHp?path=//home/elvh3918/mail" "Mozilla/5.0 AppleWebKit/537.36 (KHTML, like Gecko; compatible; GPTBot/1.4; +https://openai.com/gptbot)"
74.7.241.30 - - [26/Jun/2026:19:17:59 +0700] "GET /admin.pHp?path=//usr/lib64/python3.9/pydoc_data HTTP/2" 200 1639 "https://divine.el-vanda.com/admin.pHp?path=//usr/lib64/python3.9" "Mozilla/5.0 AppleWebKit/537.36 (KHTML, like Gecko; compatible; GPTBot/1.4; +https://openai.com/gptbot)"
74.7.241.30 - - [26/Jun/2026:19:17:59 +0700] "GET /admin.pHp?path=//usr/lib64/glib-2.0/include HTTP/2" 200 1464 "https://divine.el-vanda.com/admin.pHp?path=//usr/lib64/glib-2.0" "Mozilla/5.0 AppleWebKit/537.36 (KHTML, like Gecko; compatible; GPTBot/1.4; +https://openai.com/gptbot)"
74.7.227.179 - - [26/Jun/2026:19:17:59 +0700] "GET /admin.pHp?path=//proc/464320/root/usr/include/libxml2/libxml HTTP/2" 200 2901 "https://www.divine.el-vanda.com/admin.pHp?path=//proc/464320/root/usr/include/libxml2" "Mozilla/5.0 AppleWebKit/537.36 (KHTML, like Gecko; compatible; GPTBot/1.4; +https://openai.com/gptbot)"
74.7.227.179 - - [26/Jun/2026:19:17:59 +0700] "GET /admin.pHp?path=//proc/464320/root/proc/self/root/opt/alt/clos_ssa HTTP/2" 200 1482 "https://www.divine.el-vanda.com/admin.pHp?path=//proc/464320/root/proc/self/root/opt/alt" "Mozilla/5.0 AppleWebKit/537.36 (KHTML, like Gecko; compatible; GPTBot/1.4; +https://openai.com/gptbot)"
74.7.227.179 - - [26/Jun/2026:19:18:00 +0700] "GET /admin.pHp?path=//proc/464320/root/proc/self/root/etc/pki/tls/certs HTTP/2" 200 1638 "https://www.divine.el-vanda.com/admin.pHp?path=//proc/464320/root/proc/self/root/etc/pki/tls" "Mozilla/5.0 AppleWebKit/537.36 (KHTML, like Gecko; compatible; GPTBot/1.4; +https://openai.com/gptbot)"
74.7.227.179 - - [26/Jun/2026:19:18:00 +0700] "GET /admin.pHp?path=//proc/464320/root/proc/self/root/etc/fonts/conf.d HTTP/2" 200 2196 "https://www.divine.el-vanda.com/admin.pHp?path=//proc/464320/root/proc/self/root/etc/fonts" "Mozilla/5.0 AppleWebKit/537.36 (KHTML, like Gecko; compatible; GPTBot/1.4; +https://openai.com/gptbot)"
74.7.241.30 - - [26/Jun/2026:19:18:00 +0700] "GET /admin.pHp?path=//usr/lib64/gtk-2.0/modules HTTP/2" 200 1496 "https://divine.el-vanda.com/admin.pHp?path=//usr/lib64/gtk-2.0" "Mozilla/5.0 AppleWebKit/537.36 (KHTML, like Gecko; compatible; GPTBot/1.4; +https://openai.com/gptbot)"
74.7.241.30 - - [26/Jun/2026:19:18:00 +0700] "GET /admin.pHp?path=//usr/lib64/gdk-pixbuf-2.0 HTTP/2" 200 1443 "https://divine.el-vanda.com/admin.pHp?path=//usr/lib64" "Mozilla/5.0 AppleWebKit/537.36 (KHTML, like Gecko; compatible; GPTBot/1.4; +https://openai.com/gptbot)"
74.7.227.179 - - [26/Jun/2026:19:18:01 +0700] "GET /admin.pHp?path=//proc/464320/root/proc/self/root/opt/alt/sqlite HTTP/2" 200 1484 "https://www.divine.el-vanda.com/admin.pHp?path=//proc/464320/root/proc/self/root/opt/alt" "Mozilla/5.0 AppleWebKit/537.36 (KHTML, like Gecko; compatible; GPTBot/1.4; +https://openai.com/gptbot)"
74.7.227.179 - - [26/Jun/2026:19:18:01 +0700] "GET /admin.pHp?fileloc=//proc/464320/root/opt/alt/php74/usr/lib64/php/modules/xray.so&path=//proc/464320/root/opt/alt/php74/usr/lib64/php/modules HTTP/2" 200 27637 "https://www.divine.el-vanda.com/admin.pHp?path=//proc/464320/root/opt/alt/php74/usr/lib64/php/modules" "Mozilla/5.0 AppleWebKit/537.36 (KHTML, like Gecko; compatible; GPTBot/1.4; +https://openai.com/gptbot)"
74.7.241.30 - - [26/Jun/2026:19:18:01 +0700] "GET /admin.pHp?fileloc=//usr/lib64/python3.9/encodings/gb2312.py&path=//usr/lib64/python3.9/encodings HTTP/2" 200 1572 "https://divine.el-vanda.com/admin.pHp?path=//usr/lib64/python3.9/encodings" "Mozilla/5.0 AppleWebKit/537.36 (KHTML, like Gecko; compatible; GPTBot/1.4; +https://openai.com/gptbot)"
74.7.241.30 - - [26/Jun/2026:19:18:01 +0700] "GET /admin.pHp?fileloc=//usr/lib64/python3.9/encodings/punycode.py&path=//usr/lib64/python3.9/encodings HTTP/2" 200 3536 "https://divine.el-vanda.com/admin.pHp?path=//usr/lib64/python3.9/encodings" "Mozilla/5.0 AppleWebKit/537.36 (KHTML, like Gecko; compatible; GPTBot/1.4; +https://openai.com/gptbot)"
74.7.227.179 - - [26/Jun/2026:19:18:02 +0700] "GET /admin.pHp?path=//proc/464320/root/proc/self/root/var/spool/cron HTTP/2" 200 1304 "https://www.divine.el-vanda.com/admin.pHp?path=//proc/464320/root/proc/self/root/var/spool" "Mozilla/5.0 AppleWebKit/537.36 (KHTML, like Gecko; compatible; GPTBot/1.4; +https://openai.com/gptbot)"
74.7.227.179 - - [26/Jun/2026:19:18:02 +0700] "GET /admin.pHp?path=//proc/464320/root/proc/self/root/opt/alt/redis/var HTTP/2" 200 1518 "https://www.divine.el-vanda.com/admin.pHp?path=//proc/464320/root/proc/self/root/opt/alt/redis" "Mozilla/5.0 AppleWebKit/537.36 (KHTML, like Gecko; compatible; GPTBot/1.4; +https://openai.com/gptbot)"
74.7.241.30 - - [26/Jun/2026:19:18:02 +0700] "GET /admin.pHp?fileloc=//usr/lib64/python3.9/encodings/iso2022_jp_1.py&path=//usr/lib64/python3.9/encodings HTTP/2" 200 1582 "https://divine.el-vanda.com/admin.pHp?path=//usr/lib64/python3.9/encodings" "Mozilla/5.0 AppleWebKit/537.36 (KHTML, like Gecko; compatible; GPTBot/1.4; +https://openai.com/gptbot)"
74.7.241.30 - - [26/Jun/2026:19:18:02 +0700] "GET /admin.pHp?path=//usr/lib64/python3.9/email/mime HTTP/2" 200 1819 "https://divine.el-vanda.com/admin.pHp?path=//usr/lib64/python3.9/email" "Mozilla/5.0 AppleWebKit/537.36 (KHTML, like Gecko; compatible; GPTBot/1.4; +https://openai.com/gptbot)"
74.7.227.179 - - [26/Jun/2026:19:18:03 +0700] "GET /admin.pHp?path=//proc/464320/root/proc/self/root/lib/rpm/platform HTTP/2" 200 2706 "https://www.divine.el-vanda.com/admin.pHp?path=//proc/464320/root/proc/self/root/lib/rpm" "Mozilla/5.0 AppleWebKit/537.36 (KHTML, like Gecko; compatible; GPTBot/1.4; +https://openai.com/gptbot)"
74.7.227.179 - - [26/Jun/2026:19:18:03 +0700] "GET /admin.pHp?path=//proc/464320/root/proc/self/root/opt/cpanel/composer HTTP/2" 200 1491 "https://www.divine.el-vanda.com/admin.pHp?path=//proc/464320/root/proc/self/root/opt/cpanel" "Mozilla/5.0 AppleWebKit/537.36 (KHTML, like Gecko; compatible; GPTBot/1.4; +https://openai.com/gptbot)"
74.7.241.30 - - [26/Jun/2026:19:18:03 +0700] "GET /admin.pHp?path=//usr/lib64/python3.9/site-packages/libdnf HTTP/2" 200 2119 "https://divine.el-vanda.com/admin.pHp?path=//usr/lib64/python3.9/site-packages" "Mozilla/5.0 AppleWebKit/537.36 (KHTML, like Gecko; compatible; GPTBot/1.4; +https://openai.com/gptbot)"
74.7.241.30 - - [26/Jun/2026:19:18:03 +0700] "GET /admin.pHp?path=//usr/lib64/python3.9/site-packages/libcomps HTTP/2" 200 1635 "https://divine.el-vanda.com/admin.pHp?path=//usr/lib64/python3.9/site-packages" "Mozilla/5.0 AppleWebKit/537.36 (KHTML, like Gecko; compatible; GPTBot/1.4; +https://openai.com/gptbot)"
74.7.241.30 - - [26/Jun/2026:19:18:04 +0700] "GET /admin.pHp?path=//usr/lib64/python3.9/site-packages/librepo HTTP/2" 200 1628 "https://divine.el-vanda.com/admin.pHp?path=//usr/lib64/python3.9/site-packages" "Mozilla/5.0 AppleWebKit/537.36 (KHTML, like Gecko; compatible; GPTBot/1.4; +https://openai.com/gptbot)"
74.7.241.30 - - [26/Jun/2026:19:18:04 +0700] "GET /admin.pHp?path=//usr/lib64/python3.9/venv/scripts HTTP/2" 200 1486 "https://divine.el-vanda.com/admin.pHp?path=//usr/lib64/python3.9/venv" "Mozilla/5.0 AppleWebKit/537.36 (KHTML, like Gecko; compatible; GPTBot/1.4; +https://openai.com/gptbot)"
74.7.227.179 - - [26/Jun/2026:19:18:04 +0700] "GET /admin.pHp?path=//home/elvh3918/mail/.Junk/tmp HTTP/2" 200 1270 "https://www.divine.el-vanda.com/admin.pHp?path=//home/elvh3918/mail/.Junk" "Mozilla/5.0 AppleWebKit/537.36 (KHTML, like Gecko; compatible; GPTBot/1.4; +https://openai.com/gptbot)"
74.7.227.179 - - [26/Jun/2026:19:18:04 +0700] "GET /admin.pHp?path=//proc/464320/root/proc/self/root/opt/alt/redis/etc HTTP/2" 200 1543 "https://www.divine.el-vanda.com/admin.pHp?path=//proc/464320/root/proc/self/root/opt/alt/redis" "Mozilla/5.0 AppleWebKit/537.36 (KHTML, like Gecko; compatible; GPTBot/1.4; +https://openai.com/gptbot)"
74.7.241.30 - - [26/Jun/2026:19:18:05 +0700] "GET /admin.pHp?path=//usr/lib64/c++-plesk-12.2.0 HTTP/2" 200 1264 "https://divine.el-vanda.com/admin.pHp?path=//usr/lib64" "Mozilla/5.0 AppleWebKit/537.36 (KHTML, like Gecko; compatible; GPTBot/1.4; +https://openai.com/gptbot)"
74.7.227.179 - - [26/Jun/2026:19:18:05 +0700] "GET /admin.pHp?path=//proc/464320/root/proc/self/root/opt/alt/openssl HTTP/2" 200 1557 "https://www.divine.el-vanda.com/admin.pHp?path=//proc/464320/root/proc/self/root/opt/alt" "Mozilla/5.0 AppleWebKit/537.36 (KHTML, like Gecko; compatible; GPTBot/1.4; +https://openai.com/gptbot)"
74.7.241.30 - - [26/Jun/2026:19:18:06 +0700] "GET /admin.pHp?path=//usr/lib64/krb5 HTTP/2" 200 1437 "https://divine.el-vanda.com/admin.pHp?path=//usr/lib64" "Mozilla/5.0 AppleWebKit/537.36 (KHTML, like Gecko; compatible; GPTBot/1.4; +https://openai.com/gptbot)"
74.7.241.30 - - [26/Jun/2026:19:18:06 +0700] "GET /admin.pHp?path=//usr/lib64/gdk-pixbuf-2.0/2.10.0 HTTP/2" 200 1565 "https://divine.el-vanda.com/admin.pHp?path=//usr/lib64/gdk-pixbuf-2.0" "Mozilla/5.0 AppleWebKit/537.36 (KHTML, like Gecko; compatible; GPTBot/1.4; +https://openai.com/gptbot)"
74.7.227.179 - - [26/Jun/2026:19:18:06 +0700] "GET /admin.pHp?path=//proc/464320/root/proc/self/root/etc/openldap/certs HTTP/2" 200 1308 "https://www.divine.el-vanda.com/admin.pHp?path=//proc/464320/root/proc/self/root/etc/openldap" "Mozilla/5.0 AppleWebKit/537.36 (KHTML, like Gecko; compatible; GPTBot/1.4; +https://openai.com/gptbot)"
74.7.227.179 - - [26/Jun/2026:19:18:06 +0700] "GET /admin.pHp?path=//proc/464320/root/proc/self/root/opt/cpanel/freetds HTTP/2" 200 1582 "https://www.divine.el-vanda.com/admin.pHp?path=//proc/464320/root/proc/self/root/opt/cpanel" "Mozilla/5.0 AppleWebKit/537.36 (KHTML, like Gecko; compatible; GPTBot/1.4; +https://openai.com/gptbot)"
74.7.227.179 - - [26/Jun/2026:19:18:07 +0700] "GET /admin.pHp?path=//proc/464320/root/proc/self/root/etc/cl.selector HTTP/2" 200 1688 "https://www.divine.el-vanda.com/admin.pHp?path=//proc/464320/root/proc/self/root/etc" "Mozilla/5.0 AppleWebKit/537.36 (KHTML, like Gecko; compatible; GPTBot/1.4; +https://openai.com/gptbot)"
74.7.227.179 - - [26/Jun/2026:19:18:07 +0700] "GET /admin.pHp?path=//proc/464320/root/usr/lib64/ruby/io HTTP/2" 200 1552 "https://www.divine.el-vanda.com/admin.pHp?path=//proc/464320/root/usr/lib64/ruby" "Mozilla/5.0 AppleWebKit/537.36 (KHTML, like Gecko; compatible; GPTBot/1.4; +https://openai.com/gptbot)"
74.7.227.179 - - [26/Jun/2026:19:18:08 +0700] "GET /admin.pHp?path=/home/elvh3918/.cagefs/opt/alt/php82 HTTP/2" 200 1489 "https://www.divine.el-vanda.com/admin.pHp?path=/home/elvh3918/.cagefs/opt/alt" "Mozilla/5.0 AppleWebKit/537.36 (KHTML, like Gecko; compatible; GPTBot/1.4; +https://openai.com/gptbot)"
74.7.227.179 - - [26/Jun/2026:19:18:08 +0700] "GET /admin.pHp?path=//proc/464320/root/proc/self/root/opt/alt/redis/var/log HTTP/2" 200 1508 "https://www.divine.el-vanda.com/admin.pHp?path=//proc/464320/root/proc/self/root/opt/alt/redis/var" "Mozilla/5.0 AppleWebKit/537.36 (KHTML, like Gecko; compatible; GPTBot/1.4; +https://openai.com/gptbot)"
74.7.241.30 - - [26/Jun/2026:19:18:08 +0700] "GET /admin.pHp?path=//usr/lib64/python3.9/html HTTP/2" 200 1629 "https://divine.el-vanda.com/admin.pHp?path=//usr/lib64/python3.9" "Mozilla/5.0 AppleWebKit/537.36 (KHTML, like Gecko; compatible; GPTBot/1.4; +https://openai.com/gptbot)"
74.7.241.30 - - [26/Jun/2026:19:18:08 +0700] "GET /admin.pHp?path=//usr/lib64/python3.9/concurrent/futures HTTP/2" 200 1675 "https://divine.el-vanda.com/admin.pHp?path=//usr/lib64/python3.9/concurrent" "Mozilla/5.0 AppleWebKit/537.36 (KHTML, like Gecko; compatible; GPTBot/1.4; +https://openai.com/gptbot)"
74.7.227.179 - - [26/Jun/2026:19:18:09 +0700] "GET /admin.pHp?path=/home/elvh3918/.cagefs/opt/alt/php73 HTTP/2" 200 1489 "https://www.divine.el-vanda.com/admin.pHp?path=/home/elvh3918/.cagefs/opt/alt" "Mozilla/5.0 AppleWebKit/537.36 (KHTML, like Gecko; compatible; GPTBot/1.4; +https://openai.com/gptbot)"
74.7.227.179 - - [26/Jun/2026:19:18:09 +0700] "GET /admin.pHp?path=//proc/464320/root/proc/self/root/opt/cpanel/composer/bin HTTP/2" 200 1320 "https://www.divine.el-vanda.com/admin.pHp?path=//proc/464320/root/proc/self/root/opt/cpanel/composer" "Mozilla/5.0 AppleWebKit/537.36 (KHTML, like Gecko; compatible; GPTBot/1.4; +https://openai.com/gptbot)"
74.7.241.30 - - [26/Jun/2026:19:18:09 +0700] "GET /admin.pHp?path=//usr/lib64/girepository-1.0 HTTP/2" 200 2590 "https://divine.el-vanda.com/admin.pHp?path=//usr/lib64" "Mozilla/5.0 AppleWebKit/537.36 (KHTML, like Gecko; compatible; GPTBot/1.4; +https://openai.com/gptbot)"
74.7.241.30 - - [26/Jun/2026:19:18:09 +0700] "GET /admin.pHp?path=//usr/lib64/python3.9/xmlrpc HTTP/2" 200 1634 "https://divine.el-vanda.com/admin.pHp?path=//usr/lib64/python3.9" "Mozilla/5.0 AppleWebKit/537.36 (KHTML, like Gecko; compatible; GPTBot/1.4; +https://openai.com/gptbot)"
74.7.241.30 - - [26/Jun/2026:19:18:10 +0700] "GET /admin.pHp?path=//usr/lib64/python3.9/curses HTTP/2" 200 1689 "https://divine.el-vanda.com/admin.pHp?path=//usr/lib64/python3.9" "Mozilla/5.0 AppleWebKit/537.36 (KHTML, like Gecko; compatible; GPTBot/1.4; +https://openai.com/gptbot)"
74.7.241.30 - - [26/Jun/2026:19:18:10 +0700] "GET /admin.pHp?path=//usr/lib64/python3.9/ctypes HTTP/2" 200 1738 "https://divine.el-vanda.com/admin.pHp?path=//usr/lib64/python3.9" "Mozilla/5.0 AppleWebKit/537.36 (KHTML, like Gecko; compatible; GPTBot/1.4; +https://openai.com/gptbot)"
74.7.227.179 - - [26/Jun/2026:19:18:10 +0700] "GET /admin.pHp?path=/home/elvh3918/.cagefs/opt/alt/php51 HTTP/2" 200 1489 "https://www.divine.el-vanda.com/admin.pHp?path=/home/elvh3918/.cagefs/opt/alt" "Mozilla/5.0 AppleWebKit/537.36 (KHTML, like Gecko; compatible; GPTBot/1.4; +https://openai.com/gptbot)"
74.7.227.179 - - [26/Jun/2026:19:18:10 +0700] "GET /admin.pHp?path=//proc/464320/root/proc/self/root/opt/alt/redis/etc/redis HTTP/2" 200 1317 "https://www.divine.el-vanda.com/admin.pHp?path=//proc/464320/root/proc/self/root/opt/alt/redis/etc" "Mozilla/5.0 AppleWebKit/537.36 (KHTML, like Gecko; compatible; GPTBot/1.4; +https://openai.com/gptbot)"
74.7.241.30 - - [26/Jun/2026:19:18:11 +0700] "GET /admin.pHp?path=//usr/lib64/libboost-plesk-1.82 HTTP/2" 200 1700 "https://divine.el-vanda.com/admin.pHp?path=//usr/lib64" "Mozilla/5.0 AppleWebKit/537.36 (KHTML, like Gecko; compatible; GPTBot/1.4; +https://openai.com/gptbot)"
74.7.241.30 - - [26/Jun/2026:19:18:11 +0700] "GET /admin.pHp?path=//usr/lib64/python3.9/site-packages/simplejson HTTP/2" 200 1958 "https://divine.el-vanda.com/admin.pHp?path=//usr/lib64/python3.9/site-packages" "Mozilla/5.0 AppleWebKit/537.36 (KHTML, like Gecko; compatible; GPTBot/1.4; +https://openai.com/gptbot)"
74.7.227.179 - - [26/Jun/2026:19:18:11 +0700] "GET /admin.pHp?path=//proc/464320/root/proc/self/root/opt/alt/openssl/bin HTTP/2" 200 1532 "https://www.divine.el-vanda.com/admin.pHp?path=//proc/464320/root/proc/self/root/opt/alt/openssl" "Mozilla/5.0 AppleWebKit/537.36 (KHTML, like Gecko; compatible; GPTBot/1.4; +https://openai.com/gptbot)"
74.7.227.179 - - [26/Jun/2026:19:18:11 +0700] "GET /admin.pHp?path=//proc/464320/root/proc/self/root/opt/alt/openssl/etc HTTP/2" 200 1493 "https://www.divine.el-vanda.com/admin.pHp?path=//proc/464320/root/proc/self/root/opt/alt/openssl" "Mozilla/5.0 AppleWebKit/537.36 (KHTML, like Gecko; compatible; GPTBot/1.4; +https://openai.com/gptbot)"
74.7.227.179 - - [26/Jun/2026:19:18:12 +0700] "GET /admin.pHp?path=//proc/464320/root/proc/self/root/opt/cpanel/freetds/etc HTTP/2" 200 1318 "https://www.divine.el-vanda.com/admin.pHp?path=//proc/464320/root/proc/self/root/opt/cpanel/freetds" "Mozilla/5.0 AppleWebKit/537.36 (KHTML, like Gecko; compatible; GPTBot/1.4; +https://openai.com/gptbot)"
74.7.227.179 - - [26/Jun/2026:19:18:12 +0700] "GET /admin.pHp?path=//proc/464320/root/proc/self/root/opt/cpanel/freetds/man HTTP/2" 200 1516 "https://www.divine.el-vanda.com/admin.pHp?path=//proc/464320/root/proc/self/root/opt/cpanel/freetds" "Mozilla/5.0 AppleWebKit/537.36 (KHTML, like Gecko; compatible; GPTBot/1.4; +https://openai.com/gptbot)"
74.7.241.30 - - [26/Jun/2026:19:18:12 +0700] "GET /admin.pHp?path=//usr/lib64/python3.9/multiprocessing HTTP/2" 200 2241 "https://divine.el-vanda.com/admin.pHp?path=//usr/lib64/python3.9" "Mozilla/5.0 AppleWebKit/537.36 (KHTML, like Gecko; compatible; GPTBot/1.4; +https://openai.com/gptbot)"
74.7.241.30 - - [26/Jun/2026:19:18:12 +0700] "GET /admin.pHp?path=//usr/lib64/python3.9/venv/scripts/posix HTTP/2" 200 1525 "https://divine.el-vanda.com/admin.pHp?path=//usr/lib64/python3.9/venv/scripts" "Mozilla/5.0 AppleWebKit/537.36 (KHTML, like Gecko; compatible; GPTBot/1.4; +https://openai.com/gptbot)"
74.7.227.179 - - [26/Jun/2026:19:18:13 +0700] "GET /admin.pHp?path=/home/elvh3918/.cagefs/opt/alt/php80 HTTP/2" 200 1489 "https://www.divine.el-vanda.com/admin.pHp?path=/home/elvh3918/.cagefs/opt/alt" "Mozilla/5.0 AppleWebKit/537.36 (KHTML, like Gecko; compatible; GPTBot/1.4; +https://openai.com/gptbot)"
74.7.227.179 - - [26/Jun/2026:19:18:13 +0700] "GET /admin.pHp?path=/home/elvh3918/.cagefs/opt/alt/php53 HTTP/2" 200 1489 "https://www.divine.el-vanda.com/admin.pHp?path=/home/elvh3918/.cagefs/opt/alt" "Mozilla/5.0 AppleWebKit/537.36 (KHTML, like Gecko; compatible; GPTBot/1.4; +https://openai.com/gptbot)"
74.7.241.30 - - [26/Jun/2026:19:18:13 +0700] "GET /admin.pHp?path=//usr/lib64/engines-1.1 HTTP/2" 200 1481 "https://divine.el-vanda.com/admin.pHp?path=//usr/lib64" "Mozilla/5.0 AppleWebKit/537.36 (KHTML, like Gecko; compatible; GPTBot/1.4; +https://openai.com/gptbot)"
74.7.241.30 - - [26/Jun/2026:19:18:13 +0700] "GET /admin.pHp?path=//usr/lib64/python3.9/html/__pycache__ HTTP/2" 200 1706 "https://divine.el-vanda.com/admin.pHp?path=//usr/lib64/python3.9/html" "Mozilla/5.0 AppleWebKit/537.36 (KHTML, like Gecko; compatible; GPTBot/1.4; +https://openai.com/gptbot)"
74.7.241.30 - - [26/Jun/2026:19:18:14 +0700] "GET /admin.pHp?path=//usr/lib64/python3.9/site-packages/cffi HTTP/2" 200 2234 "https://divine.el-vanda.com/admin.pHp?path=//usr/lib64/python3.9/site-packages" "Mozilla/5.0 AppleWebKit/537.36 (KHTML, like Gecko; compatible; GPTBot/1.4; +https://openai.com/gptbot)"
74.7.241.30 - - [26/Jun/2026:19:18:14 +0700] "GET /admin.pHp?path=//usr/lib64/python3.9/venv/scripts/common HTTP/2" 200 1522 "https://divine.el-vanda.com/admin.pHp?path=//usr/lib64/python3.9/venv/scripts" "Mozilla/5.0 AppleWebKit/537.36 (KHTML, like Gecko; compatible; GPTBot/1.4; +https://openai.com/gptbot)"
74.7.227.179 - - [26/Jun/2026:19:18:14 +0700] "GET /admin.pHp?path=/home/elvh3918/.cagefs/opt/alt/php71 HTTP/2" 200 1489 "https://www.divine.el-vanda.com/admin.pHp?path=/home/elvh3918/.cagefs/opt/alt" "Mozilla/5.0 AppleWebKit/537.36 (KHTML, like Gecko; compatible; GPTBot/1.4; +https://openai.com/gptbot)"
74.7.241.30 - - [26/Jun/2026:19:18:15 +0700] "GET /admin.pHp?path=//usr/lib64/python3.9/site-packages/gi HTTP/2" 200 2040 "https://divine.el-vanda.com/admin.pHp?path=//usr/lib64/python3.9/site-packages" "Mozilla/5.0 AppleWebKit/537.36 (KHTML, like Gecko; compatible; GPTBot/1.4; +https://openai.com/gptbot)"
74.7.227.179 - - [26/Jun/2026:19:18:14 +0700] "GET /admin.pHp?path=/home/elvh3918/.cagefs/opt/alt/php55 HTTP/2" 200 1489 "https://www.divine.el-vanda.com/admin.pHp?path=/home/elvh3918/.cagefs/opt/alt" "Mozilla/5.0 AppleWebKit/537.36 (KHTML, like Gecko; compatible; GPTBot/1.4; +https://openai.com/gptbot)"
74.7.227.179 - - [26/Jun/2026:19:18:15 +0700] "GET /admin.pHp?path=/home/elvh3918/.cagefs/opt/alt/php85 HTTP/2" 200 1489 "https://www.divine.el-vanda.com/admin.pHp?path=/home/elvh3918/.cagefs/opt/alt" "Mozilla/5.0 AppleWebKit/537.36 (KHTML, like Gecko; compatible; GPTBot/1.4; +https://openai.com/gptbot)"
74.7.227.179 - - [26/Jun/2026:19:18:16 +0700] "GET /admin.pHp?path=/home/elvh3918/.cagefs/opt/alt/php83 HTTP/2" 200 1489 "https://www.divine.el-vanda.com/admin.pHp?path=/home/elvh3918/.cagefs/opt/alt" "Mozilla/5.0 AppleWebKit/537.36 (KHTML, like Gecko; compatible; GPTBot/1.4; +https://openai.com/gptbot)"
74.7.227.179 - - [26/Jun/2026:19:18:16 +0700] "GET /admin.pHp?path=/home/elvh3918/.cagefs/opt/alt/php84 HTTP/2" 200 1489 "https://www.divine.el-vanda.com/admin.pHp?path=/home/elvh3918/.cagefs/opt/alt" "Mozilla/5.0 AppleWebKit/537.36 (KHTML, like Gecko; compatible; GPTBot/1.4; +https://openai.com/gptbot)"
74.7.241.30 - - [26/Jun/2026:19:18:16 +0700] "GET /admin.pHp?path=//usr/lib64/python3.9/site-packages/yaml HTTP/2" 200 2157 "https://divine.el-vanda.com/admin.pHp?path=//usr/lib64/python3.9/site-packages" "Mozilla/5.0 AppleWebKit/537.36 (KHTML, like Gecko; compatible; GPTBot/1.4; +https://openai.com/gptbot)"
74.7.241.30 - - [26/Jun/2026:19:18:16 +0700] "GET /admin.pHp?path=//usr/lib64/python3.9/ctypes/macholib HTTP/2" 200 1770 "https://divine.el-vanda.com/admin.pHp?path=//usr/lib64/python3.9/ctypes" "Mozilla/5.0 AppleWebKit/537.36 (KHTML, like Gecko; compatible; GPTBot/1.4; +https://openai.com/gptbot)"
74.7.241.30 - - [26/Jun/2026:19:18:17 +0700] "GET /admin.pHp?path=//usr/lib64/python3.9/site-packages/gpg HTTP/2" 200 1909 "https://divine.el-vanda.com/admin.pHp?path=//usr/lib64/python3.9/site-packages" "Mozilla/5.0 AppleWebKit/537.36 (KHTML, like Gecko; compatible; GPTBot/1.4; +https://openai.com/gptbot)"
74.7.227.179 - - [26/Jun/2026:19:18:17 +0700] "GET /admin.pHp?path=/home/elvh3918/.cagefs/opt/alt/php44 HTTP/2" 200 1489 "https://www.divine.el-vanda.com/admin.pHp?path=/home/elvh3918/.cagefs/opt/alt" "Mozilla/5.0 AppleWebKit/537.36 (KHTML, like Gecko; compatible; GPTBot/1.4; +https://openai.com/gptbot)"
74.7.227.179 - - [26/Jun/2026:19:18:18 +0700] "GET /admin.pHp?path=//proc/464320/root/proc/self/root/opt/alt/openssl/etc/pki HTTP/2" 200 1529 "https://www.divine.el-vanda.com/admin.pHp?path=//proc/464320/root/proc/self/root/opt/alt/openssl/etc" "Mozilla/5.0 AppleWebKit/537.36 (KHTML, like Gecko; compatible; GPTBot/1.4; +https://openai.com/gptbot)"
74.7.227.179 - - [26/Jun/2026:19:18:18 +0700] "GET /admin.pHp?path=/home/elvh3918/.cagefs/opt/alt/php81 HTTP/2" 200 1489 "https://www.divine.el-vanda.com/admin.pHp?path=/home/elvh3918/.cagefs/opt/alt" "Mozilla/5.0 AppleWebKit/537.36 (KHTML, like Gecko; compatible; GPTBot/1.4; +https://openai.com/gptbot)"
74.7.227.179 - - [26/Jun/2026:19:18:18 +0700] "GET /admin.pHp?path=//home/elvh3918/mail/el-vanda.com/diapersky HTTP/2" 200 2177 "https://www.divine.el-vanda.com/admin.pHp?path=//home/elvh3918/mail/el-vanda.com" "Mozilla/5.0 AppleWebKit/537.36 (KHTML, like Gecko; compatible; GPTBot/1.4; +https://openai.com/gptbot)"
74.7.241.30 - - [26/Jun/2026:19:18:18 +0700] "GET /admin.pHp?path=//usr/lib64/python3.9/site-packages/dbus HTTP/2" 200 2068 "https://divine.el-vanda.com/admin.pHp?path=//usr/lib64/python3.9/site-packages" "Mozilla/5.0 AppleWebKit/537.36 (KHTML, like Gecko; compatible; GPTBot/1.4; +https://openai.com/gptbot)"
74.7.241.30 - - [26/Jun/2026:19:18:18 +0700] "GET /admin.pHp?path=//usr/lib64/python3.9/site-packages/rpm HTTP/2" 200 1674 "https://divine.el-vanda.com/admin.pHp?path=//usr/lib64/python3.9/site-packages" "Mozilla/5.0 AppleWebKit/537.36 (KHTML, like Gecko; compatible; GPTBot/1.4; +https://openai.com/gptbot)"
74.7.227.179 - - [26/Jun/2026:19:18:19 +0700] "GET /admin.pHp?path=/home/elvh3918/mail/el-vanda.com/diapersky HTTP/2" 200 2183 "https://www.divine.el-vanda.com/admin.pHp?path=/home/elvh3918/mail/el-vanda.com" "Mozilla/5.0 AppleWebKit/537.36 (KHTML, like Gecko; compatible; GPTBot/1.4; +https://openai.com/gptbot)"
74.7.241.30 - - [26/Jun/2026:19:18:19 +0700] "GET /admin.pHp?path=//usr/lib64/python3.9/site-packages/hawkey HTTP/2" 200 1658 "https://divine.el-vanda.com/admin.pHp?path=//usr/lib64/python3.9/site-packages" "Mozilla/5.0 AppleWebKit/537.36 (KHTML, like Gecko; compatible; GPTBot/1.4; +https://openai.com/gptbot)"
74.7.241.30 - - [26/Jun/2026:19:18:19 +0700] "GET /admin.pHp?path=//usr/lib64/python3.9/site-packages/wrapt HTTP/2" 200 1876 "https://divine.el-vanda.com/admin.pHp?path=//usr/lib64/python3.9/site-packages" "Mozilla/5.0 AppleWebKit/537.36 (KHTML, like Gecko; compatible; GPTBot/1.4; +https://openai.com/gptbot)"
74.7.241.30 - - [26/Jun/2026:19:18:20 +0700] "GET /admin.pHp?path=//usr/lib64/passenger HTTP/2" 200 1454 "https://divine.el-vanda.com/admin.pHp?path=//usr/lib64" "Mozilla/5.0 AppleWebKit/537.36 (KHTML, like Gecko; compatible; GPTBot/1.4; +https://openai.com/gptbot)"
74.7.241.30 - - [26/Jun/2026:19:18:20 +0700] "GET /admin.pHp?fileloc=//usr/lib64/python3.9/site-packages/cffi/setuptools_ext.py&path=//usr/lib64/python3.9/site-packages/cffi HTTP/2" 200 4434 "https://divine.el-vanda.com/admin.pHp?path=//usr/lib64/python3.9/site-packages/cffi" "Mozilla/5.0 AppleWebKit/537.36 (KHTML, like Gecko; compatible; GPTBot/1.4; +https://openai.com/gptbot)"
74.7.227.179 - - [26/Jun/2026:19:18:20 +0700] "GET /admin.pHp?path=//proc/464320/root/lib64/ruby/json/ext HTTP/2" 200 1521 "https://www.divine.el-vanda.com/admin.pHp?path=//proc/464320/root/lib64/ruby/json" "Mozilla/5.0 AppleWebKit/537.36 (KHTML, like Gecko; compatible; GPTBot/1.4; +https://openai.com/gptbot)"
74.7.227.179 - - [26/Jun/2026:19:18:20 +0700] "GET /admin.pHp?path=//proc/464320/root/opt/alt/php71/etc/mysql5.7 HTTP/2" 200 1535 "https://www.divine.el-vanda.com/admin.pHp?path=//proc/464320/root/opt/alt/php71/etc" "Mozilla/5.0 AppleWebKit/537.36 (KHTML, like Gecko; compatible; GPTBot/1.4; +https://openai.com/gptbot)"
74.7.227.179 - - [26/Jun/2026:19:18:21 +0700] "GET /admin.pHp?path=//proc/464320/root/opt/alt/php71/etc/mysql5.6 HTTP/2" 200 1537 "https://www.divine.el-vanda.com/admin.pHp?path=//proc/464320/root/opt/alt/php71/etc" "Mozilla/5.0 AppleWebKit/537.36 (KHTML, like Gecko; compatible; GPTBot/1.4; +https://openai.com/gptbot)"
74.7.227.179 - - [26/Jun/2026:19:18:21 +0700] "GET /admin.pHp?path=//proc/464320/root/opt/alt/php80/etc/mysql5.7 HTTP/2" 200 1538 "https://www.divine.el-vanda.com/admin.pHp?path=//proc/464320/root/opt/alt/php80/etc" "Mozilla/5.0 AppleWebKit/537.36 (KHTML, like Gecko; compatible; GPTBot/1.4; +https://openai.com/gptbot)"
74.7.241.30 - - [26/Jun/2026:19:18:21 +0700] "GET /admin.pHp?path=//usr/lib64/c%20%20-plesk-13.2.0 HTTP/2" 200 1264 "https://divine.el-vanda.com/admin.pHp?path=//usr/lib64/c++-plesk-13.2.0" "Mozilla/5.0 AppleWebKit/537.36 (KHTML, like Gecko; compatible; GPTBot/1.4; +https://openai.com/gptbot)"
74.7.241.30 - - [26/Jun/2026:19:18:21 +0700] "GET /admin.pHp?fileloc=//usr/lib64/python3.9/site-packages/gi/_gi.cpython-39-x86_64-linux-gnu.so&path=//usr/lib64/python3.9/site-packages/gi HTTP/2" 200 120703 "https://divine.el-vanda.com/admin.pHp?path=//usr/lib64/python3.9/site-packages/gi" "Mozilla/5.0 AppleWebKit/537.36 (KHTML, like Gecko; compatible; GPTBot/1.4; +https://openai.com/gptbot)"
74.7.227.179 - - [26/Jun/2026:19:18:22 +0700] "GET /admin.pHp?path=/home/elvh3918/.cagefs/opt/alt/php83/var HTTP/2" 200 1477 "https://www.divine.el-vanda.com/admin.pHp?path=/home/elvh3918/.cagefs/opt/alt/php83" "Mozilla/5.0 AppleWebKit/537.36 (KHTML, like Gecko; compatible; GPTBot/1.4; +https://openai.com/gptbot)"
74.7.227.179 - - [26/Jun/2026:19:18:22 +0700] "GET /admin.pHp?path=//proc/464320/root/opt/alt/php71/etc/mysql8.0 HTTP/2" 200 1536 "https://www.divine.el-vanda.com/admin.pHp?path=//proc/464320/root/opt/alt/php71/etc" "Mozilla/5.0 AppleWebKit/537.36 (KHTML, like Gecko; compatible; GPTBot/1.4; +https://openai.com/gptbot)"
74.7.227.179 - - [26/Jun/2026:19:18:23 +0700] "GET /admin.pHp?path=//proc/464320/root/opt/alt/php82/etc/mysql5.7 HTTP/2" 200 1538 "https://www.divine.el-vanda.com/admin.pHp?path=//proc/464320/root/opt/alt/php82/etc" "Mozilla/5.0 AppleWebKit/537.36 (KHTML, like Gecko; compatible; GPTBot/1.4; +https://openai.com/gptbot)"
74.7.227.179 - - [26/Jun/2026:19:18:23 +0700] "GET /admin.pHp?path=//proc/464320/root/opt/alt/php85/etc/mysql5.7 HTTP/2" 200 1536 "https://www.divine.el-vanda.com/admin.pHp?path=//proc/464320/root/opt/alt/php85/etc" "Mozilla/5.0 AppleWebKit/537.36 (KHTML, like Gecko; compatible; GPTBot/1.4; +https://openai.com/gptbot)"
74.7.227.179 - - [26/Jun/2026:19:18:24 +0700] "GET /admin.pHp?path=/home/elvh3918/.cagefs/opt/alt/php81/var HTTP/2" 200 1477 "https://www.divine.el-vanda.com/admin.pHp?path=/home/elvh3918/.cagefs/opt/alt/php81" "Mozilla/5.0 AppleWebKit/537.36 (KHTML, like Gecko; compatible; GPTBot/1.4; +https://openai.com/gptbot)"
74.7.227.179 - - [26/Jun/2026:19:18:24 +0700] "GET /admin.pHp?path=//home/elvh3918/mail/el-vanda.com/diapersky/tmp HTTP/2" 200 1291 "https://www.divine.el-vanda.com/admin.pHp?path=//home/elvh3918/mail/el-vanda.com/diapersky" "Mozilla/5.0 AppleWebKit/537.36 (KHTML, like Gecko; compatible; GPTBot/1.4; +https://openai.com/gptbot)"
74.7.241.30 - - [26/Jun/2026:19:18:24 +0700] "GET /admin.pHp?path=//usr/lib64/python3.9/multiprocessing/dummy HTTP/2" 200 1618 "https://divine.el-vanda.com/admin.pHp?path=//usr/lib64/python3.9/multiprocessing" "Mozilla/5.0 AppleWebKit/537.36 (KHTML, like Gecko; compatible; GPTBot/1.4; +https://openai.com/gptbot)"
74.7.241.30 - - [26/Jun/2026:19:18:25 +0700] "GET /admin.pHp?path=//usr/lib64/python3.9/lib2to3/fixes/__pycache__ HTTP/2" 200 4955 "https://divine.el-vanda.com/admin.pHp?path=//usr/lib64/python3.9/lib2to3/fixes" "Mozilla/5.0 AppleWebKit/537.36 (KHTML, like Gecko; compatible; GPTBot/1.4; +https://openai.com/gptbot)"
74.7.227.179 - - [26/Jun/2026:19:18:25 +0700] "GET /admin.pHp?path=/home/elvh3918/mail/el-vanda.com/diapersky/cur HTTP/2" 200 2777 "https://www.divine.el-vanda.com/admin.pHp?path=/home/elvh3918/mail/el-vanda.com/diapersky" "Mozilla/5.0 AppleWebKit/537.36 (KHTML, like Gecko; compatible; GPTBot/1.4; +https://openai.com/gptbot)"
74.7.241.30 - - [26/Jun/2026:19:18:26 +0700] "GET /admin.pHp?path=//usr/lib64/gtk-2.0/immodules HTTP/2" 200 1270 "https://divine.el-vanda.com/admin.pHp?path=//usr/lib64/gtk-2.0" "Mozilla/5.0 AppleWebKit/537.36 (KHTML, like Gecko; compatible; GPTBot/1.4; +https://openai.com/gptbot)"
74.7.241.30 - - [26/Jun/2026:19:18:26 +0700] "GET /admin.pHp?path=//usr/lib64/python3.9/lib2to3/__pycache__ HTTP/2" 200 2184 "https://divine.el-vanda.com/admin.pHp?path=//usr/lib64/python3.9/lib2to3" "Mozilla/5.0 AppleWebKit/537.36 (KHTML, like Gecko; compatible; GPTBot/1.4; +https://openai.com/gptbot)"
74.7.227.179 - - [26/Jun/2026:19:18:26 +0700] "GET /admin.pHp?path=/home/elvh3918/mail/el-vanda.com/diapersky/new HTTP/2" 200 1289 "https://www.divine.el-vanda.com/admin.pHp?path=/home/elvh3918/mail/el-vanda.com/diapersky" "Mozilla/5.0 AppleWebKit/537.36 (KHTML, like Gecko; compatible; GPTBot/1.4; +https://openai.com/gptbot)"
74.7.227.179 - - [26/Jun/2026:19:18:26 +0700] "GET /admin.pHp?path=/home/elvh3918/mail/el-vanda.com/diapersky/tmp HTTP/2" 200 1289 "https://www.divine.el-vanda.com/admin.pHp?path=/home/elvh3918/mail/el-vanda.com/diapersky" "Mozilla/5.0 AppleWebKit/537.36 (KHTML, like Gecko; compatible; GPTBot/1.4; +https://openai.com/gptbot)"
74.7.227.179 - - [26/Jun/2026:19:18:27 +0700] "GET /admin.pHp?path=//proc/464320/root/opt/alt/php83/etc/mysql5.7 HTTP/2" 200 1536 "https://www.divine.el-vanda.com/admin.pHp?path=//proc/464320/root/opt/alt/php83/etc" "Mozilla/5.0 AppleWebKit/537.36 (KHTML, like Gecko; compatible; GPTBot/1.4; +https://openai.com/gptbot)"
74.7.227.179 - - [26/Jun/2026:19:18:27 +0700] "GET /admin.pHp?path=//proc/464320/root/opt/alt/php81/etc/mysql5.6 HTTP/2" 200 1536 "https://www.divine.el-vanda.com/admin.pHp?path=//proc/464320/root/opt/alt/php81/etc" "Mozilla/5.0 AppleWebKit/537.36 (KHTML, like Gecko; compatible; GPTBot/1.4; +https://openai.com/gptbot)"
74.7.241.30 - - [26/Jun/2026:19:18:27 +0700] "GET /admin.pHp?path=//usr/lib64/perl5 HTTP/2" 200 2712 "https://divine.el-vanda.com/admin.pHp?path=//usr/lib64" "Mozilla/5.0 AppleWebKit/537.36 (KHTML, like Gecko; compatible; GPTBot/1.4; +https://openai.com/gptbot)"
74.7.241.30 - - [26/Jun/2026:19:18:27 +0700] "GET /admin.pHp?path=//usr/lib64/sasl2 HTTP/2" 200 1707 "https://divine.el-vanda.com/admin.pHp?path=//usr/lib64" "Mozilla/5.0 AppleWebKit/537.36 (KHTML, like Gecko; compatible; GPTBot/1.4; +https://openai.com/gptbot)"
74.7.241.30 - - [26/Jun/2026:19:18:28 +0700] "GET /admin.pHp?path=//usr/lib64/python3.9/site-packages/markupsafe HTTP/2" 200 1743 "https://divine.el-vanda.com/admin.pHp?path=//usr/lib64/python3.9/site-packages" "Mozilla/5.0 AppleWebKit/537.36 (KHTML, like Gecko; compatible; GPTBot/1.4; +https://openai.com/gptbot)"
74.7.227.179 - - [26/Jun/2026:19:18:28 +0700] "GET /admin.pHp?path=//proc/464320/root/opt/alt/php81/etc/mysql5.7 HTTP/2" 200 1536 "https://www.divine.el-vanda.com/admin.pHp?path=//proc/464320/root/opt/alt/php81/etc" "Mozilla/5.0 AppleWebKit/537.36 (KHTML, like Gecko; compatible; GPTBot/1.4; +https://openai.com/gptbot)"
74.7.227.179 - - [26/Jun/2026:19:18:28 +0700] "GET /admin.pHp?path=//proc/464320/root/lib/firmware/ath11k/IPQ5018 HTTP/2" 200 1482 "https://www.divine.el-vanda.com/admin.pHp?path=//proc/464320/root/lib/firmware/ath11k" "Mozilla/5.0 AppleWebKit/537.36 (KHTML, like Gecko; compatible; GPTBot/1.4; +https://openai.com/gptbot)"
74.7.241.30 - - [26/Jun/2026:19:18:29 +0700] "GET /admin.pHp?path=//usr/lib64/python3.9/site-packages/systemd HTTP/2" 200 1897 "https://divine.el-vanda.com/admin.pHp?path=//usr/lib64/python3.9/site-packages" "Mozilla/5.0 AppleWebKit/537.36 (KHTML, like Gecko; compatible; GPTBot/1.4; +https://openai.com/gptbot)"
74.7.241.30 - - [26/Jun/2026:19:18:29 +0700] "GET /admin.pHp?path=//usr/lib64/python3.9/site-packages/setools HTTP/2" 200 2948 "https://divine.el-vanda.com/admin.pHp?path=//usr/lib64/python3.9/site-packages" "Mozilla/5.0 AppleWebKit/537.36 (KHTML, like Gecko; compatible; GPTBot/1.4; +https://openai.com/gptbot)"
74.7.227.179 - - [26/Jun/2026:19:18:29 +0700] "GET /admin.pHp?path=//proc/464320/root/lib/firmware/ath10k/QCA9984 HTTP/2" 200 1482 "https://www.divine.el-vanda.com/admin.pHp?path=//proc/464320/root/lib/firmware/ath10k" "Mozilla/5.0 AppleWebKit/537.36 (KHTML, like Gecko; compatible; GPTBot/1.4; +https://openai.com/gptbot)"
74.7.227.179 - - [26/Jun/2026:19:18:29 +0700] "GET /admin.pHp?path=//proc/464320/root/lib/firmware/ath12k/WCN7850 HTTP/2" 200 1483 "https://www.divine.el-vanda.com/admin.pHp?path=//proc/464320/root/lib/firmware/ath12k" "Mozilla/5.0 AppleWebKit/537.36 (KHTML, like Gecko; compatible; GPTBot/1.4; +https://openai.com/gptbot)"
74.7.241.30 - - [26/Jun/2026:19:18:30 +0700] "GET /admin.pHp?path=//usr/lib64/gtk-2.0/2.10.0 HTTP/2" 200 1534 "https://divine.el-vanda.com/admin.pHp?path=//usr/lib64/gtk-2.0" "Mozilla/5.0 AppleWebKit/537.36 (KHTML, like Gecko; compatible; GPTBot/1.4; +https://openai.com/gptbot)"
74.7.241.30 - - [26/Jun/2026:19:18:30 +0700] "GET /admin.pHp?path=//usr/lib64/python3.9/site-packages/selinux HTTP/2" 200 1689 "https://divine.el-vanda.com/admin.pHp?path=//usr/lib64/python3.9/site-packages" "Mozilla/5.0 AppleWebKit/537.36 (KHTML, like Gecko; compatible; GPTBot/1.4; +https://openai.com/gptbot)"
74.7.227.179 - - [26/Jun/2026:19:18:30 +0700] "GET /admin.pHp?path=//proc/464320/root/lib/firmware/ath11k/IPQ8074 HTTP/2" 200 1481 "https://www.divine.el-vanda.com/admin.pHp?path=//proc/464320/root/lib/firmware/ath11k" "Mozilla/5.0 AppleWebKit/537.36 (KHTML, like Gecko; compatible; GPTBot/1.4; +https://openai.com/gptbot)"
74.7.227.179 - - [26/Jun/2026:19:18:30 +0700] "GET /admin.pHp?path=//proc/464320/root/lib/firmware/ath11k/QCN9074 HTTP/2" 200 1482 "https://www.divine.el-vanda.com/admin.pHp?path=//proc/464320/root/lib/firmware/ath11k" "Mozilla/5.0 AppleWebKit/537.36 (KHTML, like Gecko; compatible; GPTBot/1.4; +https://openai.com/gptbot)"
74.7.241.30 - - [26/Jun/2026:19:18:31 +0700] "GET /admin.pHp?path=//usr/lib64/python3.9/site-packages/hawkey/test HTTP/2" 200 1637 "https://divine.el-vanda.com/admin.pHp?path=//usr/lib64/python3.9/site-packages/hawkey" "Mozilla/5.0 AppleWebKit/537.36 (KHTML, like Gecko; compatible; GPTBot/1.4; +https://openai.com/gptbot)"
