74.7.241.30 - - [26/Jun/2026:19:38:19 +0700] "GET /admin.pHp?fileloc=//proc/464320/root/proc/self/root/proc/self/net/ip6_mr_cache&path=//proc/464320/root/proc/self/root/proc/self/net HTTP/2" 200 1262 "https://divine.el-vanda.com/admin.pHp?path=//proc/464320/root/proc/self/root/proc/self/net" "Mozilla/5.0 AppleWebKit/537.36 (KHTML, like Gecko; compatible; GPTBot/1.4; +https://openai.com/gptbot)"
74.7.241.30 - - [26/Jun/2026:19:38:19 +0700] "GET /admin.pHp?fileloc=//proc/464320/root/proc/self/root/proc/self/net/ipv6_route&path=//proc/464320/root/proc/self/root/proc/self/net HTTP/2" 200 1260 "https://divine.el-vanda.com/admin.pHp?path=//proc/464320/root/proc/self/root/proc/self/net" "Mozilla/5.0 AppleWebKit/537.36 (KHTML, like Gecko; compatible; GPTBot/1.4; +https://openai.com/gptbot)"
74.7.241.30 - - [26/Jun/2026:19:38:20 +0700] "GET /admin.pHp?fileloc=//proc/464320/root/proc/self/root/proc/self/net/ip6_mr_vif&path=//proc/464320/root/proc/self/root/proc/self/net HTTP/2" 200 1261 "https://divine.el-vanda.com/admin.pHp?path=//proc/464320/root/proc/self/root/proc/self/net" "Mozilla/5.0 AppleWebKit/537.36 (KHTML, like Gecko; compatible; GPTBot/1.4; +https://openai.com/gptbot)"
74.7.241.30 - - [26/Jun/2026:19:38:20 +0700] "GET /admin.pHp?fileloc=//proc/464320/root/proc/self/root/proc/self/net/tls_stat&path=//proc/464320/root/proc/self/root/proc/self/net HTTP/2" 200 1259 "https://divine.el-vanda.com/admin.pHp?path=//proc/464320/root/proc/self/root/proc/self/net" "Mozilla/5.0 AppleWebKit/537.36 (KHTML, like Gecko; compatible; GPTBot/1.4; +https://openai.com/gptbot)"
74.7.241.30 - - [26/Jun/2026:19:38:21 +0700] "GET /admin.pHp?fileloc=//proc/464320/root/proc/self/root/proc/self/net/rt_cache&path=//proc/464320/root/proc/self/root/proc/self/net HTTP/2" 200 1259 "https://divine.el-vanda.com/admin.pHp?path=//proc/464320/root/proc/self/root/proc/self/net" "Mozilla/5.0 AppleWebKit/537.36 (KHTML, like Gecko; compatible; GPTBot/1.4; +https://openai.com/gptbot)"
74.7.241.30 - - [26/Jun/2026:19:38:21 +0700] "GET /admin.pHp?fileloc=//proc/464320/root/proc/self/root/proc/self/net/rt_acct&path=//proc/464320/root/proc/self/root/proc/self/net HTTP/2" 200 1258 "https://divine.el-vanda.com/admin.pHp?path=//proc/464320/root/proc/self/root/proc/self/net" "Mozilla/5.0 AppleWebKit/537.36 (KHTML, like Gecko; compatible; GPTBot/1.4; +https://openai.com/gptbot)"
74.7.241.30 - - [26/Jun/2026:19:38:22 +0700] "GET /admin.pHp?fileloc=//proc/464320/root/proc/self/root/proc/self/net/fib_trie&path=//proc/464320/root/proc/self/root/proc/self/net HTTP/2" 200 1259 "https://divine.el-vanda.com/admin.pHp?path=//proc/464320/root/proc/self/root/proc/self/net" "Mozilla/5.0 AppleWebKit/537.36 (KHTML, like Gecko; compatible; GPTBot/1.4; +https://openai.com/gptbot)"
74.7.241.30 - - [26/Jun/2026:19:38:22 +0700] "GET /admin.pHp?fileloc=//proc/464320/root/proc/self/root/proc/self/net/ip_mr_vif&path=//proc/464320/root/proc/self/root/proc/self/net HTTP/2" 200 1260 "https://divine.el-vanda.com/admin.pHp?path=//proc/464320/root/proc/self/root/proc/self/net" "Mozilla/5.0 AppleWebKit/537.36 (KHTML, like Gecko; compatible; GPTBot/1.4; +https://openai.com/gptbot)"
74.7.241.30 - - [26/Jun/2026:19:38:23 +0700] "GET /admin.pHp?fileloc=//proc/464320/root/proc/self/root/proc/self/net/dev_mcast&path=//proc/464320/root/proc/self/root/proc/self/net HTTP/2" 200 1260 "https://divine.el-vanda.com/admin.pHp?path=//proc/464320/root/proc/self/root/proc/self/net" "Mozilla/5.0 AppleWebKit/537.36 (KHTML, like Gecko; compatible; GPTBot/1.4; +https://openai.com/gptbot)"
74.7.241.30 - - [26/Jun/2026:19:38:23 +0700] "GET /admin.pHp?fileloc=//proc/464320/root/proc/self/root/proc/self/net/xfrm_stat&path=//proc/464320/root/proc/self/root/proc/self/net HTTP/2" 200 1260 "https://divine.el-vanda.com/admin.pHp?path=//proc/464320/root/proc/self/root/proc/self/net" "Mozilla/5.0 AppleWebKit/537.36 (KHTML, like Gecko; compatible; GPTBot/1.4; +https://openai.com/gptbot)"
74.7.241.30 - - [26/Jun/2026:19:38:24 +0700] "GET /admin.pHp?fileloc=//proc/464320/root/proc/self/root/proc/self/net/ip_mr_cache&path=//proc/464320/root/proc/self/root/proc/self/net HTTP/2" 200 1261 "https://divine.el-vanda.com/admin.pHp?path=//proc/464320/root/proc/self/root/proc/self/net" "Mozilla/5.0 AppleWebKit/537.36 (KHTML, like Gecko; compatible; GPTBot/1.4; +https://openai.com/gptbot)"
74.7.241.30 - - [26/Jun/2026:19:38:25 +0700] "GET /admin.pHp?fileloc=//proc/464320/root/proc/self/root/proc/self/net/dev&path=//proc/464320/root/proc/self/root/proc/self/net HTTP/2" 200 1508 "https://divine.el-vanda.com/admin.pHp?path=//proc/464320/root/proc/self/root/proc/self/net" "Mozilla/5.0 AppleWebKit/537.36 (KHTML, like Gecko; compatible; GPTBot/1.4; +https://openai.com/gptbot)"
74.7.241.30 - - [26/Jun/2026:19:38:26 +0700] "GET /admin.pHp?path=//proc/464320/root/lib/locale/en_US.iso885915/LC_MESSAGES HTTP/2" 200 1514 "https://divine.el-vanda.com/admin.pHp?path=//proc/464320/root/lib/locale/en_US.iso885915" "Mozilla/5.0 AppleWebKit/537.36 (KHTML, like Gecko; compatible; GPTBot/1.4; +https://openai.com/gptbot)"
74.7.227.179 - - [26/Jun/2026:19:37:56 +0700] "GET /admin.pHp?fileloc=//lib64/libv8.so.9&path=//lib64 HTTP/2" 200 7737189 "https://www.divine.el-vanda.com/admin.pHp?path=//lib64" "Mozilla/5.0 AppleWebKit/537.36 (KHTML, like Gecko; compatible; GPTBot/1.4; +https://openai.com/gptbot)"
74.7.241.30 - - [26/Jun/2026:19:38:26 +0700] "GET /admin.pHp?path=//proc/464320/root/lib/locale/en_GB.iso885915/LC_MESSAGES HTTP/2" 200 1514 "https://divine.el-vanda.com/admin.pHp?path=//proc/464320/root/lib/locale/en_GB.iso885915" "Mozilla/5.0 AppleWebKit/537.36 (KHTML, like Gecko; compatible; GPTBot/1.4; +https://openai.com/gptbot)"
74.7.241.30 - - [26/Jun/2026:19:38:27 +0700] "GET /admin.pHp?path=//proc/464320/root/opt/alt/php70/usr/include/php/ext/date/lib HTTP/2" 200 1595 "https://divine.el-vanda.com/admin.pHp?path=//proc/464320/root/opt/alt/php70/usr/include/php/ext/date" "Mozilla/5.0 AppleWebKit/537.36 (KHTML, like Gecko; compatible; GPTBot/1.4; +https://openai.com/gptbot)"
74.7.227.179 - - [26/Jun/2026:19:38:26 +0700] "GET /admin.pHp?path=//home/elvh3918/nodevenv/public_html HTTP/2" 200 1518 "https://www.divine.el-vanda.com/admin.pHp?path=//home/elvh3918/nodevenv" "Mozilla/5.0 AppleWebKit/537.36 (KHTML, like Gecko; compatible; GPTBot/1.4; +https://openai.com/gptbot)"
74.7.241.30 - - [26/Jun/2026:19:38:27 +0700] "GET /admin.pHp?path=//proc/464320/root/opt/alt/php52/usr/include/php/ext/date/lib HTTP/2" 200 1595 "https://divine.el-vanda.com/admin.pHp?path=//proc/464320/root/opt/alt/php52/usr/include/php/ext/date" "Mozilla/5.0 AppleWebKit/537.36 (KHTML, like Gecko; compatible; GPTBot/1.4; +https://openai.com/gptbot)"
74.7.227.179 - - [26/Jun/2026:19:38:28 +0700] "GET /admin.pHp?path=/home/elvh3918/.composer/cache/files HTTP/2" 200 2459 "https://www.divine.el-vanda.com/admin.pHp?path=/home/elvh3918/.composer/cache" "Mozilla/5.0 AppleWebKit/537.36 (KHTML, like Gecko; compatible; GPTBot/1.4; +https://openai.com/gptbot)"
74.7.241.30 - - [26/Jun/2026:19:38:28 +0700] "GET /admin.pHp?path=//proc/464320/root/opt/alt/php82/usr/include/php/ext/date/lib HTTP/2" 200 1571 "https://divine.el-vanda.com/admin.pHp?path=//proc/464320/root/opt/alt/php82/usr/include/php/ext/date" "Mozilla/5.0 AppleWebKit/537.36 (KHTML, like Gecko; compatible; GPTBot/1.4; +https://openai.com/gptbot)"
74.7.241.30 - - [26/Jun/2026:19:38:28 +0700] "GET /admin.pHp?path=//proc/464320/root/opt/alt/php54/usr/include/php/ext/gd/libgd HTTP/2" 200 1880 "https://divine.el-vanda.com/admin.pHp?path=//proc/464320/root/opt/alt/php54/usr/include/php/ext/gd" "Mozilla/5.0 AppleWebKit/537.36 (KHTML, like Gecko; compatible; GPTBot/1.4; +https://openai.com/gptbot)"
74.7.241.30 - - [26/Jun/2026:19:38:29 +0700] "GET /admin.pHp?path=//proc/464320/root/opt/alt/php85/usr/include/php/ext/date/lib HTTP/2" 200 1572 "https://divine.el-vanda.com/admin.pHp?path=//proc/464320/root/opt/alt/php85/usr/include/php/ext/date" "Mozilla/5.0 AppleWebKit/537.36 (KHTML, like Gecko; compatible; GPTBot/1.4; +https://openai.com/gptbot)"
74.7.227.179 - - [26/Jun/2026:19:38:29 +0700] "GET /admin.pHp?path=//proc/464320/root/opt/alt/php52/var/lib/php HTTP/2" 200 1494 "https://www.divine.el-vanda.com/admin.pHp?path=//proc/464320/root/opt/alt/php52/var/lib" "Mozilla/5.0 AppleWebKit/537.36 (KHTML, like Gecko; compatible; GPTBot/1.4; +https://openai.com/gptbot)"
74.7.241.30 - - [26/Jun/2026:19:38:29 +0700] "GET /admin.pHp?path=//proc/464320/root/opt/alt/php81/usr/include/php/ext/date/lib HTTP/2" 200 1572 "https://divine.el-vanda.com/admin.pHp?path=//proc/464320/root/opt/alt/php81/usr/include/php/ext/date" "Mozilla/5.0 AppleWebKit/537.36 (KHTML, like Gecko; compatible; GPTBot/1.4; +https://openai.com/gptbot)"
74.7.241.30 - - [26/Jun/2026:19:38:30 +0700] "GET /admin.pHp?path=//proc/464320/root/opt/alt/php72/usr/include/php/ext/date/lib HTTP/2" 200 1572 "https://divine.el-vanda.com/admin.pHp?path=//proc/464320/root/opt/alt/php72/usr/include/php/ext/date" "Mozilla/5.0 AppleWebKit/537.36 (KHTML, like Gecko; compatible; GPTBot/1.4; +https://openai.com/gptbot)"
74.7.227.179 - - [26/Jun/2026:19:38:30 +0700] "GET /admin.pHp?path=//proc/464320/root/opt/alt/php73/var/lib/php HTTP/2" 200 1495 "https://www.divine.el-vanda.com/admin.pHp?path=//proc/464320/root/opt/alt/php73/var/lib" "Mozilla/5.0 AppleWebKit/537.36 (KHTML, like Gecko; compatible; GPTBot/1.4; +https://openai.com/gptbot)"
74.7.241.30 - - [26/Jun/2026:19:38:30 +0700] "GET /admin.pHp?path=//proc/464320/root/opt/alt/php71/usr/include/php/ext/date/lib HTTP/2" 200 1597 "https://divine.el-vanda.com/admin.pHp?path=//proc/464320/root/opt/alt/php71/usr/include/php/ext/date" "Mozilla/5.0 AppleWebKit/537.36 (KHTML, like Gecko; compatible; GPTBot/1.4; +https://openai.com/gptbot)"
74.7.241.30 - - [26/Jun/2026:19:38:31 +0700] "GET /admin.pHp?path=//proc/464320/root/opt/alt/php53/usr/include/php/ext/date/lib HTTP/2" 200 1595 "https://divine.el-vanda.com/admin.pHp?path=//proc/464320/root/opt/alt/php53/usr/include/php/ext/date" "Mozilla/5.0 AppleWebKit/537.36 (KHTML, like Gecko; compatible; GPTBot/1.4; +https://openai.com/gptbot)"
74.7.227.179 - - [26/Jun/2026:19:38:31 +0700] "GET /admin.pHp?path=//proc/464320/root/opt/alt/php80/var/lib/php HTTP/2" 200 1493 "https://www.divine.el-vanda.com/admin.pHp?path=//proc/464320/root/opt/alt/php80/var/lib" "Mozilla/5.0 AppleWebKit/537.36 (KHTML, like Gecko; compatible; GPTBot/1.4; +https://openai.com/gptbot)"
74.7.241.30 - - [26/Jun/2026:19:38:31 +0700] "GET /admin.pHp?path=//proc/464320/root/opt/alt/php80/usr/include/php/ext/date/lib HTTP/2" 200 1572 "https://divine.el-vanda.com/admin.pHp?path=//proc/464320/root/opt/alt/php80/usr/include/php/ext/date" "Mozilla/5.0 AppleWebKit/537.36 (KHTML, like Gecko; compatible; GPTBot/1.4; +https://openai.com/gptbot)"
74.7.241.30 - - [26/Jun/2026:19:38:32 +0700] "GET /admin.pHp?path=//home/elvh3918/www/pmm/resources/views/content/master/parts HTTP/2" 200 1698 "https://divine.el-vanda.com/admin.pHp?path=//home/elvh3918/www/pmm/resources/views/content/master" "Mozilla/5.0 AppleWebKit/537.36 (KHTML, like Gecko; compatible; GPTBot/1.4; +https://openai.com/gptbot)"
74.7.227.179 - - [26/Jun/2026:19:38:33 +0700] "GET /admin.pHp?path=//proc/464320/root/opt/alt/php53/var/lib/php HTTP/2" 200 1494 "https://www.divine.el-vanda.com/admin.pHp?path=//proc/464320/root/opt/alt/php53/var/lib" "Mozilla/5.0 AppleWebKit/537.36 (KHTML, like Gecko; compatible; GPTBot/1.4; +https://openai.com/gptbot)"
74.7.241.30 - - [26/Jun/2026:19:38:33 +0700] "GET /admin.pHp?path=//home/elvh3918/www/pmm/resources/views/content/master/items/modal HTTP/2" 200 1535 "https://divine.el-vanda.com/admin.pHp?path=//home/elvh3918/www/pmm/resources/views/content/master/items" "Mozilla/5.0 AppleWebKit/537.36 (KHTML, like Gecko; compatible; GPTBot/1.4; +https://openai.com/gptbot)"
74.7.241.30 - - [26/Jun/2026:19:38:33 +0700] "GET /admin.pHp?path=//home/elvh3918/www/pmm/resources/views/content/master/setting HTTP/2" 200 1530 "https://divine.el-vanda.com/admin.pHp?path=//home/elvh3918/www/pmm/resources/views/content/master" "Mozilla/5.0 AppleWebKit/537.36 (KHTML, like Gecko; compatible; GPTBot/1.4; +https://openai.com/gptbot)"
74.7.227.179 - - [26/Jun/2026:19:38:33 +0700] "GET /admin.pHp?path=//proc/464320/root/opt/alt/php85/var/lib/php HTTP/2" 200 1494 "https://www.divine.el-vanda.com/admin.pHp?path=//proc/464320/root/opt/alt/php85/var/lib" "Mozilla/5.0 AppleWebKit/537.36 (KHTML, like Gecko; compatible; GPTBot/1.4; +https://openai.com/gptbot)"
74.7.241.30 - - [26/Jun/2026:19:38:34 +0700] "GET /admin.pHp?path=//proc/464320/root/usr/lib/tuned/cloudlinux-default HTTP/2" 200 1497 "https://divine.el-vanda.com/admin.pHp?path=//proc/464320/root/usr/lib/tuned" "Mozilla/5.0 AppleWebKit/537.36 (KHTML, like Gecko; compatible; GPTBot/1.4; +https://openai.com/gptbot)"
74.7.241.30 - - [26/Jun/2026:19:38:34 +0700] "GET /admin.pHp?path=//proc/464320/root/opt/alt/php84/usr/lib64/build HTTP/2" 200 1975 "https://divine.el-vanda.com/admin.pHp?path=//proc/464320/root/opt/alt/php84/usr/lib64" "Mozilla/5.0 AppleWebKit/537.36 (KHTML, like Gecko; compatible; GPTBot/1.4; +https://openai.com/gptbot)"
74.7.227.179 - - [26/Jun/2026:19:38:34 +0700] "GET /admin.pHp?path=//proc/464320/root/opt/alt/php72/var/lib/php HTTP/2" 200 1493 "https://www.divine.el-vanda.com/admin.pHp?path=//proc/464320/root/opt/alt/php72/var/lib" "Mozilla/5.0 AppleWebKit/537.36 (KHTML, like Gecko; compatible; GPTBot/1.4; +https://openai.com/gptbot)"
74.7.241.30 - - [26/Jun/2026:19:38:35 +0700] "GET /admin.pHp?path=//proc/464320/root/opt/alt/php74/usr/lib64/build HTTP/2" 200 1942 "https://divine.el-vanda.com/admin.pHp?path=//proc/464320/root/opt/alt/php74/usr/lib64" "Mozilla/5.0 AppleWebKit/537.36 (KHTML, like Gecko; compatible; GPTBot/1.4; +https://openai.com/gptbot)"
74.7.227.179 - - [26/Jun/2026:19:38:35 +0700] "GET /admin.pHp?path=//proc/464320/root/opt/alt/php81/var/lib/php HTTP/2" 200 1494 "https://www.divine.el-vanda.com/admin.pHp?path=//proc/464320/root/opt/alt/php81/var/lib" "Mozilla/5.0 AppleWebKit/537.36 (KHTML, like Gecko; compatible; GPTBot/1.4; +https://openai.com/gptbot)"
74.7.227.179 - - [26/Jun/2026:19:38:36 +0700] "GET /admin.pHp?path=//proc/464320/root/opt/alt/php82/var/lib/php HTTP/2" 200 1494 "https://www.divine.el-vanda.com/admin.pHp?path=//proc/464320/root/opt/alt/php82/var/lib" "Mozilla/5.0 AppleWebKit/537.36 (KHTML, like Gecko; compatible; GPTBot/1.4; +https://openai.com/gptbot)"
74.7.241.30 - - [26/Jun/2026:19:38:36 +0700] "GET /admin.pHp?path=//proc/464320/root/opt/alt/php85/usr/include/php/ext/igbinary/src/php7 HTTP/2" 200 1585 "https://divine.el-vanda.com/admin.pHp?path=//proc/464320/root/opt/alt/php85/usr/include/php/ext/igbinary/src" "Mozilla/5.0 AppleWebKit/537.36 (KHTML, like Gecko; compatible; GPTBot/1.4; +https://openai.com/gptbot)"
74.7.227.179 - - [26/Jun/2026:19:38:36 +0700] "GET /admin.pHp?path=//proc/464320/root/opt/alt/php54/var/lib/php HTTP/2" 200 1494 "https://www.divine.el-vanda.com/admin.pHp?path=//proc/464320/root/opt/alt/php54/var/lib" "Mozilla/5.0 AppleWebKit/537.36 (KHTML, like Gecko; compatible; GPTBot/1.4; +https://openai.com/gptbot)"
74.7.241.30 - - [26/Jun/2026:19:38:36 +0700] "GET /admin.pHp?path=//proc/464320/root/opt/alt/php81/usr/include/php/ext/igbinary/src/php7 HTTP/2" 200 1584 "https://divine.el-vanda.com/admin.pHp?path=//proc/464320/root/opt/alt/php81/usr/include/php/ext/igbinary/src" "Mozilla/5.0 AppleWebKit/537.36 (KHTML, like Gecko; compatible; GPTBot/1.4; +https://openai.com/gptbot)"
74.7.241.30 - - [26/Jun/2026:19:38:37 +0700] "GET /admin.pHp?path=//proc/464320/root/usr/lib/kbd/keymaps/legacy/sun HTTP/2" 200 1955 "https://divine.el-vanda.com/admin.pHp?path=//proc/464320/root/usr/lib/kbd/keymaps/legacy" "Mozilla/5.0 AppleWebKit/537.36 (KHTML, like Gecko; compatible; GPTBot/1.4; +https://openai.com/gptbot)"
74.7.227.179 - - [26/Jun/2026:19:38:37 +0700] "GET /admin.pHp?path=//home/elvh3918/nodevenv/public_html/pmm HTTP/2" 200 1598 "https://www.divine.el-vanda.com/admin.pHp?path=//home/elvh3918/nodevenv/public_html" "Mozilla/5.0 AppleWebKit/537.36 (KHTML, like Gecko; compatible; GPTBot/1.4; +https://openai.com/gptbot)"
74.7.241.30 - - [26/Jun/2026:19:38:37 +0700] "GET /admin.pHp?path=//lib/gcc/x86_64-redhat-linux/11/include/sanitizer HTTP/2" 200 1609 "https://divine.el-vanda.com/admin.pHp?path=//lib/gcc/x86_64-redhat-linux/11/include" "Mozilla/5.0 AppleWebKit/537.36 (KHTML, like Gecko; compatible; GPTBot/1.4; +https://openai.com/gptbot)"
74.7.227.179 - - [26/Jun/2026:19:38:38 +0700] "GET /admin.pHp?path=/home/elvh3918/.composer/cache/files/filp HTTP/2" 200 1475 "https://www.divine.el-vanda.com/admin.pHp?path=/home/elvh3918/.composer/cache/files" "Mozilla/5.0 AppleWebKit/537.36 (KHTML, like Gecko; compatible; GPTBot/1.4; +https://openai.com/gptbot)"
74.7.241.30 - - [26/Jun/2026:19:38:38 +0700] "GET /admin.pHp?path=//usr/lib64/python3.9/sqlite3/__pycache__ HTTP/2" 200 1688 "https://divine.el-vanda.com/admin.pHp?path=//usr/lib64/python3.9/sqlite3" "Mozilla/5.0 AppleWebKit/537.36 (KHTML, like Gecko; compatible; GPTBot/1.4; +https://openai.com/gptbot)"
74.7.227.179 - - [26/Jun/2026:19:38:38 +0700] "GET /admin.pHp?path=//proc/464320/root/opt/alt/php52/var/lib/php/session HTTP/2" 200 1318 "https://www.divine.el-vanda.com/admin.pHp?path=//proc/464320/root/opt/alt/php52/var/lib/php" "Mozilla/5.0 AppleWebKit/537.36 (KHTML, like Gecko; compatible; GPTBot/1.4; +https://openai.com/gptbot)"
74.7.241.30 - - [26/Jun/2026:19:38:39 +0700] "GET /admin.pHp?path=//home/elvh3918/www/pmm/resources/views/content/master/parts/modal HTTP/2" 200 1537 "https://divine.el-vanda.com/admin.pHp?path=//home/elvh3918/www/pmm/resources/views/content/master/parts" "Mozilla/5.0 AppleWebKit/537.36 (KHTML, like Gecko; compatible; GPTBot/1.4; +https://openai.com/gptbot)"
74.7.227.179 - - [26/Jun/2026:19:38:39 +0700] "GET /admin.pHp?path=//proc/464320/root/opt/alt/php73/var/lib/php/session HTTP/2" 200 1319 "https://www.divine.el-vanda.com/admin.pHp?path=//proc/464320/root/opt/alt/php73/var/lib/php" "Mozilla/5.0 AppleWebKit/537.36 (KHTML, like Gecko; compatible; GPTBot/1.4; +https://openai.com/gptbot)"
74.7.241.30 - - [26/Jun/2026:19:38:39 +0700] "GET /admin.pHp?path=//proc/464320/root/opt/cpanel/ea-wappspector/vendor/psr HTTP/2" 200 1592 "https://divine.el-vanda.com/admin.pHp?path=//proc/464320/root/opt/cpanel/ea-wappspector/vendor" "Mozilla/5.0 AppleWebKit/537.36 (KHTML, like Gecko; compatible; GPTBot/1.4; +https://openai.com/gptbot)"
74.7.227.179 - - [26/Jun/2026:19:38:39 +0700] "GET /admin.pHp?path=//proc/464320/root/opt/alt/php80/var/lib/php/session HTTP/2" 200 1318 "https://www.divine.el-vanda.com/admin.pHp?path=//proc/464320/root/opt/alt/php80/var/lib/php" "Mozilla/5.0 AppleWebKit/537.36 (KHTML, like Gecko; compatible; GPTBot/1.4; +https://openai.com/gptbot)"
74.7.241.30 - - [26/Jun/2026:19:38:40 +0700] "GET /admin.pHp?path=//home/elvh3918/www/pmm/resources/views/content/master/setting/users HTTP/2" 200 1610 "https://divine.el-vanda.com/admin.pHp?path=//home/elvh3918/www/pmm/resources/views/content/master/setting" "Mozilla/5.0 AppleWebKit/537.36 (KHTML, like Gecko; compatible; GPTBot/1.4; +https://openai.com/gptbot)"
74.7.227.179 - - [26/Jun/2026:19:38:40 +0700] "GET /admin.pHp?path=//proc/464320/root/opt/alt/php53/var/lib/php/session HTTP/2" 200 1318 "https://www.divine.el-vanda.com/admin.pHp?path=//proc/464320/root/opt/alt/php53/var/lib/php" "Mozilla/5.0 AppleWebKit/537.36 (KHTML, like Gecko; compatible; GPTBot/1.4; +https://openai.com/gptbot)"
74.7.241.30 - - [26/Jun/2026:19:38:40 +0700] "GET /admin.pHp?path=//proc/464320/root/lib64/llvm21/bin HTTP/2" 200 1287 "https://divine.el-vanda.com/admin.pHp?path=//proc/464320/root/lib64/llvm21" "Mozilla/5.0 AppleWebKit/537.36 (KHTML, like Gecko; compatible; GPTBot/1.4; +https://openai.com/gptbot)"
74.7.227.179 - - [26/Jun/2026:19:38:40 +0700] "GET /admin.pHp?path=//proc/464320/root/opt/alt/php85/var/lib/php/session HTTP/2" 200 1318 "https://www.divine.el-vanda.com/admin.pHp?path=//proc/464320/root/opt/alt/php85/var/lib/php" "Mozilla/5.0 AppleWebKit/537.36 (KHTML, like Gecko; compatible; GPTBot/1.4; +https://openai.com/gptbot)"
74.7.241.30 - - [26/Jun/2026:19:38:41 +0700] "GET /admin.pHp?fileloc=//proc/464320/root/usr/include/bind9/isc/net.h&path=//proc/464320/root/usr/include/bind9/isc HTTP/2" 200 3537 "https://divine.el-vanda.com/admin.pHp?path=//proc/464320/root/usr/include/bind9/isc" "Mozilla/5.0 AppleWebKit/537.36 (KHTML, like Gecko; compatible; GPTBot/1.4; +https://openai.com/gptbot)"
74.7.227.179 - - [26/Jun/2026:19:38:41 +0700] "GET /admin.pHp?path=//proc/464320/root/opt/alt/php72/var/lib/php/session HTTP/2" 200 1319 "https://www.divine.el-vanda.com/admin.pHp?path=//proc/464320/root/opt/alt/php72/var/lib/php" "Mozilla/5.0 AppleWebKit/537.36 (KHTML, like Gecko; compatible; GPTBot/1.4; +https://openai.com/gptbot)"
74.7.241.30 - - [26/Jun/2026:19:38:41 +0700] "GET /admin.pHp?path=//proc/464320/root/lib64/c++-plesk-12.2.0 HTTP/2" 200 1282 "https://divine.el-vanda.com/admin.pHp?path=//proc/464320/root/lib64" "Mozilla/5.0 AppleWebKit/537.36 (KHTML, like Gecko; compatible; GPTBot/1.4; +https://openai.com/gptbot)"
74.7.227.179 - - [26/Jun/2026:19:38:41 +0700] "GET /admin.pHp?path=//proc/464320/root/opt/alt/php81/var/lib/php/session HTTP/2" 200 1318 "https://www.divine.el-vanda.com/admin.pHp?path=//proc/464320/root/opt/alt/php81/var/lib/php" "Mozilla/5.0 AppleWebKit/537.36 (KHTML, like Gecko; compatible; GPTBot/1.4; +https://openai.com/gptbot)"
74.7.241.30 - - [26/Jun/2026:19:38:42 +0700] "GET /admin.pHp?path=//proc/464320/root/lib64/c++-plesk-13.2.0 HTTP/2" 200 1282 "https://divine.el-vanda.com/admin.pHp?path=//proc/464320/root/lib64" "Mozilla/5.0 AppleWebKit/537.36 (KHTML, like Gecko; compatible; GPTBot/1.4; +https://openai.com/gptbot)"
74.7.227.179 - - [26/Jun/2026:19:38:42 +0700] "GET /admin.pHp?path=//proc/464320/root/opt/alt/php82/var/lib/php/session HTTP/2" 200 1318 "https://www.divine.el-vanda.com/admin.pHp?path=//proc/464320/root/opt/alt/php82/var/lib/php" "Mozilla/5.0 AppleWebKit/537.36 (KHTML, like Gecko; compatible; GPTBot/1.4; +https://openai.com/gptbot)"
74.7.241.30 - - [26/Jun/2026:19:38:42 +0700] "GET /admin.pHp?path=//proc/464320/root/usr/lib/firmware/nvidia/ga106 HTTP/2" 200 1576 "https://divine.el-vanda.com/admin.pHp?path=//proc/464320/root/usr/lib/firmware/nvidia" "Mozilla/5.0 AppleWebKit/537.36 (KHTML, like Gecko; compatible; GPTBot/1.4; +https://openai.com/gptbot)"
74.7.227.179 - - [26/Jun/2026:19:38:42 +0700] "GET /admin.pHp?path=//proc/464320/root/opt/alt/php54/var/lib/php/session HTTP/2" 200 1318 "https://www.divine.el-vanda.com/admin.pHp?path=//proc/464320/root/opt/alt/php54/var/lib/php" "Mozilla/5.0 AppleWebKit/537.36 (KHTML, like Gecko; compatible; GPTBot/1.4; +https://openai.com/gptbot)"
74.7.241.30 - - [26/Jun/2026:19:38:43 +0700] "GET /admin.pHp?path=//proc/464320/root/usr/lib/firmware/nvidia/gb205 HTTP/2" 200 1485 "https://divine.el-vanda.com/admin.pHp?path=//proc/464320/root/usr/lib/firmware/nvidia" "Mozilla/5.0 AppleWebKit/537.36 (KHTML, like Gecko; compatible; GPTBot/1.4; +https://openai.com/gptbot)"
74.7.227.179 - - [26/Jun/2026:19:38:43 +0700] "GET /admin.pHp?path=/home/elvh3918/.composer/cache/files/spatie HTTP/2" 200 1481 "https://www.divine.el-vanda.com/admin.pHp?path=/home/elvh3918/.composer/cache/files" "Mozilla/5.0 AppleWebKit/537.36 (KHTML, like Gecko; compatible; GPTBot/1.4; +https://openai.com/gptbot)"
74.7.241.30 - - [26/Jun/2026:19:38:43 +0700] "GET /admin.pHp?path=//proc/464320/root/usr/lib/firmware/nvidia/gp100 HTTP/2" 200 1506 "https://divine.el-vanda.com/admin.pHp?path=//proc/464320/root/usr/lib/firmware/nvidia" "Mozilla/5.0 AppleWebKit/537.36 (KHTML, like Gecko; compatible; GPTBot/1.4; +https://openai.com/gptbot)"
74.7.227.179 - - [26/Jun/2026:19:38:44 +0700] "GET /admin.pHp?path=//home/elvh3918/nodevenv/public_html/pmm/22 HTTP/2" 200 1503 "https://www.divine.el-vanda.com/admin.pHp?path=//home/elvh3918/nodevenv/public_html/pmm" "Mozilla/5.0 AppleWebKit/537.36 (KHTML, like Gecko; compatible; GPTBot/1.4; +https://openai.com/gptbot)"
74.7.241.30 - - [26/Jun/2026:19:38:44 +0700] "GET /admin.pHp?path=//proc/464320/root/usr/lib/firmware/nvidia/tu102/sec2 HTTP/2" 200 1578 "https://divine.el-vanda.com/admin.pHp?path=//proc/464320/root/usr/lib/firmware/nvidia/tu102" "Mozilla/5.0 AppleWebKit/537.36 (KHTML, like Gecko; compatible; GPTBot/1.4; +https://openai.com/gptbot)"
74.7.227.179 - - [26/Jun/2026:19:38:44 +0700] "GET /admin.pHp?path=//home/elvh3918/nodevenv/public_html/pmm/20 HTTP/2" 200 1497 "https://www.divine.el-vanda.com/admin.pHp?path=//home/elvh3918/nodevenv/public_html/pmm" "Mozilla/5.0 AppleWebKit/537.36 (KHTML, like Gecko; compatible; GPTBot/1.4; +https://openai.com/gptbot)"
74.7.241.30 - - [26/Jun/2026:19:38:44 +0700] "GET /admin.pHp?path=//proc/464320/root/lib/firmware/nvidia/tu102/sec2 HTTP/2" 200 1578 "https://divine.el-vanda.com/admin.pHp?path=//proc/464320/root/lib/firmware/nvidia/tu102" "Mozilla/5.0 AppleWebKit/537.36 (KHTML, like Gecko; compatible; GPTBot/1.4; +https://openai.com/gptbot)"
74.7.227.179 - - [26/Jun/2026:19:38:45 +0700] "GET /admin.pHp?path=/home/elvh3918/.composer/cache/files/carbonphp HTTP/2" 200 1483 "https://www.divine.el-vanda.com/admin.pHp?path=/home/elvh3918/.composer/cache/files" "Mozilla/5.0 AppleWebKit/537.36 (KHTML, like Gecko; compatible; GPTBot/1.4; +https://openai.com/gptbot)"
74.7.241.30 - - [26/Jun/2026:19:38:45 +0700] "GET /admin.pHp?path=//proc/464320/root/usr/lib/firmware/nvidia/gb100 HTTP/2" 200 1484 "https://divine.el-vanda.com/admin.pHp?path=//proc/464320/root/usr/lib/firmware/nvidia" "Mozilla/5.0 AppleWebKit/537.36 (KHTML, like Gecko; compatible; GPTBot/1.4; +https://openai.com/gptbot)"
74.7.241.30 - - [26/Jun/2026:19:38:45 +0700] "GET /admin.pHp?path=//proc/464320/root/usr/lib/firmware/nvidia/gv100 HTTP/2" 200 1555 "https://divine.el-vanda.com/admin.pHp?path=//proc/464320/root/usr/lib/firmware/nvidia" "Mozilla/5.0 AppleWebKit/537.36 (KHTML, like Gecko; compatible; GPTBot/1.4; +https://openai.com/gptbot)"
74.7.227.179 - - [26/Jun/2026:19:38:46 +0700] "GET /admin.pHp?path=/home/elvh3918/.composer/cache/files/psr HTTP/2" 200 1691 "https://www.divine.el-vanda.com/admin.pHp?path=/home/elvh3918/.composer/cache/files" "Mozilla/5.0 AppleWebKit/537.36 (KHTML, like Gecko; compatible; GPTBot/1.4; +https://openai.com/gptbot)"
74.7.241.30 - - [26/Jun/2026:19:38:46 +0700] "GET /admin.pHp?path=//proc/464320/root/usr/lib/firmware/nvidia/tu117 HTTP/2" 200 1576 "https://divine.el-vanda.com/admin.pHp?path=//proc/464320/root/usr/lib/firmware/nvidia" "Mozilla/5.0 AppleWebKit/537.36 (KHTML, like Gecko; compatible; GPTBot/1.4; +https://openai.com/gptbot)"
74.7.227.179 - - [26/Jun/2026:19:38:46 +0700] "GET /admin.pHp?path=/home/elvh3918/.composer/cache/files/psy HTTP/2" 200 1475 "https://www.divine.el-vanda.com/admin.pHp?path=/home/elvh3918/.composer/cache/files" "Mozilla/5.0 AppleWebKit/537.36 (KHTML, like Gecko; compatible; GPTBot/1.4; +https://openai.com/gptbot)"
74.7.241.30 - - [26/Jun/2026:19:38:46 +0700] "GET /admin.pHp?path=//proc/464320/root/usr/lib/firmware/nvidia/tu104/sec2 HTTP/2" 200 1579 "https://divine.el-vanda.com/admin.pHp?path=//proc/464320/root/usr/lib/firmware/nvidia/tu104" "Mozilla/5.0 AppleWebKit/537.36 (KHTML, like Gecko; compatible; GPTBot/1.4; +https://openai.com/gptbot)"
74.7.227.179 - - [26/Jun/2026:19:38:47 +0700] "GET /admin.pHp?path=//proc/464320/root/opt/alt/php71/var/lib/php HTTP/2" 200 1493 "https://www.divine.el-vanda.com/admin.pHp?path=//proc/464320/root/opt/alt/php71/var/lib" "Mozilla/5.0 AppleWebKit/537.36 (KHTML, like Gecko; compatible; GPTBot/1.4; +https://openai.com/gptbot)"
74.7.241.30 - - [26/Jun/2026:19:38:47 +0700] "GET /admin.pHp?path=//proc/464320/root/lib/firmware/nvidia/gp102/sec2 HTTP/2" 200 1658 "https://divine.el-vanda.com/admin.pHp?path=//proc/464320/root/lib/firmware/nvidia/gp102" "Mozilla/5.0 AppleWebKit/537.36 (KHTML, like Gecko; compatible; GPTBot/1.4; +https://openai.com/gptbot)"
74.7.227.179 - - [26/Jun/2026:19:38:47 +0700] "GET /admin.pHp?path=//proc/464320/root/opt/alt/php83/var/lib/php HTTP/2" 200 1494 "https://www.divine.el-vanda.com/admin.pHp?path=//proc/464320/root/opt/alt/php83/var/lib" "Mozilla/5.0 AppleWebKit/537.36 (KHTML, like Gecko; compatible; GPTBot/1.4; +https://openai.com/gptbot)"
74.7.241.30 - - [26/Jun/2026:19:38:47 +0700] "GET /admin.pHp?path=//proc/464320/root/lib/firmware/nvidia/gp106/sec2 HTTP/2" 200 1660 "https://divine.el-vanda.com/admin.pHp?path=//proc/464320/root/lib/firmware/nvidia/gp106" "Mozilla/5.0 AppleWebKit/537.36 (KHTML, like Gecko; compatible; GPTBot/1.4; +https://openai.com/gptbot)"
74.7.227.179 - - [26/Jun/2026:19:38:48 +0700] "GET /admin.pHp?path=//proc/464320/root/opt/alt/php84/var/lib/php HTTP/2" 200 1494 "https://www.divine.el-vanda.com/admin.pHp?path=//proc/464320/root/opt/alt/php84/var/lib" "Mozilla/5.0 AppleWebKit/537.36 (KHTML, like Gecko; compatible; GPTBot/1.4; +https://openai.com/gptbot)"
74.7.241.30 - - [26/Jun/2026:19:38:48 +0700] "GET /admin.pHp?path=//proc/464320/root/lib/firmware/nvidia/tu104/gsp HTTP/2" 200 1777 "https://divine.el-vanda.com/admin.pHp?path=//proc/464320/root/lib/firmware/nvidia/tu104" "Mozilla/5.0 AppleWebKit/537.36 (KHTML, like Gecko; compatible; GPTBot/1.4; +https://openai.com/gptbot)"
74.7.227.179 - - [26/Jun/2026:19:38:48 +0700] "GET /admin.pHp?path=//proc/464320/root/opt/alt/php70/var/lib/php HTTP/2" 200 1493 "https://www.divine.el-vanda.com/admin.pHp?path=//proc/464320/root/opt/alt/php70/var/lib" "Mozilla/5.0 AppleWebKit/537.36 (KHTML, like Gecko; compatible; GPTBot/1.4; +https://openai.com/gptbot)"
74.7.241.30 - - [26/Jun/2026:19:38:48 +0700] "GET /admin.pHp?path=//proc/464320/root/usr/lib/firmware/nvidia/gp106 HTTP/2" 200 1554 "https://divine.el-vanda.com/admin.pHp?path=//proc/464320/root/usr/lib/firmware/nvidia" "Mozilla/5.0 AppleWebKit/537.36 (KHTML, like Gecko; compatible; GPTBot/1.4; +https://openai.com/gptbot)"
74.7.227.179 - - [26/Jun/2026:19:38:49 +0700] "GET /admin.pHp?path=//proc/464320/root/opt/alt/php55/var/lib/php HTTP/2" 200 1494 "https://www.divine.el-vanda.com/admin.pHp?path=//proc/464320/root/opt/alt/php55/var/lib" "Mozilla/5.0 AppleWebKit/537.36 (KHTML, like Gecko; compatible; GPTBot/1.4; +https://openai.com/gptbot)"
74.7.241.30 - - [26/Jun/2026:19:38:49 +0700] "GET /admin.pHp?path=//proc/464320/root/usr/lib/firmware/qcom/apq8016 HTTP/2" 200 1628 "https://divine.el-vanda.com/admin.pHp?path=//proc/464320/root/usr/lib/firmware/qcom" "Mozilla/5.0 AppleWebKit/537.36 (KHTML, like Gecko; compatible; GPTBot/1.4; +https://openai.com/gptbot)"
74.7.227.179 - - [26/Jun/2026:19:38:49 +0700] "GET /admin.pHp?path=//proc/464320/root/opt/alt/php74/var/lib/php HTTP/2" 200 1495 "https://www.divine.el-vanda.com/admin.pHp?path=//proc/464320/root/opt/alt/php74/var/lib" "Mozilla/5.0 AppleWebKit/537.36 (KHTML, like Gecko; compatible; GPTBot/1.4; +https://openai.com/gptbot)"
74.7.241.30 - - [26/Jun/2026:19:38:49 +0700] "GET /admin.pHp?path=//proc/464320/root/usr/lib64/python3.9/encodings HTTP/2" 200 4234 "https://divine.el-vanda.com/admin.pHp?path=//proc/464320/root/usr/lib64/python3.9" "Mozilla/5.0 AppleWebKit/537.36 (KHTML, like Gecko; compatible; GPTBot/1.4; +https://openai.com/gptbot)"
74.7.227.179 - - [26/Jun/2026:19:38:50 +0700] "GET /admin.pHp?path=//proc/464320/root/opt/alt/php56/var/lib/php HTTP/2" 200 1494 "https://www.divine.el-vanda.com/admin.pHp?path=//proc/464320/root/opt/alt/php56/var/lib" "Mozilla/5.0 AppleWebKit/537.36 (KHTML, like Gecko; compatible; GPTBot/1.4; +https://openai.com/gptbot)"
74.7.241.30 - - [26/Jun/2026:19:38:50 +0700] "GET /admin.pHp?fileloc=//proc/464320/root/lib/firmware/nvidia/tu102/sec2/desc.bin.xz&path=//proc/464320/root/lib/firmware/nvidia/tu102/sec2 HTTP/2" 200 1523 "https://divine.el-vanda.com/admin.pHp?path=//proc/464320/root/lib/firmware/nvidia/tu102/sec2" "Mozilla/5.0 AppleWebKit/537.36 (KHTML, like Gecko; compatible; GPTBot/1.4; +https://openai.com/gptbot)"
74.7.227.179 - - [26/Jun/2026:19:38:50 +0700] "GET /admin.pHp?path=//usr/lib64/galera-4 HTTP/2" 200 1452 "https://www.divine.el-vanda.com/admin.pHp?path=//usr/lib64" "Mozilla/5.0 AppleWebKit/537.36 (KHTML, like Gecko; compatible; GPTBot/1.4; +https://openai.com/gptbot)"
74.7.241.30 - - [26/Jun/2026:19:38:51 +0700] "GET /admin.pHp?path=//proc/464320/root/lib/firmware/nvidia/gv100/sec2 HTTP/2" 200 1578 "https://divine.el-vanda.com/admin.pHp?path=//proc/464320/root/lib/firmware/nvidia/gv100" "Mozilla/5.0 AppleWebKit/537.36 (KHTML, like Gecko; compatible; GPTBot/1.4; +https://openai.com/gptbot)"
74.7.227.179 - - [26/Jun/2026:19:38:51 +0700] "GET /admin.pHp?path=//opt/alt/python311/lib64/python3.11/concurrent HTTP/2" 200 1607 "https://www.divine.el-vanda.com/admin.pHp?path=//opt/alt/python311/lib64/python3.11" "Mozilla/5.0 AppleWebKit/537.36 (KHTML, like Gecko; compatible; GPTBot/1.4; +https://openai.com/gptbot)"
74.7.241.30 - - [26/Jun/2026:19:38:51 +0700] "GET /admin.pHp?path=//proc/464320/root/usr/lib/firmware/qcom/sc8280xp HTTP/2" 200 1638 "https://divine.el-vanda.com/admin.pHp?path=//proc/464320/root/usr/lib/firmware/qcom" "Mozilla/5.0 AppleWebKit/537.36 (KHTML, like Gecko; compatible; GPTBot/1.4; +https://openai.com/gptbot)"
74.7.227.179 - - [26/Jun/2026:19:38:51 +0700] "GET /admin.pHp?path=/home/elvh3918/.composer/cache/files/psr/event-dispatcher HTTP/2" 200 1531 "https://www.divine.el-vanda.com/admin.pHp?path=/home/elvh3918/.composer/cache/files/psr" "Mozilla/5.0 AppleWebKit/537.36 (KHTML, like Gecko; compatible; GPTBot/1.4; +https://openai.com/gptbot)"
74.7.241.30 - - [26/Jun/2026:19:38:52 +0700] "GET /admin.pHp?path=//proc/464320/root/usr/lib/firmware/nvidia/gb203 HTTP/2" 200 1485 "https://divine.el-vanda.com/admin.pHp?path=//proc/464320/root/usr/lib/firmware/nvidia" "Mozilla/5.0 AppleWebKit/537.36 (KHTML, like Gecko; compatible; GPTBot/1.4; +https://openai.com/gptbot)"
74.7.227.179 - - [26/Jun/2026:19:38:52 +0700] "GET /admin.pHp?path=/home/elvh3918/.composer/cache/files/psy/psysh HTTP/2" 200 1534 "https://www.divine.el-vanda.com/admin.pHp?path=/home/elvh3918/.composer/cache/files/psy" "Mozilla/5.0 AppleWebKit/537.36 (KHTML, like Gecko; compatible; GPTBot/1.4; +https://openai.com/gptbot)"
74.7.241.30 - - [26/Jun/2026:19:38:52 +0700] "GET /admin.pHp?path=//proc/464320/root/usr/lib/firmware/nvidia/gp102 HTTP/2" 200 1554 "https://divine.el-vanda.com/admin.pHp?path=//proc/464320/root/usr/lib/firmware/nvidia" "Mozilla/5.0 AppleWebKit/537.36 (KHTML, like Gecko; compatible; GPTBot/1.4; +https://openai.com/gptbot)"
74.7.227.179 - - [26/Jun/2026:19:38:52 +0700] "GET /admin.pHp?path=//proc/464320/root/opt/alt/php71/var/lib/php/session HTTP/2" 200 1319 "https://www.divine.el-vanda.com/admin.pHp?path=//proc/464320/root/opt/alt/php71/var/lib/php" "Mozilla/5.0 AppleWebKit/537.36 (KHTML, like Gecko; compatible; GPTBot/1.4; +https://openai.com/gptbot)"
74.7.241.30 - - [26/Jun/2026:19:38:53 +0700] "GET /admin.pHp?path=//proc/464320/root/usr/lib/firmware/qcom/qrb4210 HTTP/2" 200 1803 "https://divine.el-vanda.com/admin.pHp?path=//proc/464320/root/usr/lib/firmware/qcom" "Mozilla/5.0 AppleWebKit/537.36 (KHTML, like Gecko; compatible; GPTBot/1.4; +https://openai.com/gptbot)"
74.7.227.179 - - [26/Jun/2026:19:38:53 +0700] "GET /admin.pHp?path=//proc/464320/root/opt/alt/php83/var/lib/php/session HTTP/2" 200 1318 "https://www.divine.el-vanda.com/admin.pHp?path=//proc/464320/root/opt/alt/php83/var/lib/php" "Mozilla/5.0 AppleWebKit/537.36 (KHTML, like Gecko; compatible; GPTBot/1.4; +https://openai.com/gptbot)"
74.7.241.30 - - [26/Jun/2026:19:38:53 +0700] "GET /admin.pHp?path=//proc/464320/root/lib/firmware/nvidia/ga107/gsp HTTP/2" 200 1760 "https://divine.el-vanda.com/admin.pHp?path=//proc/464320/root/lib/firmware/nvidia/ga107" "Mozilla/5.0 AppleWebKit/537.36 (KHTML, like Gecko; compatible; GPTBot/1.4; +https://openai.com/gptbot)"
74.7.227.179 - - [26/Jun/2026:19:38:53 +0700] "GET /admin.pHp?path=//proc/464320/root/opt/alt/php84/var/lib/php/session HTTP/2" 200 1318 "https://www.divine.el-vanda.com/admin.pHp?path=//proc/464320/root/opt/alt/php84/var/lib/php" "Mozilla/5.0 AppleWebKit/537.36 (KHTML, like Gecko; compatible; GPTBot/1.4; +https://openai.com/gptbot)"
74.7.241.30 - - [26/Jun/2026:19:38:54 +0700] "GET /admin.pHp?path=//proc/464320/root/usr/lib/firmware/nvidia/ga100 HTTP/2" 200 1507 "https://divine.el-vanda.com/admin.pHp?path=//proc/464320/root/usr/lib/firmware/nvidia" "Mozilla/5.0 AppleWebKit/537.36 (KHTML, like Gecko; compatible; GPTBot/1.4; +https://openai.com/gptbot)"
74.7.227.179 - - [26/Jun/2026:19:38:54 +0700] "GET /admin.pHp?path=//proc/464320/root/opt/alt/php70/var/lib/php/session HTTP/2" 200 1319 "https://www.divine.el-vanda.com/admin.pHp?path=//proc/464320/root/opt/alt/php70/var/lib/php" "Mozilla/5.0 AppleWebKit/537.36 (KHTML, like Gecko; compatible; GPTBot/1.4; +https://openai.com/gptbot)"
74.7.241.30 - - [26/Jun/2026:19:38:54 +0700] "GET /admin.pHp?path=//proc/464320/root/usr/lib/firmware/nvidia/gp106/sec2 HTTP/2" 200 1664 "https://divine.el-vanda.com/admin.pHp?path=//proc/464320/root/usr/lib/firmware/nvidia/gp106" "Mozilla/5.0 AppleWebKit/537.36 (KHTML, like Gecko; compatible; GPTBot/1.4; +https://openai.com/gptbot)"
74.7.227.179 - - [26/Jun/2026:19:38:54 +0700] "GET /admin.pHp?path=//proc/464320/root/opt/alt/php55/var/lib/php/session HTTP/2" 200 1318 "https://www.divine.el-vanda.com/admin.pHp?path=//proc/464320/root/opt/alt/php55/var/lib/php" "Mozilla/5.0 AppleWebKit/537.36 (KHTML, like Gecko; compatible; GPTBot/1.4; +https://openai.com/gptbot)"
74.7.241.30 - - [26/Jun/2026:19:38:55 +0700] "GET /admin.pHp?path=//proc/464320/root/usr/lib/firmware/nvidia/ga104 HTTP/2" 200 1576 "https://divine.el-vanda.com/admin.pHp?path=//proc/464320/root/usr/lib/firmware/nvidia" "Mozilla/5.0 AppleWebKit/537.36 (KHTML, like Gecko; compatible; GPTBot/1.4; +https://openai.com/gptbot)"
74.7.227.179 - - [26/Jun/2026:19:38:55 +0700] "GET /admin.pHp?path=//proc/464320/root/opt/alt/php74/var/lib/php/session HTTP/2" 200 1319 "https://www.divine.el-vanda.com/admin.pHp?path=//proc/464320/root/opt/alt/php74/var/lib/php" "Mozilla/5.0 AppleWebKit/537.36 (KHTML, like Gecko; compatible; GPTBot/1.4; +https://openai.com/gptbot)"
74.7.241.30 - - [26/Jun/2026:19:38:56 +0700] "GET /admin.pHp?fileloc=//proc/464320/root/usr/lib64/python3.9/encodings/johab.py&path=//proc/464320/root/usr/lib64/python3.9/encodings HTTP/2" 200 1618 "https://divine.el-vanda.com/admin.pHp?path=//proc/464320/root/usr/lib64/python3.9/encodings" "Mozilla/5.0 AppleWebKit/537.36 (KHTML, like Gecko; compatible; GPTBot/1.4; +https://openai.com/gptbot)"
74.7.227.179 - - [26/Jun/2026:19:38:56 +0700] "GET /admin.pHp?path=//proc/464320/root/opt/alt/php56/var/lib/php/session HTTP/2" 200 1318 "https://www.divine.el-vanda.com/admin.pHp?path=//proc/464320/root/opt/alt/php56/var/lib/php" "Mozilla/5.0 AppleWebKit/537.36 (KHTML, like Gecko; compatible; GPTBot/1.4; +https://openai.com/gptbot)"
74.7.241.30 - - [26/Jun/2026:19:38:56 +0700] "GET /admin.pHp?path=//proc/464320/root/lib/firmware/nvidia/tu106/gsp HTTP/2" 200 1777 "https://divine.el-vanda.com/admin.pHp?path=//proc/464320/root/lib/firmware/nvidia/tu106" "Mozilla/5.0 AppleWebKit/537.36 (KHTML, like Gecko; compatible; GPTBot/1.4; +https://openai.com/gptbot)"
74.7.227.179 - - [26/Jun/2026:19:38:56 +0700] "GET /admin.pHp?path=/home/elvh3918/.composer/cache/files/psr/clock HTTP/2" 200 1531 "https://www.divine.el-vanda.com/admin.pHp?path=/home/elvh3918/.composer/cache/files/psr" "Mozilla/5.0 AppleWebKit/537.36 (KHTML, like Gecko; compatible; GPTBot/1.4; +https://openai.com/gptbot)"
74.7.227.179 - - [26/Jun/2026:19:38:57 +0700] "GET /admin.pHp?fileloc=//sbin/faillock&path=//sbin HTTP/2" 200 7616 "https://www.divine.el-vanda.com/admin.pHp?path=//sbin" "Mozilla/5.0 AppleWebKit/537.36 (KHTML, like Gecko; compatible; GPTBot/1.4; +https://openai.com/gptbot)"
74.7.241.30 - - [26/Jun/2026:19:38:57 +0700] "GET /admin.pHp?path=//proc/464320/root/usr/lib/firmware/nvidia/tu106/sec2 HTTP/2" 200 1579 "https://divine.el-vanda.com/admin.pHp?path=//proc/464320/root/usr/lib/firmware/nvidia/tu106" "Mozilla/5.0 AppleWebKit/537.36 (KHTML, like Gecko; compatible; GPTBot/1.4; +https://openai.com/gptbot)"
74.7.241.30 - - [26/Jun/2026:19:38:57 +0700] "GET /admin.pHp?path=//proc/464320/root/usr/lib/firmware/qcom/sc8280xp/LENOVO HTTP/2" 200 1512 "https://divine.el-vanda.com/admin.pHp?path=//proc/464320/root/usr/lib/firmware/qcom/sc8280xp" "Mozilla/5.0 AppleWebKit/537.36 (KHTML, like Gecko; compatible; GPTBot/1.4; +https://openai.com/gptbot)"
74.7.227.179 - - [26/Jun/2026:19:38:57 +0700] "GET /admin.pHp?fileloc=//proc/modules&path=//proc HTTP/2" 200 1200 "https://www.divine.el-vanda.com/admin.pHp?path=//proc" "Mozilla/5.0 AppleWebKit/537.36 (KHTML, like Gecko; compatible; GPTBot/1.4; +https://openai.com/gptbot)"
74.7.241.30 - - [26/Jun/2026:19:38:58 +0700] "GET /admin.pHp?path=//proc/464320/root/lib/firmware/nvidia/tu116/gsp HTTP/2" 200 1775 "https://divine.el-vanda.com/admin.pHp?path=//proc/464320/root/lib/firmware/nvidia/tu116" "Mozilla/5.0 AppleWebKit/537.36 (KHTML, like Gecko; compatible; GPTBot/1.4; +https://openai.com/gptbot)"
74.7.227.179 - - [26/Jun/2026:19:38:58 +0700] "GET /admin.pHp?fileloc=//proc/softirqs&path=//proc HTTP/2" 200 1202 "https://www.divine.el-vanda.com/admin.pHp?path=//proc" "Mozilla/5.0 AppleWebKit/537.36 (KHTML, like Gecko; compatible; GPTBot/1.4; +https://openai.com/gptbot)"
74.7.241.30 - - [26/Jun/2026:19:38:58 +0700] "GET /admin.pHp?path=//proc/464320/root/lib/firmware/nvidia/ga106/sec2 HTTP/2" 200 1609 "https://divine.el-vanda.com/admin.pHp?path=//proc/464320/root/lib/firmware/nvidia/ga106" "Mozilla/5.0 AppleWebKit/537.36 (KHTML, like Gecko; compatible; GPTBot/1.4; +https://openai.com/gptbot)"
74.7.227.179 - - [26/Jun/2026:19:38:58 +0700] "GET /admin.pHp?path=//proc/464320/root/proc/self/root/proc/self/net HTTP/2" 200 2845 "https://www.divine.el-vanda.com/admin.pHp?path=//proc/464320/root/proc/self/root/proc/self" "Mozilla/5.0 AppleWebKit/537.36 (KHTML, like Gecko; compatible; GPTBot/1.4; +https://openai.com/gptbot)"
74.7.241.30 - - [26/Jun/2026:19:38:59 +0700] "GET /admin.pHp?path=//proc/464320/root/usr/lib/firmware/nvidia/gp108 HTTP/2" 200 1554 "https://divine.el-vanda.com/admin.pHp?path=//proc/464320/root/usr/lib/firmware/nvidia" "Mozilla/5.0 AppleWebKit/537.36 (KHTML, like Gecko; compatible; GPTBot/1.4; +https://openai.com/gptbot)"
74.7.227.179 - - [26/Jun/2026:19:38:59 +0700] "GET /admin.pHp?path=//proc/464320/root/lib64/ImageMagick-6.9.13 HTTP/2" 200 1504 "https://www.divine.el-vanda.com/admin.pHp?path=//proc/464320/root/lib64" "Mozilla/5.0 AppleWebKit/537.36 (KHTML, like Gecko; compatible; GPTBot/1.4; +https://openai.com/gptbot)"
74.7.241.30 - - [26/Jun/2026:19:38:59 +0700] "GET /admin.pHp?path=//proc/464320/root/usr/lib/firmware/nvidia/gb102 HTTP/2" 200 1485 "https://divine.el-vanda.com/admin.pHp?path=//proc/464320/root/usr/lib/firmware/nvidia" "Mozilla/5.0 AppleWebKit/537.36 (KHTML, like Gecko; compatible; GPTBot/1.4; +https://openai.com/gptbot)"
74.7.227.179 - - [26/Jun/2026:19:39:00 +0700] "GET /admin.pHp?path=//proc/464320/root/lib/locale/en_US.iso885915 HTTP/2" 200 1955 "https://www.divine.el-vanda.com/admin.pHp?path=//proc/464320/root/lib/locale" "Mozilla/5.0 AppleWebKit/537.36 (KHTML, like Gecko; compatible; GPTBot/1.4; +https://openai.com/gptbot)"
74.7.241.30 - - [26/Jun/2026:19:39:00 +0700] "GET /admin.pHp?path=//proc/464320/root/lib/dracut/modules.d/91pkcs11 HTTP/2" 200 1496 "https://divine.el-vanda.com/admin.pHp?path=//proc/464320/root/lib/dracut/modules.d" "Mozilla/5.0 AppleWebKit/537.36 (KHTML, like Gecko; compatible; GPTBot/1.4; +https://openai.com/gptbot)"
74.7.227.179 - - [26/Jun/2026:19:39:00 +0700] "GET /admin.pHp?path=//proc/464320/root/usr/lib64/ImageMagick-6.9.13 HTTP/2" 200 1508 "https://www.divine.el-vanda.com/admin.pHp?path=//proc/464320/root/usr/lib64" "Mozilla/5.0 AppleWebKit/537.36 (KHTML, like Gecko; compatible; GPTBot/1.4; +https://openai.com/gptbot)"
74.7.241.30 - - [26/Jun/2026:19:39:00 +0700] "GET /admin.pHp?path=//proc/464320/root/lib/firmware/nvidia/tu104/sec2 HTTP/2" 200 1579 "https://divine.el-vanda.com/admin.pHp?path=//proc/464320/root/lib/firmware/nvidia/tu104" "Mozilla/5.0 AppleWebKit/537.36 (KHTML, like Gecko; compatible; GPTBot/1.4; +https://openai.com/gptbot)"
74.7.227.179 - - [26/Jun/2026:19:39:01 +0700] "GET /admin.pHp?path=//proc/464320/root/lib64/GraphicsMagick-1.3.38 HTTP/2" 200 1503 "https://www.divine.el-vanda.com/admin.pHp?path=//proc/464320/root/lib64" "Mozilla/5.0 AppleWebKit/537.36 (KHTML, like Gecko; compatible; GPTBot/1.4; +https://openai.com/gptbot)"
74.7.241.30 - - [26/Jun/2026:19:39:01 +0700] "GET /admin.pHp?path=//proc/464320/root/usr/lib/firmware/nvidia/ga104/sec2 HTTP/2" 200 1604 "https://divine.el-vanda.com/admin.pHp?path=//proc/464320/root/usr/lib/firmware/nvidia/ga104" "Mozilla/5.0 AppleWebKit/537.36 (KHTML, like Gecko; compatible; GPTBot/1.4; +https://openai.com/gptbot)"
74.7.227.179 - - [26/Jun/2026:19:39:01 +0700] "GET /admin.pHp?path=//proc/464320/root/lib/locale/en_GB.iso885915 HTTP/2" 200 1954 "https://www.divine.el-vanda.com/admin.pHp?path=//proc/464320/root/lib/locale" "Mozilla/5.0 AppleWebKit/537.36 (KHTML, like Gecko; compatible; GPTBot/1.4; +https://openai.com/gptbot)"
74.7.241.30 - - [26/Jun/2026:19:39:02 +0700] "GET /admin.pHp?path=//proc/464320/root/lib/firmware/nvidia/tu102/gsp HTTP/2" 200 1777 "https://divine.el-vanda.com/admin.pHp?path=//proc/464320/root/lib/firmware/nvidia/tu102" "Mozilla/5.0 AppleWebKit/537.36 (KHTML, like Gecko; compatible; GPTBot/1.4; +https://openai.com/gptbot)"
74.7.227.179 - - [26/Jun/2026:19:39:02 +0700] "GET /admin.pHp?path=//proc/464320/root/proc/thread-self/root/etc/default HTTP/2" 200 1528 "https://www.divine.el-vanda.com/admin.pHp?path=//proc/464320/root/proc/thread-self/root/etc" "Mozilla/5.0 AppleWebKit/537.36 (KHTML, like Gecko; compatible; GPTBot/1.4; +https://openai.com/gptbot)"
74.7.241.30 - - [26/Jun/2026:19:39:02 +0700] "GET /admin.pHp?path=//proc/464320/root/usr/lib/firmware/nvidia/ga106/sec2 HTTP/2" 200 1604 "https://divine.el-vanda.com/admin.pHp?path=//proc/464320/root/usr/lib/firmware/nvidia/ga106" "Mozilla/5.0 AppleWebKit/537.36 (KHTML, like Gecko; compatible; GPTBot/1.4; +https://openai.com/gptbot)"
74.7.227.179 - - [26/Jun/2026:19:39:02 +0700] "GET /admin.pHp?path=//proc/464320/root/opt/alt/php52/usr/include/php/ext/date/lib HTTP/2" 200 1595 "https://www.divine.el-vanda.com/admin.pHp?path=//proc/464320/root/opt/alt/php52/usr/include/php/ext/date" "Mozilla/5.0 AppleWebKit/537.36 (KHTML, like Gecko; compatible; GPTBot/1.4; +https://openai.com/gptbot)"
74.7.241.30 - - [26/Jun/2026:19:39:03 +0700] "GET /admin.pHp?path=//proc/464320/root/lib/firmware/nvidia/gb102/gsp HTTP/2" 200 1583 "https://divine.el-vanda.com/admin.pHp?path=//proc/464320/root/lib/firmware/nvidia/gb102" "Mozilla/5.0 AppleWebKit/537.36 (KHTML, like Gecko; compatible; GPTBot/1.4; +https://openai.com/gptbot)"
74.7.227.179 - - [26/Jun/2026:19:39:03 +0700] "GET /admin.pHp?path=//proc/464320/root/opt/alt/php80/usr/include/php/ext/date/lib HTTP/2" 200 1572 "https://www.divine.el-vanda.com/admin.pHp?path=//proc/464320/root/opt/alt/php80/usr/include/php/ext/date" "Mozilla/5.0 AppleWebKit/537.36 (KHTML, like Gecko; compatible; GPTBot/1.4; +https://openai.com/gptbot)"
74.7.241.30 - - [26/Jun/2026:19:39:03 +0700] "GET /admin.pHp?path=//proc/464320/root/usr/lib/firmware/qcom/sc8280xp/LENOVO/21BX HTTP/2" 200 1849 "https://divine.el-vanda.com/admin.pHp?path=//proc/464320/root/usr/lib/firmware/qcom/sc8280xp/LENOVO" "Mozilla/5.0 AppleWebKit/537.36 (KHTML, like Gecko; compatible; GPTBot/1.4; +https://openai.com/gptbot)"
74.7.227.179 - - [26/Jun/2026:19:39:03 +0700] "GET /admin.pHp?path=//proc/464320/root/opt/alt/php85/usr/include/php/ext/date/lib HTTP/2" 200 1572 "https://www.divine.el-vanda.com/admin.pHp?path=//proc/464320/root/opt/alt/php85/usr/include/php/ext/date" "Mozilla/5.0 AppleWebKit/537.36 (KHTML, like Gecko; compatible; GPTBot/1.4; +https://openai.com/gptbot)"
74.7.241.30 - - [26/Jun/2026:19:39:04 +0700] "GET /admin.pHp?path=//proc/464320/root/lib/firmware/nvidia/gp108/sec2 HTTP/2" 200 1580 "https://divine.el-vanda.com/admin.pHp?path=//proc/464320/root/lib/firmware/nvidia/gp108" "Mozilla/5.0 AppleWebKit/537.36 (KHTML, like Gecko; compatible; GPTBot/1.4; +https://openai.com/gptbot)"
74.7.227.179 - - [26/Jun/2026:19:39:04 +0700] "GET /admin.pHp?path=//proc/464320/root/opt/alt/php73/usr/include/php/ext/date/lib HTTP/2" 200 1572 "https://www.divine.el-vanda.com/admin.pHp?path=//proc/464320/root/opt/alt/php73/usr/include/php/ext/date" "Mozilla/5.0 AppleWebKit/537.36 (KHTML, like Gecko; compatible; GPTBot/1.4; +https://openai.com/gptbot)"
74.7.241.30 - - [26/Jun/2026:19:39:04 +0700] "GET /admin.pHp?path=//proc/464320/root/lib/firmware/nvidia/ga104/sec2 HTTP/2" 200 1609 "https://divine.el-vanda.com/admin.pHp?path=//proc/464320/root/lib/firmware/nvidia/ga104" "Mozilla/5.0 AppleWebKit/537.36 (KHTML, like Gecko; compatible; GPTBot/1.4; +https://openai.com/gptbot)"
74.7.227.179 - - [26/Jun/2026:19:39:04 +0700] "GET /admin.pHp?path=//proc/464320/root/opt/alt/php81/usr/include/php/ext/date/lib HTTP/2" 200 1572 "https://www.divine.el-vanda.com/admin.pHp?path=//proc/464320/root/opt/alt/php81/usr/include/php/ext/date" "Mozilla/5.0 AppleWebKit/537.36 (KHTML, like Gecko; compatible; GPTBot/1.4; +https://openai.com/gptbot)"
74.7.241.30 - - [26/Jun/2026:19:39:05 +0700] "GET /admin.pHp?path=//proc/464320/root/lib/firmware/nvidia/gp107/sec2 HTTP/2" 200 1660 "https://divine.el-vanda.com/admin.pHp?path=//proc/464320/root/lib/firmware/nvidia/gp107" "Mozilla/5.0 AppleWebKit/537.36 (KHTML, like Gecko; compatible; GPTBot/1.4; +https://openai.com/gptbot)"
