74.7.241.30 - - [26/Jun/2026:19:21:04 +0700] "GET /admin.pHp?path=//proc/464320/root/opt/alt/python36/lib64/pkgconfig HTTP/2" 200 1542 "https://divine.el-vanda.com/admin.pHp?path=//proc/464320/root/opt/alt/python36/lib64" "Mozilla/5.0 AppleWebKit/537.36 (KHTML, like Gecko; compatible; GPTBot/1.4; +https://openai.com/gptbot)"
74.7.241.30 - - [26/Jun/2026:19:21:04 +0700] "GET /admin.pHp?path=//proc/464320/root/opt/alt/python34/lib64/pkgconfig HTTP/2" 200 1542 "https://divine.el-vanda.com/admin.pHp?path=//proc/464320/root/opt/alt/python34/lib64" "Mozilla/5.0 AppleWebKit/537.36 (KHTML, like Gecko; compatible; GPTBot/1.4; +https://openai.com/gptbot)"
74.7.241.30 - - [26/Jun/2026:19:21:05 +0700] "GET /admin.pHp?path=/home/elvh3918/.cagefs/opt/alt/php55/var HTTP/2" 200 1477 "https://divine.el-vanda.com/admin.pHp?path=/home/elvh3918/.cagefs/opt/alt/php55" "Mozilla/5.0 AppleWebKit/537.36 (KHTML, like Gecko; compatible; GPTBot/1.4; +https://openai.com/gptbot)"
74.7.241.30 - - [26/Jun/2026:19:21:06 +0700] "GET /admin.pHp?path=/home/elvh3918/.cagefs/opt/alt/php44/var HTTP/2" 200 1477 "https://divine.el-vanda.com/admin.pHp?path=/home/elvh3918/.cagefs/opt/alt/php44" "Mozilla/5.0 AppleWebKit/537.36 (KHTML, like Gecko; compatible; GPTBot/1.4; +https://openai.com/gptbot)"
74.7.241.30 - - [26/Jun/2026:19:21:06 +0700] "GET /admin.pHp?path=/home/elvh3918/.cagefs/opt/alt/php71/var HTTP/2" 200 1477 "https://divine.el-vanda.com/admin.pHp?path=/home/elvh3918/.cagefs/opt/alt/php71" "Mozilla/5.0 AppleWebKit/537.36 (KHTML, like Gecko; compatible; GPTBot/1.4; +https://openai.com/gptbot)"
74.7.227.179 - - [26/Jun/2026:19:21:06 +0700] "GET /admin.pHp?fileloc=//bin/pr&path=//bin HTTP/2" 200 31702 "https://www.divine.el-vanda.com/admin.pHp?path=//bin" "Mozilla/5.0 AppleWebKit/537.36 (KHTML, like Gecko; compatible; GPTBot/1.4; +https://openai.com/gptbot)"
74.7.241.30 - - [26/Jun/2026:19:21:07 +0700] "GET /admin.pHp?path=/home/elvh3918/.cagefs/opt/alt/php84/var HTTP/2" 200 1477 "https://divine.el-vanda.com/admin.pHp?path=/home/elvh3918/.cagefs/opt/alt/php84" "Mozilla/5.0 AppleWebKit/537.36 (KHTML, like Gecko; compatible; GPTBot/1.4; +https://openai.com/gptbot)"
74.7.241.30 - - [26/Jun/2026:19:21:07 +0700] "GET /admin.pHp?path=/home/elvh3918/.cagefs/opt/alt/php82/var HTTP/2" 200 1477 "https://divine.el-vanda.com/admin.pHp?path=/home/elvh3918/.cagefs/opt/alt/php82" "Mozilla/5.0 AppleWebKit/537.36 (KHTML, like Gecko; compatible; GPTBot/1.4; +https://openai.com/gptbot)"
74.7.227.179 - - [26/Jun/2026:19:21:07 +0700] "GET /admin.pHp?fileloc=//bin/at&path=//bin HTTP/2" 200 3230 "https://www.divine.el-vanda.com/admin.pHp?path=//bin" "Mozilla/5.0 AppleWebKit/537.36 (KHTML, like Gecko; compatible; GPTBot/1.4; +https://openai.com/gptbot)"
74.7.227.179 - - [26/Jun/2026:19:21:07 +0700] "GET /admin.pHp?fileloc=//bin/df&path=//bin HTTP/2" 200 34365 "https://www.divine.el-vanda.com/admin.pHp?path=//bin" "Mozilla/5.0 AppleWebKit/537.36 (KHTML, like Gecko; compatible; GPTBot/1.4; +https://openai.com/gptbot)"
74.7.227.179 - - [26/Jun/2026:19:21:08 +0700] "GET /admin.pHp?fileloc=//bin/vi&path=//bin HTTP/2" 200 654658 "https://www.divine.el-vanda.com/admin.pHp?path=//bin" "Mozilla/5.0 AppleWebKit/537.36 (KHTML, like Gecko; compatible; GPTBot/1.4; +https://openai.com/gptbot)"
74.7.241.30 - - [26/Jun/2026:19:21:08 +0700] "GET /admin.pHp?path=/home/elvh3918/.cagefs/opt/alt/php53/var HTTP/2" 200 1477 "https://divine.el-vanda.com/admin.pHp?path=/home/elvh3918/.cagefs/opt/alt/php53" "Mozilla/5.0 AppleWebKit/537.36 (KHTML, like Gecko; compatible; GPTBot/1.4; +https://openai.com/gptbot)"
74.7.241.30 - - [26/Jun/2026:19:21:08 +0700] "GET /admin.pHp?path=//opt/alt/python312/lib64 HTTP/2" 200 1650 "https://divine.el-vanda.com/admin.pHp?path=//opt/alt/python312" "Mozilla/5.0 AppleWebKit/537.36 (KHTML, like Gecko; compatible; GPTBot/1.4; +https://openai.com/gptbot)"
74.7.241.30 - - [26/Jun/2026:19:21:09 +0700] "GET /admin.pHp?path=//opt/alt/python310/lib64 HTTP/2" 200 1649 "https://divine.el-vanda.com/admin.pHp?path=//opt/alt/python310" "Mozilla/5.0 AppleWebKit/537.36 (KHTML, like Gecko; compatible; GPTBot/1.4; +https://openai.com/gptbot)"
74.7.241.30 - - [26/Jun/2026:19:21:09 +0700] "GET /admin.pHp?path=//opt/alt/python310/include HTTP/2" 200 1443 "https://divine.el-vanda.com/admin.pHp?path=//opt/alt/python310" "Mozilla/5.0 AppleWebKit/537.36 (KHTML, like Gecko; compatible; GPTBot/1.4; +https://openai.com/gptbot)"
74.7.241.30 - - [26/Jun/2026:19:21:10 +0700] "GET /admin.pHp?path=//opt/alt/python312/include HTTP/2" 200 1445 "https://divine.el-vanda.com/admin.pHp?path=//opt/alt/python312" "Mozilla/5.0 AppleWebKit/537.36 (KHTML, like Gecko; compatible; GPTBot/1.4; +https://openai.com/gptbot)"
74.7.241.30 - - [26/Jun/2026:19:21:10 +0700] "GET /admin.pHp?path=/home/elvh3918/.cagefs/opt/alt/php80/var HTTP/2" 200 1477 "https://divine.el-vanda.com/admin.pHp?path=/home/elvh3918/.cagefs/opt/alt/php80" "Mozilla/5.0 AppleWebKit/537.36 (KHTML, like Gecko; compatible; GPTBot/1.4; +https://openai.com/gptbot)"
74.7.241.30 - - [26/Jun/2026:19:21:11 +0700] "GET /admin.pHp?path=/home/elvh3918/.cagefs/opt/alt/php85/var HTTP/2" 200 1477 "https://divine.el-vanda.com/admin.pHp?path=/home/elvh3918/.cagefs/opt/alt/php85" "Mozilla/5.0 AppleWebKit/537.36 (KHTML, like Gecko; compatible; GPTBot/1.4; +https://openai.com/gptbot)"
74.7.241.30 - - [26/Jun/2026:19:21:12 +0700] "GET /admin.pHp?path=/home/elvh3918/.cagefs/opt/alt/php73/var HTTP/2" 200 1477 "https://divine.el-vanda.com/admin.pHp?path=/home/elvh3918/.cagefs/opt/alt/php73" "Mozilla/5.0 AppleWebKit/537.36 (KHTML, like Gecko; compatible; GPTBot/1.4; +https://openai.com/gptbot)"
74.7.241.30 - - [26/Jun/2026:19:21:12 +0700] "GET /admin.pHp?path=/home/elvh3918/.cagefs/opt/alt/php51/var HTTP/2" 200 1477 "https://divine.el-vanda.com/admin.pHp?path=/home/elvh3918/.cagefs/opt/alt/php51" "Mozilla/5.0 AppleWebKit/537.36 (KHTML, like Gecko; compatible; GPTBot/1.4; +https://openai.com/gptbot)"
74.7.241.30 - - [26/Jun/2026:19:21:13 +0700] "GET /admin.pHp?path=//home/elvh3918/www/pmm/app/Models/Trans HTTP/2" 200 1537 "https://divine.el-vanda.com/admin.pHp?path=//home/elvh3918/www/pmm/app/Models" "Mozilla/5.0 AppleWebKit/537.36 (KHTML, like Gecko; compatible; GPTBot/1.4; +https://openai.com/gptbot)"
74.7.241.30 - - [26/Jun/2026:19:21:13 +0700] "GET /admin.pHp?path=//home/elvh3918/www/tenant/vendor/nesbot HTTP/2" 200 1473 "https://divine.el-vanda.com/admin.pHp?path=//home/elvh3918/www/tenant/vendor" "Mozilla/5.0 AppleWebKit/537.36 (KHTML, like Gecko; compatible; GPTBot/1.4; +https://openai.com/gptbot)"
74.7.241.30 - - [26/Jun/2026:19:21:14 +0700] "GET /admin.pHp?path=//home/elvh3918/www/pmm/vendor/league/uri HTTP/2" 200 1885 "https://divine.el-vanda.com/admin.pHp?path=//home/elvh3918/www/pmm/vendor/league" "Mozilla/5.0 AppleWebKit/537.36 (KHTML, like Gecko; compatible; GPTBot/1.4; +https://openai.com/gptbot)"
74.7.241.30 - - [26/Jun/2026:19:21:14 +0700] "GET /admin.pHp?path=//opt/alt/python312/lib64/pkgconfig HTTP/2" 200 1545 "https://divine.el-vanda.com/admin.pHp?path=//opt/alt/python312/lib64" "Mozilla/5.0 AppleWebKit/537.36 (KHTML, like Gecko; compatible; GPTBot/1.4; +https://openai.com/gptbot)"
74.7.227.179 - - [26/Jun/2026:19:21:14 +0700] "GET /admin.pHp?path=//proc/464320/root/lib64/apache2/modules HTTP/2" 200 3042 "https://www.divine.el-vanda.com/admin.pHp?path=//proc/464320/root/lib64/apache2" "Mozilla/5.0 AppleWebKit/537.36 (KHTML, like Gecko; compatible; GPTBot/1.4; +https://openai.com/gptbot)"
74.7.227.179 - - [26/Jun/2026:19:21:14 +0700] "GET /admin.pHp?path=//proc/464320/root/lib/firmware/qcom/sm8350 HTTP/2" 200 1503 "https://www.divine.el-vanda.com/admin.pHp?path=//proc/464320/root/lib/firmware/qcom" "Mozilla/5.0 AppleWebKit/537.36 (KHTML, like Gecko; compatible; GPTBot/1.4; +https://openai.com/gptbot)"
74.7.227.179 - - [26/Jun/2026:19:21:15 +0700] "GET /admin.pHp?path=//proc/464320/root/lib/firmware/qcom/sm8650 HTTP/2" 200 1570 "https://www.divine.el-vanda.com/admin.pHp?path=//proc/464320/root/lib/firmware/qcom" "Mozilla/5.0 AppleWebKit/537.36 (KHTML, like Gecko; compatible; GPTBot/1.4; +https://openai.com/gptbot)"
74.7.241.30 - - [26/Jun/2026:19:21:15 +0700] "GET /admin.pHp?path=//opt/alt/python310/lib64/pkgconfig HTTP/2" 200 1546 "https://divine.el-vanda.com/admin.pHp?path=//opt/alt/python310/lib64" "Mozilla/5.0 AppleWebKit/537.36 (KHTML, like Gecko; compatible; GPTBot/1.4; +https://openai.com/gptbot)"
74.7.241.30 - - [26/Jun/2026:19:21:16 +0700] "GET /admin.pHp?path=//opt/alt/python310/include/python3.10 HTTP/2" 200 4060 "https://divine.el-vanda.com/admin.pHp?path=//opt/alt/python310/include" "Mozilla/5.0 AppleWebKit/537.36 (KHTML, like Gecko; compatible; GPTBot/1.4; +https://openai.com/gptbot)"
74.7.241.30 - - [26/Jun/2026:19:21:16 +0700] "GET /admin.pHp?path=//opt/alt/python312/include/python3.12 HTTP/2" 200 3779 "https://divine.el-vanda.com/admin.pHp?path=//opt/alt/python312/include" "Mozilla/5.0 AppleWebKit/537.36 (KHTML, like Gecko; compatible; GPTBot/1.4; +https://openai.com/gptbot)"
74.7.227.179 - - [26/Jun/2026:19:21:16 +0700] "GET /admin.pHp?path=//proc/464320/root/lib/firmware/qcom/sm8450 HTTP/2" 200 1549 "https://www.divine.el-vanda.com/admin.pHp?path=//proc/464320/root/lib/firmware/qcom" "Mozilla/5.0 AppleWebKit/537.36 (KHTML, like Gecko; compatible; GPTBot/1.4; +https://openai.com/gptbot)"
74.7.227.179 - - [26/Jun/2026:19:21:16 +0700] "GET /admin.pHp?path=//proc/464320/root/lib/firmware/qcom/sm8250 HTTP/2" 200 1757 "https://www.divine.el-vanda.com/admin.pHp?path=//proc/464320/root/lib/firmware/qcom" "Mozilla/5.0 AppleWebKit/537.36 (KHTML, like Gecko; compatible; GPTBot/1.4; +https://openai.com/gptbot)"
74.7.227.179 - - [26/Jun/2026:19:21:17 +0700] "GET /admin.pHp?path=//proc/464320/root/lib/firmware/qca/QCA2066 HTTP/2" 200 1585 "https://www.divine.el-vanda.com/admin.pHp?path=//proc/464320/root/lib/firmware/qca" "Mozilla/5.0 AppleWebKit/537.36 (KHTML, like Gecko; compatible; GPTBot/1.4; +https://openai.com/gptbot)"
74.7.227.179 - - [26/Jun/2026:19:21:17 +0700] "GET /admin.pHp?path=//proc/464320/root/lib/firmware/qcom/sm8550 HTTP/2" 200 1575 "https://www.divine.el-vanda.com/admin.pHp?path=//proc/464320/root/lib/firmware/qcom" "Mozilla/5.0 AppleWebKit/537.36 (KHTML, like Gecko; compatible; GPTBot/1.4; +https://openai.com/gptbot)"
74.7.241.30 - - [26/Jun/2026:19:21:17 +0700] "GET /admin.pHp?path=//opt/alt/python310/lib64/python3.10 HTTP/2" 200 7366 "https://divine.el-vanda.com/admin.pHp?path=//opt/alt/python310/lib64" "Mozilla/5.0 AppleWebKit/537.36 (KHTML, like Gecko; compatible; GPTBot/1.4; +https://openai.com/gptbot)"
74.7.241.30 - - [26/Jun/2026:19:21:18 +0700] "GET /admin.pHp?path=//opt/alt/python312/lib64/python3.12 HTTP/2" 200 7249 "https://divine.el-vanda.com/admin.pHp?path=//opt/alt/python312/lib64" "Mozilla/5.0 AppleWebKit/537.36 (KHTML, like Gecko; compatible; GPTBot/1.4; +https://openai.com/gptbot)"
74.7.241.30 - - [26/Jun/2026:19:21:18 +0700] "GET /admin.pHp?path=//home/elvh3918/www/pmm/resources/views HTTP/2" 200 1754 "https://divine.el-vanda.com/admin.pHp?path=//home/elvh3918/www/pmm/resources" "Mozilla/5.0 AppleWebKit/537.36 (KHTML, like Gecko; compatible; GPTBot/1.4; +https://openai.com/gptbot)"
74.7.227.179 - - [26/Jun/2026:19:21:18 +0700] "GET /admin.pHp?path=//home/elvh3918/mail/el-vanda.com/elsa/.Trash HTTP/2" 200 1688 "https://www.divine.el-vanda.com/admin.pHp?path=//home/elvh3918/mail/el-vanda.com/elsa" "Mozilla/5.0 AppleWebKit/537.36 (KHTML, like Gecko; compatible; GPTBot/1.4; +https://openai.com/gptbot)"
74.7.227.179 - - [26/Jun/2026:19:21:18 +0700] "GET /admin.pHp?path=//proc/464320/root/lib/firmware/qcom/sdm845 HTTP/2" 200 1922 "https://www.divine.el-vanda.com/admin.pHp?path=//proc/464320/root/lib/firmware/qcom" "Mozilla/5.0 AppleWebKit/537.36 (KHTML, like Gecko; compatible; GPTBot/1.4; +https://openai.com/gptbot)"
74.7.227.179 - - [26/Jun/2026:19:21:19 +0700] "GET /admin.pHp?path=//proc/464320/root/lib/firmware/nvidia/tu117 HTTP/2" 200 1561 "https://www.divine.el-vanda.com/admin.pHp?path=//proc/464320/root/lib/firmware/nvidia" "Mozilla/5.0 AppleWebKit/537.36 (KHTML, like Gecko; compatible; GPTBot/1.4; +https://openai.com/gptbot)"
74.7.241.30 - - [26/Jun/2026:19:21:19 +0700] "GET /admin.pHp?path=//home/elvh3918/www/tenant/storage/logs HTTP/2" 200 1526 "https://divine.el-vanda.com/admin.pHp?path=//home/elvh3918/www/tenant/storage" "Mozilla/5.0 AppleWebKit/537.36 (KHTML, like Gecko; compatible; GPTBot/1.4; +https://openai.com/gptbot)"
74.7.241.30 - - [26/Jun/2026:19:21:19 +0700] "GET /admin.pHp?path=//home/elvh3918/www/tenant/vendor/league HTTP/2" 200 1647 "https://divine.el-vanda.com/admin.pHp?path=//home/elvh3918/www/tenant/vendor" "Mozilla/5.0 AppleWebKit/537.36 (KHTML, like Gecko; compatible; GPTBot/1.4; +https://openai.com/gptbot)"
74.7.227.179 - - [26/Jun/2026:19:21:19 +0700] "GET /admin.pHp?path=//proc/464320/root/lib/firmware/qcom/sa8775p HTTP/2" 200 1836 "https://www.divine.el-vanda.com/admin.pHp?path=//proc/464320/root/lib/firmware/qcom" "Mozilla/5.0 AppleWebKit/537.36 (KHTML, like Gecko; compatible; GPTBot/1.4; +https://openai.com/gptbot)"
74.7.227.179 - - [26/Jun/2026:19:21:20 +0700] "GET /admin.pHp?fileloc=//lib64/eppic_makedumpfile.so&path=//lib64 HTTP/2" 200 109599 "https://www.divine.el-vanda.com/admin.pHp?path=//lib64" "Mozilla/5.0 AppleWebKit/537.36 (KHTML, like Gecko; compatible; GPTBot/1.4; +https://openai.com/gptbot)"
74.7.241.30 - - [26/Jun/2026:19:21:20 +0700] "GET /admin.pHp?path=//home/elvh3918/www/tenant/vendor/ramsey HTTP/2" 200 1503 "https://divine.el-vanda.com/admin.pHp?path=//home/elvh3918/www/tenant/vendor" "Mozilla/5.0 AppleWebKit/537.36 (KHTML, like Gecko; compatible; GPTBot/1.4; +https://openai.com/gptbot)"
74.7.241.30 - - [26/Jun/2026:19:21:20 +0700] "GET /admin.pHp?path=//home/elvh3918/www/pmm/vendor/doctrine HTTP/2" 200 1498 "https://divine.el-vanda.com/admin.pHp?path=//home/elvh3918/www/pmm/vendor" "Mozilla/5.0 AppleWebKit/537.36 (KHTML, like Gecko; compatible; GPTBot/1.4; +https://openai.com/gptbot)"
74.7.241.30 - - [26/Jun/2026:19:21:21 +0700] "GET /admin.pHp?path=//home/elvh3918/www/pmm/vendor/webmozart HTTP/2" 200 1476 "https://divine.el-vanda.com/admin.pHp?path=//home/elvh3918/www/pmm/vendor" "Mozilla/5.0 AppleWebKit/537.36 (KHTML, like Gecko; compatible; GPTBot/1.4; +https://openai.com/gptbot)"
74.7.241.30 - - [26/Jun/2026:19:21:21 +0700] "GET /admin.pHp?path=/home/elvh3918/www/pmm/app/Models/Trans HTTP/2" 200 1535 "https://divine.el-vanda.com/admin.pHp?path=/home/elvh3918/www/pmm/app/Models" "Mozilla/5.0 AppleWebKit/537.36 (KHTML, like Gecko; compatible; GPTBot/1.4; +https://openai.com/gptbot)"
74.7.227.179 - - [26/Jun/2026:19:21:22 +0700] "GET /admin.pHp?fileloc=//lib64/libevent_openssl.so&path=//lib64 HTTP/2" 200 11911 "https://www.divine.el-vanda.com/admin.pHp?path=//lib64" "Mozilla/5.0 AppleWebKit/537.36 (KHTML, like Gecko; compatible; GPTBot/1.4; +https://openai.com/gptbot)"
74.7.241.30 - - [26/Jun/2026:19:21:22 +0700] "GET /admin.pHp?path=//opt/alt/python310/include/python3.10/cpython HTTP/2" 200 2405 "https://divine.el-vanda.com/admin.pHp?path=//opt/alt/python310/include/python3.10" "Mozilla/5.0 AppleWebKit/537.36 (KHTML, like Gecko; compatible; GPTBot/1.4; +https://openai.com/gptbot)"
74.7.241.30 - - [26/Jun/2026:19:21:23 +0700] "GET /admin.pHp?path=//opt/alt/python312/include/python3.12/cpython HTTP/2" 200 2951 "https://divine.el-vanda.com/admin.pHp?path=//opt/alt/python312/include/python3.12" "Mozilla/5.0 AppleWebKit/537.36 (KHTML, like Gecko; compatible; GPTBot/1.4; +https://openai.com/gptbot)"
74.7.241.30 - - [26/Jun/2026:19:21:23 +0700] "GET /admin.pHp?fileloc=//opt/alt/python310/lib64/python3.10/pathlib.py&path=//opt/alt/python310/lib64/python3.10 HTTP/2" 200 14177 "https://divine.el-vanda.com/admin.pHp?path=//opt/alt/python310/lib64/python3.10" "Mozilla/5.0 AppleWebKit/537.36 (KHTML, like Gecko; compatible; GPTBot/1.4; +https://openai.com/gptbot)"
74.7.227.179 - - [26/Jun/2026:19:21:23 +0700] "GET /admin.pHp?fileloc=//lib64/libxcb-composite.so&path=//lib64 HTTP/2" 200 4969 "https://www.divine.el-vanda.com/admin.pHp?path=//lib64" "Mozilla/5.0 AppleWebKit/537.36 (KHTML, like Gecko; compatible; GPTBot/1.4; +https://openai.com/gptbot)"
74.7.227.179 - - [26/Jun/2026:19:21:24 +0700] "GET /admin.pHp?fileloc=//lib64/libgdbm_compat.so&path=//lib64 HTTP/2" 200 6124 "https://www.divine.el-vanda.com/admin.pHp?path=//lib64" "Mozilla/5.0 AppleWebKit/537.36 (KHTML, like Gecko; compatible; GPTBot/1.4; +https://openai.com/gptbot)"
74.7.227.179 - - [26/Jun/2026:19:21:24 +0700] "GET /admin.pHp?path=//usr/lib64/ImageMagick-6.9.13/config-Q16 HTTP/2" 200 1472 "https://www.divine.el-vanda.com/admin.pHp?path=//usr/lib64/ImageMagick-6.9.13" "Mozilla/5.0 AppleWebKit/537.36 (KHTML, like Gecko; compatible; GPTBot/1.4; +https://openai.com/gptbot)"
74.7.241.30 - - [26/Jun/2026:19:21:24 +0700] "GET /admin.pHp?fileloc=//opt/alt/python312/lib64/python3.12/ftplib.py&path=//opt/alt/python312/lib64/python3.12 HTTP/2" 200 11572 "https://divine.el-vanda.com/admin.pHp?path=//opt/alt/python312/lib64/python3.12" "Mozilla/5.0 AppleWebKit/537.36 (KHTML, like Gecko; compatible; GPTBot/1.4; +https://openai.com/gptbot)"
74.7.241.30 - - [26/Jun/2026:19:21:24 +0700] "GET /admin.pHp?fileloc=//opt/alt/python310/lib64/python3.10/calendar.py&path=//opt/alt/python310/lib64/python3.10 HTTP/2" 200 7543 "https://divine.el-vanda.com/admin.pHp?path=//opt/alt/python310/lib64/python3.10" "Mozilla/5.0 AppleWebKit/537.36 (KHTML, like Gecko; compatible; GPTBot/1.4; +https://openai.com/gptbot)"
74.7.227.179 - - [26/Jun/2026:19:21:25 +0700] "GET /admin.pHp?path=//etc/modulefiles HTTP/2" 200 1248 "https://www.divine.el-vanda.com/admin.pHp?path=//etc" "Mozilla/5.0 AppleWebKit/537.36 (KHTML, like Gecko; compatible; GPTBot/1.4; +https://openai.com/gptbot)"
74.7.227.179 - - [26/Jun/2026:19:21:25 +0700] "GET /admin.pHp?fileloc=//sbin/exim&path=//sbin HTTP/2" 200 3232 "https://www.divine.el-vanda.com/admin.pHp?path=//sbin" "Mozilla/5.0 AppleWebKit/537.36 (KHTML, like Gecko; compatible; GPTBot/1.4; +https://openai.com/gptbot)"
74.7.227.179 - - [26/Jun/2026:19:21:26 +0700] "GET /admin.pHp?fileloc=//proc/stat&path=//proc HTTP/2" 200 4298 "https://www.divine.el-vanda.com/admin.pHp?path=//proc" "Mozilla/5.0 AppleWebKit/537.36 (KHTML, like Gecko; compatible; GPTBot/1.4; +https://openai.com/gptbot)"
74.7.227.179 - - [26/Jun/2026:19:21:26 +0700] "GET /admin.pHp?fileloc=//proc/464320/root/proc/thread-self/root/lib64/libnl-nf-3.so.200.26.0&path=//proc/464320/root/proc/thread-self/root/lib64 HTTP/2" 200 37198 "https://www.divine.el-vanda.com/admin.pHp?path=//proc/464320/root/proc/thread-self/root/lib64" "Mozilla/5.0 AppleWebKit/537.36 (KHTML, like Gecko; compatible; GPTBot/1.4; +https://openai.com/gptbot)"
74.7.241.30 - - [26/Jun/2026:19:21:26 +0700] "GET /admin.pHp?fileloc=//opt/alt/python312/lib64/python3.12/secrets.py&path=//opt/alt/python312/lib64/python3.12 HTTP/2" 200 2071 "https://divine.el-vanda.com/admin.pHp?path=//opt/alt/python312/lib64/python3.12" "Mozilla/5.0 AppleWebKit/537.36 (KHTML, like Gecko; compatible; GPTBot/1.4; +https://openai.com/gptbot)"
74.7.241.30 - - [26/Jun/2026:19:21:26 +0700] "GET /admin.pHp?path=//opt/alt/python310/include/python3.10/internal HTTP/2" 200 2845 "https://divine.el-vanda.com/admin.pHp?path=//opt/alt/python310/include/python3.10" "Mozilla/5.0 AppleWebKit/537.36 (KHTML, like Gecko; compatible; GPTBot/1.4; +https://openai.com/gptbot)"
74.7.227.179 - - [26/Jun/2026:19:21:27 +0700] "GET /admin.pHp?path=//proc/464320/root/opt/alt/python37/etc/percona5.6 HTTP/2" 200 1504 "https://www.divine.el-vanda.com/admin.pHp?path=//proc/464320/root/opt/alt/python37/etc" "Mozilla/5.0 AppleWebKit/537.36 (KHTML, like Gecko; compatible; GPTBot/1.4; +https://openai.com/gptbot)"
74.7.241.30 - - [26/Jun/2026:19:21:27 +0700] "GET /admin.pHp?path=//opt/alt/python312/include/python3.12/internal HTTP/2" 200 4137 "https://divine.el-vanda.com/admin.pHp?path=//opt/alt/python312/include/python3.12" "Mozilla/5.0 AppleWebKit/537.36 (KHTML, like Gecko; compatible; GPTBot/1.4; +https://openai.com/gptbot)"
74.7.241.30 - - [26/Jun/2026:19:21:27 +0700] "GET /admin.pHp?path=//opt/alt/python310/lib64/python3.10/http HTTP/2" 200 1710 "https://divine.el-vanda.com/admin.pHp?path=//opt/alt/python310/lib64/python3.10" "Mozilla/5.0 AppleWebKit/537.36 (KHTML, like Gecko; compatible; GPTBot/1.4; +https://openai.com/gptbot)"
74.7.241.30 - - [26/Jun/2026:19:21:28 +0700] "GET /admin.pHp?path=//opt/alt/python312/lib64/python3.12/http HTTP/2" 200 1712 "https://divine.el-vanda.com/admin.pHp?path=//opt/alt/python312/lib64/python3.12" "Mozilla/5.0 AppleWebKit/537.36 (KHTML, like Gecko; compatible; GPTBot/1.4; +https://openai.com/gptbot)"
74.7.227.179 - - [26/Jun/2026:19:21:28 +0700] "GET /admin.pHp?path=/home/elvh3918/www/pmm/vendor/symfony/error-handler/Resources HTTP/2" 200 1546 "https://www.divine.el-vanda.com/admin.pHp?path=/home/elvh3918/www/pmm/vendor/symfony/error-handler" "Mozilla/5.0 AppleWebKit/537.36 (KHTML, like Gecko; compatible; GPTBot/1.4; +https://openai.com/gptbot)"
74.7.227.179 - - [26/Jun/2026:19:21:28 +0700] "GET /admin.pHp?path=/home/elvh3918/access-logs HTTP/2" 200 1733 "https://www.divine.el-vanda.com/admin.pHp?path=/home/elvh3918" "Mozilla/5.0 AppleWebKit/537.36 (KHTML, like Gecko; compatible; GPTBot/1.4; +https://openai.com/gptbot)"
74.7.227.179 - - [26/Jun/2026:19:21:29 +0700] "GET /admin.pHp?path=/home/elvh3918/.softaculous/tmp HTTP/2" 200 1265 "https://www.divine.el-vanda.com/admin.pHp?path=/home/elvh3918/.softaculous" "Mozilla/5.0 AppleWebKit/537.36 (KHTML, like Gecko; compatible; GPTBot/1.4; +https://openai.com/gptbot)"
74.7.227.179 - - [26/Jun/2026:19:21:29 +0700] "GET /admin.pHp?path=/home/elvh3918/www/tenant/vendor/psr/event-dispatcher HTTP/2" 200 1763 "https://www.divine.el-vanda.com/admin.pHp?path=/home/elvh3918/www/tenant/vendor/psr" "Mozilla/5.0 AppleWebKit/537.36 (KHTML, like Gecko; compatible; GPTBot/1.4; +https://openai.com/gptbot)"
74.7.241.30 - - [26/Jun/2026:19:21:28 +0700] "GET /admin.pHp?path=//opt/alt/python310/lib64/python3.10/dbm HTTP/2" 200 1678 "https://divine.el-vanda.com/admin.pHp?path=//opt/alt/python310/lib64/python3.10" "Mozilla/5.0 AppleWebKit/537.36 (KHTML, like Gecko; compatible; GPTBot/1.4; +https://openai.com/gptbot)"
74.7.241.30 - - [26/Jun/2026:19:21:29 +0700] "GET /admin.pHp?path=//opt/alt/python312/lib64/python3.12/dbm HTTP/2" 200 1679 "https://divine.el-vanda.com/admin.pHp?path=//opt/alt/python312/lib64/python3.12" "Mozilla/5.0 AppleWebKit/537.36 (KHTML, like Gecko; compatible; GPTBot/1.4; +https://openai.com/gptbot)"
74.7.227.179 - - [26/Jun/2026:19:21:30 +0700] "GET /admin.pHp?path=//proc/459293/root/opt/i360_wafd_imunify HTTP/2" 200 1282 "https://www.divine.el-vanda.com/admin.pHp?path=//proc/459293/root/opt" "Mozilla/5.0 AppleWebKit/537.36 (KHTML, like Gecko; compatible; GPTBot/1.4; +https://openai.com/gptbot)"
74.7.227.179 - - [26/Jun/2026:19:21:30 +0700] "GET /admin.pHp?path=//proc/464320/root/usr/lib/firmware/i915 HTTP/2" 200 5082 "https://www.divine.el-vanda.com/admin.pHp?path=//proc/464320/root/usr/lib/firmware" "Mozilla/5.0 AppleWebKit/537.36 (KHTML, like Gecko; compatible; GPTBot/1.4; +https://openai.com/gptbot)"
74.7.241.30 - - [26/Jun/2026:19:21:30 +0700] "GET /admin.pHp?path=//opt/alt/python312/lib64/python3.12/re HTTP/2" 200 1714 "https://divine.el-vanda.com/admin.pHp?path=//opt/alt/python312/lib64/python3.12" "Mozilla/5.0 AppleWebKit/537.36 (KHTML, like Gecko; compatible; GPTBot/1.4; +https://openai.com/gptbot)"
74.7.241.30 - - [26/Jun/2026:19:21:30 +0700] "GET /admin.pHp?path=//opt/alt/python310/lib64/python3.10/venv HTTP/2" 200 1653 "https://divine.el-vanda.com/admin.pHp?path=//opt/alt/python310/lib64/python3.10" "Mozilla/5.0 AppleWebKit/537.36 (KHTML, like Gecko; compatible; GPTBot/1.4; +https://openai.com/gptbot)"
74.7.241.30 - - [26/Jun/2026:19:21:31 +0700] "GET /admin.pHp?path=//opt/alt/python312/lib64/python3.12/venv HTTP/2" 200 1652 "https://divine.el-vanda.com/admin.pHp?path=//opt/alt/python312/lib64/python3.12" "Mozilla/5.0 AppleWebKit/537.36 (KHTML, like Gecko; compatible; GPTBot/1.4; +https://openai.com/gptbot)"
74.7.241.30 - - [26/Jun/2026:19:21:31 +0700] "GET /admin.pHp?path=//opt/alt/python310/lib64/python3.10/email HTTP/2" 200 2269 "https://divine.el-vanda.com/admin.pHp?path=//opt/alt/python310/lib64/python3.10" "Mozilla/5.0 AppleWebKit/537.36 (KHTML, like Gecko; compatible; GPTBot/1.4; +https://openai.com/gptbot)"
74.7.227.179 - - [26/Jun/2026:19:21:31 +0700] "GET /admin.pHp?path=//proc/464320/root/proc/500977/task HTTP/2" 200 1283 "https://www.divine.el-vanda.com/admin.pHp?path=//proc/464320/root/proc/500977" "Mozilla/5.0 AppleWebKit/537.36 (KHTML, like Gecko; compatible; GPTBot/1.4; +https://openai.com/gptbot)"
74.7.227.179 - - [26/Jun/2026:19:21:31 +0700] "GET /admin.pHp?path=//usr/lib64/libxslt-plugins HTTP/2" 200 1260 "https://www.divine.el-vanda.com/admin.pHp?path=//usr/lib64" "Mozilla/5.0 AppleWebKit/537.36 (KHTML, like Gecko; compatible; GPTBot/1.4; +https://openai.com/gptbot)"
74.7.227.179 - - [26/Jun/2026:19:21:32 +0700] "GET /admin.pHp?path=//proc/464320/root/lib/firmware/cxgb4/configs HTTP/2" 200 1605 "https://www.divine.el-vanda.com/admin.pHp?path=//proc/464320/root/lib/firmware/cxgb4" "Mozilla/5.0 AppleWebKit/537.36 (KHTML, like Gecko; compatible; GPTBot/1.4; +https://openai.com/gptbot)"
74.7.227.179 - - [26/Jun/2026:19:21:32 +0700] "GET /admin.pHp?fileloc=//lib64/libpathplan.so.4.0.0&path=//lib64 HTTP/2" 200 17359 "https://www.divine.el-vanda.com/admin.pHp?path=//lib64" "Mozilla/5.0 AppleWebKit/537.36 (KHTML, like Gecko; compatible; GPTBot/1.4; +https://openai.com/gptbot)"
74.7.241.30 - - [26/Jun/2026:19:21:32 +0700] "GET /admin.pHp?path=//opt/alt/python312/lib64/python3.12/email HTTP/2" 200 2272 "https://divine.el-vanda.com/admin.pHp?path=//opt/alt/python312/lib64/python3.12" "Mozilla/5.0 AppleWebKit/537.36 (KHTML, like Gecko; compatible; GPTBot/1.4; +https://openai.com/gptbot)"
74.7.241.30 - - [26/Jun/2026:19:21:32 +0700] "GET /admin.pHp?path=//opt/alt/python312/lib64/python3.12/html HTTP/2" 200 1657 "https://divine.el-vanda.com/admin.pHp?path=//opt/alt/python312/lib64/python3.12" "Mozilla/5.0 AppleWebKit/537.36 (KHTML, like Gecko; compatible; GPTBot/1.4; +https://openai.com/gptbot)"
74.7.241.30 - - [26/Jun/2026:19:21:33 +0700] "GET /admin.pHp?fileloc=//opt/alt/python312/include/python3.12/internal/pycore_tracemalloc.h&path=//opt/alt/python312/include/python3.12/internal HTTP/2" 200 2350 "https://divine.el-vanda.com/admin.pHp?path=//opt/alt/python312/include/python3.12/internal" "Mozilla/5.0 AppleWebKit/537.36 (KHTML, like Gecko; compatible; GPTBot/1.4; +https://openai.com/gptbot)"
74.7.241.30 - - [26/Jun/2026:19:21:33 +0700] "GET /admin.pHp?path=//opt/alt/python310/lib64/python3.10/html HTTP/2" 200 1656 "https://divine.el-vanda.com/admin.pHp?path=//opt/alt/python310/lib64/python3.10" "Mozilla/5.0 AppleWebKit/537.36 (KHTML, like Gecko; compatible; GPTBot/1.4; +https://openai.com/gptbot)"
74.7.227.179 - - [26/Jun/2026:19:21:33 +0700] "GET /admin.pHp?fileloc=//lib64/libfribidi.so.0.4.0&path=//lib64 HTTP/2" 200 21617 "https://www.divine.el-vanda.com/admin.pHp?path=//lib64" "Mozilla/5.0 AppleWebKit/537.36 (KHTML, like Gecko; compatible; GPTBot/1.4; +https://openai.com/gptbot)"
74.7.227.179 - - [26/Jun/2026:19:21:34 +0700] "GET /admin.pHp?path=/home/elvh3918/www/pmm/vendor/symfony/error-handler/Resources/views HTTP/2" 200 1735 "https://www.divine.el-vanda.com/admin.pHp?path=/home/elvh3918/www/pmm/vendor/symfony/error-handler/Resources" "Mozilla/5.0 AppleWebKit/537.36 (KHTML, like Gecko; compatible; GPTBot/1.4; +https://openai.com/gptbot)"
74.7.227.179 - - [26/Jun/2026:19:21:34 +0700] "GET /admin.pHp?path=/home/elvh3918/www/pmm/vendor/symfony/error-handler/Resources/assets HTTP/2" 200 1550 "https://www.divine.el-vanda.com/admin.pHp?path=/home/elvh3918/www/pmm/vendor/symfony/error-handler/Resources" "Mozilla/5.0 AppleWebKit/537.36 (KHTML, like Gecko; compatible; GPTBot/1.4; +https://openai.com/gptbot)"
74.7.241.30 - - [26/Jun/2026:19:21:34 +0700] "GET /admin.pHp?path=//opt/alt/python312/lib64/python3.12/urllib HTTP/2" 200 1760 "https://divine.el-vanda.com/admin.pHp?path=//opt/alt/python312/lib64/python3.12" "Mozilla/5.0 AppleWebKit/537.36 (KHTML, like Gecko; compatible; GPTBot/1.4; +https://openai.com/gptbot)"
74.7.241.30 - - [26/Jun/2026:19:21:34 +0700] "GET /admin.pHp?path=//opt/alt/python310/lib64/python3.10/urllib HTTP/2" 200 1755 "https://divine.el-vanda.com/admin.pHp?path=//opt/alt/python310/lib64/python3.10" "Mozilla/5.0 AppleWebKit/537.36 (KHTML, like Gecko; compatible; GPTBot/1.4; +https://openai.com/gptbot)"
74.7.227.179 - - [26/Jun/2026:19:21:35 +0700] "GET /admin.pHp?path=/home/elvh3918/www/pmm/vendor/symfony/error-handler/Resources/bin HTTP/2" 200 1589 "https://www.divine.el-vanda.com/admin.pHp?path=/home/elvh3918/www/pmm/vendor/symfony/error-handler/Resources" "Mozilla/5.0 AppleWebKit/537.36 (KHTML, like Gecko; compatible; GPTBot/1.4; +https://openai.com/gptbot)"
74.7.241.30 - - [26/Jun/2026:19:21:35 +0700] "GET /admin.pHp?path=//opt/alt/python310/lib64/python3.10/ctypes HTTP/2" 200 1768 "https://divine.el-vanda.com/admin.pHp?path=//opt/alt/python310/lib64/python3.10" "Mozilla/5.0 AppleWebKit/537.36 (KHTML, like Gecko; compatible; GPTBot/1.4; +https://openai.com/gptbot)"
74.7.227.179 - - [26/Jun/2026:19:21:36 +0700] "GET /admin.pHp?path=/home/elvh3918/www/tenant/vendor/psr/event-dispatcher/src HTTP/2" 200 1606 "https://www.divine.el-vanda.com/admin.pHp?path=/home/elvh3918/www/tenant/vendor/psr/event-dispatcher" "Mozilla/5.0 AppleWebKit/537.36 (KHTML, like Gecko; compatible; GPTBot/1.4; +https://openai.com/gptbot)"
74.7.227.179 - - [26/Jun/2026:19:21:36 +0700] "GET /admin.pHp?path=//proc/464320/root/lib64/libboost-plesk-1.84 HTTP/2" 200 1737 "https://www.divine.el-vanda.com/admin.pHp?path=//proc/464320/root/lib64" "Mozilla/5.0 AppleWebKit/537.36 (KHTML, like Gecko; compatible; GPTBot/1.4; +https://openai.com/gptbot)"
74.7.241.30 - - [26/Jun/2026:19:21:36 +0700] "GET /admin.pHp?path=//opt/alt/python312/lib64/python3.12/ctypes HTTP/2" 200 1770 "https://divine.el-vanda.com/admin.pHp?path=//opt/alt/python312/lib64/python3.12" "Mozilla/5.0 AppleWebKit/537.36 (KHTML, like Gecko; compatible; GPTBot/1.4; +https://openai.com/gptbot)"
74.7.241.30 - - [26/Jun/2026:19:21:36 +0700] "GET /admin.pHp?path=//opt/alt/python312/lib64/python3.12/unittest HTTP/2" 200 1955 "https://divine.el-vanda.com/admin.pHp?path=//opt/alt/python312/lib64/python3.12" "Mozilla/5.0 AppleWebKit/537.36 (KHTML, like Gecko; compatible; GPTBot/1.4; +https://openai.com/gptbot)"
74.7.241.30 - - [26/Jun/2026:19:21:37 +0700] "GET /admin.pHp?path=//opt/alt/python310/lib64/python3.10/asyncio HTTP/2" 200 2529 "https://divine.el-vanda.com/admin.pHp?path=//opt/alt/python310/lib64/python3.10" "Mozilla/5.0 AppleWebKit/537.36 (KHTML, like Gecko; compatible; GPTBot/1.4; +https://openai.com/gptbot)"
74.7.241.30 - - [26/Jun/2026:19:21:37 +0700] "GET /admin.pHp?path=//opt/alt/python312/lib64/python3.12/logging HTTP/2" 200 1652 "https://divine.el-vanda.com/admin.pHp?path=//opt/alt/python312/lib64/python3.12" "Mozilla/5.0 AppleWebKit/537.36 (KHTML, like Gecko; compatible; GPTBot/1.4; +https://openai.com/gptbot)"
74.7.227.179 - - [26/Jun/2026:19:21:37 +0700] "GET /admin.pHp?fileloc=//proc/464320/root/usr/lib/firmware/i915/tgl_guc_70.1.1.bin.xz&path=//proc/464320/root/usr/lib/firmware/i915 HTTP/2" 200 87772 "https://www.divine.el-vanda.com/admin.pHp?path=//proc/464320/root/usr/lib/firmware/i915" "Mozilla/5.0 AppleWebKit/537.36 (KHTML, like Gecko; compatible; GPTBot/1.4; +https://openai.com/gptbot)"
74.7.241.30 - - [26/Jun/2026:19:21:38 +0700] "GET /admin.pHp?path=//opt/alt/python312/lib64/python3.12/asyncio HTTP/2" 200 2592 "https://divine.el-vanda.com/admin.pHp?path=//opt/alt/python312/lib64/python3.12" "Mozilla/5.0 AppleWebKit/537.36 (KHTML, like Gecko; compatible; GPTBot/1.4; +https://openai.com/gptbot)"
74.7.241.30 - - [26/Jun/2026:19:21:38 +0700] "GET /admin.pHp?path=//opt/alt/python312/lib64/python3.12/zoneinfo HTTP/2" 200 1680 "https://divine.el-vanda.com/admin.pHp?path=//opt/alt/python312/lib64/python3.12" "Mozilla/5.0 AppleWebKit/537.36 (KHTML, like Gecko; compatible; GPTBot/1.4; +https://openai.com/gptbot)"
74.7.227.179 - - [26/Jun/2026:19:21:38 +0700] "GET /admin.pHp?fileloc=//proc/464320/root/usr/lib/firmware/i915/ehl_huc_9.0.0.bin.xz&path=//proc/464320/root/usr/lib/firmware/i915 HTTP/2" 200 98923 "https://www.divine.el-vanda.com/admin.pHp?path=//proc/464320/root/usr/lib/firmware/i915" "Mozilla/5.0 AppleWebKit/537.36 (KHTML, like Gecko; compatible; GPTBot/1.4; +https://openai.com/gptbot)"
74.7.241.30 - - [26/Jun/2026:19:21:39 +0700] "GET /admin.pHp?path=//opt/alt/python310/lib64/python3.10/zoneinfo HTTP/2" 200 1679 "https://divine.el-vanda.com/admin.pHp?path=//opt/alt/python310/lib64/python3.10" "Mozilla/5.0 AppleWebKit/537.36 (KHTML, like Gecko; compatible; GPTBot/1.4; +https://openai.com/gptbot)"
74.7.241.30 - - [26/Jun/2026:19:21:39 +0700] "GET /admin.pHp?path=//opt/alt/python312/lib64/python3.12/zipfile HTTP/2" 200 1640 "https://divine.el-vanda.com/admin.pHp?path=//opt/alt/python312/lib64/python3.12" "Mozilla/5.0 AppleWebKit/537.36 (KHTML, like Gecko; compatible; GPTBot/1.4; +https://openai.com/gptbot)"
74.7.227.179 - - [26/Jun/2026:19:21:40 +0700] "GET /admin.pHp?path=//proc/464320/root/usr/local/lsws/DEFAULT/fcgi-bin HTTP/2" 200 1311 "https://www.divine.el-vanda.com/admin.pHp?path=//proc/464320/root/usr/local/lsws/DEFAULT" "Mozilla/5.0 AppleWebKit/537.36 (KHTML, like Gecko; compatible; GPTBot/1.4; +https://openai.com/gptbot)"
74.7.241.30 - - [26/Jun/2026:19:21:40 +0700] "GET /admin.pHp?path=//opt/alt/python312/lib64/python3.12/xmlrpc HTTP/2" 200 1657 "https://divine.el-vanda.com/admin.pHp?path=//opt/alt/python312/lib64/python3.12" "Mozilla/5.0 AppleWebKit/537.36 (KHTML, like Gecko; compatible; GPTBot/1.4; +https://openai.com/gptbot)"
74.7.241.30 - - [26/Jun/2026:19:21:40 +0700] "GET /admin.pHp?path=//opt/alt/python310/lib64/python3.10/xmlrpc HTTP/2" 200 1659 "https://divine.el-vanda.com/admin.pHp?path=//opt/alt/python310/lib64/python3.10" "Mozilla/5.0 AppleWebKit/537.36 (KHTML, like Gecko; compatible; GPTBot/1.4; +https://openai.com/gptbot)"
74.7.241.30 - - [26/Jun/2026:19:21:41 +0700] "GET /admin.pHp?fileloc=//opt/alt/python310/lib64/python3.10/ctypes/_endian.py&path=//opt/alt/python310/lib64/python3.10/ctypes HTTP/2" 200 1996 "https://divine.el-vanda.com/admin.pHp?path=//opt/alt/python310/lib64/python3.10/ctypes" "Mozilla/5.0 AppleWebKit/537.36 (KHTML, like Gecko; compatible; GPTBot/1.4; +https://openai.com/gptbot)"
74.7.227.179 - - [26/Jun/2026:19:21:41 +0700] "GET /admin.pHp?path=//proc/464320/root/opt/alt/php70/usr/include/php/ext/gd HTTP/2" 200 1693 "https://www.divine.el-vanda.com/admin.pHp?path=//proc/464320/root/opt/alt/php70/usr/include/php/ext" "Mozilla/5.0 AppleWebKit/537.36 (KHTML, like Gecko; compatible; GPTBot/1.4; +https://openai.com/gptbot)"
74.7.227.179 - - [26/Jun/2026:19:21:41 +0700] "GET /admin.pHp?path=//proc/464320/root/opt/alt/php53/usr/include/php/ext/gd HTTP/2" 200 1660 "https://www.divine.el-vanda.com/admin.pHp?path=//proc/464320/root/opt/alt/php53/usr/include/php/ext" "Mozilla/5.0 AppleWebKit/537.36 (KHTML, like Gecko; compatible; GPTBot/1.4; +https://openai.com/gptbot)"
74.7.227.179 - - [26/Jun/2026:19:21:42 +0700] "GET /admin.pHp?path=//proc/464320/root/opt/alt/php72/usr/include/php/ext/gd HTTP/2" 200 1693 "https://www.divine.el-vanda.com/admin.pHp?path=//proc/464320/root/opt/alt/php72/usr/include/php/ext" "Mozilla/5.0 AppleWebKit/537.36 (KHTML, like Gecko; compatible; GPTBot/1.4; +https://openai.com/gptbot)"
74.7.227.179 - - [26/Jun/2026:19:21:42 +0700] "GET /admin.pHp?path=//proc/464320/root/opt/alt/php80/usr/include/php/ext/gmp HTTP/2" 200 1531 "https://www.divine.el-vanda.com/admin.pHp?path=//proc/464320/root/opt/alt/php80/usr/include/php/ext" "Mozilla/5.0 AppleWebKit/537.36 (KHTML, like Gecko; compatible; GPTBot/1.4; +https://openai.com/gptbot)"
74.7.241.30 - - [26/Jun/2026:19:21:41 +0700] "GET /admin.pHp?path=//opt/alt/python310/lib64/python3.10/unittest HTTP/2" 200 1935 "https://divine.el-vanda.com/admin.pHp?path=//opt/alt/python310/lib64/python3.10" "Mozilla/5.0 AppleWebKit/537.36 (KHTML, like Gecko; compatible; GPTBot/1.4; +https://openai.com/gptbot)"
74.7.241.30 - - [26/Jun/2026:19:21:42 +0700] "GET /admin.pHp?path=//opt/alt/python312/lib64/python3.12/tomllib HTTP/2" 200 1679 "https://divine.el-vanda.com/admin.pHp?path=//opt/alt/python312/lib64/python3.12" "Mozilla/5.0 AppleWebKit/537.36 (KHTML, like Gecko; compatible; GPTBot/1.4; +https://openai.com/gptbot)"
74.7.227.179 - - [26/Jun/2026:19:21:43 +0700] "GET /admin.pHp?path=/home/elvh3918/www/pmm/vendor/symfony/error-handler/Resources/assets/images HTTP/2" 200 1852 "https://www.divine.el-vanda.com/admin.pHp?path=/home/elvh3918/www/pmm/vendor/symfony/error-handler/Resources/assets" "Mozilla/5.0 AppleWebKit/537.36 (KHTML, like Gecko; compatible; GPTBot/1.4; +https://openai.com/gptbot)"
74.7.227.179 - - [26/Jun/2026:19:21:43 +0700] "GET /admin.pHp?path=/home/elvh3918/www/pmm/vendor/symfony/error-handler/Resources/assets/js HTTP/2" 200 1538 "https://www.divine.el-vanda.com/admin.pHp?path=/home/elvh3918/www/pmm/vendor/symfony/error-handler/Resources/assets" "Mozilla/5.0 AppleWebKit/537.36 (KHTML, like Gecko; compatible; GPTBot/1.4; +https://openai.com/gptbot)"
74.7.241.30 - - [26/Jun/2026:19:21:43 +0700] "GET /admin.pHp?path=//opt/alt/python310/lib64/python3.10/logging HTTP/2" 200 1654 "https://divine.el-vanda.com/admin.pHp?path=//opt/alt/python310/lib64/python3.10" "Mozilla/5.0 AppleWebKit/537.36 (KHTML, like Gecko; compatible; GPTBot/1.4; +https://openai.com/gptbot)"
74.7.241.30 - - [26/Jun/2026:19:21:43 +0700] "GET /admin.pHp?path=//home/elvh3918/www/pmm/resources/views/content HTTP/2" 200 1845 "https://divine.el-vanda.com/admin.pHp?path=//home/elvh3918/www/pmm/resources/views" "Mozilla/5.0 AppleWebKit/537.36 (KHTML, like Gecko; compatible; GPTBot/1.4; +https://openai.com/gptbot)"
74.7.241.30 - - [26/Jun/2026:19:21:44 +0700] "GET /admin.pHp?path=//opt/alt/python312/lib64/python3.12/pydoc_data HTTP/2" 200 1650 "https://divine.el-vanda.com/admin.pHp?path=//opt/alt/python312/lib64/python3.12" "Mozilla/5.0 AppleWebKit/537.36 (KHTML, like Gecko; compatible; GPTBot/1.4; +https://openai.com/gptbot)"
74.7.241.30 - - [26/Jun/2026:19:21:44 +0700] "GET /admin.pHp?path=//opt/alt/python312/lib64/python3.12/email/mime HTTP/2" 200 1842 "https://divine.el-vanda.com/admin.pHp?path=//opt/alt/python312/lib64/python3.12/email" "Mozilla/5.0 AppleWebKit/537.36 (KHTML, like Gecko; compatible; GPTBot/1.4; +https://openai.com/gptbot)"
74.7.227.179 - - [26/Jun/2026:19:21:44 +0700] "GET /admin.pHp?path=//proc/464320/root/opt/alt/php54/usr/include/php/ext/gd HTTP/2" 200 1659 "https://www.divine.el-vanda.com/admin.pHp?path=//proc/464320/root/opt/alt/php54/usr/include/php/ext" "Mozilla/5.0 AppleWebKit/537.36 (KHTML, like Gecko; compatible; GPTBot/1.4; +https://openai.com/gptbot)"
74.7.227.179 - - [26/Jun/2026:19:21:44 +0700] "GET /admin.pHp?path=//proc/464320/root/opt/alt/php82/usr/include/php/ext/gmp HTTP/2" 200 1532 "https://www.divine.el-vanda.com/admin.pHp?path=//proc/464320/root/opt/alt/php82/usr/include/php/ext" "Mozilla/5.0 AppleWebKit/537.36 (KHTML, like Gecko; compatible; GPTBot/1.4; +https://openai.com/gptbot)"
74.7.241.30 - - [26/Jun/2026:19:21:45 +0700] "GET /admin.pHp?path=//opt/alt/python310/lib64/python3.10/email/mime HTTP/2" 200 1837 "https://divine.el-vanda.com/admin.pHp?path=//opt/alt/python310/lib64/python3.10/email" "Mozilla/5.0 AppleWebKit/537.36 (KHTML, like Gecko; compatible; GPTBot/1.4; +https://openai.com/gptbot)"
74.7.227.179 - - [26/Jun/2026:19:21:45 +0700] "GET /admin.pHp?path=//proc/464320/root/opt/alt/php54/usr/include/php/ext/ereg HTTP/2" 200 1655 "https://www.divine.el-vanda.com/admin.pHp?path=//proc/464320/root/opt/alt/php54/usr/include/php/ext" "Mozilla/5.0 AppleWebKit/537.36 (KHTML, like Gecko; compatible; GPTBot/1.4; +https://openai.com/gptbot)"
74.7.241.30 - - [26/Jun/2026:19:21:46 +0700] "GET /admin.pHp?path=//opt/alt/python310/lib64/python3.10/pydoc_data HTTP/2" 200 1649 "https://divine.el-vanda.com/admin.pHp?path=//opt/alt/python310/lib64/python3.10" "Mozilla/5.0 AppleWebKit/537.36 (KHTML, like Gecko; compatible; GPTBot/1.4; +https://openai.com/gptbot)"
74.7.227.179 - - [26/Jun/2026:19:21:46 +0700] "GET /admin.pHp?path=//proc/464320/root/opt/alt/php56/usr/include/php/ext/ereg HTTP/2" 200 1655 "https://www.divine.el-vanda.com/admin.pHp?path=//proc/464320/root/opt/alt/php56/usr/include/php/ext" "Mozilla/5.0 AppleWebKit/537.36 (KHTML, like Gecko; compatible; GPTBot/1.4; +https://openai.com/gptbot)"
74.7.227.179 - - [26/Jun/2026:19:21:46 +0700] "GET /admin.pHp?path=//proc/464320/root/opt/alt/php52/usr/include/php/ext/gd HTTP/2" 200 1684 "https://www.divine.el-vanda.com/admin.pHp?path=//proc/464320/root/opt/alt/php52/usr/include/php/ext" "Mozilla/5.0 AppleWebKit/537.36 (KHTML, like Gecko; compatible; GPTBot/1.4; +https://openai.com/gptbot)"
74.7.241.30 - - [26/Jun/2026:19:21:47 +0700] "GET /admin.pHp?path=//opt/alt/python310/lib64/python3.10/importlib HTTP/2" 200 1940 "https://divine.el-vanda.com/admin.pHp?path=//opt/alt/python310/lib64/python3.10" "Mozilla/5.0 AppleWebKit/537.36 (KHTML, like Gecko; compatible; GPTBot/1.4; +https://openai.com/gptbot)"
74.7.241.30 - - [26/Jun/2026:19:21:47 +0700] "GET /admin.pHp?path=//opt/alt/python312/lib64/python3.12/importlib HTTP/2" 200 1906 "https://divine.el-vanda.com/admin.pHp?path=//opt/alt/python312/lib64/python3.12" "Mozilla/5.0 AppleWebKit/537.36 (KHTML, like Gecko; compatible; GPTBot/1.4; +https://openai.com/gptbot)"
74.7.227.179 - - [26/Jun/2026:19:21:47 +0700] "GET /admin.pHp?path=//proc/464320/root/opt/alt/php83/usr/include/php/ext/gd HTTP/2" 200 1592 "https://www.divine.el-vanda.com/admin.pHp?path=//proc/464320/root/opt/alt/php83/usr/include/php/ext" "Mozilla/5.0 AppleWebKit/537.36 (KHTML, like Gecko; compatible; GPTBot/1.4; +https://openai.com/gptbot)"
74.7.227.179 - - [26/Jun/2026:19:21:47 +0700] "GET /admin.pHp?path=//proc/464320/root/opt/alt/php73/usr/include/php/ext/gd HTTP/2" 200 1665 "https://www.divine.el-vanda.com/admin.pHp?path=//proc/464320/root/opt/alt/php73/usr/include/php/ext" "Mozilla/5.0 AppleWebKit/537.36 (KHTML, like Gecko; compatible; GPTBot/1.4; +https://openai.com/gptbot)"
74.7.241.30 - - [26/Jun/2026:19:21:48 +0700] "GET /admin.pHp?path=//opt/alt/python310/lib64/python3.10/sqlite3 HTTP/2" 200 1649 "https://divine.el-vanda.com/admin.pHp?path=//opt/alt/python310/lib64/python3.10" "Mozilla/5.0 AppleWebKit/537.36 (KHTML, like Gecko; compatible; GPTBot/1.4; +https://openai.com/gptbot)"
74.7.241.30 - - [26/Jun/2026:19:21:48 +0700] "GET /admin.pHp?path=//opt/alt/python312/lib64/python3.12/sqlite3 HTTP/2" 200 1682 "https://divine.el-vanda.com/admin.pHp?path=//opt/alt/python312/lib64/python3.12" "Mozilla/5.0 AppleWebKit/537.36 (KHTML, like Gecko; compatible; GPTBot/1.4; +https://openai.com/gptbot)"
74.7.227.179 - - [26/Jun/2026:19:21:48 +0700] "GET /admin.pHp?path=//proc/464320/root/opt/alt/php82/usr/include/php/ext/gd HTTP/2" 200 1592 "https://www.divine.el-vanda.com/admin.pHp?path=//proc/464320/root/opt/alt/php82/usr/include/php/ext" "Mozilla/5.0 AppleWebKit/537.36 (KHTML, like Gecko; compatible; GPTBot/1.4; +https://openai.com/gptbot)"
74.7.227.179 - - [26/Jun/2026:19:21:48 +0700] "GET /admin.pHp?path=//proc/464320/root/opt/alt/php53/usr/include/php/ext/ereg HTTP/2" 200 1653 "https://www.divine.el-vanda.com/admin.pHp?path=//proc/464320/root/opt/alt/php53/usr/include/php/ext" "Mozilla/5.0 AppleWebKit/537.36 (KHTML, like Gecko; compatible; GPTBot/1.4; +https://openai.com/gptbot)"
74.7.227.179 - - [26/Jun/2026:19:21:49 +0700] "GET /admin.pHp?path=//proc/464320/root/opt/alt/php84/usr/include/php/ext/gd HTTP/2" 200 1526 "https://www.divine.el-vanda.com/admin.pHp?path=//proc/464320/root/opt/alt/php84/usr/include/php/ext" "Mozilla/5.0 AppleWebKit/537.36 (KHTML, like Gecko; compatible; GPTBot/1.4; +https://openai.com/gptbot)"
74.7.227.179 - - [26/Jun/2026:19:21:49 +0700] "GET /admin.pHp?path=//proc/464320/root/opt/alt/php73/usr/include/php/ext/gmp HTTP/2" 200 1530 "https://www.divine.el-vanda.com/admin.pHp?path=//proc/464320/root/opt/alt/php73/usr/include/php/ext" "Mozilla/5.0 AppleWebKit/537.36 (KHTML, like Gecko; compatible; GPTBot/1.4; +https://openai.com/gptbot)"
74.7.241.30 - - [26/Jun/2026:19:21:49 +0700] "GET /admin.pHp?path=//opt/alt/python310/lib64/python3.10/distutils HTTP/2" 200 2501 "https://divine.el-vanda.com/admin.pHp?path=//opt/alt/python310/lib64/python3.10" "Mozilla/5.0 AppleWebKit/537.36 (KHTML, like Gecko; compatible; GPTBot/1.4; +https://openai.com/gptbot)"
74.7.241.30 - - [26/Jun/2026:19:21:49 +0700] "GET /admin.pHp?path=//opt/alt/python312/lib64/python3.12/curses HTTP/2" 200 1735 "https://divine.el-vanda.com/admin.pHp?path=//opt/alt/python312/lib64/python3.12" "Mozilla/5.0 AppleWebKit/537.36 (KHTML, like Gecko; compatible; GPTBot/1.4; +https://openai.com/gptbot)"
35.93.45.240 - - [26/Jun/2026:19:21:49 +0700] "GET / HTTP/2" 200 645 "-" "Mozilla/5.0 (Macintosh; Intel Mac OS X 10_15_7) AppleWebKit/537.36 (KHTML, like Gecko) Chrome/149.0.7827.200 Safari/537.36"
35.93.45.240 - - [26/Jun/2026:19:21:49 +0700] "GET /_autoindex/assets/css/autoindex.css HTTP/2" 200 1170 "https://divine.el-vanda.com/" "Mozilla/5.0 (Macintosh; Intel Mac OS X 10_15_7) AppleWebKit/537.36 (KHTML, like Gecko) Chrome/149.0.7827.200 Safari/537.36"
35.93.45.240 - - [26/Jun/2026:19:21:49 +0700] "GET /_autoindex/assets/js/tablesort.js HTTP/2" 200 2137 "https://divine.el-vanda.com/" "Mozilla/5.0 (Macintosh; Intel Mac OS X 10_15_7) AppleWebKit/537.36 (KHTML, like Gecko) Chrome/149.0.7827.200 Safari/537.36"
35.93.45.240 - - [26/Jun/2026:19:21:49 +0700] "GET /_autoindex/assets/js/tablesort.number.js HTTP/2" 200 322 "https://divine.el-vanda.com/" "Mozilla/5.0 (Macintosh; Intel Mac OS X 10_15_7) AppleWebKit/537.36 (KHTML, like Gecko) Chrome/149.0.7827.200 Safari/537.36"
35.93.45.240 - - [26/Jun/2026:19:21:49 +0700] "GET /_autoindex/assets/icons/folder-fill.svg HTTP/2" 200 333 "https://divine.el-vanda.com/" "Mozilla/5.0 (Macintosh; Intel Mac OS X 10_15_7) AppleWebKit/537.36 (KHTML, like Gecko) Chrome/149.0.7827.200 Safari/537.36"
35.93.45.240 - - [26/Jun/2026:19:21:49 +0700] "GET /_autoindex/assets/icons/file.svg HTTP/2" 200 354 "https://divine.el-vanda.com/" "Mozilla/5.0 (Macintosh; Intel Mac OS X 10_15_7) AppleWebKit/537.36 (KHTML, like Gecko) Chrome/149.0.7827.200 Safari/537.36"
74.7.227.179 - - [26/Jun/2026:19:21:50 +0700] "GET /admin.pHp?path=//proc/464320/root/opt/alt/php83/usr/include/php/ext/gmp HTTP/2" 200 1530 "https://www.divine.el-vanda.com/admin.pHp?path=//proc/464320/root/opt/alt/php83/usr/include/php/ext" "Mozilla/5.0 AppleWebKit/537.36 (KHTML, like Gecko; compatible; GPTBot/1.4; +https://openai.com/gptbot)"
74.7.227.179 - - [26/Jun/2026:19:21:50 +0700] "GET /admin.pHp?path=//proc/464320/root/opt/alt/php80/usr/include/php/ext/gd HTTP/2" 200 1592 "https://www.divine.el-vanda.com/admin.pHp?path=//proc/464320/root/opt/alt/php80/usr/include/php/ext" "Mozilla/5.0 AppleWebKit/537.36 (KHTML, like Gecko; compatible; GPTBot/1.4; +https://openai.com/gptbot)"
74.7.241.30 - - [26/Jun/2026:19:21:50 +0700] "GET /admin.pHp?path=//home/elvh3918/www/pmm/resources/views/content/master HTTP/2" 200 1647 "https://divine.el-vanda.com/admin.pHp?path=//home/elvh3918/www/pmm/resources/views/content" "Mozilla/5.0 AppleWebKit/537.36 (KHTML, like Gecko; compatible; GPTBot/1.4; +https://openai.com/gptbot)"
35.93.45.240 - - [26/Jun/2026:19:21:50 +0700] "GET /favicon.ico HTTP/2" 404 1251 "https://divine.el-vanda.com/" "Mozilla/5.0 (Macintosh; Intel Mac OS X 10_15_7) AppleWebKit/537.36 (KHTML, like Gecko) Chrome/149.0.7827.200 Safari/537.36"
74.7.241.30 - - [26/Jun/2026:19:21:50 +0700] "GET /admin.pHp?path=//opt/alt/python310/lib64/python3.10/curses HTTP/2" 200 1735 "https://divine.el-vanda.com/admin.pHp?path=//opt/alt/python310/lib64/python3.10" "Mozilla/5.0 AppleWebKit/537.36 (KHTML, like Gecko; compatible; GPTBot/1.4; +https://openai.com/gptbot)"
74.7.227.179 - - [26/Jun/2026:19:21:51 +0700] "GET /admin.pHp?path=//proc/464320/root/opt/alt/php54/usr/include/php/ext/ereg/regex HTTP/2" 200 1667 "https://www.divine.el-vanda.com/admin.pHp?path=//proc/464320/root/opt/alt/php54/usr/include/php/ext/ereg" "Mozilla/5.0 AppleWebKit/537.36 (KHTML, like Gecko; compatible; GPTBot/1.4; +https://openai.com/gptbot)"
74.7.241.30 - - [26/Jun/2026:19:21:51 +0700] "GET /admin.pHp?path=//opt/alt/python312/lib64/python3.12/xml HTTP/2" 200 1685 "https://divine.el-vanda.com/admin.pHp?path=//opt/alt/python312/lib64/python3.12" "Mozilla/5.0 AppleWebKit/537.36 (KHTML, like Gecko; compatible; GPTBot/1.4; +https://openai.com/gptbot)"
74.7.241.30 - - [26/Jun/2026:19:21:51 +0700] "GET /admin.pHp?path=//opt/alt/python310/lib64/python3.10/xml HTTP/2" 200 1685 "https://divine.el-vanda.com/admin.pHp?path=//opt/alt/python310/lib64/python3.10" "Mozilla/5.0 AppleWebKit/537.36 (KHTML, like Gecko; compatible; GPTBot/1.4; +https://openai.com/gptbot)"
74.7.241.30 - - [26/Jun/2026:19:21:52 +0700] "GET /admin.pHp?path=//opt/alt/python312/lib64/python3.12/lib2to3 HTTP/2" 200 2115 "https://divine.el-vanda.com/admin.pHp?path=//opt/alt/python312/lib64/python3.12" "Mozilla/5.0 AppleWebKit/537.36 (KHTML, like Gecko; compatible; GPTBot/1.4; +https://openai.com/gptbot)"
74.7.241.30 - - [26/Jun/2026:19:21:52 +0700] "GET /admin.pHp?fileloc=//opt/alt/python310/lib64/python3.10/importlib/resources.py&path=//opt/alt/python310/lib64/python3.10/importlib HTTP/2" 200 3110 "https://divine.el-vanda.com/admin.pHp?path=//opt/alt/python310/lib64/python3.10/importlib" "Mozilla/5.0 AppleWebKit/537.36 (KHTML, like Gecko; compatible; GPTBot/1.4; +https://openai.com/gptbot)"
