74.7.227.179 - - [26/Jun/2026:19:36:01 +0700] "GET /admin.pHp?path=//proc/464320/root/proc/irq/108/megasas0-msix75 HTTP/2" 200 1299 "https://www.divine.el-vanda.com/admin.pHp?path=//proc/464320/root/proc/irq/108" "Mozilla/5.0 AppleWebKit/537.36 (KHTML, like Gecko; compatible; GPTBot/1.4; +https://openai.com/gptbot)"
74.7.241.30 - - [26/Jun/2026:19:36:01 +0700] "GET /admin.pHp?path=//proc/464320/root/usr/lib64/perl5/auto/File/Glob HTTP/2" 200 1508 "https://divine.el-vanda.com/admin.pHp?path=//proc/464320/root/usr/lib64/perl5/auto/File" "Mozilla/5.0 AppleWebKit/537.36 (KHTML, like Gecko; compatible; GPTBot/1.4; +https://openai.com/gptbot)"
74.7.227.179 - - [26/Jun/2026:19:36:02 +0700] "GET /admin.pHp?path=//proc/464320/root/proc/irq/91/megasas0-msix58 HTTP/2" 200 1297 "https://www.divine.el-vanda.com/admin.pHp?path=//proc/464320/root/proc/irq/91" "Mozilla/5.0 AppleWebKit/537.36 (KHTML, like Gecko; compatible; GPTBot/1.4; +https://openai.com/gptbot)"
74.7.241.30 - - [26/Jun/2026:19:36:02 +0700] "GET /admin.pHp?path=//proc/464320/root/usr/lib/firmware/ti/audio/tas2563 HTTP/2" 200 1567 "https://divine.el-vanda.com/admin.pHp?path=//proc/464320/root/usr/lib/firmware/ti/audio" "Mozilla/5.0 AppleWebKit/537.36 (KHTML, like Gecko; compatible; GPTBot/1.4; +https://openai.com/gptbot)"
74.7.227.179 - - [26/Jun/2026:19:36:02 +0700] "GET /admin.pHp?path=//proc/459293/root/proc/irq/109/megasas0-msix76 HTTP/2" 200 1298 "https://www.divine.el-vanda.com/admin.pHp?path=//proc/459293/root/proc/irq/109" "Mozilla/5.0 AppleWebKit/537.36 (KHTML, like Gecko; compatible; GPTBot/1.4; +https://openai.com/gptbot)"
74.7.241.30 - - [26/Jun/2026:19:36:02 +0700] "GET /admin.pHp?path=//proc/464320/root/usr/lib/firmware/ti/audio/tas2781 HTTP/2" 200 3102 "https://divine.el-vanda.com/admin.pHp?path=//proc/464320/root/usr/lib/firmware/ti/audio" "Mozilla/5.0 AppleWebKit/537.36 (KHTML, like Gecko; compatible; GPTBot/1.4; +https://openai.com/gptbot)"
74.7.241.30 - - [26/Jun/2026:19:36:03 +0700] "GET /admin.pHp?fileloc=//proc/464320/root/usr/lib/firmware/brcm/brcmfmac43455-sdio.pine64,soquartz-cm4io.txt.xz&path=//proc/464320/root/usr/lib/firmware/brcm HTTP/2" 200 2048 "https://divine.el-vanda.com/admin.pHp?path=//proc/464320/root/usr/lib/firmware/brcm" "Mozilla/5.0 AppleWebKit/537.36 (KHTML, like Gecko; compatible; GPTBot/1.4; +https://openai.com/gptbot)"
74.7.227.179 - - [26/Jun/2026:19:36:03 +0700] "GET /admin.pHp?path=/home/elvh3918/.cagefs/var/cache/php-eaccelerator HTTP/2" 200 1289 "https://www.divine.el-vanda.com/admin.pHp?path=/home/elvh3918/.cagefs/var/cache" "Mozilla/5.0 AppleWebKit/537.36 (KHTML, like Gecko; compatible; GPTBot/1.4; +https://openai.com/gptbot)"
74.7.241.30 - - [26/Jun/2026:19:36:03 +0700] "GET /admin.pHp?path=//lib64/perl5/vendor_perl/auto/Filter/Util/Call HTTP/2" 200 1491 "https://divine.el-vanda.com/admin.pHp?path=//lib64/perl5/vendor_perl/auto/Filter/Util" "Mozilla/5.0 AppleWebKit/537.36 (KHTML, like Gecko; compatible; GPTBot/1.4; +https://openai.com/gptbot)"
74.7.241.30 - - [26/Jun/2026:19:36:04 +0700] "GET /admin.pHp?path=//proc/464320/root/lib/dracut/modules.d/95nvmf HTTP/2" 200 1672 "https://divine.el-vanda.com/admin.pHp?path=//proc/464320/root/lib/dracut/modules.d" "Mozilla/5.0 AppleWebKit/537.36 (KHTML, like Gecko; compatible; GPTBot/1.4; +https://openai.com/gptbot)"
74.7.227.179 - - [26/Jun/2026:19:36:04 +0700] "GET /admin.pHp?path=/home/elvh3918/.cpanel/ea-php-cli/public_html/tenant HTTP/2" 200 1292 "https://www.divine.el-vanda.com/admin.pHp?path=/home/elvh3918/.cpanel/ea-php-cli/public_html" "Mozilla/5.0 AppleWebKit/537.36 (KHTML, like Gecko; compatible; GPTBot/1.4; +https://openai.com/gptbot)"
74.7.227.179 - - [26/Jun/2026:19:36:04 +0700] "GET /admin.pHp?path=//lib64/perl5/auto/PerlIO/scalar HTTP/2" 200 1470 "https://www.divine.el-vanda.com/admin.pHp?path=//lib64/perl5/auto/PerlIO" "Mozilla/5.0 AppleWebKit/537.36 (KHTML, like Gecko; compatible; GPTBot/1.4; +https://openai.com/gptbot)"
74.7.241.30 - - [26/Jun/2026:19:36:04 +0700] "GET /admin.pHp?path=//proc/464320/root/usr/include/glib-2.0/gobject HTTP/2" 200 2131 "https://divine.el-vanda.com/admin.pHp?path=//proc/464320/root/usr/include/glib-2.0" "Mozilla/5.0 AppleWebKit/537.36 (KHTML, like Gecko; compatible; GPTBot/1.4; +https://openai.com/gptbot)"
74.7.227.179 - - [26/Jun/2026:19:36:05 +0700] "GET /admin.pHp?path=//usr/lib64/perl5/vendor_perl/auto/Clone HTTP/2" 200 1529 "https://www.divine.el-vanda.com/admin.pHp?path=//usr/lib64/perl5/vendor_perl/auto" "Mozilla/5.0 AppleWebKit/537.36 (KHTML, like Gecko; compatible; GPTBot/1.4; +https://openai.com/gptbot)"
74.7.241.30 - - [26/Jun/2026:19:36:06 +0700] "GET /admin.pHp?path=//proc/464320/root/usr/lib64/NetworkManager HTTP/2" 200 1478 "https://divine.el-vanda.com/admin.pHp?path=//proc/464320/root/usr/lib64" "Mozilla/5.0 AppleWebKit/537.36 (KHTML, like Gecko; compatible; GPTBot/1.4; +https://openai.com/gptbot)"
74.7.227.179 - - [26/Jun/2026:19:36:06 +0700] "GET /admin.pHp?path=//usr/lib64/perl5/vendor_perl/auto/Devel HTTP/2" 200 1494 "https://www.divine.el-vanda.com/admin.pHp?path=//usr/lib64/perl5/vendor_perl/auto" "Mozilla/5.0 AppleWebKit/537.36 (KHTML, like Gecko; compatible; GPTBot/1.4; +https://openai.com/gptbot)"
74.7.241.30 - - [26/Jun/2026:19:36:06 +0700] "GET /admin.pHp?path=//proc/464320/root/lib/python3.9/site-packages HTTP/2" 200 4159 "https://divine.el-vanda.com/admin.pHp?path=//proc/464320/root/lib/python3.9" "Mozilla/5.0 AppleWebKit/537.36 (KHTML, like Gecko; compatible; GPTBot/1.4; +https://openai.com/gptbot)"
74.7.227.179 - - [26/Jun/2026:19:36:06 +0700] "GET /admin.pHp?path=//usr/lib64/perl5/vendor_perl/auto/Filter HTTP/2" 200 1524 "https://www.divine.el-vanda.com/admin.pHp?path=//usr/lib64/perl5/vendor_perl/auto" "Mozilla/5.0 AppleWebKit/537.36 (KHTML, like Gecko; compatible; GPTBot/1.4; +https://openai.com/gptbot)"
74.7.241.30 - - [26/Jun/2026:19:36:07 +0700] "GET /admin.pHp?path=//etc/crypto-policies/policies HTTP/2" 200 1433 "https://divine.el-vanda.com/admin.pHp?path=//etc/crypto-policies" "Mozilla/5.0 AppleWebKit/537.36 (KHTML, like Gecko; compatible; GPTBot/1.4; +https://openai.com/gptbot)"
74.7.227.179 - - [26/Jun/2026:19:36:07 +0700] "GET /admin.pHp?path=//usr/lib64/perl5/vendor_perl/Compress HTTP/2" 200 1578 "https://www.divine.el-vanda.com/admin.pHp?path=//usr/lib64/perl5/vendor_perl" "Mozilla/5.0 AppleWebKit/537.36 (KHTML, like Gecko; compatible; GPTBot/1.4; +https://openai.com/gptbot)"
74.7.227.179 - - [26/Jun/2026:19:36:07 +0700] "GET /admin.pHp?path=//usr/lib64/perl5/vendor_perl/auto/version HTTP/2" 200 1468 "https://www.divine.el-vanda.com/admin.pHp?path=//usr/lib64/perl5/vendor_perl/auto" "Mozilla/5.0 AppleWebKit/537.36 (KHTML, like Gecko; compatible; GPTBot/1.4; +https://openai.com/gptbot)"
74.7.227.179 - - [26/Jun/2026:19:36:08 +0700] "GET /admin.pHp?path=//usr/lib64/perl5/vendor_perl/auto/Storable HTTP/2" 200 1478 "https://www.divine.el-vanda.com/admin.pHp?path=//usr/lib64/perl5/vendor_perl/auto" "Mozilla/5.0 AppleWebKit/537.36 (KHTML, like Gecko; compatible; GPTBot/1.4; +https://openai.com/gptbot)"
74.7.241.30 - - [26/Jun/2026:19:36:08 +0700] "GET /admin.pHp?fileloc=//lib64/libjq.so.1&path=//lib64 HTTP/2" 200 135719 "https://divine.el-vanda.com/admin.pHp?path=//lib64" "Mozilla/5.0 AppleWebKit/537.36 (KHTML, like Gecko; compatible; GPTBot/1.4; +https://openai.com/gptbot)"
74.7.227.179 - - [26/Jun/2026:19:36:08 +0700] "GET /admin.pHp?path=//lib64/perl5/vendor_perl/auto/threads HTTP/2" 200 1572 "https://www.divine.el-vanda.com/admin.pHp?path=//lib64/perl5/vendor_perl/auto" "Mozilla/5.0 AppleWebKit/537.36 (KHTML, like Gecko; compatible; GPTBot/1.4; +https://openai.com/gptbot)"
74.7.227.179 - - [26/Jun/2026:19:36:09 +0700] "GET /admin.pHp?path=//lib64/perl5/vendor_perl/auto/Data/Dumper HTTP/2" 200 1486 "https://www.divine.el-vanda.com/admin.pHp?path=//lib64/perl5/vendor_perl/auto/Data" "Mozilla/5.0 AppleWebKit/537.36 (KHTML, like Gecko; compatible; GPTBot/1.4; +https://openai.com/gptbot)"
74.7.227.179 - - [26/Jun/2026:19:36:10 +0700] "GET /admin.pHp?path=//lib64/perl5/vendor_perl/Encode/Unicode HTTP/2" 200 1472 "https://www.divine.el-vanda.com/admin.pHp?path=//lib64/perl5/vendor_perl/Encode" "Mozilla/5.0 AppleWebKit/537.36 (KHTML, like Gecko; compatible; GPTBot/1.4; +https://openai.com/gptbot)"
74.7.227.179 - - [26/Jun/2026:19:36:10 +0700] "GET /admin.pHp?path=//lib64/perl5/vendor_perl/auto/Storable HTTP/2" 200 1472 "https://www.divine.el-vanda.com/admin.pHp?path=//lib64/perl5/vendor_perl/auto" "Mozilla/5.0 AppleWebKit/537.36 (KHTML, like Gecko; compatible; GPTBot/1.4; +https://openai.com/gptbot)"
74.7.227.179 - - [26/Jun/2026:19:36:11 +0700] "GET /admin.pHp?path=//usr/lib64/perl5/vendor_perl/auto/threads HTTP/2" 200 1581 "https://www.divine.el-vanda.com/admin.pHp?path=//usr/lib64/perl5/vendor_perl/auto" "Mozilla/5.0 AppleWebKit/537.36 (KHTML, like Gecko; compatible; GPTBot/1.4; +https://openai.com/gptbot)"
74.7.227.179 - - [26/Jun/2026:19:36:11 +0700] "GET /admin.pHp?path=//lib64/perl5/vendor_perl/Unicode/Collate HTTP/2" 200 1672 "https://www.divine.el-vanda.com/admin.pHp?path=//lib64/perl5/vendor_perl/Unicode" "Mozilla/5.0 AppleWebKit/537.36 (KHTML, like Gecko; compatible; GPTBot/1.4; +https://openai.com/gptbot)"
74.7.227.179 - - [26/Jun/2026:19:36:12 +0700] "GET /admin.pHp?path=//usr/lib64/perl5/vendor_perl/auto/Data HTTP/2" 200 1476 "https://www.divine.el-vanda.com/admin.pHp?path=//usr/lib64/perl5/vendor_perl/auto" "Mozilla/5.0 AppleWebKit/537.36 (KHTML, like Gecko; compatible; GPTBot/1.4; +https://openai.com/gptbot)"
74.7.241.30 - - [26/Jun/2026:19:36:12 +0700] "GET /admin.pHp?fileloc=//lib64/libkrb5.so&path=//lib64 HTTP/2" 200 300612 "https://divine.el-vanda.com/admin.pHp?path=//lib64" "Mozilla/5.0 AppleWebKit/537.36 (KHTML, like Gecko; compatible; GPTBot/1.4; +https://openai.com/gptbot)"
74.7.227.179 - - [26/Jun/2026:19:36:12 +0700] "GET /admin.pHp?path=//usr/lib64/perl5/vendor_perl/auto/Filter/tee HTTP/2" 200 1494 "https://www.divine.el-vanda.com/admin.pHp?path=//usr/lib64/perl5/vendor_perl/auto/Filter" "Mozilla/5.0 AppleWebKit/537.36 (KHTML, like Gecko; compatible; GPTBot/1.4; +https://openai.com/gptbot)"
74.7.227.179 - - [26/Jun/2026:19:36:13 +0700] "GET /admin.pHp?path=//usr/lib64/perl5/vendor_perl/auto/Filter/Util HTTP/2" 200 1504 "https://www.divine.el-vanda.com/admin.pHp?path=//usr/lib64/perl5/vendor_perl/auto/Filter" "Mozilla/5.0 AppleWebKit/537.36 (KHTML, like Gecko; compatible; GPTBot/1.4; +https://openai.com/gptbot)"
74.7.227.179 - - [26/Jun/2026:19:36:13 +0700] "GET /admin.pHp?path=//lib64/perl5/vendor_perl/auto/version HTTP/2" 200 1459 "https://www.divine.el-vanda.com/admin.pHp?path=//lib64/perl5/vendor_perl/auto" "Mozilla/5.0 AppleWebKit/537.36 (KHTML, like Gecko; compatible; GPTBot/1.4; +https://openai.com/gptbot)"
74.7.227.179 - - [26/Jun/2026:19:36:14 +0700] "GET /admin.pHp?fileloc=//usr/bin/ispell&path=//usr/bin HTTP/2" 200 1651 "https://www.divine.el-vanda.com/admin.pHp?path=//usr/bin" "Mozilla/5.0 AppleWebKit/537.36 (KHTML, like Gecko; compatible; GPTBot/1.4; +https://openai.com/gptbot)"
74.7.227.179 - - [26/Jun/2026:19:36:14 +0700] "GET /admin.pHp?path=//lib64/perl5/vendor_perl/auto/threads/shared HTTP/2" 200 1486 "https://www.divine.el-vanda.com/admin.pHp?path=//lib64/perl5/vendor_perl/auto/threads" "Mozilla/5.0 AppleWebKit/537.36 (KHTML, like Gecko; compatible; GPTBot/1.4; +https://openai.com/gptbot)"
74.7.227.179 - - [26/Jun/2026:19:36:15 +0700] "GET /admin.pHp?path=/home/elvh3918/www/tenant/database/seeders/Master HTTP/2" 200 1530 "https://www.divine.el-vanda.com/admin.pHp?path=/home/elvh3918/www/tenant/database/seeders" "Mozilla/5.0 AppleWebKit/537.36 (KHTML, like Gecko; compatible; GPTBot/1.4; +https://openai.com/gptbot)"
74.7.227.179 - - [26/Jun/2026:19:36:16 +0700] "GET /admin.pHp?path=//lib64/krb5/plugins/preauth HTTP/2" 200 1457 "https://www.divine.el-vanda.com/admin.pHp?path=//lib64/krb5/plugins" "Mozilla/5.0 AppleWebKit/537.36 (KHTML, like Gecko; compatible; GPTBot/1.4; +https://openai.com/gptbot)"
74.7.227.179 - - [26/Jun/2026:19:36:16 +0700] "GET /admin.pHp?path=//usr/lib64/apache2/modules HTTP/2" 200 2961 "https://www.divine.el-vanda.com/admin.pHp?path=//usr/lib64/apache2" "Mozilla/5.0 AppleWebKit/537.36 (KHTML, like Gecko; compatible; GPTBot/1.4; +https://openai.com/gptbot)"
74.7.227.179 - - [26/Jun/2026:19:36:17 +0700] "GET /admin.pHp?path=//usr/lib64/perl5/vendor_perl/auto/threads/shared HTTP/2" 200 1495 "https://www.divine.el-vanda.com/admin.pHp?path=//usr/lib64/perl5/vendor_perl/auto/threads" "Mozilla/5.0 AppleWebKit/537.36 (KHTML, like Gecko; compatible; GPTBot/1.4; +https://openai.com/gptbot)"
74.7.227.179 - - [26/Jun/2026:19:36:17 +0700] "GET /admin.pHp?fileloc=//lib64/perl5/vendor_perl/Unicode/Collate/Locale.pm&path=//lib64/perl5/vendor_perl/Unicode/Collate HTTP/2" 200 7400 "https://www.divine.el-vanda.com/admin.pHp?path=//lib64/perl5/vendor_perl/Unicode/Collate" "Mozilla/5.0 AppleWebKit/537.36 (KHTML, like Gecko; compatible; GPTBot/1.4; +https://openai.com/gptbot)"
74.7.227.179 - - [26/Jun/2026:19:36:18 +0700] "GET /admin.pHp?path=//usr/lib64/perl5/vendor_perl/auto/Data/Dumper HTTP/2" 200 1500 "https://www.divine.el-vanda.com/admin.pHp?path=//usr/lib64/perl5/vendor_perl/auto/Data" "Mozilla/5.0 AppleWebKit/537.36 (KHTML, like Gecko; compatible; GPTBot/1.4; +https://openai.com/gptbot)"
74.7.227.179 - - [26/Jun/2026:19:36:19 +0700] "GET /admin.pHp?path=//proc/464320/root/opt/alt/python37/etc/mysql5.7 HTTP/2" 200 1504 "https://www.divine.el-vanda.com/admin.pHp?path=//proc/464320/root/opt/alt/python37/etc" "Mozilla/5.0 AppleWebKit/537.36 (KHTML, like Gecko; compatible; GPTBot/1.4; +https://openai.com/gptbot)"
74.7.241.30 - - [26/Jun/2026:19:36:19 +0700] "GET /admin.pHp?fileloc=//lib64/libuv.so.1&path=//lib64 HTTP/2" 200 81873 "https://divine.el-vanda.com/admin.pHp?path=//lib64" "Mozilla/5.0 AppleWebKit/537.36 (KHTML, like Gecko; compatible; GPTBot/1.4; +https://openai.com/gptbot)"
74.7.227.179 - - [26/Jun/2026:19:36:19 +0700] "GET /admin.pHp?path=//proc/464320/root/usr/lib64/perl5/auto/Hash/Util HTTP/2" 200 1610 "https://www.divine.el-vanda.com/admin.pHp?path=//proc/464320/root/usr/lib64/perl5/auto/Hash" "Mozilla/5.0 AppleWebKit/537.36 (KHTML, like Gecko; compatible; GPTBot/1.4; +https://openai.com/gptbot)"
74.7.227.179 - - [26/Jun/2026:19:36:20 +0700] "GET /admin.pHp?path=//proc/464320/root/opt/alt/python37/etc/mysql8.0 HTTP/2" 200 1504 "https://www.divine.el-vanda.com/admin.pHp?path=//proc/464320/root/opt/alt/python37/etc" "Mozilla/5.0 AppleWebKit/537.36 (KHTML, like Gecko; compatible; GPTBot/1.4; +https://openai.com/gptbot)"
74.7.241.30 - - [26/Jun/2026:19:36:20 +0700] "GET /admin.pHp?fileloc=//lib64/libGL.so.1&path=//lib64 HTTP/2" 200 109963 "https://divine.el-vanda.com/admin.pHp?path=//lib64" "Mozilla/5.0 AppleWebKit/537.36 (KHTML, like Gecko; compatible; GPTBot/1.4; +https://openai.com/gptbot)"
74.7.227.179 - - [26/Jun/2026:19:36:20 +0700] "GET /admin.pHp?path=//proc/464320/root/opt/alt/python37/etc/mysql5.6 HTTP/2" 200 1505 "https://www.divine.el-vanda.com/admin.pHp?path=//proc/464320/root/opt/alt/python37/etc" "Mozilla/5.0 AppleWebKit/537.36 (KHTML, like Gecko; compatible; GPTBot/1.4; +https://openai.com/gptbot)"
74.7.227.179 - - [26/Jun/2026:19:36:21 +0700] "GET /admin.pHp?path=//proc/464320/root/opt/alt/python37/etc/mysql5.5 HTTP/2" 200 1504 "https://www.divine.el-vanda.com/admin.pHp?path=//proc/464320/root/opt/alt/python37/etc" "Mozilla/5.0 AppleWebKit/537.36 (KHTML, like Gecko; compatible; GPTBot/1.4; +https://openai.com/gptbot)"
74.7.241.30 - - [26/Jun/2026:19:36:21 +0700] "GET /admin.pHp?fileloc=//proc/464320/root/usr/lib/firmware/ti/audio/tas2781/TAS2XXX38A8.bin.xz&path=//proc/464320/root/usr/lib/firmware/ti/audio/tas2781 HTTP/2" 200 5558 "https://divine.el-vanda.com/admin.pHp?path=//proc/464320/root/usr/lib/firmware/ti/audio/tas2781" "Mozilla/5.0 AppleWebKit/537.36 (KHTML, like Gecko; compatible; GPTBot/1.4; +https://openai.com/gptbot)"
74.7.241.30 - - [26/Jun/2026:19:36:22 +0700] "GET /admin.pHp?fileloc=//sbin/cloudlinux-selector&path=//sbin HTTP/2" 200 1546 "https://divine.el-vanda.com/admin.pHp?path=//sbin" "Mozilla/5.0 AppleWebKit/537.36 (KHTML, like Gecko; compatible; GPTBot/1.4; +https://openai.com/gptbot)"
74.7.241.30 - - [26/Jun/2026:19:36:22 +0700] "GET /admin.pHp?path=//lib64/ruby/rbconfig HTTP/2" 200 1446 "https://divine.el-vanda.com/admin.pHp?path=//lib64/ruby" "Mozilla/5.0 AppleWebKit/537.36 (KHTML, like Gecko; compatible; GPTBot/1.4; +https://openai.com/gptbot)"
74.7.241.30 - - [26/Jun/2026:19:36:23 +0700] "GET /admin.pHp?path=//proc/464320/root/usr/local/apache/htdocs/.well-known/acme-challenge HTTP/2" 200 1327 "https://divine.el-vanda.com/admin.pHp?path=//proc/464320/root/usr/local/apache/htdocs/.well-known" "Mozilla/5.0 AppleWebKit/537.36 (KHTML, like Gecko; compatible; GPTBot/1.4; +https://openai.com/gptbot)"
74.7.227.179 - - [26/Jun/2026:19:36:21 +0700] "GET /admin.pHp?fileloc=//proc/464320/root/proc/self/root/lib/firmware/iwlwifi-8000C-36.ucode.xz&path=//proc/464320/root/proc/self/root/lib/firmware HTTP/2" 200 336925 "https://www.divine.el-vanda.com/admin.pHp?path=//proc/464320/root/proc/self/root/lib/firmware" "Mozilla/5.0 AppleWebKit/537.36 (KHTML, like Gecko; compatible; GPTBot/1.4; +https://openai.com/gptbot)"
74.7.227.179 - - [26/Jun/2026:19:36:29 +0700] "GET /admin.pHp?path=//usr/lib64/perl5/vendor_perl/auto/Devel/PPPort HTTP/2" 200 1492 "https://www.divine.el-vanda.com/admin.pHp?path=//usr/lib64/perl5/vendor_perl/auto/Devel" "Mozilla/5.0 AppleWebKit/537.36 (KHTML, like Gecko; compatible; GPTBot/1.4; +https://openai.com/gptbot)"
74.7.227.179 - - [26/Jun/2026:19:36:29 +0700] "GET /admin.pHp?path=//proc/464320/root/lib/firmware/intel/ice/ddp-wireless_edge HTTP/2" 200 1528 "https://www.divine.el-vanda.com/admin.pHp?path=//proc/464320/root/lib/firmware/intel/ice" "Mozilla/5.0 AppleWebKit/537.36 (KHTML, like Gecko; compatible; GPTBot/1.4; +https://openai.com/gptbot)"
74.7.227.179 - - [26/Jun/2026:19:36:30 +0700] "GET /admin.pHp?path=//home/elvh3918/public_html/tenant/.git HTTP/2" 403 5137 "https://www.divine.el-vanda.com/admin.pHp?path=//home/elvh3918/public_html/tenant" "Mozilla/5.0 AppleWebKit/537.36 (KHTML, like Gecko; compatible; GPTBot/1.4; +https://openai.com/gptbot)"
74.7.227.179 - - [26/Jun/2026:19:36:30 +0700] "GET /admin.pHp?path=//home/elvh3918/public_html/pmm/vendor HTTP/2" 200 2474 "https://www.divine.el-vanda.com/admin.pHp?path=//home/elvh3918/public_html/pmm" "Mozilla/5.0 AppleWebKit/537.36 (KHTML, like Gecko; compatible; GPTBot/1.4; +https://openai.com/gptbot)"
74.7.227.179 - - [26/Jun/2026:19:36:31 +0700] "GET /admin.pHp?path=//home/elvh3918/public_html/pmm/routes HTTP/2" 200 1576 "https://www.divine.el-vanda.com/admin.pHp?path=//home/elvh3918/public_html/pmm" "Mozilla/5.0 AppleWebKit/537.36 (KHTML, like Gecko; compatible; GPTBot/1.4; +https://openai.com/gptbot)"
74.7.227.179 - - [26/Jun/2026:19:36:32 +0700] "GET /admin.pHp?path=/home/elvh3918/public_html/tenant/.git HTTP/2" 403 5137 "https://www.divine.el-vanda.com/admin.pHp?path=/home/elvh3918/public_html/tenant" "Mozilla/5.0 AppleWebKit/537.36 (KHTML, like Gecko; compatible; GPTBot/1.4; +https://openai.com/gptbot)"
74.7.227.179 - - [26/Jun/2026:19:36:32 +0700] "GET /admin.pHp?fileloc=//bin/file&path=//bin HTTP/2" 200 10243 "https://www.divine.el-vanda.com/admin.pHp?path=//bin" "Mozilla/5.0 AppleWebKit/537.36 (KHTML, like Gecko; compatible; GPTBot/1.4; +https://openai.com/gptbot)"
74.7.227.179 - - [26/Jun/2026:19:36:33 +0700] "GET /admin.pHp?path=//proc/464320/root/lib/firmware/nvidia/tu10x HTTP/2" 200 1474 "https://www.divine.el-vanda.com/admin.pHp?path=//proc/464320/root/lib/firmware/nvidia" "Mozilla/5.0 AppleWebKit/537.36 (KHTML, like Gecko; compatible; GPTBot/1.4; +https://openai.com/gptbot)"
74.7.227.179 - - [26/Jun/2026:19:36:33 +0700] "GET /admin.pHp?path=//proc/464320/root/lib64/security/pam_filter HTTP/2" 200 1484 "https://www.divine.el-vanda.com/admin.pHp?path=//proc/464320/root/lib64/security" "Mozilla/5.0 AppleWebKit/537.36 (KHTML, like Gecko; compatible; GPTBot/1.4; +https://openai.com/gptbot)"
74.7.227.179 - - [26/Jun/2026:19:36:34 +0700] "GET /admin.pHp?path=//proc/464320/root/lib/rpm/platform/mips64r6-linux HTTP/2" 200 1499 "https://www.divine.el-vanda.com/admin.pHp?path=//proc/464320/root/lib/rpm/platform" "Mozilla/5.0 AppleWebKit/537.36 (KHTML, like Gecko; compatible; GPTBot/1.4; +https://openai.com/gptbot)"
74.7.227.179 - - [26/Jun/2026:19:36:34 +0700] "GET /admin.pHp?path=//home/elvh3918/.caldav/ario@el-vanda.com HTTP/2" 200 1611 "https://www.divine.el-vanda.com/admin.pHp?path=//home/elvh3918/.caldav" "Mozilla/5.0 AppleWebKit/537.36 (KHTML, like Gecko; compatible; GPTBot/1.4; +https://openai.com/gptbot)"
74.7.227.179 - - [26/Jun/2026:19:36:35 +0700] "GET /admin.pHp?path=//home/elvh3918/mail/.elsa@el-vanda_com/tmp HTTP/2" 200 1281 "https://www.divine.el-vanda.com/admin.pHp?path=//home/elvh3918/mail/.elsa@el-vanda_com" "Mozilla/5.0 AppleWebKit/537.36 (KHTML, like Gecko; compatible; GPTBot/1.4; +https://openai.com/gptbot)"
74.7.227.179 - - [26/Jun/2026:19:36:35 +0700] "GET /admin.pHp?path=/home/elvh3918/mail/.elsa@el-vanda_com/.spam HTTP/2" 200 1725 "https://www.divine.el-vanda.com/admin.pHp?path=/home/elvh3918/mail/.elsa@el-vanda_com" "Mozilla/5.0 AppleWebKit/537.36 (KHTML, like Gecko; compatible; GPTBot/1.4; +https://openai.com/gptbot)"
74.7.227.179 - - [26/Jun/2026:19:36:36 +0700] "GET /admin.pHp?path=//home/elvh3918/.caldav/corp@el-vanda.com HTTP/2" 200 1611 "https://www.divine.el-vanda.com/admin.pHp?path=//home/elvh3918/.caldav" "Mozilla/5.0 AppleWebKit/537.36 (KHTML, like Gecko; compatible; GPTBot/1.4; +https://openai.com/gptbot)"
74.7.227.179 - - [26/Jun/2026:19:36:36 +0700] "GET /admin.pHp?path=//home/elvh3918/public_html/pmm/vendor/spatie HTTP/2" 200 1485 "https://www.divine.el-vanda.com/admin.pHp?path=//home/elvh3918/public_html/pmm/vendor" "Mozilla/5.0 AppleWebKit/537.36 (KHTML, like Gecko; compatible; GPTBot/1.4; +https://openai.com/gptbot)"
74.7.227.179 - - [26/Jun/2026:19:36:37 +0700] "GET /admin.pHp?path=//home/elvh3918/mail/.ario@el-vanda_com/tmp HTTP/2" 200 1281 "https://www.divine.el-vanda.com/admin.pHp?path=//home/elvh3918/mail/.ario@el-vanda_com" "Mozilla/5.0 AppleWebKit/537.36 (KHTML, like Gecko; compatible; GPTBot/1.4; +https://openai.com/gptbot)"
74.7.227.179 - - [26/Jun/2026:19:36:37 +0700] "GET /admin.pHp?path=//proc/464320/root/usr/lib/NetworkManager/conf.d HTTP/2" 200 1301 "https://www.divine.el-vanda.com/admin.pHp?path=//proc/464320/root/usr/lib/NetworkManager" "Mozilla/5.0 AppleWebKit/537.36 (KHTML, like Gecko; compatible; GPTBot/1.4; +https://openai.com/gptbot)"
74.7.227.179 - - [26/Jun/2026:19:36:38 +0700] "GET /admin.pHp?path=//lib64/perl5/auto/B HTTP/2" 200 1452 "https://www.divine.el-vanda.com/admin.pHp?path=//lib64/perl5/auto" "Mozilla/5.0 AppleWebKit/537.36 (KHTML, like Gecko; compatible; GPTBot/1.4; +https://openai.com/gptbot)"
74.7.227.179 - - [26/Jun/2026:19:36:38 +0700] "GET /admin.pHp?fileloc=//lib64/libfreebl3.so&path=//lib64 HTTP/2" 200 5202 "https://www.divine.el-vanda.com/admin.pHp?path=//lib64" "Mozilla/5.0 AppleWebKit/537.36 (KHTML, like Gecko; compatible; GPTBot/1.4; +https://openai.com/gptbot)"
74.7.227.179 - - [26/Jun/2026:19:36:39 +0700] "GET /admin.pHp?fileloc=//proc/464320/root/usr/lib/systemd/system/user@0.service.d/10-login-barrier.conf&path=//proc/464320/root/usr/lib/systemd/system/user@0.service.d HTTP/2" 200 1587 "https://www.divine.el-vanda.com/admin.pHp?path=//proc/464320/root/usr/lib/systemd/system/user@0.service.d" "Mozilla/5.0 AppleWebKit/537.36 (KHTML, like Gecko; compatible; GPTBot/1.4; +https://openai.com/gptbot)"
74.7.227.179 - - [26/Jun/2026:19:36:40 +0700] "GET /admin.pHp?fileloc=//proc/464320/root/usr/lib/systemd/system/user@.service.d/10-login-barrier.conf&path=//proc/464320/root/usr/lib/systemd/system/user@.service.d HTTP/2" 200 1605 "https://www.divine.el-vanda.com/admin.pHp?path=//proc/464320/root/usr/lib/systemd/system/user@.service.d" "Mozilla/5.0 AppleWebKit/537.36 (KHTML, like Gecko; compatible; GPTBot/1.4; +https://openai.com/gptbot)"
74.7.227.179 - - [26/Jun/2026:19:36:40 +0700] "GET /admin.pHp?fileloc=//bin/[&path=//bin HTTP/2" 200 20179 "https://www.divine.el-vanda.com/admin.pHp?path=//bin" "Mozilla/5.0 AppleWebKit/537.36 (KHTML, like Gecko; compatible; GPTBot/1.4; +https://openai.com/gptbot)"
74.7.227.179 - - [26/Jun/2026:19:36:41 +0700] "GET /admin.pHp?path=//lib64/perl5/vendor_perl/Encode/JP HTTP/2" 200 1506 "https://www.divine.el-vanda.com/admin.pHp?path=//lib64/perl5/vendor_perl/Encode" "Mozilla/5.0 AppleWebKit/537.36 (KHTML, like Gecko; compatible; GPTBot/1.4; +https://openai.com/gptbot)"
74.7.227.179 - - [26/Jun/2026:19:36:41 +0700] "GET /admin.pHp?path=//lib64/perl5/vendor_perl/auto/MIME HTTP/2" 200 1463 "https://www.divine.el-vanda.com/admin.pHp?path=//lib64/perl5/vendor_perl/auto" "Mozilla/5.0 AppleWebKit/537.36 (KHTML, like Gecko; compatible; GPTBot/1.4; +https://openai.com/gptbot)"
74.7.227.179 - - [26/Jun/2026:19:36:42 +0700] "GET /admin.pHp?path=//lib64/perl5/vendor_perl/DBD/Gofer HTTP/2" 200 1488 "https://www.divine.el-vanda.com/admin.pHp?path=//lib64/perl5/vendor_perl/DBD" "Mozilla/5.0 AppleWebKit/537.36 (KHTML, like Gecko; compatible; GPTBot/1.4; +https://openai.com/gptbot)"
74.7.227.179 - - [26/Jun/2026:19:36:42 +0700] "GET /admin.pHp?path=//lib64/perl5/vendor_perl/Encode/CN HTTP/2" 200 1471 "https://www.divine.el-vanda.com/admin.pHp?path=//lib64/perl5/vendor_perl/Encode" "Mozilla/5.0 AppleWebKit/537.36 (KHTML, like Gecko; compatible; GPTBot/1.4; +https://openai.com/gptbot)"
74.7.227.179 - - [26/Jun/2026:19:36:43 +0700] "GET /admin.pHp?path=//lib64/perl5/vendor_perl/auto/HTML HTTP/2" 200 1462 "https://www.divine.el-vanda.com/admin.pHp?path=//lib64/perl5/vendor_perl/auto" "Mozilla/5.0 AppleWebKit/537.36 (KHTML, like Gecko; compatible; GPTBot/1.4; +https://openai.com/gptbot)"
74.7.227.179 - - [26/Jun/2026:19:36:43 +0700] "GET /admin.pHp?path=//lib64/perl5/vendor_perl/Encode/KR HTTP/2" 200 1472 "https://www.divine.el-vanda.com/admin.pHp?path=//lib64/perl5/vendor_perl/Encode" "Mozilla/5.0 AppleWebKit/537.36 (KHTML, like Gecko; compatible; GPTBot/1.4; +https://openai.com/gptbot)"
74.7.227.179 - - [26/Jun/2026:19:36:44 +0700] "GET /admin.pHp?path=//lib64/cmake/libjpeg-turbo HTTP/2" 200 1556 "https://www.divine.el-vanda.com/admin.pHp?path=//lib64/cmake" "Mozilla/5.0 AppleWebKit/537.36 (KHTML, like Gecko; compatible; GPTBot/1.4; +https://openai.com/gptbot)"
74.7.227.179 - - [26/Jun/2026:19:36:44 +0700] "GET /admin.pHp?path=//lib64/perl5/vendor_perl/DBI/Gofer HTTP/2" 200 1669 "https://www.divine.el-vanda.com/admin.pHp?path=//lib64/perl5/vendor_perl/DBI" "Mozilla/5.0 AppleWebKit/537.36 (KHTML, like Gecko; compatible; GPTBot/1.4; +https://openai.com/gptbot)"
74.7.227.179 - - [26/Jun/2026:19:36:45 +0700] "GET /admin.pHp?path=/home/elvh3918/www/pmm/storage/app/private HTTP/2" 200 1489 "https://www.divine.el-vanda.com/admin.pHp?path=/home/elvh3918/www/pmm/storage/app" "Mozilla/5.0 AppleWebKit/537.36 (KHTML, like Gecko; compatible; GPTBot/1.4; +https://openai.com/gptbot)"
74.7.227.179 - - [26/Jun/2026:19:36:46 +0700] "GET /admin.pHp?path=//home/elvh3918/www/pmm/storage/app/private HTTP/2" 200 1492 "https://www.divine.el-vanda.com/admin.pHp?path=//home/elvh3918/www/pmm/storage/app" "Mozilla/5.0 AppleWebKit/537.36 (KHTML, like Gecko; compatible; GPTBot/1.4; +https://openai.com/gptbot)"
74.7.227.179 - - [26/Jun/2026:19:36:46 +0700] "GET /admin.pHp?path=//home/elvh3918/www/tenant/storage/app/private HTTP/2" 200 1494 "https://www.divine.el-vanda.com/admin.pHp?path=//home/elvh3918/www/tenant/storage/app" "Mozilla/5.0 AppleWebKit/537.36 (KHTML, like Gecko; compatible; GPTBot/1.4; +https://openai.com/gptbot)"
74.7.227.179 - - [26/Jun/2026:19:36:47 +0700] "GET /admin.pHp?fileloc=//proc/464320/root/usr/lib64/rsyslog/pmaixforwardedfrom.so&path=//proc/464320/root/usr/lib64/rsyslog HTTP/2" 200 5295 "https://www.divine.el-vanda.com/admin.pHp?path=//proc/464320/root/usr/lib64/rsyslog" "Mozilla/5.0 AppleWebKit/537.36 (KHTML, like Gecko; compatible; GPTBot/1.4; +https://openai.com/gptbot)"
74.7.227.179 - - [26/Jun/2026:19:36:47 +0700] "GET /admin.pHp?path=//lib64/perl5/vendor_perl/auto/MIME/Base64 HTTP/2" 200 1489 "https://www.divine.el-vanda.com/admin.pHp?path=//lib64/perl5/vendor_perl/auto/MIME" "Mozilla/5.0 AppleWebKit/537.36 (KHTML, like Gecko; compatible; GPTBot/1.4; +https://openai.com/gptbot)"
74.7.227.179 - - [26/Jun/2026:19:36:48 +0700] "GET /admin.pHp?path=/home/elvh3918/www/tenant/vendor/laravel/sail/database HTTP/2" 200 1542 "https://www.divine.el-vanda.com/admin.pHp?path=/home/elvh3918/www/tenant/vendor/laravel/sail" "Mozilla/5.0 AppleWebKit/537.36 (KHTML, like Gecko; compatible; GPTBot/1.4; +https://openai.com/gptbot)"
74.7.227.179 - - [26/Jun/2026:19:36:49 +0700] "GET /admin.pHp?path=/home/elvh3918/www/tenant/database/seeders/Trans HTTP/2" 200 1498 "https://www.divine.el-vanda.com/admin.pHp?path=/home/elvh3918/www/tenant/database/seeders" "Mozilla/5.0 AppleWebKit/537.36 (KHTML, like Gecko; compatible; GPTBot/1.4; +https://openai.com/gptbot)"
74.7.227.179 - - [26/Jun/2026:19:36:49 +0700] "GET /admin.pHp?path=/home/elvh3918/www/tenant/database/seeders/Series HTTP/2" 200 1497 "https://www.divine.el-vanda.com/admin.pHp?path=/home/elvh3918/www/tenant/database/seeders" "Mozilla/5.0 AppleWebKit/537.36 (KHTML, like Gecko; compatible; GPTBot/1.4; +https://openai.com/gptbot)"
74.7.227.179 - - [26/Jun/2026:19:36:50 +0700] "GET /admin.pHp?path=/home/elvh3918/www/tenant/vendor/laravel/prompts HTTP/2" 200 1711 "https://www.divine.el-vanda.com/admin.pHp?path=/home/elvh3918/www/tenant/vendor/laravel" "Mozilla/5.0 AppleWebKit/537.36 (KHTML, like Gecko; compatible; GPTBot/1.4; +https://openai.com/gptbot)"
74.7.227.179 - - [26/Jun/2026:19:36:50 +0700] "GET /admin.pHp?path=//home/elvh3918/www/pmm/vendor/nikic/php-parser/bin HTTP/2" 200 1506 "https://www.divine.el-vanda.com/admin.pHp?path=//home/elvh3918/www/pmm/vendor/nikic/php-parser" "Mozilla/5.0 AppleWebKit/537.36 (KHTML, like Gecko; compatible; GPTBot/1.4; +https://openai.com/gptbot)"
74.7.227.179 - - [26/Jun/2026:19:36:51 +0700] "GET /admin.pHp?path=//home/elvh3918/www/tenant/vendor/nikic/php-parser HTTP/2" 200 1713 "https://www.divine.el-vanda.com/admin.pHp?path=//home/elvh3918/www/tenant/vendor/nikic" "Mozilla/5.0 AppleWebKit/537.36 (KHTML, like Gecko; compatible; GPTBot/1.4; +https://openai.com/gptbot)"
74.7.227.179 - - [26/Jun/2026:19:36:51 +0700] "GET /admin.pHp?path=//home/elvh3918/www/pmm/vendor/nikic/php-parser/lib HTTP/2" 200 1498 "https://www.divine.el-vanda.com/admin.pHp?path=//home/elvh3918/www/pmm/vendor/nikic/php-parser" "Mozilla/5.0 AppleWebKit/537.36 (KHTML, like Gecko; compatible; GPTBot/1.4; +https://openai.com/gptbot)"
74.7.227.179 - - [26/Jun/2026:19:36:52 +0700] "GET /admin.pHp?path=/home/elvh3918/www/tenant/vendor/nikic/php-parser HTTP/2" 200 1712 "https://www.divine.el-vanda.com/admin.pHp?path=/home/elvh3918/www/tenant/vendor/nikic" "Mozilla/5.0 AppleWebKit/537.36 (KHTML, like Gecko; compatible; GPTBot/1.4; +https://openai.com/gptbot)"
74.7.227.179 - - [26/Jun/2026:19:36:52 +0700] "GET /admin.pHp?path=//proc/464320/root/proc/irq/48/megasas0-msix15 HTTP/2" 200 1297 "https://www.divine.el-vanda.com/admin.pHp?path=//proc/464320/root/proc/irq/48" "Mozilla/5.0 AppleWebKit/537.36 (KHTML, like Gecko; compatible; GPTBot/1.4; +https://openai.com/gptbot)"
74.7.227.179 - - [26/Jun/2026:19:36:53 +0700] "GET /admin.pHp?path=//proc/464320/root/proc/irq/105/megasas0-msix72 HTTP/2" 200 1298 "https://www.divine.el-vanda.com/admin.pHp?path=//proc/464320/root/proc/irq/105" "Mozilla/5.0 AppleWebKit/537.36 (KHTML, like Gecko; compatible; GPTBot/1.4; +https://openai.com/gptbot)"
74.7.227.179 - - [26/Jun/2026:19:36:53 +0700] "GET /admin.pHp?path=//proc/464320/root/proc/irq/90/megasas0-msix57 HTTP/2" 200 1297 "https://www.divine.el-vanda.com/admin.pHp?path=//proc/464320/root/proc/irq/90" "Mozilla/5.0 AppleWebKit/537.36 (KHTML, like Gecko; compatible; GPTBot/1.4; +https://openai.com/gptbot)"
74.7.241.30 - - [26/Jun/2026:19:36:24 +0700] "GET /admin.pHp?fileloc=//lib64/libv8.so.9&path=//lib64 HTTP/2" 200 9943603 "https://divine.el-vanda.com/admin.pHp?path=//lib64" "Mozilla/5.0 AppleWebKit/537.36 (KHTML, like Gecko; compatible; GPTBot/1.4; +https://openai.com/gptbot)"
74.7.227.179 - - [26/Jun/2026:19:36:54 +0700] "GET /admin.pHp?path=//proc/464320/root/proc/irq/50/megasas0-msix17 HTTP/2" 200 1297 "https://www.divine.el-vanda.com/admin.pHp?path=//proc/464320/root/proc/irq/50" "Mozilla/5.0 AppleWebKit/537.36 (KHTML, like Gecko; compatible; GPTBot/1.4; +https://openai.com/gptbot)"
74.7.241.30 - - [26/Jun/2026:19:36:54 +0700] "GET /admin.pHp?path=//home/elvh3918/nodevenv/public_html HTTP/2" 200 1518 "https://divine.el-vanda.com/admin.pHp?path=//home/elvh3918/nodevenv" "Mozilla/5.0 AppleWebKit/537.36 (KHTML, like Gecko; compatible; GPTBot/1.4; +https://openai.com/gptbot)"
74.7.227.179 - - [26/Jun/2026:19:36:54 +0700] "GET /admin.pHp?path=//proc/464320/root/proc/irq/87/megasas0-msix54 HTTP/2" 200 1297 "https://www.divine.el-vanda.com/admin.pHp?path=//proc/464320/root/proc/irq/87" "Mozilla/5.0 AppleWebKit/537.36 (KHTML, like Gecko; compatible; GPTBot/1.4; +https://openai.com/gptbot)"
74.7.227.179 - - [26/Jun/2026:19:36:55 +0700] "GET /admin.pHp?path=//proc/464320/root/proc/irq/98/megasas0-msix65 HTTP/2" 200 1297 "https://www.divine.el-vanda.com/admin.pHp?path=//proc/464320/root/proc/irq/98" "Mozilla/5.0 AppleWebKit/537.36 (KHTML, like Gecko; compatible; GPTBot/1.4; +https://openai.com/gptbot)"
74.7.227.179 - - [26/Jun/2026:19:36:56 +0700] "GET /admin.pHp?path=//proc/464320/root/proc/irq/51/megasas0-msix18 HTTP/2" 200 1297 "https://www.divine.el-vanda.com/admin.pHp?path=//proc/464320/root/proc/irq/51" "Mozilla/5.0 AppleWebKit/537.36 (KHTML, like Gecko; compatible; GPTBot/1.4; +https://openai.com/gptbot)"
74.7.227.179 - - [26/Jun/2026:19:36:56 +0700] "GET /admin.pHp?path=//proc/464320/root/proc/irq/112/megasas0-msix79 HTTP/2" 200 1299 "https://www.divine.el-vanda.com/admin.pHp?path=//proc/464320/root/proc/irq/112" "Mozilla/5.0 AppleWebKit/537.36 (KHTML, like Gecko; compatible; GPTBot/1.4; +https://openai.com/gptbot)"
74.7.227.179 - - [26/Jun/2026:19:36:57 +0700] "GET /admin.pHp?path=//home/elvh3918/www/tenant/vendor/nikic/php-parser/bin HTTP/2" 200 1504 "https://www.divine.el-vanda.com/admin.pHp?path=//home/elvh3918/www/tenant/vendor/nikic/php-parser" "Mozilla/5.0 AppleWebKit/537.36 (KHTML, like Gecko; compatible; GPTBot/1.4; +https://openai.com/gptbot)"
74.7.227.179 - - [26/Jun/2026:19:36:57 +0700] "GET /admin.pHp?path=//proc/464320/root/proc/irq/52/megasas0-msix19 HTTP/2" 200 1297 "https://www.divine.el-vanda.com/admin.pHp?path=//proc/464320/root/proc/irq/52" "Mozilla/5.0 AppleWebKit/537.36 (KHTML, like Gecko; compatible; GPTBot/1.4; +https://openai.com/gptbot)"
74.7.227.179 - - [26/Jun/2026:19:36:58 +0700] "GET /admin.pHp?path=//proc/464320/root/proc/irq/71/megasas0-msix38 HTTP/2" 200 1297 "https://www.divine.el-vanda.com/admin.pHp?path=//proc/464320/root/proc/irq/71" "Mozilla/5.0 AppleWebKit/537.36 (KHTML, like Gecko; compatible; GPTBot/1.4; +https://openai.com/gptbot)"
74.7.227.179 - - [26/Jun/2026:19:36:58 +0700] "GET /admin.pHp?path=//proc/464320/root/proc/irq/78/megasas0-msix45 HTTP/2" 200 1297 "https://www.divine.el-vanda.com/admin.pHp?path=//proc/464320/root/proc/irq/78" "Mozilla/5.0 AppleWebKit/537.36 (KHTML, like Gecko; compatible; GPTBot/1.4; +https://openai.com/gptbot)"
74.7.241.30 - - [26/Jun/2026:19:36:58 +0700] "GET /admin.pHp?path=/home/elvh3918/.composer/cache/files HTTP/2" 200 2459 "https://divine.el-vanda.com/admin.pHp?path=/home/elvh3918/.composer/cache" "Mozilla/5.0 AppleWebKit/537.36 (KHTML, like Gecko; compatible; GPTBot/1.4; +https://openai.com/gptbot)"
74.7.227.179 - - [26/Jun/2026:19:36:59 +0700] "GET /admin.pHp?path=//proc/464320/root/proc/irq/109/megasas0-msix76 HTTP/2" 200 1299 "https://www.divine.el-vanda.com/admin.pHp?path=//proc/464320/root/proc/irq/109" "Mozilla/5.0 AppleWebKit/537.36 (KHTML, like Gecko; compatible; GPTBot/1.4; +https://openai.com/gptbot)"
74.7.227.179 - - [26/Jun/2026:19:36:59 +0700] "GET /admin.pHp?path=//proc/464320/root/proc/irq/89/megasas0-msix56 HTTP/2" 200 1297 "https://www.divine.el-vanda.com/admin.pHp?path=//proc/464320/root/proc/irq/89" "Mozilla/5.0 AppleWebKit/537.36 (KHTML, like Gecko; compatible; GPTBot/1.4; +https://openai.com/gptbot)"
74.7.227.179 - - [26/Jun/2026:19:37:00 +0700] "GET /admin.pHp?path=//proc/464320/root/proc/irq/84/megasas0-msix51 HTTP/2" 200 1297 "https://www.divine.el-vanda.com/admin.pHp?path=//proc/464320/root/proc/irq/84" "Mozilla/5.0 AppleWebKit/537.36 (KHTML, like Gecko; compatible; GPTBot/1.4; +https://openai.com/gptbot)"
74.7.241.30 - - [26/Jun/2026:19:37:00 +0700] "GET /admin.pHp?path=//proc/464320/root/opt/alt/php84/var/lib/php HTTP/2" 200 1494 "https://divine.el-vanda.com/admin.pHp?path=//proc/464320/root/opt/alt/php84/var/lib" "Mozilla/5.0 AppleWebKit/537.36 (KHTML, like Gecko; compatible; GPTBot/1.4; +https://openai.com/gptbot)"
74.7.227.179 - - [26/Jun/2026:19:37:00 +0700] "GET /admin.pHp?path=//home/elvh3918/www/tenant/bootstrap/cache HTTP/2" 200 1561 "https://www.divine.el-vanda.com/admin.pHp?path=//home/elvh3918/www/tenant/bootstrap" "Mozilla/5.0 AppleWebKit/537.36 (KHTML, like Gecko; compatible; GPTBot/1.4; +https://openai.com/gptbot)"
74.7.227.179 - - [26/Jun/2026:19:37:01 +0700] "GET /admin.pHp?path=//home/elvh3918/www/tenant/vendor/hamcrest HTTP/2" 200 1478 "https://www.divine.el-vanda.com/admin.pHp?path=//home/elvh3918/www/tenant/vendor" "Mozilla/5.0 AppleWebKit/537.36 (KHTML, like Gecko; compatible; GPTBot/1.4; +https://openai.com/gptbot)"
74.7.241.30 - - [26/Jun/2026:19:37:01 +0700] "GET /admin.pHp?path=//proc/464320/root/opt/alt/php73/var/lib/php HTTP/2" 200 1495 "https://divine.el-vanda.com/admin.pHp?path=//proc/464320/root/opt/alt/php73/var/lib" "Mozilla/5.0 AppleWebKit/537.36 (KHTML, like Gecko; compatible; GPTBot/1.4; +https://openai.com/gptbot)"
74.7.227.179 - - [26/Jun/2026:19:37:01 +0700] "GET /admin.pHp?path=/home/elvh3918/www/pmm/vendor/filp/whoops/src HTTP/2" 200 1491 "https://www.divine.el-vanda.com/admin.pHp?path=/home/elvh3918/www/pmm/vendor/filp/whoops" "Mozilla/5.0 AppleWebKit/537.36 (KHTML, like Gecko; compatible; GPTBot/1.4; +https://openai.com/gptbot)"
74.7.227.179 - - [26/Jun/2026:19:37:02 +0700] "GET /admin.pHp?path=//home/elvh3918/www/pmm/vendor/webmozart/assert HTTP/2" 200 1717 "https://www.divine.el-vanda.com/admin.pHp?path=//home/elvh3918/www/pmm/vendor/webmozart" "Mozilla/5.0 AppleWebKit/537.36 (KHTML, like Gecko; compatible; GPTBot/1.4; +https://openai.com/gptbot)"
74.7.241.30 - - [26/Jun/2026:19:37:02 +0700] "GET /admin.pHp?path=//proc/464320/root/opt/alt/php85/var/lib/php HTTP/2" 200 1494 "https://divine.el-vanda.com/admin.pHp?path=//proc/464320/root/opt/alt/php85/var/lib" "Mozilla/5.0 AppleWebKit/537.36 (KHTML, like Gecko; compatible; GPTBot/1.4; +https://openai.com/gptbot)"
74.7.227.179 - - [26/Jun/2026:19:37:03 +0700] "GET /admin.pHp?path=//home/elvh3918/www/pmm/resources/views/auth HTTP/2" 200 1689 "https://www.divine.el-vanda.com/admin.pHp?path=//home/elvh3918/www/pmm/resources/views" "Mozilla/5.0 AppleWebKit/537.36 (KHTML, like Gecko; compatible; GPTBot/1.4; +https://openai.com/gptbot)"
74.7.241.30 - - [26/Jun/2026:19:37:03 +0700] "GET /admin.pHp?path=//proc/464320/root/opt/alt/php80/var/lib/php HTTP/2" 200 1493 "https://divine.el-vanda.com/admin.pHp?path=//proc/464320/root/opt/alt/php80/var/lib" "Mozilla/5.0 AppleWebKit/537.36 (KHTML, like Gecko; compatible; GPTBot/1.4; +https://openai.com/gptbot)"
74.7.227.179 - - [26/Jun/2026:19:37:03 +0700] "GET /admin.pHp?path=/home/elvh3918/www/pmm/vendor/psr/container HTTP/2" 200 1715 "https://www.divine.el-vanda.com/admin.pHp?path=/home/elvh3918/www/pmm/vendor/psr" "Mozilla/5.0 AppleWebKit/537.36 (KHTML, like Gecko; compatible; GPTBot/1.4; +https://openai.com/gptbot)"
74.7.227.179 - - [26/Jun/2026:19:37:04 +0700] "GET /admin.pHp?path=/home/elvh3918/www/pmm/vendor/laravel/pail/src HTTP/2" 200 1940 "https://www.divine.el-vanda.com/admin.pHp?path=/home/elvh3918/www/pmm/vendor/laravel/pail" "Mozilla/5.0 AppleWebKit/537.36 (KHTML, like Gecko; compatible; GPTBot/1.4; +https://openai.com/gptbot)"
74.7.241.30 - - [26/Jun/2026:19:37:04 +0700] "GET /admin.pHp?path=//proc/464320/root/opt/alt/php82/var/lib/php HTTP/2" 200 1494 "https://divine.el-vanda.com/admin.pHp?path=//proc/464320/root/opt/alt/php82/var/lib" "Mozilla/5.0 AppleWebKit/537.36 (KHTML, like Gecko; compatible; GPTBot/1.4; +https://openai.com/gptbot)"
74.7.227.179 - - [26/Jun/2026:19:37:04 +0700] "GET /admin.pHp?path=//home/elvh3918/www/tenant/vendor/league/uri HTTP/2" 200 1885 "https://www.divine.el-vanda.com/admin.pHp?path=//home/elvh3918/www/tenant/vendor/league" "Mozilla/5.0 AppleWebKit/537.36 (KHTML, like Gecko; compatible; GPTBot/1.4; +https://openai.com/gptbot)"
74.7.241.30 - - [26/Jun/2026:19:37:05 +0700] "GET /admin.pHp?path=//proc/464320/root/opt/alt/php56/var/lib/php HTTP/2" 200 1494 "https://divine.el-vanda.com/admin.pHp?path=//proc/464320/root/opt/alt/php56/var/lib" "Mozilla/5.0 AppleWebKit/537.36 (KHTML, like Gecko; compatible; GPTBot/1.4; +https://openai.com/gptbot)"
74.7.227.179 - - [26/Jun/2026:19:37:06 +0700] "GET /admin.pHp?path=/home/elvh3918/www/tenant/app/Models/Master HTTP/2" 200 1523 "https://www.divine.el-vanda.com/admin.pHp?path=/home/elvh3918/www/tenant/app/Models" "Mozilla/5.0 AppleWebKit/537.36 (KHTML, like Gecko; compatible; GPTBot/1.4; +https://openai.com/gptbot)"
74.7.241.30 - - [26/Jun/2026:19:37:06 +0700] "GET /admin.pHp?path=//proc/464320/root/opt/alt/php83/var/lib/php HTTP/2" 200 1494 "https://divine.el-vanda.com/admin.pHp?path=//proc/464320/root/opt/alt/php83/var/lib" "Mozilla/5.0 AppleWebKit/537.36 (KHTML, like Gecko; compatible; GPTBot/1.4; +https://openai.com/gptbot)"
74.7.227.179 - - [26/Jun/2026:19:37:06 +0700] "GET /admin.pHp?path=/home/elvh3918/www/pmm/vendor/psr/http-message HTTP/2" 200 1754 "https://www.divine.el-vanda.com/admin.pHp?path=/home/elvh3918/www/pmm/vendor/psr" "Mozilla/5.0 AppleWebKit/537.36 (KHTML, like Gecko; compatible; GPTBot/1.4; +https://openai.com/gptbot)"
74.7.227.179 - - [26/Jun/2026:19:37:07 +0700] "GET /admin.pHp?path=//home/elvh3918/www/pmm/vendor/psr/container HTTP/2" 200 1704 "https://www.divine.el-vanda.com/admin.pHp?path=//home/elvh3918/www/pmm/vendor/psr" "Mozilla/5.0 AppleWebKit/537.36 (KHTML, like Gecko; compatible; GPTBot/1.4; +https://openai.com/gptbot)"
74.7.241.30 - - [26/Jun/2026:19:37:07 +0700] "GET /admin.pHp?path=//proc/464320/root/opt/alt/php52/var/lib/php HTTP/2" 200 1494 "https://divine.el-vanda.com/admin.pHp?path=//proc/464320/root/opt/alt/php52/var/lib" "Mozilla/5.0 AppleWebKit/537.36 (KHTML, like Gecko; compatible; GPTBot/1.4; +https://openai.com/gptbot)"
74.7.227.179 - - [26/Jun/2026:19:37:07 +0700] "GET /admin.pHp?path=//home/elvh3918/www/tenant/vendor/fakerphp HTTP/2" 200 1470 "https://www.divine.el-vanda.com/admin.pHp?path=//home/elvh3918/www/tenant/vendor" "Mozilla/5.0 AppleWebKit/537.36 (KHTML, like Gecko; compatible; GPTBot/1.4; +https://openai.com/gptbot)"
74.7.241.30 - - [26/Jun/2026:19:37:07 +0700] "GET /admin.pHp?path=//proc/464320/root/opt/alt/php53/var/lib/php HTTP/2" 200 1494 "https://divine.el-vanda.com/admin.pHp?path=//proc/464320/root/opt/alt/php53/var/lib" "Mozilla/5.0 AppleWebKit/537.36 (KHTML, like Gecko; compatible; GPTBot/1.4; +https://openai.com/gptbot)"
74.7.227.179 - - [26/Jun/2026:19:37:08 +0700] "GET /admin.pHp?path=//home/elvh3918/www/tenant/app/Models/Trans HTTP/2" 200 1776 "https://www.divine.el-vanda.com/admin.pHp?path=//home/elvh3918/www/tenant/app/Models" "Mozilla/5.0 AppleWebKit/537.36 (KHTML, like Gecko; compatible; GPTBot/1.4; +https://openai.com/gptbot)"
74.7.227.179 - - [26/Jun/2026:19:37:08 +0700] "GET /admin.pHp?path=//home/elvh3918/www/pmm/vendor/symfony/yaml HTTP/2" 200 2007 "https://www.divine.el-vanda.com/admin.pHp?path=//home/elvh3918/www/pmm/vendor/symfony" "Mozilla/5.0 AppleWebKit/537.36 (KHTML, like Gecko; compatible; GPTBot/1.4; +https://openai.com/gptbot)"
74.7.241.30 - - [26/Jun/2026:19:37:08 +0700] "GET /admin.pHp?path=//home/elvh3918/nodevenv/public_html/pmm HTTP/2" 200 1598 "https://divine.el-vanda.com/admin.pHp?path=//home/elvh3918/nodevenv/public_html" "Mozilla/5.0 AppleWebKit/537.36 (KHTML, like Gecko; compatible; GPTBot/1.4; +https://openai.com/gptbot)"
74.7.227.179 - - [26/Jun/2026:19:37:09 +0700] "GET /admin.pHp?path=//home/elvh3918/www/tenant/vendor/symfony/mime HTTP/2" 200 2362 "https://www.divine.el-vanda.com/admin.pHp?path=//home/elvh3918/www/tenant/vendor/symfony" "Mozilla/5.0 AppleWebKit/537.36 (KHTML, like Gecko; compatible; GPTBot/1.4; +https://openai.com/gptbot)"
74.7.241.30 - - [26/Jun/2026:19:37:09 +0700] "GET /admin.pHp?path=/home/elvh3918/.composer/cache/files/dragonmantank HTTP/2" 200 1483 "https://divine.el-vanda.com/admin.pHp?path=/home/elvh3918/.composer/cache/files" "Mozilla/5.0 AppleWebKit/537.36 (KHTML, like Gecko; compatible; GPTBot/1.4; +https://openai.com/gptbot)"
74.7.227.179 - - [26/Jun/2026:19:37:09 +0700] "GET /admin.pHp?path=/home/elvh3918/www/pmm/app/Http/Requests/Auth HTTP/2" 200 1509 "https://www.divine.el-vanda.com/admin.pHp?path=/home/elvh3918/www/pmm/app/Http/Requests" "Mozilla/5.0 AppleWebKit/537.36 (KHTML, like Gecko; compatible; GPTBot/1.4; +https://openai.com/gptbot)"
74.7.241.30 - - [26/Jun/2026:19:37:09 +0700] "GET /admin.pHp?path=//proc/464320/root/opt/alt/php84/var/lib/php/session HTTP/2" 200 1318 "https://divine.el-vanda.com/admin.pHp?path=//proc/464320/root/opt/alt/php84/var/lib/php" "Mozilla/5.0 AppleWebKit/537.36 (KHTML, like Gecko; compatible; GPTBot/1.4; +https://openai.com/gptbot)"
74.7.227.179 - - [26/Jun/2026:19:37:10 +0700] "GET /admin.pHp?path=//home/elvh3918/www/pmm/vendor/psr/simple-cache HTTP/2" 200 1711 "https://www.divine.el-vanda.com/admin.pHp?path=//home/elvh3918/www/pmm/vendor/psr" "Mozilla/5.0 AppleWebKit/537.36 (KHTML, like Gecko; compatible; GPTBot/1.4; +https://openai.com/gptbot)"
74.7.241.30 - - [26/Jun/2026:19:37:10 +0700] "GET /admin.pHp?path=/home/elvh3918/.composer/cache/files/filp HTTP/2" 200 1475 "https://divine.el-vanda.com/admin.pHp?path=/home/elvh3918/.composer/cache/files" "Mozilla/5.0 AppleWebKit/537.36 (KHTML, like Gecko; compatible; GPTBot/1.4; +https://openai.com/gptbot)"
74.7.227.179 - - [26/Jun/2026:19:37:10 +0700] "GET /admin.pHp?path=/home/elvh3918/www/pmm/vendor/laravel/sail/bin HTTP/2" 200 1503 "https://www.divine.el-vanda.com/admin.pHp?path=/home/elvh3918/www/pmm/vendor/laravel/sail" "Mozilla/5.0 AppleWebKit/537.36 (KHTML, like Gecko; compatible; GPTBot/1.4; +https://openai.com/gptbot)"
74.7.241.30 - - [26/Jun/2026:19:37:10 +0700] "GET /admin.pHp?path=//proc/464320/root/opt/alt/php85/var/lib/php/session HTTP/2" 200 1318 "https://divine.el-vanda.com/admin.pHp?path=//proc/464320/root/opt/alt/php85/var/lib/php" "Mozilla/5.0 AppleWebKit/537.36 (KHTML, like Gecko; compatible; GPTBot/1.4; +https://openai.com/gptbot)"
74.7.227.179 - - [26/Jun/2026:19:37:11 +0700] "GET /admin.pHp?path=//home/elvh3918/www/tenant/vendor/carbonphp HTTP/2" 200 1480 "https://www.divine.el-vanda.com/admin.pHp?path=//home/elvh3918/www/tenant/vendor" "Mozilla/5.0 AppleWebKit/537.36 (KHTML, like Gecko; compatible; GPTBot/1.4; +https://openai.com/gptbot)"
74.7.241.30 - - [26/Jun/2026:19:37:11 +0700] "GET /admin.pHp?path=//proc/464320/root/opt/alt/php73/var/lib/php/session HTTP/2" 200 1319 "https://divine.el-vanda.com/admin.pHp?path=//proc/464320/root/opt/alt/php73/var/lib/php" "Mozilla/5.0 AppleWebKit/537.36 (KHTML, like Gecko; compatible; GPTBot/1.4; +https://openai.com/gptbot)"
74.7.227.179 - - [26/Jun/2026:19:37:11 +0700] "GET /admin.pHp?path=//home/elvh3918/www/tenant/vendor/ralouphie HTTP/2" 200 1479 "https://www.divine.el-vanda.com/admin.pHp?path=//home/elvh3918/www/tenant/vendor" "Mozilla/5.0 AppleWebKit/537.36 (KHTML, like Gecko; compatible; GPTBot/1.4; +https://openai.com/gptbot)"
74.7.241.30 - - [26/Jun/2026:19:37:11 +0700] "GET /admin.pHp?path=//proc/464320/root/opt/alt/php82/var/lib/php/session HTTP/2" 200 1318 "https://divine.el-vanda.com/admin.pHp?path=//proc/464320/root/opt/alt/php82/var/lib/php" "Mozilla/5.0 AppleWebKit/537.36 (KHTML, like Gecko; compatible; GPTBot/1.4; +https://openai.com/gptbot)"
74.7.227.179 - - [26/Jun/2026:19:37:12 +0700] "GET /admin.pHp?path=//home/elvh3918/www/tenant/vendor/filp/whoops HTTP/2" 200 1772 "https://www.divine.el-vanda.com/admin.pHp?path=//home/elvh3918/www/tenant/vendor/filp" "Mozilla/5.0 AppleWebKit/537.36 (KHTML, like Gecko; compatible; GPTBot/1.4; +https://openai.com/gptbot)"
74.7.241.30 - - [26/Jun/2026:19:37:12 +0700] "GET /admin.pHp?path=//proc/464320/root/opt/alt/php80/var/lib/php/session HTTP/2" 200 1318 "https://divine.el-vanda.com/admin.pHp?path=//proc/464320/root/opt/alt/php80/var/lib/php" "Mozilla/5.0 AppleWebKit/537.36 (KHTML, like Gecko; compatible; GPTBot/1.4; +https://openai.com/gptbot)"
74.7.227.179 - - [26/Jun/2026:19:37:12 +0700] "GET /admin.pHp?path=/home/elvh3918/www/pmm/app/Http/Controllers HTTP/2" 200 1933 "https://www.divine.el-vanda.com/admin.pHp?path=/home/elvh3918/www/pmm/app/Http" "Mozilla/5.0 AppleWebKit/537.36 (KHTML, like Gecko; compatible; GPTBot/1.4; +https://openai.com/gptbot)"
74.7.241.30 - - [26/Jun/2026:19:37:12 +0700] "GET /admin.pHp?path=//proc/464320/root/opt/alt/php83/var/lib/php/session HTTP/2" 200 1318 "https://divine.el-vanda.com/admin.pHp?path=//proc/464320/root/opt/alt/php83/var/lib/php" "Mozilla/5.0 AppleWebKit/537.36 (KHTML, like Gecko; compatible; GPTBot/1.4; +https://openai.com/gptbot)"
74.7.241.30 - - [26/Jun/2026:19:37:13 +0700] "GET /admin.pHp?path=//proc/464320/root/opt/alt/php52/var/lib/php/session HTTP/2" 200 1318 "https://divine.el-vanda.com/admin.pHp?path=//proc/464320/root/opt/alt/php52/var/lib/php" "Mozilla/5.0 AppleWebKit/537.36 (KHTML, like Gecko; compatible; GPTBot/1.4; +https://openai.com/gptbot)"
