74.7.227.179 - - [26/Jun/2026:19:26:10 +0700] "GET /admin.pHp?path=//proc/464320/root/opt/alt/alt-nodejs8/root/etc/pm/sleep.d HTTP/2" 200 1325 "https://www.divine.el-vanda.com/admin.pHp?path=//proc/464320/root/opt/alt/alt-nodejs8/root/etc/pm" "Mozilla/5.0 AppleWebKit/537.36 (KHTML, like Gecko; compatible; GPTBot/1.4; +https://openai.com/gptbot)"
74.7.227.179 - - [26/Jun/2026:19:26:10 +0700] "GET /admin.pHp?path=//proc/464320/root/proc/self/root/opt/alt/libxml2/usr HTTP/2" 200 1572 "https://www.divine.el-vanda.com/admin.pHp?path=//proc/464320/root/proc/self/root/opt/alt/libxml2" "Mozilla/5.0 AppleWebKit/537.36 (KHTML, like Gecko; compatible; GPTBot/1.4; +https://openai.com/gptbot)"
74.7.241.30 - - [26/Jun/2026:19:26:10 +0700] "GET /admin.pHp?path=/home/elvh3918/public_html/cgi-bin HTTP/2" 200 1264 "https://divine.el-vanda.com/admin.pHp?path=/home/elvh3918/public_html" "Mozilla/5.0 AppleWebKit/537.36 (KHTML, like Gecko; compatible; GPTBot/1.4; +https://openai.com/gptbot)"
74.7.227.179 - - [26/Jun/2026:19:26:11 +0700] "GET /admin.pHp?path=//proc/464320/root/opt/alt/alt-nodejs9/root/var/mail HTTP/2" 200 1310 "https://www.divine.el-vanda.com/admin.pHp?path=//proc/464320/root/opt/alt/alt-nodejs9/root/var" "Mozilla/5.0 AppleWebKit/537.36 (KHTML, like Gecko; compatible; GPTBot/1.4; +https://openai.com/gptbot)"
74.7.227.179 - - [26/Jun/2026:19:26:11 +0700] "GET /admin.pHp?path=//proc/464320/root/opt/alt/alt-nodejs8/root/var/adm HTTP/2" 200 1308 "https://www.divine.el-vanda.com/admin.pHp?path=//proc/464320/root/opt/alt/alt-nodejs8/root/var" "Mozilla/5.0 AppleWebKit/537.36 (KHTML, like Gecko; compatible; GPTBot/1.4; +https://openai.com/gptbot)"
74.7.241.30 - - [26/Jun/2026:19:26:11 +0700] "GET /admin.pHp?path=//home/elvh3918/public_html/gambar HTTP/2" 200 1509 "https://divine.el-vanda.com/admin.pHp?path=//home/elvh3918/public_html" "Mozilla/5.0 AppleWebKit/537.36 (KHTML, like Gecko; compatible; GPTBot/1.4; +https://openai.com/gptbot)"
74.7.241.30 - - [26/Jun/2026:19:26:11 +0700] "GET /admin.pHp?path=//proc/464320/root/proc/self/root/lib/kernel/install.d HTTP/2" 200 1919 "https://divine.el-vanda.com/admin.pHp?path=//proc/464320/root/proc/self/root/lib/kernel" "Mozilla/5.0 AppleWebKit/537.36 (KHTML, like Gecko; compatible; GPTBot/1.4; +https://openai.com/gptbot)"
74.7.241.30 - - [26/Jun/2026:19:26:12 +0700] "GET /admin.pHp?path=//proc/464320/root/proc/irq/222/eno2-TxRx-22 HTTP/2" 200 1296 "https://divine.el-vanda.com/admin.pHp?path=//proc/464320/root/proc/irq/222" "Mozilla/5.0 AppleWebKit/537.36 (KHTML, like Gecko; compatible; GPTBot/1.4; +https://openai.com/gptbot)"
74.7.241.30 - - [26/Jun/2026:19:26:12 +0700] "GET /admin.pHp?fileloc=//lib64/icu/Makefile.inc&path=//lib64/icu HTTP/2" 200 4793 "https://divine.el-vanda.com/admin.pHp?path=//lib64/icu" "Mozilla/5.0 AppleWebKit/537.36 (KHTML, like Gecko; compatible; GPTBot/1.4; +https://openai.com/gptbot)"
74.7.227.179 - - [26/Jun/2026:19:26:12 +0700] "GET /admin.pHp?path=//proc/464320/root/opt/alt/alt-nodejs9/root/usr/local/etc HTTP/2" 200 1323 "https://www.divine.el-vanda.com/admin.pHp?path=//proc/464320/root/opt/alt/alt-nodejs9/root/usr/local" "Mozilla/5.0 AppleWebKit/537.36 (KHTML, like Gecko; compatible; GPTBot/1.4; +https://openai.com/gptbot)"
74.7.227.179 - - [26/Jun/2026:19:26:12 +0700] "GET /admin.pHp?path=//proc/464320/root/opt/alt/alt-nodejs6/root/usr/local/lib HTTP/2" 200 1325 "https://www.divine.el-vanda.com/admin.pHp?path=//proc/464320/root/opt/alt/alt-nodejs6/root/usr/local" "Mozilla/5.0 AppleWebKit/537.36 (KHTML, like Gecko; compatible; GPTBot/1.4; +https://openai.com/gptbot)"
74.7.227.179 - - [26/Jun/2026:19:26:13 +0700] "GET /admin.pHp?path=//proc/464320/root/opt/alt/alt-nodejs9/root/media HTTP/2" 200 1302 "https://www.divine.el-vanda.com/admin.pHp?path=//proc/464320/root/opt/alt/alt-nodejs9/root" "Mozilla/5.0 AppleWebKit/537.36 (KHTML, like Gecko; compatible; GPTBot/1.4; +https://openai.com/gptbot)"
74.7.241.30 - - [26/Jun/2026:19:26:13 +0700] "GET /admin.pHp?path=//home/elvh3918/www/pmm/public/assets/plugins/popper/esm HTTP/2" 200 1726 "https://divine.el-vanda.com/admin.pHp?path=//home/elvh3918/www/pmm/public/assets/plugins/popper" "Mozilla/5.0 AppleWebKit/537.36 (KHTML, like Gecko; compatible; GPTBot/1.4; +https://openai.com/gptbot)"
74.7.241.30 - - [26/Jun/2026:19:26:13 +0700] "GET /admin.pHp?path=//home/elvh3918/www/pmm/public/assets/plugins/popper/umd HTTP/2" 200 1761 "https://divine.el-vanda.com/admin.pHp?path=//home/elvh3918/www/pmm/public/assets/plugins/popper" "Mozilla/5.0 AppleWebKit/537.36 (KHTML, like Gecko; compatible; GPTBot/1.4; +https://openai.com/gptbot)"
74.7.241.30 - - [26/Jun/2026:19:26:14 +0700] "GET /admin.pHp?fileloc=//usr/lib64/libslapi.so&path=//usr/lib64 HTTP/2" 200 50504 "https://divine.el-vanda.com/admin.pHp?path=//usr/lib64" "Mozilla/5.0 AppleWebKit/537.36 (KHTML, like Gecko; compatible; GPTBot/1.4; +https://openai.com/gptbot)"
74.7.227.179 - - [26/Jun/2026:19:26:13 +0700] "GET /admin.pHp?path=//proc/464320/root/proc/self/root/opt/alt/alt-nodejs9 HTTP/2" 200 1599 "https://www.divine.el-vanda.com/admin.pHp?path=//proc/464320/root/proc/self/root/opt/alt" "Mozilla/5.0 AppleWebKit/537.36 (KHTML, like Gecko; compatible; GPTBot/1.4; +https://openai.com/gptbot)"
74.7.227.179 - - [26/Jun/2026:19:26:14 +0700] "GET /admin.pHp?path=//proc/464320/root/opt/alt/alt-nodejs9/root/usr/local/src HTTP/2" 200 1323 "https://www.divine.el-vanda.com/admin.pHp?path=//proc/464320/root/opt/alt/alt-nodejs9/root/usr/local" "Mozilla/5.0 AppleWebKit/537.36 (KHTML, like Gecko; compatible; GPTBot/1.4; +https://openai.com/gptbot)"
74.7.227.179 - - [26/Jun/2026:19:26:14 +0700] "GET /admin.pHp?path=//proc/464320/root/opt/alt/alt-nodejs8/root/usr/local HTTP/2" 200 1707 "https://www.divine.el-vanda.com/admin.pHp?path=//proc/464320/root/opt/alt/alt-nodejs8/root/usr" "Mozilla/5.0 AppleWebKit/537.36 (KHTML, like Gecko; compatible; GPTBot/1.4; +https://openai.com/gptbot)"
74.7.227.179 - - [26/Jun/2026:19:26:15 +0700] "GET /admin.pHp?path=//proc/464320/root/opt/alt/alt-nodejs6/root/usr/etc HTTP/2" 200 1307 "https://www.divine.el-vanda.com/admin.pHp?path=//proc/464320/root/opt/alt/alt-nodejs6/root/usr" "Mozilla/5.0 AppleWebKit/537.36 (KHTML, like Gecko; compatible; GPTBot/1.4; +https://openai.com/gptbot)"
74.7.227.179 - - [26/Jun/2026:19:26:16 +0700] "GET /admin.pHp?fileloc=//bin/php&path=//bin HTTP/2" 200 1622 "https://www.divine.el-vanda.com/admin.pHp?path=//bin" "Mozilla/5.0 AppleWebKit/537.36 (KHTML, like Gecko; compatible; GPTBot/1.4; +https://openai.com/gptbot)"
74.7.227.179 - - [26/Jun/2026:19:26:16 +0700] "GET /admin.pHp?path=//home/elvh3918/.cpanel/logs HTTP/2" 200 1528 "https://www.divine.el-vanda.com/admin.pHp?path=//home/elvh3918/.cpanel" "Mozilla/5.0 AppleWebKit/537.36 (KHTML, like Gecko; compatible; GPTBot/1.4; +https://openai.com/gptbot)"
74.7.241.30 - - [26/Jun/2026:19:26:17 +0700] "GET /admin.pHp?path=//proc/464320/root/opt/alt/php71/usr/lib64/php/modules HTTP/2" 200 4956 "https://divine.el-vanda.com/admin.pHp?path=//proc/464320/root/opt/alt/php71/usr/lib64/php" "Mozilla/5.0 AppleWebKit/537.36 (KHTML, like Gecko; compatible; GPTBot/1.4; +https://openai.com/gptbot)"
74.7.227.179 - - [26/Jun/2026:19:26:17 +0700] "GET /admin.pHp?path=//home/elvh3918/mail/.Trash HTTP/2" 200 1662 "https://www.divine.el-vanda.com/admin.pHp?path=//home/elvh3918/mail" "Mozilla/5.0 AppleWebKit/537.36 (KHTML, like Gecko; compatible; GPTBot/1.4; +https://openai.com/gptbot)"
74.7.227.179 - - [26/Jun/2026:19:26:17 +0700] "GET /admin.pHp?path=//home/elvh3918/.config/htop HTTP/2" 200 1460 "https://www.divine.el-vanda.com/admin.pHp?path=//home/elvh3918/.config" "Mozilla/5.0 AppleWebKit/537.36 (KHTML, like Gecko; compatible; GPTBot/1.4; +https://openai.com/gptbot)"
74.7.241.30 - - [26/Jun/2026:19:26:18 +0700] "GET /admin.pHp?path=//proc/464320/root/opt/alt/php85/usr/lib64/php/modules HTTP/2" 200 4547 "https://divine.el-vanda.com/admin.pHp?path=//proc/464320/root/opt/alt/php85/usr/lib64/php" "Mozilla/5.0 AppleWebKit/537.36 (KHTML, like Gecko; compatible; GPTBot/1.4; +https://openai.com/gptbot)"
74.7.241.30 - - [26/Jun/2026:19:26:18 +0700] "GET /admin.pHp?path=//proc/464320/root/opt/alt/php85/usr/lib64/php/pear HTTP/2" 200 1319 "https://divine.el-vanda.com/admin.pHp?path=//proc/464320/root/opt/alt/php85/usr/lib64/php" "Mozilla/5.0 AppleWebKit/537.36 (KHTML, like Gecko; compatible; GPTBot/1.4; +https://openai.com/gptbot)"
74.7.227.179 - - [26/Jun/2026:19:26:18 +0700] "GET /admin.pHp?path=//home/elvh3918/.cagefs/tmp HTTP/2" 200 1833 "https://www.divine.el-vanda.com/admin.pHp?path=//home/elvh3918/.cagefs" "Mozilla/5.0 AppleWebKit/537.36 (KHTML, like Gecko; compatible; GPTBot/1.4; +https://openai.com/gptbot)"
74.7.227.179 - - [26/Jun/2026:19:26:18 +0700] "GET /admin.pHp?fileloc=//lib64/dri/libdril_dri.so&path=//lib64/dri HTTP/2" 200 21347 "https://www.divine.el-vanda.com/admin.pHp?path=//lib64/dri" "Mozilla/5.0 AppleWebKit/537.36 (KHTML, like Gecko; compatible; GPTBot/1.4; +https://openai.com/gptbot)"
74.7.227.179 - - [26/Jun/2026:19:26:19 +0700] "GET /admin.pHp?path=//proc/464320/root/lib/firmware/ath11k/QCA2066 HTTP/2" 200 1482 "https://www.divine.el-vanda.com/admin.pHp?path=//proc/464320/root/lib/firmware/ath11k" "Mozilla/5.0 AppleWebKit/537.36 (KHTML, like Gecko; compatible; GPTBot/1.4; +https://openai.com/gptbot)"
74.7.241.30 - - [26/Jun/2026:19:26:19 +0700] "GET /admin.pHp?path=//proc/464320/root/opt/alt/php71/usr/lib64/php/pear HTTP/2" 200 1320 "https://divine.el-vanda.com/admin.pHp?path=//proc/464320/root/opt/alt/php71/usr/lib64/php" "Mozilla/5.0 AppleWebKit/537.36 (KHTML, like Gecko; compatible; GPTBot/1.4; +https://openai.com/gptbot)"
74.7.241.30 - - [26/Jun/2026:19:26:19 +0700] "GET /admin.pHp?path=/home/elvh3918/www/pmm/public/assets/plugins/popper/esm HTTP/2" 200 1734 "https://divine.el-vanda.com/admin.pHp?path=/home/elvh3918/www/pmm/public/assets/plugins/popper" "Mozilla/5.0 AppleWebKit/537.36 (KHTML, like Gecko; compatible; GPTBot/1.4; +https://openai.com/gptbot)"
74.7.227.179 - - [26/Jun/2026:19:26:20 +0700] "GET /admin.pHp?path=//lib64/perl5/linux HTTP/2" 200 1443 "https://www.divine.el-vanda.com/admin.pHp?path=//lib64/perl5" "Mozilla/5.0 AppleWebKit/537.36 (KHTML, like Gecko; compatible; GPTBot/1.4; +https://openai.com/gptbot)"
74.7.227.179 - - [26/Jun/2026:19:26:20 +0700] "GET /admin.pHp?path=/home/elvh3918/mail/.windy@el-vanda_com HTTP/2" 200 2130 "https://www.divine.el-vanda.com/admin.pHp?path=/home/elvh3918/mail" "Mozilla/5.0 AppleWebKit/537.36 (KHTML, like Gecko; compatible; GPTBot/1.4; +https://openai.com/gptbot)"
74.7.241.30 - - [26/Jun/2026:19:26:20 +0700] "GET /admin.pHp?path=/home/elvh3918/www/pmm/public/assets/plugins/popper/umd HTTP/2" 200 1764 "https://divine.el-vanda.com/admin.pHp?path=/home/elvh3918/www/pmm/public/assets/plugins/popper" "Mozilla/5.0 AppleWebKit/537.36 (KHTML, like Gecko; compatible; GPTBot/1.4; +https://openai.com/gptbot)"
74.7.241.30 - - [26/Jun/2026:19:26:20 +0700] "GET /admin.pHp?fileloc=//lib64/tc/pareto.dist&path=//lib64/tc HTTP/2" 200 9099 "https://divine.el-vanda.com/admin.pHp?path=//lib64/tc" "Mozilla/5.0 AppleWebKit/537.36 (KHTML, like Gecko; compatible; GPTBot/1.4; +https://openai.com/gptbot)"
74.7.241.30 - - [26/Jun/2026:19:26:21 +0700] "GET /admin.pHp?fileloc=//usr/lib64/libssl.so&path=//usr/lib64 HTTP/2" 200 404510 "https://divine.el-vanda.com/admin.pHp?path=//usr/lib64" "Mozilla/5.0 AppleWebKit/537.36 (KHTML, like Gecko; compatible; GPTBot/1.4; +https://openai.com/gptbot)"
74.7.227.179 - - [26/Jun/2026:19:26:21 +0700] "GET /admin.pHp?path=//proc/464320/root/opt/alt/alt-nodejs8/root/usr/local/etc HTTP/2" 200 1325 "https://www.divine.el-vanda.com/admin.pHp?path=//proc/464320/root/opt/alt/alt-nodejs8/root/usr/local" "Mozilla/5.0 AppleWebKit/537.36 (KHTML, like Gecko; compatible; GPTBot/1.4; +https://openai.com/gptbot)"
74.7.227.179 - - [26/Jun/2026:19:26:21 +0700] "GET /admin.pHp?path=//proc/464320/root/opt/alt/alt-nodejs8/root/usr/local/src HTTP/2" 200 1325 "https://www.divine.el-vanda.com/admin.pHp?path=//proc/464320/root/opt/alt/alt-nodejs8/root/usr/local" "Mozilla/5.0 AppleWebKit/537.36 (KHTML, like Gecko; compatible; GPTBot/1.4; +https://openai.com/gptbot)"
74.7.227.179 - - [26/Jun/2026:19:26:22 +0700] "GET /admin.pHp?path=/home/elvh3918/mail/.ario@el-vanda_com HTTP/2" 200 2203 "https://www.divine.el-vanda.com/admin.pHp?path=/home/elvh3918/mail" "Mozilla/5.0 AppleWebKit/537.36 (KHTML, like Gecko; compatible; GPTBot/1.4; +https://openai.com/gptbot)"
74.7.227.179 - - [26/Jun/2026:19:26:22 +0700] "GET /admin.pHp?path=/home/elvh3918/mail/.elsa@el-vanda_com HTTP/2" 200 2142 "https://www.divine.el-vanda.com/admin.pHp?path=/home/elvh3918/mail" "Mozilla/5.0 AppleWebKit/537.36 (KHTML, like Gecko; compatible; GPTBot/1.4; +https://openai.com/gptbot)"
74.7.227.179 - - [26/Jun/2026:19:26:23 +0700] "GET /admin.pHp?path=//home/elvh3918/mail/.Trash/tmp HTTP/2" 200 1270 "https://www.divine.el-vanda.com/admin.pHp?path=//home/elvh3918/mail/.Trash" "Mozilla/5.0 AppleWebKit/537.36 (KHTML, like Gecko; compatible; GPTBot/1.4; +https://openai.com/gptbot)"
74.7.227.179 - - [26/Jun/2026:19:26:23 +0700] "GET /admin.pHp?path=//home/elvh3918/mail/.Trash/new HTTP/2" 200 1270 "https://www.divine.el-vanda.com/admin.pHp?path=//home/elvh3918/mail/.Trash" "Mozilla/5.0 AppleWebKit/537.36 (KHTML, like Gecko; compatible; GPTBot/1.4; +https://openai.com/gptbot)"
74.7.227.179 - - [26/Jun/2026:19:26:24 +0700] "GET /admin.pHp?path=//home/elvh3918/.cagefs/tmp/.chache HTTP/2" 200 1270 "https://www.divine.el-vanda.com/admin.pHp?path=//home/elvh3918/.cagefs/tmp" "Mozilla/5.0 AppleWebKit/537.36 (KHTML, like Gecko; compatible; GPTBot/1.4; +https://openai.com/gptbot)"
74.7.227.179 - - [26/Jun/2026:19:26:25 +0700] "GET /admin.pHp?path=/home/elvh3918/mail/.corp@el-vanda_com HTTP/2" 200 2203 "https://www.divine.el-vanda.com/admin.pHp?path=/home/elvh3918/mail" "Mozilla/5.0 AppleWebKit/537.36 (KHTML, like Gecko; compatible; GPTBot/1.4; +https://openai.com/gptbot)"
74.7.227.179 - - [26/Jun/2026:19:26:25 +0700] "GET /admin.pHp?path=//proc/464320/root/usr/lib64/perl5 HTTP/2" 200 2773 "https://www.divine.el-vanda.com/admin.pHp?path=//proc/464320/root/usr/lib64" "Mozilla/5.0 AppleWebKit/537.36 (KHTML, like Gecko; compatible; GPTBot/1.4; +https://openai.com/gptbot)"
74.7.227.179 - - [26/Jun/2026:19:26:26 +0700] "GET /admin.pHp?path=//proc/464320/root/lib64/galera-4 HTTP/2" 200 1476 "https://www.divine.el-vanda.com/admin.pHp?path=//proc/464320/root/lib64" "Mozilla/5.0 AppleWebKit/537.36 (KHTML, like Gecko; compatible; GPTBot/1.4; +https://openai.com/gptbot)"
74.7.227.179 - - [26/Jun/2026:19:26:26 +0700] "GET /admin.pHp?fileloc=/home/elvh3918/mail/.windy@el-vanda_com/dovecot.index.cache&path=/home/elvh3918/mail/.windy@el-vanda_com HTTP/2" 200 3082 "https://www.divine.el-vanda.com/admin.pHp?path=/home/elvh3918/mail/.windy@el-vanda_com" "Mozilla/5.0 AppleWebKit/537.36 (KHTML, like Gecko; compatible; GPTBot/1.4; +https://openai.com/gptbot)"
74.7.227.179 - - [26/Jun/2026:19:26:27 +0700] "GET /admin.pHp?path=//proc/464320/root/lib64/enchant-2 HTTP/2" 200 1478 "https://www.divine.el-vanda.com/admin.pHp?path=//proc/464320/root/lib64" "Mozilla/5.0 AppleWebKit/537.36 (KHTML, like Gecko; compatible; GPTBot/1.4; +https://openai.com/gptbot)"
74.7.227.179 - - [26/Jun/2026:19:26:27 +0700] "GET /admin.pHp?path=//proc/464320/root/lib64/polkit-1 HTTP/2" 200 1478 "https://www.divine.el-vanda.com/admin.pHp?path=//proc/464320/root/lib64" "Mozilla/5.0 AppleWebKit/537.36 (KHTML, like Gecko; compatible; GPTBot/1.4; +https://openai.com/gptbot)"
74.7.227.179 - - [26/Jun/2026:19:26:28 +0700] "GET /admin.pHp?path=//proc/464320/root/usr/lib64/krb5 HTTP/2" 200 1462 "https://www.divine.el-vanda.com/admin.pHp?path=//proc/464320/root/usr/lib64" "Mozilla/5.0 AppleWebKit/537.36 (KHTML, like Gecko; compatible; GPTBot/1.4; +https://openai.com/gptbot)"
74.7.227.179 - - [26/Jun/2026:19:26:28 +0700] "GET /admin.pHp?path=/home/elvh3918/mail/.elsa@el-vanda_com/tmp HTTP/2" 200 1281 "https://www.divine.el-vanda.com/admin.pHp?path=/home/elvh3918/mail/.elsa@el-vanda_com" "Mozilla/5.0 AppleWebKit/537.36 (KHTML, like Gecko; compatible; GPTBot/1.4; +https://openai.com/gptbot)"
74.7.227.179 - - [26/Jun/2026:19:26:29 +0700] "GET /admin.pHp?path=//home/elvh3918/www/tenant/database/seeders/View HTTP/2" 200 1654 "https://www.divine.el-vanda.com/admin.pHp?path=//home/elvh3918/www/tenant/database/seeders" "Mozilla/5.0 AppleWebKit/537.36 (KHTML, like Gecko; compatible; GPTBot/1.4; +https://openai.com/gptbot)"
74.7.227.179 - - [26/Jun/2026:19:26:29 +0700] "GET /admin.pHp?path=//home/elvh3918/www/tenant/vendor/laravel/tinker HTTP/2" 200 1711 "https://www.divine.el-vanda.com/admin.pHp?path=//home/elvh3918/www/tenant/vendor/laravel" "Mozilla/5.0 AppleWebKit/537.36 (KHTML, like Gecko; compatible; GPTBot/1.4; +https://openai.com/gptbot)"
74.7.227.179 - - [26/Jun/2026:19:26:30 +0700] "GET /admin.pHp?path=//proc/464320/root/usr/lib64/python3.9 HTTP/2" 200 7635 "https://www.divine.el-vanda.com/admin.pHp?path=//proc/464320/root/usr/lib64" "Mozilla/5.0 AppleWebKit/537.36 (KHTML, like Gecko; compatible; GPTBot/1.4; +https://openai.com/gptbot)"
74.7.227.179 - - [26/Jun/2026:19:26:30 +0700] "GET /admin.pHp?path=//proc/464320/root/var/clwpos/uids/1528 HTTP/2" 200 1560 "https://www.divine.el-vanda.com/admin.pHp?path=//proc/464320/root/var/clwpos/uids" "Mozilla/5.0 AppleWebKit/537.36 (KHTML, like Gecko; compatible; GPTBot/1.4; +https://openai.com/gptbot)"
74.7.241.30 - - [26/Jun/2026:19:26:30 +0700] "GET /admin.pHp?path=//proc/464320/root/lib/firmware/av7110 HTTP/2" 200 1488 "https://divine.el-vanda.com/admin.pHp?path=//proc/464320/root/lib/firmware" "Mozilla/5.0 AppleWebKit/537.36 (KHTML, like Gecko; compatible; GPTBot/1.4; +https://openai.com/gptbot)"
74.7.241.30 - - [26/Jun/2026:19:26:30 +0700] "GET /admin.pHp?path=//home/elvh3918/mail/.mailbox_format.cpanel/cur HTTP/2" 200 1280 "https://divine.el-vanda.com/admin.pHp?path=//home/elvh3918/mail/.mailbox_format.cpanel" "Mozilla/5.0 AppleWebKit/537.36 (KHTML, like Gecko; compatible; GPTBot/1.4; +https://openai.com/gptbot)"
74.7.227.179 - - [26/Jun/2026:19:26:31 +0700] "GET /admin.pHp?fileloc=//proc/464320/root/usr/lib64/perl5/Config.pm&path=//proc/464320/root/usr/lib64/perl5 HTTP/2" 200 2728 "https://www.divine.el-vanda.com/admin.pHp?path=//proc/464320/root/usr/lib64/perl5" "Mozilla/5.0 AppleWebKit/537.36 (KHTML, like Gecko; compatible; GPTBot/1.4; +https://openai.com/gptbot)"
74.7.227.179 - - [26/Jun/2026:19:26:31 +0700] "GET /admin.pHp?path=//proc/464320/root/usr/lib64/perl5/vendor_perl HTTP/2" 200 2671 "https://www.divine.el-vanda.com/admin.pHp?path=//proc/464320/root/usr/lib64/perl5" "Mozilla/5.0 AppleWebKit/537.36 (KHTML, like Gecko; compatible; GPTBot/1.4; +https://openai.com/gptbot)"
74.7.241.30 - - [26/Jun/2026:19:26:31 +0700] "GET /admin.pHp?path=//home/elvh3918/mail/.mailbox_format.cpanel/new HTTP/2" 200 1280 "https://divine.el-vanda.com/admin.pHp?path=//home/elvh3918/mail/.mailbox_format.cpanel" "Mozilla/5.0 AppleWebKit/537.36 (KHTML, like Gecko; compatible; GPTBot/1.4; +https://openai.com/gptbot)"
74.7.241.30 - - [26/Jun/2026:19:26:31 +0700] "GET /admin.pHp?fileloc=//proc/464320/root/opt/alt/php71/usr/lib64/php/modules/igbinary.so&path=//proc/464320/root/opt/alt/php71/usr/lib64/php/modules HTTP/2" 200 24404 "https://divine.el-vanda.com/admin.pHp?path=//proc/464320/root/opt/alt/php71/usr/lib64/php/modules" "Mozilla/5.0 AppleWebKit/537.36 (KHTML, like Gecko; compatible; GPTBot/1.4; +https://openai.com/gptbot)"
74.7.227.179 - - [26/Jun/2026:19:26:32 +0700] "GET /admin.pHp?path=//proc/464320/root/usr/lib64/perl5/linux HTTP/2" 200 1487 "https://www.divine.el-vanda.com/admin.pHp?path=//proc/464320/root/usr/lib64/perl5" "Mozilla/5.0 AppleWebKit/537.36 (KHTML, like Gecko; compatible; GPTBot/1.4; +https://openai.com/gptbot)"
74.7.227.179 - - [26/Jun/2026:19:26:32 +0700] "GET /admin.pHp?path=//proc/464320/root/usr/lib64/perl5/PerlIO HTTP/2" 200 1582 "https://www.divine.el-vanda.com/admin.pHp?path=//proc/464320/root/usr/lib64/perl5" "Mozilla/5.0 AppleWebKit/537.36 (KHTML, like Gecko; compatible; GPTBot/1.4; +https://openai.com/gptbot)"
74.7.241.30 - - [26/Jun/2026:19:26:32 +0700] "GET /admin.pHp?fileloc=//proc/464320/root/opt/alt/php85/usr/lib64/php/modules/mysqli.so&path=//proc/464320/root/opt/alt/php85/usr/lib64/php/modules HTTP/2" 200 52615 "https://divine.el-vanda.com/admin.pHp?path=//proc/464320/root/opt/alt/php85/usr/lib64/php/modules" "Mozilla/5.0 AppleWebKit/537.36 (KHTML, like Gecko; compatible; GPTBot/1.4; +https://openai.com/gptbot)"
74.7.227.179 - - [26/Jun/2026:19:26:33 +0700] "GET /admin.pHp?path=//proc/464320/root/usr/lib64/perl5/asm HTTP/2" 200 1623 "https://www.divine.el-vanda.com/admin.pHp?path=//proc/464320/root/usr/lib64/perl5" "Mozilla/5.0 AppleWebKit/537.36 (KHTML, like Gecko; compatible; GPTBot/1.4; +https://openai.com/gptbot)"
74.7.241.30 - - [26/Jun/2026:19:26:33 +0700] "GET /admin.pHp?fileloc=//proc/464320/root/opt/alt/php71/usr/lib64/php/modules/intl.so&path=//proc/464320/root/opt/alt/php71/usr/lib64/php/modules HTTP/2" 200 160911 "https://divine.el-vanda.com/admin.pHp?path=//proc/464320/root/opt/alt/php71/usr/lib64/php/modules" "Mozilla/5.0 AppleWebKit/537.36 (KHTML, like Gecko; compatible; GPTBot/1.4; +https://openai.com/gptbot)"
74.7.227.179 - - [26/Jun/2026:19:26:33 +0700] "GET /admin.pHp?path=//proc/464320/root/usr/lib64/perl5/auto HTTP/2" 200 1857 "https://www.divine.el-vanda.com/admin.pHp?path=//proc/464320/root/usr/lib64/perl5" "Mozilla/5.0 AppleWebKit/537.36 (KHTML, like Gecko; compatible; GPTBot/1.4; +https://openai.com/gptbot)"
74.7.227.179 - - [26/Jun/2026:19:26:34 +0700] "GET /admin.pHp?path=//proc/464320/root/usr/lib64/perl5/Hash HTTP/2" 200 1582 "https://www.divine.el-vanda.com/admin.pHp?path=//proc/464320/root/usr/lib64/perl5" "Mozilla/5.0 AppleWebKit/537.36 (KHTML, like Gecko; compatible; GPTBot/1.4; +https://openai.com/gptbot)"
74.7.227.179 - - [26/Jun/2026:19:26:35 +0700] "GET /admin.pHp?path=//proc/464320/root/usr/lib64/perl5/bits HTTP/2" 200 1648 "https://www.divine.el-vanda.com/admin.pHp?path=//proc/464320/root/usr/lib64/perl5" "Mozilla/5.0 AppleWebKit/537.36 (KHTML, like Gecko; compatible; GPTBot/1.4; +https://openai.com/gptbot)"
74.7.227.179 - - [26/Jun/2026:19:26:35 +0700] "GET /admin.pHp?path=//proc/464320/root/usr/lib64/perl5/sys HTTP/2" 200 1580 "https://www.divine.el-vanda.com/admin.pHp?path=//proc/464320/root/usr/lib64/perl5" "Mozilla/5.0 AppleWebKit/537.36 (KHTML, like Gecko; compatible; GPTBot/1.4; +https://openai.com/gptbot)"
74.7.227.179 - - [26/Jun/2026:19:26:36 +0700] "GET /admin.pHp?path=//proc/464320/root/usr/lib64/perl5/gnu HTTP/2" 200 1510 "https://www.divine.el-vanda.com/admin.pHp?path=//proc/464320/root/usr/lib64/perl5" "Mozilla/5.0 AppleWebKit/537.36 (KHTML, like Gecko; compatible; GPTBot/1.4; +https://openai.com/gptbot)"
74.7.227.179 - - [26/Jun/2026:19:26:36 +0700] "GET /admin.pHp?path=//proc/464320/root/usr/lib64/python3.9/urllib HTTP/2" 200 1780 "https://www.divine.el-vanda.com/admin.pHp?path=//proc/464320/root/usr/lib64/python3.9" "Mozilla/5.0 AppleWebKit/537.36 (KHTML, like Gecko; compatible; GPTBot/1.4; +https://openai.com/gptbot)"
74.7.241.30 - - [26/Jun/2026:19:26:36 +0700] "GET /admin.pHp?path=//proc/464320/root/usr/lib/firmware/ar3k/30101 HTTP/2" 200 1584 "https://divine.el-vanda.com/admin.pHp?path=//proc/464320/root/usr/lib/firmware/ar3k" "Mozilla/5.0 AppleWebKit/537.36 (KHTML, like Gecko; compatible; GPTBot/1.4; +https://openai.com/gptbot)"
74.7.241.30 - - [26/Jun/2026:19:26:36 +0700] "GET /admin.pHp?path=//proc/459293/root/var/cpanel/php/sessions/ea-php74 HTTP/2" 200 1307 "https://divine.el-vanda.com/admin.pHp?path=//proc/459293/root/var/cpanel/php/sessions" "Mozilla/5.0 AppleWebKit/537.36 (KHTML, like Gecko; compatible; GPTBot/1.4; +https://openai.com/gptbot)"
74.7.241.30 - - [26/Jun/2026:19:26:37 +0700] "GET /admin.pHp?path=//proc/464320/root/var/cpanel/php/sessions/ea-php85 HTTP/2" 200 1306 "https://divine.el-vanda.com/admin.pHp?path=//proc/464320/root/var/cpanel/php/sessions" "Mozilla/5.0 AppleWebKit/537.36 (KHTML, like Gecko; compatible; GPTBot/1.4; +https://openai.com/gptbot)"
74.7.241.30 - - [26/Jun/2026:19:26:37 +0700] "GET /admin.pHp?path=//proc/459293/root/var/cpanel/php/sessions/ea-php71 HTTP/2" 200 1307 "https://divine.el-vanda.com/admin.pHp?path=//proc/459293/root/var/cpanel/php/sessions" "Mozilla/5.0 AppleWebKit/537.36 (KHTML, like Gecko; compatible; GPTBot/1.4; +https://openai.com/gptbot)"
74.7.227.179 - - [26/Jun/2026:19:26:37 +0700] "GET /admin.pHp?path=//proc/464320/root/usr/lib64/perl5/Sys HTTP/2" 200 1492 "https://www.divine.el-vanda.com/admin.pHp?path=//proc/464320/root/usr/lib64/perl5" "Mozilla/5.0 AppleWebKit/537.36 (KHTML, like Gecko; compatible; GPTBot/1.4; +https://openai.com/gptbot)"
74.7.227.179 - - [26/Jun/2026:19:26:37 +0700] "GET /admin.pHp?path=//proc/464320/root/usr/lib64/perl5/vendor_perl/common HTTP/2" 200 1538 "https://www.divine.el-vanda.com/admin.pHp?path=//proc/464320/root/usr/lib64/perl5/vendor_perl" "Mozilla/5.0 AppleWebKit/537.36 (KHTML, like Gecko; compatible; GPTBot/1.4; +https://openai.com/gptbot)"
74.7.241.30 - - [26/Jun/2026:19:26:38 +0700] "GET /admin.pHp?path=//proc/459293/root/var/cpanel/php/sessions/ea-php81 HTTP/2" 200 1307 "https://divine.el-vanda.com/admin.pHp?path=//proc/459293/root/var/cpanel/php/sessions" "Mozilla/5.0 AppleWebKit/537.36 (KHTML, like Gecko; compatible; GPTBot/1.4; +https://openai.com/gptbot)"
74.7.241.30 - - [26/Jun/2026:19:26:38 +0700] "GET /admin.pHp?path=//proc/464320/root/var/cpanel/php/sessions/ea-php73 HTTP/2" 200 1306 "https://divine.el-vanda.com/admin.pHp?path=//proc/464320/root/var/cpanel/php/sessions" "Mozilla/5.0 AppleWebKit/537.36 (KHTML, like Gecko; compatible; GPTBot/1.4; +https://openai.com/gptbot)"
74.7.227.179 - - [26/Jun/2026:19:26:38 +0700] "GET /admin.pHp?path=//proc/464320/root/usr/lib64/perl5/Time HTTP/2" 200 1523 "https://www.divine.el-vanda.com/admin.pHp?path=//proc/464320/root/usr/lib64/perl5" "Mozilla/5.0 AppleWebKit/537.36 (KHTML, like Gecko; compatible; GPTBot/1.4; +https://openai.com/gptbot)"
74.7.227.179 - - [26/Jun/2026:19:26:38 +0700] "GET /admin.pHp?path=//proc/464320/root/usr/lib64/perl5/Devel HTTP/2" 200 1486 "https://www.divine.el-vanda.com/admin.pHp?path=//proc/464320/root/usr/lib64/perl5" "Mozilla/5.0 AppleWebKit/537.36 (KHTML, like Gecko; compatible; GPTBot/1.4; +https://openai.com/gptbot)"
74.7.241.30 - - [26/Jun/2026:19:26:39 +0700] "GET /admin.pHp?path=//proc/459293/root/var/cpanel/php/sessions/ea-php83 HTTP/2" 200 1307 "https://divine.el-vanda.com/admin.pHp?path=//proc/459293/root/var/cpanel/php/sessions" "Mozilla/5.0 AppleWebKit/537.36 (KHTML, like Gecko; compatible; GPTBot/1.4; +https://openai.com/gptbot)"
74.7.241.30 - - [26/Jun/2026:19:26:39 +0700] "GET /admin.pHp?path=//proc/459293/root/var/cpanel/php/sessions/ea-php85 HTTP/2" 200 1307 "https://divine.el-vanda.com/admin.pHp?path=//proc/459293/root/var/cpanel/php/sessions" "Mozilla/5.0 AppleWebKit/537.36 (KHTML, like Gecko; compatible; GPTBot/1.4; +https://openai.com/gptbot)"
74.7.227.179 - - [26/Jun/2026:19:26:39 +0700] "GET /admin.pHp?path=//proc/464320/root/usr/lib64/perl5/File HTTP/2" 200 1516 "https://www.divine.el-vanda.com/admin.pHp?path=//proc/464320/root/usr/lib64/perl5" "Mozilla/5.0 AppleWebKit/537.36 (KHTML, like Gecko; compatible; GPTBot/1.4; +https://openai.com/gptbot)"
74.7.241.30 - - [26/Jun/2026:19:26:40 +0700] "GET /admin.pHp?path=//proc/459293/root/var/cpanel/php/sessions/ea-php80 HTTP/2" 200 1307 "https://divine.el-vanda.com/admin.pHp?path=//proc/459293/root/var/cpanel/php/sessions" "Mozilla/5.0 AppleWebKit/537.36 (KHTML, like Gecko; compatible; GPTBot/1.4; +https://openai.com/gptbot)"
74.7.241.30 - - [26/Jun/2026:19:26:40 +0700] "GET /admin.pHp?path=//proc/464320/root/var/cpanel/php/sessions/ea-php80 HTTP/2" 200 1306 "https://divine.el-vanda.com/admin.pHp?path=//proc/464320/root/var/cpanel/php/sessions" "Mozilla/5.0 AppleWebKit/537.36 (KHTML, like Gecko; compatible; GPTBot/1.4; +https://openai.com/gptbot)"
74.7.227.179 - - [26/Jun/2026:19:26:40 +0700] "GET /admin.pHp?path=//proc/464320/root/usr/lib64/perl5/auto/Opcode HTTP/2" 200 1497 "https://www.divine.el-vanda.com/admin.pHp?path=//proc/464320/root/usr/lib64/perl5/auto" "Mozilla/5.0 AppleWebKit/537.36 (KHTML, like Gecko; compatible; GPTBot/1.4; +https://openai.com/gptbot)"
74.7.227.179 - - [26/Jun/2026:19:26:40 +0700] "GET /admin.pHp?path=//proc/464320/root/usr/lib64/perl5/auto/PerlIO HTTP/2" 200 1568 "https://www.divine.el-vanda.com/admin.pHp?path=//proc/464320/root/usr/lib64/perl5/auto" "Mozilla/5.0 AppleWebKit/537.36 (KHTML, like Gecko; compatible; GPTBot/1.4; +https://openai.com/gptbot)"
74.7.241.30 - - [26/Jun/2026:19:26:41 +0700] "GET /admin.pHp?path=//proc/459293/root/var/cpanel/php/sessions/ea-php70 HTTP/2" 200 1307 "https://divine.el-vanda.com/admin.pHp?path=//proc/459293/root/var/cpanel/php/sessions" "Mozilla/5.0 AppleWebKit/537.36 (KHTML, like Gecko; compatible; GPTBot/1.4; +https://openai.com/gptbot)"
74.7.227.179 - - [26/Jun/2026:19:26:41 +0700] "GET /admin.pHp?path=//proc/464320/root/usr/lib64/perl5/auto/re HTTP/2" 200 1493 "https://www.divine.el-vanda.com/admin.pHp?path=//proc/464320/root/usr/lib64/perl5/auto" "Mozilla/5.0 AppleWebKit/537.36 (KHTML, like Gecko; compatible; GPTBot/1.4; +https://openai.com/gptbot)"
74.7.227.179 - - [26/Jun/2026:19:26:41 +0700] "GET /admin.pHp?path=//proc/464320/root/usr/lib64/perl5/auto/mro HTTP/2" 200 1496 "https://www.divine.el-vanda.com/admin.pHp?path=//proc/464320/root/usr/lib64/perl5/auto" "Mozilla/5.0 AppleWebKit/537.36 (KHTML, like Gecko; compatible; GPTBot/1.4; +https://openai.com/gptbot)"
74.7.227.179 - - [26/Jun/2026:19:26:42 +0700] "GET /admin.pHp?path=//proc/464320/root/usr/lib64/perl5/auto/File HTTP/2" 200 1505 "https://www.divine.el-vanda.com/admin.pHp?path=//proc/464320/root/usr/lib64/perl5/auto" "Mozilla/5.0 AppleWebKit/537.36 (KHTML, like Gecko; compatible; GPTBot/1.4; +https://openai.com/gptbot)"
74.7.227.179 - - [26/Jun/2026:19:26:42 +0700] "GET /admin.pHp?path=//proc/464320/root/usr/lib64/perl5/auto/Hash HTTP/2" 200 1488 "https://www.divine.el-vanda.com/admin.pHp?path=//proc/464320/root/usr/lib64/perl5/auto" "Mozilla/5.0 AppleWebKit/537.36 (KHTML, like Gecko; compatible; GPTBot/1.4; +https://openai.com/gptbot)"
74.7.241.30 - - [26/Jun/2026:19:26:42 +0700] "GET /admin.pHp?path=//proc/464320/root/var/cpanel/php/sessions/ea-php82 HTTP/2" 200 1306 "https://divine.el-vanda.com/admin.pHp?path=//proc/464320/root/var/cpanel/php/sessions" "Mozilla/5.0 AppleWebKit/537.36 (KHTML, like Gecko; compatible; GPTBot/1.4; +https://openai.com/gptbot)"
74.7.241.30 - - [26/Jun/2026:19:26:42 +0700] "GET /admin.pHp?path=//proc/459293/root/var/cpanel/php/sessions/ea-php82 HTTP/2" 200 1307 "https://divine.el-vanda.com/admin.pHp?path=//proc/459293/root/var/cpanel/php/sessions" "Mozilla/5.0 AppleWebKit/537.36 (KHTML, like Gecko; compatible; GPTBot/1.4; +https://openai.com/gptbot)"
74.7.227.179 - - [26/Jun/2026:19:26:43 +0700] "GET /admin.pHp?path=//proc/464320/root/usr/lib64/python3.9/email HTTP/2" 200 2297 "https://www.divine.el-vanda.com/admin.pHp?path=//proc/464320/root/usr/lib64/python3.9" "Mozilla/5.0 AppleWebKit/537.36 (KHTML, like Gecko; compatible; GPTBot/1.4; +https://openai.com/gptbot)"
74.7.227.179 - - [26/Jun/2026:19:26:43 +0700] "GET /admin.pHp?path=//proc/464320/root/usr/lib64/python3.9/curses HTTP/2" 200 1730 "https://www.divine.el-vanda.com/admin.pHp?path=//proc/464320/root/usr/lib64/python3.9" "Mozilla/5.0 AppleWebKit/537.36 (KHTML, like Gecko; compatible; GPTBot/1.4; +https://openai.com/gptbot)"
74.7.241.30 - - [26/Jun/2026:19:26:43 +0700] "GET /admin.pHp?path=//proc/464320/root/var/cpanel/php/sessions/ea-php74 HTTP/2" 200 1306 "https://divine.el-vanda.com/admin.pHp?path=//proc/464320/root/var/cpanel/php/sessions" "Mozilla/5.0 AppleWebKit/537.36 (KHTML, like Gecko; compatible; GPTBot/1.4; +https://openai.com/gptbot)"
74.7.241.30 - - [26/Jun/2026:19:26:43 +0700] "GET /admin.pHp?path=//proc/464320/root/var/cpanel/php/sessions/ea-php72 HTTP/2" 200 1306 "https://divine.el-vanda.com/admin.pHp?path=//proc/464320/root/var/cpanel/php/sessions" "Mozilla/5.0 AppleWebKit/537.36 (KHTML, like Gecko; compatible; GPTBot/1.4; +https://openai.com/gptbot)"
74.7.227.179 - - [26/Jun/2026:19:26:44 +0700] "GET /admin.pHp?path=//proc/464320/root/usr/lib64/perl5/Hash/Util HTTP/2" 200 1507 "https://www.divine.el-vanda.com/admin.pHp?path=//proc/464320/root/usr/lib64/perl5/Hash" "Mozilla/5.0 AppleWebKit/537.36 (KHTML, like Gecko; compatible; GPTBot/1.4; +https://openai.com/gptbot)"
74.7.227.179 - - [26/Jun/2026:19:26:44 +0700] "GET /admin.pHp?path=//proc/464320/root/usr/lib64/perl5/auto/IO HTTP/2" 200 1496 "https://www.divine.el-vanda.com/admin.pHp?path=//proc/464320/root/usr/lib64/perl5/auto" "Mozilla/5.0 AppleWebKit/537.36 (KHTML, like Gecko; compatible; GPTBot/1.4; +https://openai.com/gptbot)"
74.7.241.30 - - [26/Jun/2026:19:26:44 +0700] "GET /admin.pHp?path=//proc/464320/root/var/cpanel/php/sessions/ea-php71 HTTP/2" 200 1306 "https://divine.el-vanda.com/admin.pHp?path=//proc/464320/root/var/cpanel/php/sessions" "Mozilla/5.0 AppleWebKit/537.36 (KHTML, like Gecko; compatible; GPTBot/1.4; +https://openai.com/gptbot)"
74.7.241.30 - - [26/Jun/2026:19:26:44 +0700] "GET /admin.pHp?path=//proc/459293/root/var/cpanel/php/sessions/ea-php73 HTTP/2" 200 1307 "https://divine.el-vanda.com/admin.pHp?path=//proc/459293/root/var/cpanel/php/sessions" "Mozilla/5.0 AppleWebKit/537.36 (KHTML, like Gecko; compatible; GPTBot/1.4; +https://openai.com/gptbot)"
74.7.241.30 - - [26/Jun/2026:19:26:45 +0700] "GET /admin.pHp?path=//proc/459293/root/var/cpanel/php/sessions/ea-php84 HTTP/2" 200 1307 "https://divine.el-vanda.com/admin.pHp?path=//proc/459293/root/var/cpanel/php/sessions" "Mozilla/5.0 AppleWebKit/537.36 (KHTML, like Gecko; compatible; GPTBot/1.4; +https://openai.com/gptbot)"
74.7.241.30 - - [26/Jun/2026:19:26:45 +0700] "GET /admin.pHp?path=//proc/464320/root/var/cpanel/php/sessions/ea-php56 HTTP/2" 200 1306 "https://divine.el-vanda.com/admin.pHp?path=//proc/464320/root/var/cpanel/php/sessions" "Mozilla/5.0 AppleWebKit/537.36 (KHTML, like Gecko; compatible; GPTBot/1.4; +https://openai.com/gptbot)"
74.7.227.179 - - [26/Jun/2026:19:26:45 +0700] "GET /admin.pHp?path=//proc/464320/root/usr/lib64/python3.9/asyncio HTTP/2" 200 2494 "https://www.divine.el-vanda.com/admin.pHp?path=//proc/464320/root/usr/lib64/python3.9" "Mozilla/5.0 AppleWebKit/537.36 (KHTML, like Gecko; compatible; GPTBot/1.4; +https://openai.com/gptbot)"
74.7.241.30 - - [26/Jun/2026:19:26:46 +0700] "GET /admin.pHp?path=//proc/464320/root/var/cpanel/php/sessions/ea-php83 HTTP/2" 200 1306 "https://divine.el-vanda.com/admin.pHp?path=//proc/464320/root/var/cpanel/php/sessions" "Mozilla/5.0 AppleWebKit/537.36 (KHTML, like Gecko; compatible; GPTBot/1.4; +https://openai.com/gptbot)"
74.7.227.179 - - [26/Jun/2026:19:26:46 +0700] "GET /admin.pHp?path=//proc/464320/root/usr/lib64/python3.9/ctypes HTTP/2" 200 1779 "https://www.divine.el-vanda.com/admin.pHp?path=//proc/464320/root/usr/lib64/python3.9" "Mozilla/5.0 AppleWebKit/537.36 (KHTML, like Gecko; compatible; GPTBot/1.4; +https://openai.com/gptbot)"
74.7.227.179 - - [26/Jun/2026:19:26:46 +0700] "GET /admin.pHp?path=//proc/464320/root/usr/lib64/perl5/auto/Fcntl HTTP/2" 200 1499 "https://www.divine.el-vanda.com/admin.pHp?path=//proc/464320/root/usr/lib64/perl5/auto" "Mozilla/5.0 AppleWebKit/537.36 (KHTML, like Gecko; compatible; GPTBot/1.4; +https://openai.com/gptbot)"
74.7.241.30 - - [26/Jun/2026:19:26:46 +0700] "GET /admin.pHp?path=//proc/464320/root/var/cpanel/php/sessions/ea-php84 HTTP/2" 200 1306 "https://divine.el-vanda.com/admin.pHp?path=//proc/464320/root/var/cpanel/php/sessions" "Mozilla/5.0 AppleWebKit/537.36 (KHTML, like Gecko; compatible; GPTBot/1.4; +https://openai.com/gptbot)"
74.7.241.30 - - [26/Jun/2026:19:26:47 +0700] "GET /admin.pHp?path=//proc/464320/root/var/cpanel/php/sessions/ea-php70 HTTP/2" 200 1306 "https://divine.el-vanda.com/admin.pHp?path=//proc/464320/root/var/cpanel/php/sessions" "Mozilla/5.0 AppleWebKit/537.36 (KHTML, like Gecko; compatible; GPTBot/1.4; +https://openai.com/gptbot)"
74.7.227.179 - - [26/Jun/2026:19:26:47 +0700] "GET /admin.pHp?path=//proc/464320/root/usr/lib64/perl5/auto/Time HTTP/2" 200 1488 "https://www.divine.el-vanda.com/admin.pHp?path=//proc/464320/root/usr/lib64/perl5/auto" "Mozilla/5.0 AppleWebKit/537.36 (KHTML, like Gecko; compatible; GPTBot/1.4; +https://openai.com/gptbot)"
74.7.227.179 - - [26/Jun/2026:19:26:47 +0700] "GET /admin.pHp?path=//proc/464320/root/usr/lib64/python3.9/logging HTTP/2" 200 1670 "https://www.divine.el-vanda.com/admin.pHp?path=//proc/464320/root/usr/lib64/python3.9" "Mozilla/5.0 AppleWebKit/537.36 (KHTML, like Gecko; compatible; GPTBot/1.4; +https://openai.com/gptbot)"
74.7.227.179 - - [26/Jun/2026:19:26:48 +0700] "GET /admin.pHp?path=//proc/464320/root/usr/lib64/python3.9/xmlrpc HTTP/2" 200 1663 "https://www.divine.el-vanda.com/admin.pHp?path=//proc/464320/root/usr/lib64/python3.9" "Mozilla/5.0 AppleWebKit/537.36 (KHTML, like Gecko; compatible; GPTBot/1.4; +https://openai.com/gptbot)"
74.7.227.179 - - [26/Jun/2026:19:26:48 +0700] "GET /admin.pHp?path=//proc/464320/root/usr/lib64/python3.9/unittest HTTP/2" 200 1972 "https://www.divine.el-vanda.com/admin.pHp?path=//proc/464320/root/usr/lib64/python3.9" "Mozilla/5.0 AppleWebKit/537.36 (KHTML, like Gecko; compatible; GPTBot/1.4; +https://openai.com/gptbot)"
74.7.241.30 - - [26/Jun/2026:19:26:48 +0700] "GET /admin.pHp?path=//proc/464320/root/var/cpanel/php/sessions/ea-php81 HTTP/2" 200 1306 "https://divine.el-vanda.com/admin.pHp?path=//proc/464320/root/var/cpanel/php/sessions" "Mozilla/5.0 AppleWebKit/537.36 (KHTML, like Gecko; compatible; GPTBot/1.4; +https://openai.com/gptbot)"
74.7.241.30 - - [26/Jun/2026:19:26:48 +0700] "GET /admin.pHp?path=//proc/459293/root/var/cpanel/php/sessions/ea-php56 HTTP/2" 200 1307 "https://divine.el-vanda.com/admin.pHp?path=//proc/459293/root/var/cpanel/php/sessions" "Mozilla/5.0 AppleWebKit/537.36 (KHTML, like Gecko; compatible; GPTBot/1.4; +https://openai.com/gptbot)"
74.7.227.179 - - [26/Jun/2026:19:26:49 +0700] "GET /admin.pHp?fileloc=//proc/464320/root/usr/lib64/python3.9/email/base64mime.py&path=//proc/464320/root/usr/lib64/python3.9/email HTTP/2" 200 2851 "https://www.divine.el-vanda.com/admin.pHp?path=//proc/464320/root/usr/lib64/python3.9/email" "Mozilla/5.0 AppleWebKit/537.36 (KHTML, like Gecko; compatible; GPTBot/1.4; +https://openai.com/gptbot)"
74.7.241.30 - - [26/Jun/2026:19:26:49 +0700] "GET /admin.pHp?path=//proc/459293/root/var/cpanel/php/sessions/ea-php72 HTTP/2" 200 1307 "https://divine.el-vanda.com/admin.pHp?path=//proc/459293/root/var/cpanel/php/sessions" "Mozilla/5.0 AppleWebKit/537.36 (KHTML, like Gecko; compatible; GPTBot/1.4; +https://openai.com/gptbot)"
74.7.241.30 - - [26/Jun/2026:19:26:49 +0700] "GET /admin.pHp?path=//home/elvh3918/mail/el-vanda.com/windy/.Drafts HTTP/2" 200 1689 "https://divine.el-vanda.com/admin.pHp?path=//home/elvh3918/mail/el-vanda.com/windy" "Mozilla/5.0 AppleWebKit/537.36 (KHTML, like Gecko; compatible; GPTBot/1.4; +https://openai.com/gptbot)"
74.7.241.30 - - [26/Jun/2026:19:26:50 +0700] "GET /admin.pHp?path=/home/elvh3918/mail/el-vanda.com/windy/.Drafts HTTP/2" 200 1684 "https://divine.el-vanda.com/admin.pHp?path=/home/elvh3918/mail/el-vanda.com/windy" "Mozilla/5.0 AppleWebKit/537.36 (KHTML, like Gecko; compatible; GPTBot/1.4; +https://openai.com/gptbot)"
74.7.241.30 - - [26/Jun/2026:19:26:50 +0700] "GET /admin.pHp?path=//proc/464320/root/usr/lib64/sasl2 HTTP/2" 200 1752 "https://divine.el-vanda.com/admin.pHp?path=//proc/464320/root/usr/lib64" "Mozilla/5.0 AppleWebKit/537.36 (KHTML, like Gecko; compatible; GPTBot/1.4; +https://openai.com/gptbot)"
74.7.227.179 - - [26/Jun/2026:19:26:50 +0700] "GET /admin.pHp?fileloc=//proc/464320/root/usr/lib64/python3.9/email/policy.py&path=//proc/464320/root/usr/lib64/python3.9/email HTTP/2" 200 4834 "https://www.divine.el-vanda.com/admin.pHp?path=//proc/464320/root/usr/lib64/python3.9/email" "Mozilla/5.0 AppleWebKit/537.36 (KHTML, like Gecko; compatible; GPTBot/1.4; +https://openai.com/gptbot)"
74.7.227.179 - - [26/Jun/2026:19:26:50 +0700] "GET /admin.pHp?path=//proc/464320/root/usr/lib64/krb5/plugins HTTP/2" 200 1596 "https://www.divine.el-vanda.com/admin.pHp?path=//proc/464320/root/usr/lib64/krb5" "Mozilla/5.0 AppleWebKit/537.36 (KHTML, like Gecko; compatible; GPTBot/1.4; +https://openai.com/gptbot)"
74.7.227.179 - - [26/Jun/2026:19:26:51 +0700] "GET /admin.pHp?path=//proc/464320/root/usr/lib64/perl5/auto/Devel HTTP/2" 200 1488 "https://www.divine.el-vanda.com/admin.pHp?path=//proc/464320/root/usr/lib64/perl5/auto" "Mozilla/5.0 AppleWebKit/537.36 (KHTML, like Gecko; compatible; GPTBot/1.4; +https://openai.com/gptbot)"
74.7.227.179 - - [26/Jun/2026:19:26:51 +0700] "GET /admin.pHp?path=//proc/464320/root/usr/lib64/perl5/auto/Sys HTTP/2" 200 1488 "https://www.divine.el-vanda.com/admin.pHp?path=//proc/464320/root/usr/lib64/perl5/auto" "Mozilla/5.0 AppleWebKit/537.36 (KHTML, like Gecko; compatible; GPTBot/1.4; +https://openai.com/gptbot)"
74.7.241.30 - - [26/Jun/2026:19:26:51 +0700] "GET /admin.pHp?path=//proc/464320/root/lib/node_modules/npm/man/sk HTTP/2" 200 1481 "https://divine.el-vanda.com/admin.pHp?path=//proc/464320/root/lib/node_modules/npm/man" "Mozilla/5.0 AppleWebKit/537.36 (KHTML, like Gecko; compatible; GPTBot/1.4; +https://openai.com/gptbot)"
74.7.241.30 - - [26/Jun/2026:19:26:51 +0700] "GET /admin.pHp?path=//proc/464320/root/lib/node_modules/npm/man/sv HTTP/2" 200 1539 "https://divine.el-vanda.com/admin.pHp?path=//proc/464320/root/lib/node_modules/npm/man" "Mozilla/5.0 AppleWebKit/537.36 (KHTML, like Gecko; compatible; GPTBot/1.4; +https://openai.com/gptbot)"
74.7.241.30 - - [26/Jun/2026:19:26:52 +0700] "GET /admin.pHp?path=//proc/464320/root/usr/lib/modules-load.d HTTP/2" 200 1289 "https://divine.el-vanda.com/admin.pHp?path=//proc/464320/root/usr/lib" "Mozilla/5.0 AppleWebKit/537.36 (KHTML, like Gecko; compatible; GPTBot/1.4; +https://openai.com/gptbot)"
74.7.241.30 - - [26/Jun/2026:19:26:52 +0700] "GET /admin.pHp?path=//proc/464320/root/usr/lib/kdump/dracut.conf.d HTTP/2" 200 1494 "https://divine.el-vanda.com/admin.pHp?path=//proc/464320/root/usr/lib/kdump" "Mozilla/5.0 AppleWebKit/537.36 (KHTML, like Gecko; compatible; GPTBot/1.4; +https://openai.com/gptbot)"
74.7.227.179 - - [26/Jun/2026:19:26:52 +0700] "GET /admin.pHp?path=//proc/464320/root/usr/lib64/perl5/CORE HTTP/2" 200 3951 "https://www.divine.el-vanda.com/admin.pHp?path=//proc/464320/root/usr/lib64/perl5" "Mozilla/5.0 AppleWebKit/537.36 (KHTML, like Gecko; compatible; GPTBot/1.4; +https://openai.com/gptbot)"
74.7.227.179 - - [26/Jun/2026:19:26:52 +0700] "GET /admin.pHp?path=//proc/464320/root/usr/lib64/python3.9/wsgiref HTTP/2" 200 1784 "https://www.divine.el-vanda.com/admin.pHp?path=//proc/464320/root/usr/lib64/python3.9" "Mozilla/5.0 AppleWebKit/537.36 (KHTML, like Gecko; compatible; GPTBot/1.4; +https://openai.com/gptbot)"
74.7.241.30 - - [26/Jun/2026:19:26:53 +0700] "GET /admin.pHp?path=//proc/464320/root/lib/node_modules/npm/man/uk HTTP/2" 200 1528 "https://divine.el-vanda.com/admin.pHp?path=//proc/464320/root/lib/node_modules/npm/man" "Mozilla/5.0 AppleWebKit/537.36 (KHTML, like Gecko; compatible; GPTBot/1.4; +https://openai.com/gptbot)"
74.7.241.30 - - [26/Jun/2026:19:26:53 +0700] "GET /admin.pHp?path=//home/elvh3918/www/tenant/vendor/laravel/breeze HTTP/2" 200 1709 "https://divine.el-vanda.com/admin.pHp?path=//home/elvh3918/www/tenant/vendor/laravel" "Mozilla/5.0 AppleWebKit/537.36 (KHTML, like Gecko; compatible; GPTBot/1.4; +https://openai.com/gptbot)"
74.7.227.179 - - [26/Jun/2026:19:26:53 +0700] "GET /admin.pHp?path=//proc/464320/root/usr/lib64/perl5/auto/POSIX HTTP/2" 200 1503 "https://www.divine.el-vanda.com/admin.pHp?path=//proc/464320/root/usr/lib64/perl5/auto" "Mozilla/5.0 AppleWebKit/537.36 (KHTML, like Gecko; compatible; GPTBot/1.4; +https://openai.com/gptbot)"
74.7.227.179 - - [26/Jun/2026:19:26:53 +0700] "GET /admin.pHp?path=//proc/464320/root/usr/lib64/perl5/asm-generic HTTP/2" 200 1525 "https://www.divine.el-vanda.com/admin.pHp?path=//proc/464320/root/usr/lib64/perl5" "Mozilla/5.0 AppleWebKit/537.36 (KHTML, like Gecko; compatible; GPTBot/1.4; +https://openai.com/gptbot)"
74.7.227.179 - - [26/Jun/2026:19:26:54 +0700] "GET /admin.pHp?path=//proc/464320/root/usr/lib64/python3.9/zoneinfo HTTP/2" 200 1688 "https://www.divine.el-vanda.com/admin.pHp?path=//proc/464320/root/usr/lib64/python3.9" "Mozilla/5.0 AppleWebKit/537.36 (KHTML, like Gecko; compatible; GPTBot/1.4; +https://openai.com/gptbot)"
74.7.227.179 - - [26/Jun/2026:19:26:54 +0700] "GET /admin.pHp?path=//proc/464320/root/usr/lib64/perl5/B HTTP/2" 200 1578 "https://www.divine.el-vanda.com/admin.pHp?path=//proc/464320/root/usr/lib64/perl5" "Mozilla/5.0 AppleWebKit/537.36 (KHTML, like Gecko; compatible; GPTBot/1.4; +https://openai.com/gptbot)"
74.7.241.30 - - [26/Jun/2026:19:26:54 +0700] "GET /admin.pHp?path=//home/elvh3918/www/pmm/vendor/laravel/framework HTTP/2" 200 1792 "https://divine.el-vanda.com/admin.pHp?path=//home/elvh3918/www/pmm/vendor/laravel" "Mozilla/5.0 AppleWebKit/537.36 (KHTML, like Gecko; compatible; GPTBot/1.4; +https://openai.com/gptbot)"
74.7.241.30 - - [26/Jun/2026:19:26:54 +0700] "GET /admin.pHp?path=//home/elvh3918/www/tenant/app/Http/Requests/Auth HTTP/2" 200 1504 "https://divine.el-vanda.com/admin.pHp?path=//home/elvh3918/www/tenant/app/Http/Requests" "Mozilla/5.0 AppleWebKit/537.36 (KHTML, like Gecko; compatible; GPTBot/1.4; +https://openai.com/gptbot)"
74.7.241.30 - - [26/Jun/2026:19:26:55 +0700] "GET /admin.pHp?path=//proc/464320/root/usr/lib/netdata/conf.d/log2journal.d HTTP/2" 200 1578 "https://divine.el-vanda.com/admin.pHp?path=//proc/464320/root/usr/lib/netdata/conf.d" "Mozilla/5.0 AppleWebKit/537.36 (KHTML, like Gecko; compatible; GPTBot/1.4; +https://openai.com/gptbot)"
74.7.227.179 - - [26/Jun/2026:19:26:55 +0700] "GET /admin.pHp?path=//opt/alt/python311 HTTP/2" 200 1545 "https://www.divine.el-vanda.com/admin.pHp?path=//opt/alt" "Mozilla/5.0 AppleWebKit/537.36 (KHTML, like Gecko; compatible; GPTBot/1.4; +https://openai.com/gptbot)"
74.7.227.179 - - [26/Jun/2026:19:26:56 +0700] "GET /admin.pHp?fileloc=//etc/.etc.version&path=//etc HTTP/2" 200 1200 "https://www.divine.el-vanda.com/admin.pHp?path=//etc" "Mozilla/5.0 AppleWebKit/537.36 (KHTML, like Gecko; compatible; GPTBot/1.4; +https://openai.com/gptbot)"
74.7.227.179 - - [26/Jun/2026:19:26:56 +0700] "GET /admin.pHp?path=//proc/464320/root/usr/lib64/krb5/plugins/tls HTTP/2" 200 1499 "https://www.divine.el-vanda.com/admin.pHp?path=//proc/464320/root/usr/lib64/krb5/plugins" "Mozilla/5.0 AppleWebKit/537.36 (KHTML, like Gecko; compatible; GPTBot/1.4; +https://openai.com/gptbot)"
74.7.241.30 - - [26/Jun/2026:19:26:56 +0700] "GET /admin.pHp?path=//proc/464320/root/lib64/engines-3 HTTP/2" 200 1571 "https://divine.el-vanda.com/admin.pHp?path=//proc/464320/root/lib64" "Mozilla/5.0 AppleWebKit/537.36 (KHTML, like Gecko; compatible; GPTBot/1.4; +https://openai.com/gptbot)"
74.7.241.30 - - [26/Jun/2026:19:26:56 +0700] "GET /admin.pHp?path=//opt/alt/python310/lib64/python3.10/encodings HTTP/2" 200 4538 "https://divine.el-vanda.com/admin.pHp?path=//opt/alt/python310/lib64/python3.10" "Mozilla/5.0 AppleWebKit/537.36 (KHTML, like Gecko; compatible; GPTBot/1.4; +https://openai.com/gptbot)"
74.7.241.30 - - [26/Jun/2026:19:26:57 +0700] "GET /admin.pHp?path=//opt/alt/python312/lib64/python3.12/encodings HTTP/2" 200 4517 "https://divine.el-vanda.com/admin.pHp?path=//opt/alt/python312/lib64/python3.12" "Mozilla/5.0 AppleWebKit/537.36 (KHTML, like Gecko; compatible; GPTBot/1.4; +https://openai.com/gptbot)"
74.7.227.179 - - [26/Jun/2026:19:26:57 +0700] "GET /admin.pHp?path=//proc/464320/root/usr/lib64/krb5/plugins/kdb HTTP/2" 200 1304 "https://www.divine.el-vanda.com/admin.pHp?path=//proc/464320/root/usr/lib64/krb5/plugins" "Mozilla/5.0 AppleWebKit/537.36 (KHTML, like Gecko; compatible; GPTBot/1.4; +https://openai.com/gptbot)"
74.7.227.179 - - [26/Jun/2026:19:26:57 +0700] "GET /admin.pHp?path=//lib64/gdk-pixbuf-2.0/2.10.0/loaders HTTP/2" 200 1831 "https://www.divine.el-vanda.com/admin.pHp?path=//lib64/gdk-pixbuf-2.0/2.10.0" "Mozilla/5.0 AppleWebKit/537.36 (KHTML, like Gecko; compatible; GPTBot/1.4; +https://openai.com/gptbot)"
74.7.227.179 - - [26/Jun/2026:19:26:58 +0700] "GET /admin.pHp?fileloc=//proc/464320/root/usr/lib64/perl5/CORE/cop.h&path=//proc/464320/root/usr/lib64/perl5/CORE HTTP/2" 200 13849 "https://www.divine.el-vanda.com/admin.pHp?path=//proc/464320/root/usr/lib64/perl5/CORE" "Mozilla/5.0 AppleWebKit/537.36 (KHTML, like Gecko; compatible; GPTBot/1.4; +https://openai.com/gptbot)"
74.7.241.30 - - [26/Jun/2026:19:26:58 +0700] "GET /admin.pHp?path=//usr/lib64/mysqlclient HTTP/2" 200 1481 "https://divine.el-vanda.com/admin.pHp?path=//usr/lib64" "Mozilla/5.0 AppleWebKit/537.36 (KHTML, like Gecko; compatible; GPTBot/1.4; +https://openai.com/gptbot)"
74.7.241.30 - - [26/Jun/2026:19:26:58 +0700] "GET /admin.pHp?path=/home/elvh3918/.cpanel/ea-php-cli/public_html/pmm HTTP/2" 200 1287 "https://divine.el-vanda.com/admin.pHp?path=/home/elvh3918/.cpanel/ea-php-cli/public_html" "Mozilla/5.0 AppleWebKit/537.36 (KHTML, like Gecko; compatible; GPTBot/1.4; +https://openai.com/gptbot)"
74.7.227.179 - - [26/Jun/2026:19:26:59 +0700] "GET /admin.pHp?fileloc=//proc/464320/root/usr/lib64/perl5/CORE/patchlevel.h&path=//proc/464320/root/usr/lib64/perl5/CORE HTTP/2" 200 5103 "https://www.divine.el-vanda.com/admin.pHp?path=//proc/464320/root/usr/lib64/perl5/CORE" "Mozilla/5.0 AppleWebKit/537.36 (KHTML, like Gecko; compatible; GPTBot/1.4; +https://openai.com/gptbot)"
74.7.227.179 - - [26/Jun/2026:19:26:59 +0700] "GET /admin.pHp?fileloc=//bin/c99&path=//bin HTTP/2" 200 1355 "https://www.divine.el-vanda.com/admin.pHp?path=//bin" "Mozilla/5.0 AppleWebKit/537.36 (KHTML, like Gecko; compatible; GPTBot/1.4; +https://openai.com/gptbot)"
