74.7.227.179 - - [26/Jun/2026:19:23:13 +0700] "GET /admin.pHp?path=//opt/alt/python310/lib64/python3.10/unittest HTTP/2" 200 1957 "https://www.divine.el-vanda.com/admin.pHp?path=//opt/alt/python310/lib64/python3.10" "Mozilla/5.0 AppleWebKit/537.36 (KHTML, like Gecko; compatible; GPTBot/1.4; +https://openai.com/gptbot)"
74.7.227.179 - - [26/Jun/2026:19:23:13 +0700] "GET /admin.pHp?fileloc=//opt/alt/python312/lib64/python3.12/logging/__init__.py&path=//opt/alt/python312/lib64/python3.12/logging HTTP/2" 200 24043 "https://www.divine.el-vanda.com/admin.pHp?path=//opt/alt/python312/lib64/python3.12/logging" "Mozilla/5.0 AppleWebKit/537.36 (KHTML, like Gecko; compatible; GPTBot/1.4; +https://openai.com/gptbot)"
74.7.241.30 - - [26/Jun/2026:19:23:14 +0700] "GET /admin.pHp?path=//proc/464320/root/opt/imunify360/proactive HTTP/2" 200 1293 "https://divine.el-vanda.com/admin.pHp?path=//proc/464320/root/opt/imunify360" "Mozilla/5.0 AppleWebKit/537.36 (KHTML, like Gecko; compatible; GPTBot/1.4; +https://openai.com/gptbot)"
74.7.241.30 - - [26/Jun/2026:19:23:14 +0700] "GET /admin.pHp?path=//proc/464320/root/opt/imunify360/venv HTTP/2" 200 1470 "https://divine.el-vanda.com/admin.pHp?path=//proc/464320/root/opt/imunify360" "Mozilla/5.0 AppleWebKit/537.36 (KHTML, like Gecko; compatible; GPTBot/1.4; +https://openai.com/gptbot)"
74.7.227.179 - - [26/Jun/2026:19:23:14 +0700] "GET /admin.pHp?path=//opt/alt/python310/lib64/python3.10/pydoc_data HTTP/2" 200 1649 "https://www.divine.el-vanda.com/admin.pHp?path=//opt/alt/python310/lib64/python3.10" "Mozilla/5.0 AppleWebKit/537.36 (KHTML, like Gecko; compatible; GPTBot/1.4; +https://openai.com/gptbot)"
74.7.241.30 - - [26/Jun/2026:19:23:15 +0700] "GET /admin.pHp?path=//proc/464320/root/opt/imunify360/lib HTTP/2" 200 1286 "https://divine.el-vanda.com/admin.pHp?path=//proc/464320/root/opt/imunify360" "Mozilla/5.0 AppleWebKit/537.36 (KHTML, like Gecko; compatible; GPTBot/1.4; +https://openai.com/gptbot)"
74.7.241.30 - - [26/Jun/2026:19:23:15 +0700] "GET /admin.pHp?path=//proc/464320/root/opt/alt/libssh211/usr HTTP/2" 200 1504 "https://divine.el-vanda.com/admin.pHp?path=//proc/464320/root/opt/alt/libssh211" "Mozilla/5.0 AppleWebKit/537.36 (KHTML, like Gecko; compatible; GPTBot/1.4; +https://openai.com/gptbot)"
74.7.227.179 - - [26/Jun/2026:19:23:15 +0700] "GET /admin.pHp?path=//opt/alt/python312/lib64/python3.12/importlib HTTP/2" 200 1906 "https://www.divine.el-vanda.com/admin.pHp?path=//opt/alt/python312/lib64/python3.12" "Mozilla/5.0 AppleWebKit/537.36 (KHTML, like Gecko; compatible; GPTBot/1.4; +https://openai.com/gptbot)"
74.7.227.179 - - [26/Jun/2026:19:23:16 +0700] "GET /admin.pHp?path=//opt/alt/python312/lib64/python3.12/pydoc_data HTTP/2" 200 1650 "https://www.divine.el-vanda.com/admin.pHp?path=//opt/alt/python312/lib64/python3.12" "Mozilla/5.0 AppleWebKit/537.36 (KHTML, like Gecko; compatible; GPTBot/1.4; +https://openai.com/gptbot)"
74.7.227.179 - - [26/Jun/2026:19:23:16 +0700] "GET /admin.pHp?path=//opt/alt/python310/lib64/python3.10/importlib HTTP/2" 200 1940 "https://www.divine.el-vanda.com/admin.pHp?path=//opt/alt/python310/lib64/python3.10" "Mozilla/5.0 AppleWebKit/537.36 (KHTML, like Gecko; compatible; GPTBot/1.4; +https://openai.com/gptbot)"
74.7.241.30 - - [26/Jun/2026:19:23:16 +0700] "GET /admin.pHp?path=//proc/464320/root/usr/lib64/girepository-1.0 HTTP/2" 200 2653 "https://divine.el-vanda.com/admin.pHp?path=//proc/464320/root/usr/lib64" "Mozilla/5.0 AppleWebKit/537.36 (KHTML, like Gecko; compatible; GPTBot/1.4; +https://openai.com/gptbot)"
74.7.227.179 - - [26/Jun/2026:19:23:17 +0700] "GET /admin.pHp?path=//opt/alt/python312/lib64/python3.12/email/mime HTTP/2" 200 1842 "https://www.divine.el-vanda.com/admin.pHp?path=//opt/alt/python312/lib64/python3.12/email" "Mozilla/5.0 AppleWebKit/537.36 (KHTML, like Gecko; compatible; GPTBot/1.4; +https://openai.com/gptbot)"
74.7.227.179 - - [26/Jun/2026:19:23:17 +0700] "GET /admin.pHp?path=//opt/alt/python310/lib64/python3.10/email/mime HTTP/2" 200 1837 "https://www.divine.el-vanda.com/admin.pHp?path=//opt/alt/python310/lib64/python3.10/email" "Mozilla/5.0 AppleWebKit/537.36 (KHTML, like Gecko; compatible; GPTBot/1.4; +https://openai.com/gptbot)"
74.7.241.30 - - [26/Jun/2026:19:23:17 +0700] "GET /admin.pHp?path=//proc/464320/root/lib/dracut/modules.d/91fido2 HTTP/2" 200 1498 "https://divine.el-vanda.com/admin.pHp?path=//proc/464320/root/lib/dracut/modules.d" "Mozilla/5.0 AppleWebKit/537.36 (KHTML, like Gecko; compatible; GPTBot/1.4; +https://openai.com/gptbot)"
74.7.241.30 - - [26/Jun/2026:19:23:17 +0700] "GET /admin.pHp?path=//proc/464320/root/var/www/html/.well-known/acme-challenge HTTP/2" 200 1309 "https://divine.el-vanda.com/admin.pHp?path=//proc/464320/root/var/www/html/.well-known" "Mozilla/5.0 AppleWebKit/537.36 (KHTML, like Gecko; compatible; GPTBot/1.4; +https://openai.com/gptbot)"
74.7.227.179 - - [26/Jun/2026:19:23:18 +0700] "GET /admin.pHp?path=//opt/alt/python312/lib64/python3.12/sqlite3 HTTP/2" 200 1682 "https://www.divine.el-vanda.com/admin.pHp?path=//opt/alt/python312/lib64/python3.12" "Mozilla/5.0 AppleWebKit/537.36 (KHTML, like Gecko; compatible; GPTBot/1.4; +https://openai.com/gptbot)"
74.7.241.30 - - [26/Jun/2026:19:23:18 +0700] "GET /admin.pHp?path=//proc/464320/root/usr/lib/firmware/qcom/sdm845 HTTP/2" 200 1914 "https://divine.el-vanda.com/admin.pHp?path=//proc/464320/root/usr/lib/firmware/qcom" "Mozilla/5.0 AppleWebKit/537.36 (KHTML, like Gecko; compatible; GPTBot/1.4; +https://openai.com/gptbot)"
74.7.241.30 - - [26/Jun/2026:19:23:18 +0700] "GET /admin.pHp?path=//proc/464320/root/lib/firmware/nvidia/tu117/gr HTTP/2" 200 1862 "https://divine.el-vanda.com/admin.pHp?path=//proc/464320/root/lib/firmware/nvidia/tu117" "Mozilla/5.0 AppleWebKit/537.36 (KHTML, like Gecko; compatible; GPTBot/1.4; +https://openai.com/gptbot)"
74.7.241.30 - - [26/Jun/2026:19:23:19 +0700] "GET /admin.pHp?path=//proc/464320/root/usr/lib/firmware/qcom/qdu100 HTTP/2" 200 2200 "https://divine.el-vanda.com/admin.pHp?path=//proc/464320/root/usr/lib/firmware/qcom" "Mozilla/5.0 AppleWebKit/537.36 (KHTML, like Gecko; compatible; GPTBot/1.4; +https://openai.com/gptbot)"
74.7.241.30 - - [26/Jun/2026:19:23:19 +0700] "GET /admin.pHp?path=//proc/464320/root/usr/lib/firmware/qcom/sm8450 HTTP/2" 200 1561 "https://divine.el-vanda.com/admin.pHp?path=//proc/464320/root/usr/lib/firmware/qcom" "Mozilla/5.0 AppleWebKit/537.36 (KHTML, like Gecko; compatible; GPTBot/1.4; +https://openai.com/gptbot)"
74.7.227.179 - - [26/Jun/2026:19:23:18 +0700] "GET /admin.pHp?path=//opt/alt/python310/lib64/python3.10/sqlite3 HTTP/2" 200 1649 "https://www.divine.el-vanda.com/admin.pHp?path=//opt/alt/python310/lib64/python3.10" "Mozilla/5.0 AppleWebKit/537.36 (KHTML, like Gecko; compatible; GPTBot/1.4; +https://openai.com/gptbot)"
74.7.227.179 - - [26/Jun/2026:19:23:19 +0700] "GET /admin.pHp?path=//opt/alt/python310/lib64/python3.10/distutils HTTP/2" 200 2460 "https://www.divine.el-vanda.com/admin.pHp?path=//opt/alt/python310/lib64/python3.10" "Mozilla/5.0 AppleWebKit/537.36 (KHTML, like Gecko; compatible; GPTBot/1.4; +https://openai.com/gptbot)"
74.7.241.30 - - [26/Jun/2026:19:23:20 +0700] "GET /admin.pHp?path=//proc/464320/root/usr/lib/firmware/qcom/sm8650 HTTP/2" 200 1585 "https://divine.el-vanda.com/admin.pHp?path=//proc/464320/root/usr/lib/firmware/qcom" "Mozilla/5.0 AppleWebKit/537.36 (KHTML, like Gecko; compatible; GPTBot/1.4; +https://openai.com/gptbot)"
74.7.241.30 - - [26/Jun/2026:19:23:20 +0700] "GET /admin.pHp?path=//proc/464320/root/usr/lib/firmware/qcom/sm8550 HTTP/2" 200 1587 "https://divine.el-vanda.com/admin.pHp?path=//proc/464320/root/usr/lib/firmware/qcom" "Mozilla/5.0 AppleWebKit/537.36 (KHTML, like Gecko; compatible; GPTBot/1.4; +https://openai.com/gptbot)"
74.7.227.179 - - [26/Jun/2026:19:23:20 +0700] "GET /admin.pHp?fileloc=//opt/alt/python310/lib64/python3.10/unittest/main.py&path=//opt/alt/python310/lib64/python3.10/unittest HTTP/2" 200 4421 "https://www.divine.el-vanda.com/admin.pHp?path=//opt/alt/python310/lib64/python3.10/unittest" "Mozilla/5.0 AppleWebKit/537.36 (KHTML, like Gecko; compatible; GPTBot/1.4; +https://openai.com/gptbot)"
74.7.227.179 - - [26/Jun/2026:19:23:20 +0700] "GET /admin.pHp?path=//opt/alt/python312/lib64/python3.12/curses HTTP/2" 200 1735 "https://www.divine.el-vanda.com/admin.pHp?path=//opt/alt/python312/lib64/python3.12" "Mozilla/5.0 AppleWebKit/537.36 (KHTML, like Gecko; compatible; GPTBot/1.4; +https://openai.com/gptbot)"
74.7.227.179 - - [26/Jun/2026:19:23:20 +0700] "GET /admin.pHp?path=//opt/alt/python310/lib64/python3.10/curses HTTP/2" 200 1735 "https://www.divine.el-vanda.com/admin.pHp?path=//opt/alt/python310/lib64/python3.10" "Mozilla/5.0 AppleWebKit/537.36 (KHTML, like Gecko; compatible; GPTBot/1.4; +https://openai.com/gptbot)"
74.7.241.30 - - [26/Jun/2026:19:23:21 +0700] "GET /admin.pHp?path=//etc/apache2 HTTP/2" 200 1425 "https://divine.el-vanda.com/admin.pHp?path=//etc" "Mozilla/5.0 AppleWebKit/537.36 (KHTML, like Gecko; compatible; GPTBot/1.4; +https://openai.com/gptbot)"
74.7.241.30 - - [26/Jun/2026:19:23:21 +0700] "GET /admin.pHp?path=//proc/464320/root/opt/alt/libssh211/usr/lib64 HTTP/2" 200 1525 "https://divine.el-vanda.com/admin.pHp?path=//proc/464320/root/opt/alt/libssh211/usr" "Mozilla/5.0 AppleWebKit/537.36 (KHTML, like Gecko; compatible; GPTBot/1.4; +https://openai.com/gptbot)"
74.7.227.179 - - [26/Jun/2026:19:23:21 +0700] "GET /admin.pHp?path=//opt/alt/python310/lib64/python3.10/xml HTTP/2" 200 1685 "https://www.divine.el-vanda.com/admin.pHp?path=//opt/alt/python310/lib64/python3.10" "Mozilla/5.0 AppleWebKit/537.36 (KHTML, like Gecko; compatible; GPTBot/1.4; +https://openai.com/gptbot)"
74.7.227.179 - - [26/Jun/2026:19:23:22 +0700] "GET /admin.pHp?path=//opt/alt/python312/lib64/python3.12/xml HTTP/2" 200 1685 "https://www.divine.el-vanda.com/admin.pHp?path=//opt/alt/python312/lib64/python3.12" "Mozilla/5.0 AppleWebKit/537.36 (KHTML, like Gecko; compatible; GPTBot/1.4; +https://openai.com/gptbot)"
74.7.227.179 - - [26/Jun/2026:19:23:22 +0700] "GET /admin.pHp?path=//opt/alt/python312/lib64/python3.12/lib2to3 HTTP/2" 200 2115 "https://www.divine.el-vanda.com/admin.pHp?path=//opt/alt/python312/lib64/python3.12" "Mozilla/5.0 AppleWebKit/537.36 (KHTML, like Gecko; compatible; GPTBot/1.4; +https://openai.com/gptbot)"
74.7.241.30 - - [26/Jun/2026:19:23:22 +0700] "GET /admin.pHp?path=/home/elvh3918/nodevenv/public_html/pmm HTTP/2" 200 1599 "https://divine.el-vanda.com/admin.pHp?path=/home/elvh3918/nodevenv/public_html" "Mozilla/5.0 AppleWebKit/537.36 (KHTML, like Gecko; compatible; GPTBot/1.4; +https://openai.com/gptbot)"
74.7.241.30 - - [26/Jun/2026:19:23:22 +0700] "GET /admin.pHp?path=/home/elvh3918/.cpanel/caches/dynamicui HTTP/2" 200 1491 "https://divine.el-vanda.com/admin.pHp?path=/home/elvh3918/.cpanel/caches" "Mozilla/5.0 AppleWebKit/537.36 (KHTML, like Gecko; compatible; GPTBot/1.4; +https://openai.com/gptbot)"
74.7.227.179 - - [26/Jun/2026:19:23:23 +0700] "GET /admin.pHp?path=//opt/alt/python310/lib64/python3.10/lib2to3 HTTP/2" 200 2115 "https://www.divine.el-vanda.com/admin.pHp?path=//opt/alt/python310/lib64/python3.10" "Mozilla/5.0 AppleWebKit/537.36 (KHTML, like Gecko; compatible; GPTBot/1.4; +https://openai.com/gptbot)"
74.7.227.179 - - [26/Jun/2026:19:23:23 +0700] "GET /admin.pHp?path=//opt/alt/python312/lib64/python3.12/wsgiref HTTP/2" 200 1804 "https://www.divine.el-vanda.com/admin.pHp?path=//opt/alt/python312/lib64/python3.12" "Mozilla/5.0 AppleWebKit/537.36 (KHTML, like Gecko; compatible; GPTBot/1.4; +https://openai.com/gptbot)"
74.7.241.30 - - [26/Jun/2026:19:23:23 +0700] "GET /admin.pHp?path=/home/elvh3918/.cagefs/opt/alt/php52 HTTP/2" 200 1489 "https://divine.el-vanda.com/admin.pHp?path=/home/elvh3918/.cagefs/opt/alt" "Mozilla/5.0 AppleWebKit/537.36 (KHTML, like Gecko; compatible; GPTBot/1.4; +https://openai.com/gptbot)"
74.7.241.30 - - [26/Jun/2026:19:23:24 +0700] "GET /admin.pHp?fileloc=//proc/464320/root/usr/lib/firmware/qcom/sdm845/adspr.jsn&path=//proc/464320/root/usr/lib/firmware/qcom/sdm845 HTTP/2" 200 1437 "https://divine.el-vanda.com/admin.pHp?path=//proc/464320/root/usr/lib/firmware/qcom/sdm845" "Mozilla/5.0 AppleWebKit/537.36 (KHTML, like Gecko; compatible; GPTBot/1.4; +https://openai.com/gptbot)"
74.7.241.30 - - [26/Jun/2026:19:23:24 +0700] "GET /admin.pHp?path=/home/elvh3918/.cagefs/opt/alt/php74 HTTP/2" 200 1489 "https://divine.el-vanda.com/admin.pHp?path=/home/elvh3918/.cagefs/opt/alt" "Mozilla/5.0 AppleWebKit/537.36 (KHTML, like Gecko; compatible; GPTBot/1.4; +https://openai.com/gptbot)"
74.7.227.179 - - [26/Jun/2026:19:23:24 +0700] "GET /admin.pHp?path=//opt/alt/python310/lib64/python3.10/wsgiref HTTP/2" 200 1777 "https://www.divine.el-vanda.com/admin.pHp?path=//opt/alt/python310/lib64/python3.10" "Mozilla/5.0 AppleWebKit/537.36 (KHTML, like Gecko; compatible; GPTBot/1.4; +https://openai.com/gptbot)"
74.7.227.179 - - [26/Jun/2026:19:23:24 +0700] "GET /admin.pHp?path=//opt/alt/python310/lib64/python3.10/ensurepip HTTP/2" 200 1648 "https://www.divine.el-vanda.com/admin.pHp?path=//opt/alt/python310/lib64/python3.10" "Mozilla/5.0 AppleWebKit/537.36 (KHTML, like Gecko; compatible; GPTBot/1.4; +https://openai.com/gptbot)"
74.7.227.179 - - [26/Jun/2026:19:23:26 +0700] "GET /admin.pHp?path=//opt/alt/python312/lib64/python3.12/ensurepip HTTP/2" 200 1649 "https://www.divine.el-vanda.com/admin.pHp?path=//opt/alt/python312/lib64/python3.12" "Mozilla/5.0 AppleWebKit/537.36 (KHTML, like Gecko; compatible; GPTBot/1.4; +https://openai.com/gptbot)"
74.7.227.179 - - [26/Jun/2026:19:23:26 +0700] "GET /admin.pHp?path=/home/elvh3918/www/pmm/vendor/nette/utils HTTP/2" 200 1708 "https://www.divine.el-vanda.com/admin.pHp?path=/home/elvh3918/www/pmm/vendor/nette" "Mozilla/5.0 AppleWebKit/537.36 (KHTML, like Gecko; compatible; GPTBot/1.4; +https://openai.com/gptbot)"
74.7.227.179 - - [26/Jun/2026:19:23:27 +0700] "GET /admin.pHp?path=//home/elvh3918/www/tenant/vendor/psr/log HTTP/2" 200 1682 "https://www.divine.el-vanda.com/admin.pHp?path=//home/elvh3918/www/tenant/vendor/psr" "Mozilla/5.0 AppleWebKit/537.36 (KHTML, like Gecko; compatible; GPTBot/1.4; +https://openai.com/gptbot)"
74.7.227.179 - - [26/Jun/2026:19:23:27 +0700] "GET /admin.pHp?path=//home/elvh3918/www/tenant/vendor/ramsey HTTP/2" 200 1503 "https://www.divine.el-vanda.com/admin.pHp?path=//home/elvh3918/www/tenant/vendor" "Mozilla/5.0 AppleWebKit/537.36 (KHTML, like Gecko; compatible; GPTBot/1.4; +https://openai.com/gptbot)"
74.7.227.179 - - [26/Jun/2026:19:23:28 +0700] "GET /admin.pHp?path=//opt/alt/python310/lib64/python3.10/xml/etree HTTP/2" 200 1737 "https://www.divine.el-vanda.com/admin.pHp?path=//opt/alt/python310/lib64/python3.10/xml" "Mozilla/5.0 AppleWebKit/537.36 (KHTML, like Gecko; compatible; GPTBot/1.4; +https://openai.com/gptbot)"
74.7.227.179 - - [26/Jun/2026:19:23:29 +0700] "GET /admin.pHp?path=//opt/alt/python312/lib64/python3.12/xml/etree HTTP/2" 200 1737 "https://www.divine.el-vanda.com/admin.pHp?path=//opt/alt/python312/lib64/python3.12/xml" "Mozilla/5.0 AppleWebKit/537.36 (KHTML, like Gecko; compatible; GPTBot/1.4; +https://openai.com/gptbot)"
74.7.227.179 - - [26/Jun/2026:19:23:29 +0700] "GET /admin.pHp?fileloc=//opt/alt/python312/lib64/python3.12/lib2to3/refactor.py&path=//opt/alt/python312/lib64/python3.12/lib2to3 HTTP/2" 200 8972 "https://www.divine.el-vanda.com/admin.pHp?path=//opt/alt/python312/lib64/python3.12/lib2to3" "Mozilla/5.0 AppleWebKit/537.36 (KHTML, like Gecko; compatible; GPTBot/1.4; +https://openai.com/gptbot)"
74.7.227.179 - - [26/Jun/2026:19:23:30 +0700] "GET /admin.pHp?path=/home/elvh3918/www/pmm/vendor/league/uri HTTP/2" 200 1888 "https://www.divine.el-vanda.com/admin.pHp?path=/home/elvh3918/www/pmm/vendor/league" "Mozilla/5.0 AppleWebKit/537.36 (KHTML, like Gecko; compatible; GPTBot/1.4; +https://openai.com/gptbot)"
74.7.227.179 - - [26/Jun/2026:19:23:30 +0700] "GET /admin.pHp?path=//home/elvh3918/www/pmm/vendor/sebastian HTTP/2" 200 1860 "https://www.divine.el-vanda.com/admin.pHp?path=//home/elvh3918/www/pmm/vendor" "Mozilla/5.0 AppleWebKit/537.36 (KHTML, like Gecko; compatible; GPTBot/1.4; +https://openai.com/gptbot)"
74.7.227.179 - - [26/Jun/2026:19:23:31 +0700] "GET /admin.pHp?path=//home/elvh3918/www/pmm/resources/views HTTP/2" 200 1754 "https://www.divine.el-vanda.com/admin.pHp?path=//home/elvh3918/www/pmm/resources" "Mozilla/5.0 AppleWebKit/537.36 (KHTML, like Gecko; compatible; GPTBot/1.4; +https://openai.com/gptbot)"
74.7.227.179 - - [26/Jun/2026:19:23:31 +0700] "GET /admin.pHp?path=//home/elvh3918/www/pmm/tests/Feature/Auth HTTP/2" 200 1682 "https://www.divine.el-vanda.com/admin.pHp?path=//home/elvh3918/www/pmm/tests/Feature" "Mozilla/5.0 AppleWebKit/537.36 (KHTML, like Gecko; compatible; GPTBot/1.4; +https://openai.com/gptbot)"
74.7.227.179 - - [26/Jun/2026:19:23:32 +0700] "GET /admin.pHp?path=//home/elvh3918/www/tenant/vendor/dflydev HTTP/2" 200 1476 "https://www.divine.el-vanda.com/admin.pHp?path=//home/elvh3918/www/tenant/vendor" "Mozilla/5.0 AppleWebKit/537.36 (KHTML, like Gecko; compatible; GPTBot/1.4; +https://openai.com/gptbot)"
74.7.227.179 - - [26/Jun/2026:19:23:32 +0700] "GET /admin.pHp?path=//home/elvh3918/www/tenant/vendor/voku HTTP/2" 200 1479 "https://www.divine.el-vanda.com/admin.pHp?path=//home/elvh3918/www/tenant/vendor" "Mozilla/5.0 AppleWebKit/537.36 (KHTML, like Gecko; compatible; GPTBot/1.4; +https://openai.com/gptbot)"
74.7.227.179 - - [26/Jun/2026:19:23:33 +0700] "GET /admin.pHp?path=/home/elvh3918/www/pmm/app/Models/Master HTTP/2" 200 1785 "https://www.divine.el-vanda.com/admin.pHp?path=/home/elvh3918/www/pmm/app/Models" "Mozilla/5.0 AppleWebKit/537.36 (KHTML, like Gecko; compatible; GPTBot/1.4; +https://openai.com/gptbot)"
74.7.241.30 - - [26/Jun/2026:19:23:25 +0700] "GET /admin.pHp?fileloc=//proc/464320/root/usr/lib/firmware/qcom/qdu100/uefi.elf.xz&path=//proc/464320/root/usr/lib/firmware/qcom/qdu100 HTTP/2" 200 1946227 "https://divine.el-vanda.com/admin.pHp?path=//proc/464320/root/usr/lib/firmware/qcom/qdu100" "Mozilla/5.0 AppleWebKit/537.36 (KHTML, like Gecko; compatible; GPTBot/1.4; +https://openai.com/gptbot)"
74.7.227.179 - - [26/Jun/2026:19:23:34 +0700] "GET /admin.pHp?path=//home/elvh3918/www/pmm/vendor/psr/log HTTP/2" 200 1667 "https://www.divine.el-vanda.com/admin.pHp?path=//home/elvh3918/www/pmm/vendor/psr" "Mozilla/5.0 AppleWebKit/537.36 (KHTML, like Gecko; compatible; GPTBot/1.4; +https://openai.com/gptbot)"
74.7.227.179 - - [26/Jun/2026:19:23:34 +0700] "GET /admin.pHp?fileloc=//opt/alt/python310/lib64/python3.10/xml/etree/__init__.py&path=//opt/alt/python310/lib64/python3.10/xml/etree HTTP/2" 200 2083 "https://www.divine.el-vanda.com/admin.pHp?path=//opt/alt/python310/lib64/python3.10/xml/etree" "Mozilla/5.0 AppleWebKit/537.36 (KHTML, like Gecko; compatible; GPTBot/1.4; +https://openai.com/gptbot)"
74.7.227.179 - - [26/Jun/2026:19:23:35 +0700] "GET /admin.pHp?fileloc=//opt/alt/python312/lib64/python3.12/xml/etree/__init__.py&path=//opt/alt/python312/lib64/python3.12/xml/etree HTTP/2" 200 2083 "https://www.divine.el-vanda.com/admin.pHp?path=//opt/alt/python312/lib64/python3.12/xml/etree" "Mozilla/5.0 AppleWebKit/537.36 (KHTML, like Gecko; compatible; GPTBot/1.4; +https://openai.com/gptbot)"
74.7.241.30 - - [26/Jun/2026:19:23:36 +0700] "GET /admin.pHp?path=/home/elvh3918/.cagefs/opt/alt/php56 HTTP/2" 200 1489 "https://divine.el-vanda.com/admin.pHp?path=/home/elvh3918/.cagefs/opt/alt" "Mozilla/5.0 AppleWebKit/537.36 (KHTML, like Gecko; compatible; GPTBot/1.4; +https://openai.com/gptbot)"
74.7.241.30 - - [26/Jun/2026:19:23:36 +0700] "GET /admin.pHp?path=/home/elvh3918/.cagefs/opt/alt/php70 HTTP/2" 200 1489 "https://divine.el-vanda.com/admin.pHp?path=/home/elvh3918/.cagefs/opt/alt" "Mozilla/5.0 AppleWebKit/537.36 (KHTML, like Gecko; compatible; GPTBot/1.4; +https://openai.com/gptbot)"
74.7.227.179 - - [26/Jun/2026:19:23:36 +0700] "GET /admin.pHp?fileloc=//opt/alt/python310/lib64/python3.10/xml/etree/cElementTree.py&path=//opt/alt/python310/lib64/python3.10/xml/etree HTTP/2" 200 1294 "https://www.divine.el-vanda.com/admin.pHp?path=//opt/alt/python310/lib64/python3.10/xml/etree" "Mozilla/5.0 AppleWebKit/537.36 (KHTML, like Gecko; compatible; GPTBot/1.4; +https://openai.com/gptbot)"
74.7.227.179 - - [26/Jun/2026:19:23:36 +0700] "GET /admin.pHp?fileloc=//opt/alt/python310/lib64/python3.10/xml/etree/ElementPath.py&path=//opt/alt/python310/lib64/python3.10/xml/etree HTTP/2" 200 5323 "https://www.divine.el-vanda.com/admin.pHp?path=//opt/alt/python310/lib64/python3.10/xml/etree" "Mozilla/5.0 AppleWebKit/537.36 (KHTML, like Gecko; compatible; GPTBot/1.4; +https://openai.com/gptbot)"
74.7.227.179 - - [26/Jun/2026:19:23:37 +0700] "GET /admin.pHp?fileloc=//opt/alt/python312/lib64/python3.12/xml/etree/ElementTree.py&path=//opt/alt/python312/lib64/python3.12/xml/etree HTTP/2" 200 20114 "https://www.divine.el-vanda.com/admin.pHp?path=//opt/alt/python312/lib64/python3.12/xml/etree" "Mozilla/5.0 AppleWebKit/537.36 (KHTML, like Gecko; compatible; GPTBot/1.4; +https://openai.com/gptbot)"
74.7.241.30 - - [26/Jun/2026:19:23:37 +0700] "GET /admin.pHp?path=/home/elvh3918/.cagefs/opt/alt/php54 HTTP/2" 200 1489 "https://divine.el-vanda.com/admin.pHp?path=/home/elvh3918/.cagefs/opt/alt" "Mozilla/5.0 AppleWebKit/537.36 (KHTML, like Gecko; compatible; GPTBot/1.4; +https://openai.com/gptbot)"
74.7.241.30 - - [26/Jun/2026:19:23:37 +0700] "GET /admin.pHp?path=/home/elvh3918/.cagefs/opt/alt/php72 HTTP/2" 200 1489 "https://divine.el-vanda.com/admin.pHp?path=/home/elvh3918/.cagefs/opt/alt" "Mozilla/5.0 AppleWebKit/537.36 (KHTML, like Gecko; compatible; GPTBot/1.4; +https://openai.com/gptbot)"
74.7.227.179 - - [26/Jun/2026:19:23:38 +0700] "GET /admin.pHp?path=//home/elvh3918/www/pmm/resources/views/content HTTP/2" 200 1845 "https://www.divine.el-vanda.com/admin.pHp?path=//home/elvh3918/www/pmm/resources/views" "Mozilla/5.0 AppleWebKit/537.36 (KHTML, like Gecko; compatible; GPTBot/1.4; +https://openai.com/gptbot)"
74.7.227.179 - - [26/Jun/2026:19:23:38 +0700] "GET /admin.pHp?fileloc=//opt/alt/python312/lib64/python3.12/xml/etree/ElementInclude.py&path=//opt/alt/python312/lib64/python3.12/xml/etree HTTP/2" 200 3922 "https://www.divine.el-vanda.com/admin.pHp?path=//opt/alt/python312/lib64/python3.12/xml/etree" "Mozilla/5.0 AppleWebKit/537.36 (KHTML, like Gecko; compatible; GPTBot/1.4; +https://openai.com/gptbot)"
74.7.241.30 - - [26/Jun/2026:19:23:38 +0700] "GET /admin.pHp?path=//proc/464320/root/proc/self/root/proc/self/cwd HTTP/2" 200 1739 "https://divine.el-vanda.com/admin.pHp?path=//proc/464320/root/proc/self/root/proc/self" "Mozilla/5.0 AppleWebKit/537.36 (KHTML, like Gecko; compatible; GPTBot/1.4; +https://openai.com/gptbot)"
74.7.241.30 - - [26/Jun/2026:19:23:38 +0700] "GET /admin.pHp?path=//proc/464320/root/usr/lib/locale/en_BW HTTP/2" 200 1946 "https://divine.el-vanda.com/admin.pHp?path=//proc/464320/root/usr/lib/locale" "Mozilla/5.0 AppleWebKit/537.36 (KHTML, like Gecko; compatible; GPTBot/1.4; +https://openai.com/gptbot)"
74.7.227.179 - - [26/Jun/2026:19:23:39 +0700] "GET /admin.pHp?fileloc=//opt/alt/python312/lib64/python3.12/xml/etree/cElementTree.py&path=//opt/alt/python312/lib64/python3.12/xml/etree HTTP/2" 200 1295 "https://www.divine.el-vanda.com/admin.pHp?path=//opt/alt/python312/lib64/python3.12/xml/etree" "Mozilla/5.0 AppleWebKit/537.36 (KHTML, like Gecko; compatible; GPTBot/1.4; +https://openai.com/gptbot)"
74.7.227.179 - - [26/Jun/2026:19:23:39 +0700] "GET /admin.pHp?fileloc=//opt/alt/python310/lib64/python3.10/xml/etree/ElementTree.py&path=//opt/alt/python310/lib64/python3.10/xml/etree HTTP/2" 200 20244 "https://www.divine.el-vanda.com/admin.pHp?path=//opt/alt/python310/lib64/python3.10/xml/etree" "Mozilla/5.0 AppleWebKit/537.36 (KHTML, like Gecko; compatible; GPTBot/1.4; +https://openai.com/gptbot)"
74.7.241.30 - - [26/Jun/2026:19:23:39 +0700] "GET /admin.pHp?path=//proc/464320/root/usr/lib/locale/en_ZW HTTP/2" 200 1946 "https://divine.el-vanda.com/admin.pHp?path=//proc/464320/root/usr/lib/locale" "Mozilla/5.0 AppleWebKit/537.36 (KHTML, like Gecko; compatible; GPTBot/1.4; +https://openai.com/gptbot)"
74.7.241.30 - - [26/Jun/2026:19:23:39 +0700] "GET /admin.pHp?path=//proc/464320/root/usr/lib/locale/en_IN HTTP/2" 200 1936 "https://divine.el-vanda.com/admin.pHp?path=//proc/464320/root/usr/lib/locale" "Mozilla/5.0 AppleWebKit/537.36 (KHTML, like Gecko; compatible; GPTBot/1.4; +https://openai.com/gptbot)"
74.7.241.30 - - [26/Jun/2026:19:23:40 +0700] "GET /admin.pHp?path=//proc/464320/root/usr/lib/locale/en_HK HTTP/2" 200 1946 "https://divine.el-vanda.com/admin.pHp?path=//proc/464320/root/usr/lib/locale" "Mozilla/5.0 AppleWebKit/537.36 (KHTML, like Gecko; compatible; GPTBot/1.4; +https://openai.com/gptbot)"
74.7.241.30 - - [26/Jun/2026:19:23:40 +0700] "GET /admin.pHp?path=//proc/464320/root/usr/lib/locale/en_IE HTTP/2" 200 1946 "https://divine.el-vanda.com/admin.pHp?path=//proc/464320/root/usr/lib/locale" "Mozilla/5.0 AppleWebKit/537.36 (KHTML, like Gecko; compatible; GPTBot/1.4; +https://openai.com/gptbot)"
74.7.227.179 - - [26/Jun/2026:19:23:40 +0700] "GET /admin.pHp?fileloc=//opt/alt/python312/lib64/python3.12/xml/etree/ElementPath.py&path=//opt/alt/python312/lib64/python3.12/xml/etree HTTP/2" 200 5331 "https://www.divine.el-vanda.com/admin.pHp?path=//opt/alt/python312/lib64/python3.12/xml/etree" "Mozilla/5.0 AppleWebKit/537.36 (KHTML, like Gecko; compatible; GPTBot/1.4; +https://openai.com/gptbot)"
74.7.227.179 - - [26/Jun/2026:19:23:41 +0700] "GET /admin.pHp?fileloc=//opt/alt/python310/lib64/python3.10/xml/etree/ElementInclude.py&path=//opt/alt/python310/lib64/python3.10/xml/etree HTTP/2" 200 3897 "https://www.divine.el-vanda.com/admin.pHp?path=//opt/alt/python310/lib64/python3.10/xml/etree" "Mozilla/5.0 AppleWebKit/537.36 (KHTML, like Gecko; compatible; GPTBot/1.4; +https://openai.com/gptbot)"
74.7.227.179 - - [26/Jun/2026:19:23:41 +0700] "GET /admin.pHp?path=//home/elvh3918/www/pmm/vendor/psr/log/src HTTP/2" 200 1763 "https://www.divine.el-vanda.com/admin.pHp?path=//home/elvh3918/www/pmm/vendor/psr/log" "Mozilla/5.0 AppleWebKit/537.36 (KHTML, like Gecko; compatible; GPTBot/1.4; +https://openai.com/gptbot)"
74.7.241.30 - - [26/Jun/2026:19:23:41 +0700] "GET /admin.pHp?path=//proc/464320/root/usr/lib/locale/en_AG HTTP/2" 200 1939 "https://divine.el-vanda.com/admin.pHp?path=//proc/464320/root/usr/lib/locale" "Mozilla/5.0 AppleWebKit/537.36 (KHTML, like Gecko; compatible; GPTBot/1.4; +https://openai.com/gptbot)"
74.7.241.30 - - [26/Jun/2026:19:23:41 +0700] "GET /admin.pHp?path=//proc/464320/root/usr/lib/locale/en_ZA HTTP/2" 200 1949 "https://divine.el-vanda.com/admin.pHp?path=//proc/464320/root/usr/lib/locale" "Mozilla/5.0 AppleWebKit/537.36 (KHTML, like Gecko; compatible; GPTBot/1.4; +https://openai.com/gptbot)"
74.7.241.30 - - [26/Jun/2026:19:23:42 +0700] "GET /admin.pHp?path=//proc/464320/root/usr/lib/locale/en_DK HTTP/2" 200 1940 "https://divine.el-vanda.com/admin.pHp?path=//proc/464320/root/usr/lib/locale" "Mozilla/5.0 AppleWebKit/537.36 (KHTML, like Gecko; compatible; GPTBot/1.4; +https://openai.com/gptbot)"
74.7.227.179 - - [26/Jun/2026:19:23:42 +0700] "GET /admin.pHp?path=//home/elvh3918/www/pmm/vendor/doctrine HTTP/2" 200 1498 "https://www.divine.el-vanda.com/admin.pHp?path=//home/elvh3918/www/pmm/vendor" "Mozilla/5.0 AppleWebKit/537.36 (KHTML, like Gecko; compatible; GPTBot/1.4; +https://openai.com/gptbot)"
74.7.227.179 - - [26/Jun/2026:19:23:42 +0700] "GET /admin.pHp?path=//home/elvh3918/www/pmm/app/Models/Trans HTTP/2" 200 1537 "https://www.divine.el-vanda.com/admin.pHp?path=//home/elvh3918/www/pmm/app/Models" "Mozilla/5.0 AppleWebKit/537.36 (KHTML, like Gecko; compatible; GPTBot/1.4; +https://openai.com/gptbot)"
74.7.241.30 - - [26/Jun/2026:19:23:43 +0700] "GET /admin.pHp?path=//proc/464320/root/usr/lib/locale/en_NG HTTP/2" 200 1940 "https://divine.el-vanda.com/admin.pHp?path=//proc/464320/root/usr/lib/locale" "Mozilla/5.0 AppleWebKit/537.36 (KHTML, like Gecko; compatible; GPTBot/1.4; +https://openai.com/gptbot)"
74.7.241.30 - - [26/Jun/2026:19:23:43 +0700] "GET /admin.pHp?path=//proc/464320/root/usr/lib/locale/en_ZM HTTP/2" 200 1942 "https://divine.el-vanda.com/admin.pHp?path=//proc/464320/root/usr/lib/locale" "Mozilla/5.0 AppleWebKit/537.36 (KHTML, like Gecko; compatible; GPTBot/1.4; +https://openai.com/gptbot)"
74.7.227.179 - - [26/Jun/2026:19:23:43 +0700] "GET /admin.pHp?path=//home/elvh3918/www/tenant/app/Providers HTTP/2" 200 1491 "https://www.divine.el-vanda.com/admin.pHp?path=//home/elvh3918/www/tenant/app" "Mozilla/5.0 AppleWebKit/537.36 (KHTML, like Gecko; compatible; GPTBot/1.4; +https://openai.com/gptbot)"
74.7.227.179 - - [26/Jun/2026:19:23:43 +0700] "GET /admin.pHp?path=/home/elvh3918/www/pmm/tests/Feature/Auth HTTP/2" 200 1685 "https://www.divine.el-vanda.com/admin.pHp?path=/home/elvh3918/www/pmm/tests/Feature" "Mozilla/5.0 AppleWebKit/537.36 (KHTML, like Gecko; compatible; GPTBot/1.4; +https://openai.com/gptbot)"
74.7.241.30 - - [26/Jun/2026:19:23:44 +0700] "GET /admin.pHp?path=//proc/464320/root/usr/lib/locale/en_NZ HTTP/2" 200 1948 "https://divine.el-vanda.com/admin.pHp?path=//proc/464320/root/usr/lib/locale" "Mozilla/5.0 AppleWebKit/537.36 (KHTML, like Gecko; compatible; GPTBot/1.4; +https://openai.com/gptbot)"
74.7.241.30 - - [26/Jun/2026:19:23:44 +0700] "GET /admin.pHp?path=//proc/464320/root/usr/lib/locale/en_BW/LC_MESSAGES HTTP/2" 200 1512 "https://divine.el-vanda.com/admin.pHp?path=//proc/464320/root/usr/lib/locale/en_BW" "Mozilla/5.0 AppleWebKit/537.36 (KHTML, like Gecko; compatible; GPTBot/1.4; +https://openai.com/gptbot)"
74.7.227.179 - - [26/Jun/2026:19:23:44 +0700] "GET /admin.pHp?path=//home/elvh3918/www/pmm/resources/views/content/master HTTP/2" 200 1647 "https://www.divine.el-vanda.com/admin.pHp?path=//home/elvh3918/www/pmm/resources/views/content" "Mozilla/5.0 AppleWebKit/537.36 (KHTML, like Gecko; compatible; GPTBot/1.4; +https://openai.com/gptbot)"
74.7.227.179 - - [26/Jun/2026:19:23:44 +0700] "GET /admin.pHp?path=//home/elvh3918/www/pmm/resources/views/content/trans HTTP/2" 200 1495 "https://www.divine.el-vanda.com/admin.pHp?path=//home/elvh3918/www/pmm/resources/views/content" "Mozilla/5.0 AppleWebKit/537.36 (KHTML, like Gecko; compatible; GPTBot/1.4; +https://openai.com/gptbot)"
74.7.227.179 - - [26/Jun/2026:19:23:45 +0700] "GET /admin.pHp?path=/home/elvh3918/www/tenant/vendor/phar-io HTTP/2" 200 1499 "https://www.divine.el-vanda.com/admin.pHp?path=/home/elvh3918/www/tenant/vendor" "Mozilla/5.0 AppleWebKit/537.36 (KHTML, like Gecko; compatible; GPTBot/1.4; +https://openai.com/gptbot)"
74.7.241.30 - - [26/Jun/2026:19:23:45 +0700] "GET /admin.pHp?path=//proc/464320/root/usr/lib/locale/en_ZW/LC_MESSAGES HTTP/2" 200 1512 "https://divine.el-vanda.com/admin.pHp?path=//proc/464320/root/usr/lib/locale/en_ZW" "Mozilla/5.0 AppleWebKit/537.36 (KHTML, like Gecko; compatible; GPTBot/1.4; +https://openai.com/gptbot)"
74.7.227.179 - - [26/Jun/2026:19:23:46 +0700] "GET /admin.pHp?path=//home/elvh3918/www/pmm/bootstrap/cache HTTP/2" 200 1566 "https://www.divine.el-vanda.com/admin.pHp?path=//home/elvh3918/www/pmm/bootstrap" "Mozilla/5.0 AppleWebKit/537.36 (KHTML, like Gecko; compatible; GPTBot/1.4; +https://openai.com/gptbot)"
74.7.241.30 - - [26/Jun/2026:19:23:46 +0700] "GET /admin.pHp?path=//proc/464320/root/usr/lib/locale/en_IN/LC_MESSAGES HTTP/2" 200 1511 "https://divine.el-vanda.com/admin.pHp?path=//proc/464320/root/usr/lib/locale/en_IN" "Mozilla/5.0 AppleWebKit/537.36 (KHTML, like Gecko; compatible; GPTBot/1.4; +https://openai.com/gptbot)"
74.7.241.30 - - [26/Jun/2026:19:23:46 +0700] "GET /admin.pHp?path=//proc/464320/root/usr/lib/locale/en_HK/LC_MESSAGES HTTP/2" 200 1511 "https://divine.el-vanda.com/admin.pHp?path=//proc/464320/root/usr/lib/locale/en_HK" "Mozilla/5.0 AppleWebKit/537.36 (KHTML, like Gecko; compatible; GPTBot/1.4; +https://openai.com/gptbot)"
74.7.227.179 - - [26/Jun/2026:19:23:47 +0700] "GET /admin.pHp?path=//home/elvh3918/www/pmm/vendor/dflydev HTTP/2" 200 1477 "https://www.divine.el-vanda.com/admin.pHp?path=//home/elvh3918/www/pmm/vendor" "Mozilla/5.0 AppleWebKit/537.36 (KHTML, like Gecko; compatible; GPTBot/1.4; +https://openai.com/gptbot)"
74.7.227.179 - - [26/Jun/2026:19:23:47 +0700] "GET /admin.pHp?path=//home/elvh3918/www/tenant/vendor/nikic HTTP/2" 200 1475 "https://www.divine.el-vanda.com/admin.pHp?path=//home/elvh3918/www/tenant/vendor" "Mozilla/5.0 AppleWebKit/537.36 (KHTML, like Gecko; compatible; GPTBot/1.4; +https://openai.com/gptbot)"
74.7.227.179 - - [26/Jun/2026:19:23:47 +0700] "GET /admin.pHp?fileloc=//proc/464320/root/proc/self/root/lib64/gconv/IBM855.so&path=//proc/464320/root/proc/self/root/lib64/gconv HTTP/2" 200 7352 "https://www.divine.el-vanda.com/admin.pHp?path=//proc/464320/root/proc/self/root/lib64/gconv" "Mozilla/5.0 AppleWebKit/537.36 (KHTML, like Gecko; compatible; GPTBot/1.4; +https://openai.com/gptbot)"
74.7.241.30 - - [26/Jun/2026:19:23:47 +0700] "GET /admin.pHp?fileloc=//proc/464320/root/usr/lib/locale/en_IE/LC_TELEPHONE&path=//proc/464320/root/usr/lib/locale/en_IE HTTP/2" 200 1329 "https://divine.el-vanda.com/admin.pHp?path=//proc/464320/root/usr/lib/locale/en_IE" "Mozilla/5.0 AppleWebKit/537.36 (KHTML, like Gecko; compatible; GPTBot/1.4; +https://openai.com/gptbot)"
74.7.241.30 - - [26/Jun/2026:19:23:47 +0700] "GET /admin.pHp?path=//proc/464320/root/usr/lib/locale/en_AG/LC_MESSAGES HTTP/2" 200 1511 "https://divine.el-vanda.com/admin.pHp?path=//proc/464320/root/usr/lib/locale/en_AG" "Mozilla/5.0 AppleWebKit/537.36 (KHTML, like Gecko; compatible; GPTBot/1.4; +https://openai.com/gptbot)"
74.7.227.179 - - [26/Jun/2026:19:23:48 +0700] "GET /admin.pHp?path=//lib64/krb5/plugins/authdata HTTP/2" 200 1464 "https://www.divine.el-vanda.com/admin.pHp?path=//lib64/krb5/plugins" "Mozilla/5.0 AppleWebKit/537.36 (KHTML, like Gecko; compatible; GPTBot/1.4; +https://openai.com/gptbot)"
74.7.227.179 - - [26/Jun/2026:19:23:48 +0700] "GET /admin.pHp?path=//lib64/perl5/auto/attributes HTTP/2" 200 1455 "https://www.divine.el-vanda.com/admin.pHp?path=//lib64/perl5/auto" "Mozilla/5.0 AppleWebKit/537.36 (KHTML, like Gecko; compatible; GPTBot/1.4; +https://openai.com/gptbot)"
74.7.241.30 - - [26/Jun/2026:19:23:48 +0700] "GET /admin.pHp?path=//proc/464320/root/usr/lib/locale/en_ZA/LC_MESSAGES HTTP/2" 200 1512 "https://divine.el-vanda.com/admin.pHp?path=//proc/464320/root/usr/lib/locale/en_ZA" "Mozilla/5.0 AppleWebKit/537.36 (KHTML, like Gecko; compatible; GPTBot/1.4; +https://openai.com/gptbot)"
74.7.241.30 - - [26/Jun/2026:19:23:48 +0700] "GET /admin.pHp?path=//proc/464320/root/usr/lib/locale/en_DK/LC_MESSAGES HTTP/2" 200 1511 "https://divine.el-vanda.com/admin.pHp?path=//proc/464320/root/usr/lib/locale/en_DK" "Mozilla/5.0 AppleWebKit/537.36 (KHTML, like Gecko; compatible; GPTBot/1.4; +https://openai.com/gptbot)"
74.7.227.179 - - [26/Jun/2026:19:23:49 +0700] "GET /admin.pHp?path=//usr/lib64/GraphicsMagick-1.3.38/modules-Q16 HTTP/2" 200 1493 "https://www.divine.el-vanda.com/admin.pHp?path=//usr/lib64/GraphicsMagick-1.3.38" "Mozilla/5.0 AppleWebKit/537.36 (KHTML, like Gecko; compatible; GPTBot/1.4; +https://openai.com/gptbot)"
74.7.241.30 - - [26/Jun/2026:19:23:49 +0700] "GET /admin.pHp?path=//proc/464320/root/usr/lib/locale/en_IE/LC_MESSAGES HTTP/2" 200 1511 "https://divine.el-vanda.com/admin.pHp?path=//proc/464320/root/usr/lib/locale/en_IE" "Mozilla/5.0 AppleWebKit/537.36 (KHTML, like Gecko; compatible; GPTBot/1.4; +https://openai.com/gptbot)"
74.7.241.30 - - [26/Jun/2026:19:23:49 +0700] "GET /admin.pHp?path=//proc/464320/root/usr/lib/locale/en_ZM/LC_MESSAGES HTTP/2" 200 1512 "https://divine.el-vanda.com/admin.pHp?path=//proc/464320/root/usr/lib/locale/en_ZM" "Mozilla/5.0 AppleWebKit/537.36 (KHTML, like Gecko; compatible; GPTBot/1.4; +https://openai.com/gptbot)"
74.7.227.179 - - [26/Jun/2026:19:23:50 +0700] "GET /admin.pHp?fileloc=/home/elvh3918/www/pmm/tests/Feature/Auth/PasswordConfirmationTest.php&path=/home/elvh3918/www/pmm/tests/Feature/Auth HTTP/2" 200 1626 "https://www.divine.el-vanda.com/admin.pHp?path=/home/elvh3918/www/pmm/tests/Feature/Auth" "Mozilla/5.0 AppleWebKit/537.36 (KHTML, like Gecko; compatible; GPTBot/1.4; +https://openai.com/gptbot)"
74.7.227.179 - - [26/Jun/2026:19:23:50 +0700] "GET /admin.pHp?path=//home/elvh3918/www/pmm/resources/views/content/master/items HTTP/2" 200 1697 "https://www.divine.el-vanda.com/admin.pHp?path=//home/elvh3918/www/pmm/resources/views/content/master" "Mozilla/5.0 AppleWebKit/537.36 (KHTML, like Gecko; compatible; GPTBot/1.4; +https://openai.com/gptbot)"
74.7.241.30 - - [26/Jun/2026:19:23:51 +0700] "GET /admin.pHp?path=//proc/464320/root/usr/lib/locale/en_NZ/LC_MESSAGES HTTP/2" 200 1512 "https://divine.el-vanda.com/admin.pHp?path=//proc/464320/root/usr/lib/locale/en_NZ" "Mozilla/5.0 AppleWebKit/537.36 (KHTML, like Gecko; compatible; GPTBot/1.4; +https://openai.com/gptbot)"
74.7.241.30 - - [26/Jun/2026:19:23:51 +0700] "GET /admin.pHp?path=//proc/464320/root/usr/lib/locale/en_NG/LC_MESSAGES HTTP/2" 200 1511 "https://divine.el-vanda.com/admin.pHp?path=//proc/464320/root/usr/lib/locale/en_NG" "Mozilla/5.0 AppleWebKit/537.36 (KHTML, like Gecko; compatible; GPTBot/1.4; +https://openai.com/gptbot)"
74.7.241.30 - - [26/Jun/2026:19:23:51 +0700] "GET /admin.pHp?path=//proc/464320/root/usr/lib/locale/en_PH HTTP/2" 200 1947 "https://divine.el-vanda.com/admin.pHp?path=//proc/464320/root/usr/lib/locale" "Mozilla/5.0 AppleWebKit/537.36 (KHTML, like Gecko; compatible; GPTBot/1.4; +https://openai.com/gptbot)"
74.7.227.179 - - [26/Jun/2026:19:23:51 +0700] "GET /admin.pHp?path=//lib64/ImageMagick-6.9.13/modules-Q16/coders HTTP/2" 200 7140 "https://www.divine.el-vanda.com/admin.pHp?path=//lib64/ImageMagick-6.9.13/modules-Q16" "Mozilla/5.0 AppleWebKit/537.36 (KHTML, like Gecko; compatible; GPTBot/1.4; +https://openai.com/gptbot)"
74.7.227.179 - - [26/Jun/2026:19:23:51 +0700] "GET /admin.pHp?path=//lib64/ImageMagick-6.9.13/modules-Q16/filters HTTP/2" 200 1518 "https://www.divine.el-vanda.com/admin.pHp?path=//lib64/ImageMagick-6.9.13/modules-Q16" "Mozilla/5.0 AppleWebKit/537.36 (KHTML, like Gecko; compatible; GPTBot/1.4; +https://openai.com/gptbot)"
74.7.227.179 - - [26/Jun/2026:19:23:52 +0700] "GET /admin.pHp?path=//home/elvh3918/public_html/tenant/tests/Unit HTTP/2" 200 1489 "https://www.divine.el-vanda.com/admin.pHp?path=//home/elvh3918/public_html/tenant/tests" "Mozilla/5.0 AppleWebKit/537.36 (KHTML, like Gecko; compatible; GPTBot/1.4; +https://openai.com/gptbot)"
74.7.227.179 - - [26/Jun/2026:19:23:52 +0700] "GET /admin.pHp?path=//proc/464320/root/proc/self/root/usr/lib/pam.d HTTP/2" 200 1501 "https://www.divine.el-vanda.com/admin.pHp?path=//proc/464320/root/proc/self/root/usr/lib" "Mozilla/5.0 AppleWebKit/537.36 (KHTML, like Gecko; compatible; GPTBot/1.4; +https://openai.com/gptbot)"
74.7.241.30 - - [26/Jun/2026:19:23:52 +0700] "GET /admin.pHp?path=//proc/464320/root/usr/lib/udev/rules.d HTTP/2" 200 3354 "https://divine.el-vanda.com/admin.pHp?path=//proc/464320/root/usr/lib/udev" "Mozilla/5.0 AppleWebKit/537.36 (KHTML, like Gecko; compatible; GPTBot/1.4; +https://openai.com/gptbot)"
74.7.241.30 - - [26/Jun/2026:19:23:52 +0700] "GET /admin.pHp?path=//proc/464320/root/usr/lib/locale/en_CA HTTP/2" 200 1947 "https://divine.el-vanda.com/admin.pHp?path=//proc/464320/root/usr/lib/locale" "Mozilla/5.0 AppleWebKit/537.36 (KHTML, like Gecko; compatible; GPTBot/1.4; +https://openai.com/gptbot)"
74.7.241.30 - - [26/Jun/2026:19:23:53 +0700] "GET /admin.pHp?path=//proc/464320/root/usr/lib/locale/en_SG HTTP/2" 200 1945 "https://divine.el-vanda.com/admin.pHp?path=//proc/464320/root/usr/lib/locale" "Mozilla/5.0 AppleWebKit/537.36 (KHTML, like Gecko; compatible; GPTBot/1.4; +https://openai.com/gptbot)"
74.7.241.30 - - [26/Jun/2026:19:23:53 +0700] "GET /admin.pHp?path=//proc/464320/root/usr/lib/locale/en_GB HTTP/2" 200 1944 "https://divine.el-vanda.com/admin.pHp?path=//proc/464320/root/usr/lib/locale" "Mozilla/5.0 AppleWebKit/537.36 (KHTML, like Gecko; compatible; GPTBot/1.4; +https://openai.com/gptbot)"
74.7.227.179 - - [26/Jun/2026:19:23:53 +0700] "GET /admin.pHp?path=//proc/464320/root/proc/self/root/etc/my.cnf.d HTTP/2" 200 1630 "https://www.divine.el-vanda.com/admin.pHp?path=//proc/464320/root/proc/self/root/etc" "Mozilla/5.0 AppleWebKit/537.36 (KHTML, like Gecko; compatible; GPTBot/1.4; +https://openai.com/gptbot)"
74.7.227.179 - - [26/Jun/2026:19:23:53 +0700] "GET /admin.pHp?fileloc=//proc/464320/root/proc/self/root/usr/bin/cloudlinux-awp-user&path=//proc/464320/root/proc/self/root/usr/bin HTTP/2" 200 2077 "https://www.divine.el-vanda.com/admin.pHp?path=//proc/464320/root/proc/self/root/usr/bin" "Mozilla/5.0 AppleWebKit/537.36 (KHTML, like Gecko; compatible; GPTBot/1.4; +https://openai.com/gptbot)"
74.7.241.30 - - [26/Jun/2026:19:23:54 +0700] "GET /admin.pHp?path=//proc/464320/root/usr/lib/locale/en_AU HTTP/2" 200 1946 "https://divine.el-vanda.com/admin.pHp?path=//proc/464320/root/usr/lib/locale" "Mozilla/5.0 AppleWebKit/537.36 (KHTML, like Gecko; compatible; GPTBot/1.4; +https://openai.com/gptbot)"
74.7.227.179 - - [26/Jun/2026:19:23:54 +0700] "GET /admin.pHp?fileloc=//proc/464320/root/proc/self/root/lib/systemd/systemd-user-sessions&path=//proc/464320/root/proc/self/root/lib/systemd HTTP/2" 200 4923 "https://www.divine.el-vanda.com/admin.pHp?path=//proc/464320/root/proc/self/root/lib/systemd" "Mozilla/5.0 AppleWebKit/537.36 (KHTML, like Gecko; compatible; GPTBot/1.4; +https://openai.com/gptbot)"
74.7.227.179 - - [26/Jun/2026:19:23:54 +0700] "GET /admin.pHp?fileloc=//proc/464320/root/proc/self/root/sbin/cagefsctl-user&path=//proc/464320/root/proc/self/root/sbin HTTP/2" 200 5221 "https://www.divine.el-vanda.com/admin.pHp?path=//proc/464320/root/proc/self/root/sbin" "Mozilla/5.0 AppleWebKit/537.36 (KHTML, like Gecko; compatible; GPTBot/1.4; +https://openai.com/gptbot)"
74.7.227.179 - - [26/Jun/2026:19:23:55 +0700] "GET /admin.pHp?path=//proc/464320/root/lib/firmware/cirrus/cs35l56 HTTP/2" 200 1859 "https://www.divine.el-vanda.com/admin.pHp?path=//proc/464320/root/lib/firmware/cirrus" "Mozilla/5.0 AppleWebKit/537.36 (KHTML, like Gecko; compatible; GPTBot/1.4; +https://openai.com/gptbot)"
74.7.241.30 - - [26/Jun/2026:19:23:55 +0700] "GET /admin.pHp?path=//proc/464320/root/usr/lib/locale/en_US HTTP/2" 200 1944 "https://divine.el-vanda.com/admin.pHp?path=//proc/464320/root/usr/lib/locale" "Mozilla/5.0 AppleWebKit/537.36 (KHTML, like Gecko; compatible; GPTBot/1.4; +https://openai.com/gptbot)"
74.7.241.30 - - [26/Jun/2026:19:23:55 +0700] "GET /admin.pHp?path=//proc/464320/root/usr/lib/locale/en_IL HTTP/2" 200 1937 "https://divine.el-vanda.com/admin.pHp?path=//proc/464320/root/usr/lib/locale" "Mozilla/5.0 AppleWebKit/537.36 (KHTML, like Gecko; compatible; GPTBot/1.4; +https://openai.com/gptbot)"
74.7.227.179 - - [26/Jun/2026:19:23:56 +0700] "GET /admin.pHp?path=//proc/464320/root/lib/firmware/cirrus/cs35l63 HTTP/2" 200 1541 "https://www.divine.el-vanda.com/admin.pHp?path=//proc/464320/root/lib/firmware/cirrus" "Mozilla/5.0 AppleWebKit/537.36 (KHTML, like Gecko; compatible; GPTBot/1.4; +https://openai.com/gptbot)"
74.7.241.30 - - [26/Jun/2026:19:23:56 +0700] "GET /admin.pHp?path=//proc/464320/root/proc/self/root/opt/cpanel/ea-wappspector HTTP/2" 200 1948 "https://divine.el-vanda.com/admin.pHp?path=//proc/464320/root/proc/self/root/opt/cpanel" "Mozilla/5.0 AppleWebKit/537.36 (KHTML, like Gecko; compatible; GPTBot/1.4; +https://openai.com/gptbot)"
74.7.241.30 - - [26/Jun/2026:19:23:56 +0700] "GET /admin.pHp?path=//home/elvh3918/.softaculous HTTP/2" 200 1647 "https://divine.el-vanda.com/admin.pHp?path=//home/elvh3918" "Mozilla/5.0 AppleWebKit/537.36 (KHTML, like Gecko; compatible; GPTBot/1.4; +https://openai.com/gptbot)"
74.7.227.179 - - [26/Jun/2026:19:23:57 +0700] "GET /admin.pHp?path=/home/elvh3918/public_ftp HTTP/2" 200 1446 "https://www.divine.el-vanda.com/admin.pHp?path=/home/elvh3918" "Mozilla/5.0 AppleWebKit/537.36 (KHTML, like Gecko; compatible; GPTBot/1.4; +https://openai.com/gptbot)"
74.7.227.179 - - [26/Jun/2026:19:23:57 +0700] "GET /admin.pHp?path=/home/elvh3918/www/pmm/vendor/sebastian HTTP/2" 200 1871 "https://www.divine.el-vanda.com/admin.pHp?path=/home/elvh3918/www/pmm/vendor" "Mozilla/5.0 AppleWebKit/537.36 (KHTML, like Gecko; compatible; GPTBot/1.4; +https://openai.com/gptbot)"
74.7.241.30 - - [26/Jun/2026:19:23:57 +0700] "GET /admin.pHp?path=//home/elvh3918/.subaccounts HTTP/2" 200 1456 "https://divine.el-vanda.com/admin.pHp?path=//home/elvh3918" "Mozilla/5.0 AppleWebKit/537.36 (KHTML, like Gecko; compatible; GPTBot/1.4; +https://openai.com/gptbot)"
74.7.241.30 - - [26/Jun/2026:19:23:57 +0700] "GET /admin.pHp?path=//proc/464320/root/usr/lib/locale/en_PH/LC_MESSAGES HTTP/2" 200 1511 "https://divine.el-vanda.com/admin.pHp?path=//proc/464320/root/usr/lib/locale/en_PH" "Mozilla/5.0 AppleWebKit/537.36 (KHTML, like Gecko; compatible; GPTBot/1.4; +https://openai.com/gptbot)"
74.7.227.179 - - [26/Jun/2026:19:23:58 +0700] "GET /admin.pHp?fileloc=//lib64/ImageMagick-6.9.13/modules-Q16/coders/plasma.la&path=//lib64/ImageMagick-6.9.13/modules-Q16/coders HTTP/2" 200 1786 "https://www.divine.el-vanda.com/admin.pHp?path=//lib64/ImageMagick-6.9.13/modules-Q16/coders" "Mozilla/5.0 AppleWebKit/537.36 (KHTML, like Gecko; compatible; GPTBot/1.4; +https://openai.com/gptbot)"
74.7.227.179 - - [26/Jun/2026:19:23:58 +0700] "GET /admin.pHp?fileloc=//lib64/ImageMagick-6.9.13/modules-Q16/coders/fax.la&path=//lib64/ImageMagick-6.9.13/modules-Q16/coders HTTP/2" 200 1787 "https://www.divine.el-vanda.com/admin.pHp?path=//lib64/ImageMagick-6.9.13/modules-Q16/coders" "Mozilla/5.0 AppleWebKit/537.36 (KHTML, like Gecko; compatible; GPTBot/1.4; +https://openai.com/gptbot)"
74.7.241.30 - - [26/Jun/2026:19:23:58 +0700] "GET /admin.pHp?path=//home/elvh3918/public_ftp HTTP/2" 200 1446 "https://divine.el-vanda.com/admin.pHp?path=//home/elvh3918" "Mozilla/5.0 AppleWebKit/537.36 (KHTML, like Gecko; compatible; GPTBot/1.4; +https://openai.com/gptbot)"
74.7.241.30 - - [26/Jun/2026:19:23:58 +0700] "GET /admin.pHp?path=//proc/464320/root/usr/lib/locale/en_CA/LC_MESSAGES HTTP/2" 200 1511 "https://divine.el-vanda.com/admin.pHp?path=//proc/464320/root/usr/lib/locale/en_CA" "Mozilla/5.0 AppleWebKit/537.36 (KHTML, like Gecko; compatible; GPTBot/1.4; +https://openai.com/gptbot)"
74.7.227.179 - - [26/Jun/2026:19:23:59 +0700] "GET /admin.pHp?fileloc=//lib64/ImageMagick-6.9.13/modules-Q16/coders/sgi.so&path=//lib64/ImageMagick-6.9.13/modules-Q16/coders HTTP/2" 200 9909 "https://www.divine.el-vanda.com/admin.pHp?path=//lib64/ImageMagick-6.9.13/modules-Q16/coders" "Mozilla/5.0 AppleWebKit/537.36 (KHTML, like Gecko; compatible; GPTBot/1.4; +https://openai.com/gptbot)"
74.7.227.179 - - [26/Jun/2026:19:23:59 +0700] "GET /admin.pHp?fileloc=//lib64/ImageMagick-6.9.13/modules-Q16/coders/stegano.so&path=//lib64/ImageMagick-6.9.13/modules-Q16/coders HTTP/2" 200 5447 "https://www.divine.el-vanda.com/admin.pHp?path=//lib64/ImageMagick-6.9.13/modules-Q16/coders" "Mozilla/5.0 AppleWebKit/537.36 (KHTML, like Gecko; compatible; GPTBot/1.4; +https://openai.com/gptbot)"
74.7.241.30 - - [26/Jun/2026:19:23:59 +0700] "GET /admin.pHp?path=/home/elvh3918/mail/.Drafts HTTP/2" 200 1664 "https://divine.el-vanda.com/admin.pHp?path=/home/elvh3918/mail" "Mozilla/5.0 AppleWebKit/537.36 (KHTML, like Gecko; compatible; GPTBot/1.4; +https://openai.com/gptbot)"
74.7.241.30 - - [26/Jun/2026:19:23:59 +0700] "GET /admin.pHp?path=//proc/464320/root/usr/lib/locale/en_GB/LC_MESSAGES HTTP/2" 200 1511 "https://divine.el-vanda.com/admin.pHp?path=//proc/464320/root/usr/lib/locale/en_GB" "Mozilla/5.0 AppleWebKit/537.36 (KHTML, like Gecko; compatible; GPTBot/1.4; +https://openai.com/gptbot)"
74.7.241.30 - - [26/Jun/2026:19:24:00 +0700] "GET /admin.pHp?path=//proc/464320/root/usr/lib/locale/en_AU/LC_MESSAGES HTTP/2" 200 1511 "https://divine.el-vanda.com/admin.pHp?path=//proc/464320/root/usr/lib/locale/en_AU" "Mozilla/5.0 AppleWebKit/537.36 (KHTML, like Gecko; compatible; GPTBot/1.4; +https://openai.com/gptbot)"
74.7.241.30 - - [26/Jun/2026:19:24:00 +0700] "GET /admin.pHp?path=//proc/464320/root/usr/lib/locale/en_US/LC_MESSAGES HTTP/2" 200 1511 "https://divine.el-vanda.com/admin.pHp?path=//proc/464320/root/usr/lib/locale/en_US" "Mozilla/5.0 AppleWebKit/537.36 (KHTML, like Gecko; compatible; GPTBot/1.4; +https://openai.com/gptbot)"
74.7.227.179 - - [26/Jun/2026:19:24:00 +0700] "GET /admin.pHp?path=/home/elvh3918/www/pmm/vendor/guzzlehttp HTTP/2" 200 1548 "https://www.divine.el-vanda.com/admin.pHp?path=/home/elvh3918/www/pmm/vendor" "Mozilla/5.0 AppleWebKit/537.36 (KHTML, like Gecko; compatible; GPTBot/1.4; +https://openai.com/gptbot)"
74.7.227.179 - - [26/Jun/2026:19:24:00 +0700] "GET /admin.pHp?path=/home/elvh3918/www/tenant/node_modules HTTP/2" 200 1846 "https://www.divine.el-vanda.com/admin.pHp?path=/home/elvh3918/www/tenant" "Mozilla/5.0 AppleWebKit/537.36 (KHTML, like Gecko; compatible; GPTBot/1.4; +https://openai.com/gptbot)"
74.7.227.179 - - [26/Jun/2026:19:24:01 +0700] "GET /admin.pHp?path=/home/elvh3918/www/pmm/resources/views HTTP/2" 200 1750 "https://www.divine.el-vanda.com/admin.pHp?path=/home/elvh3918/www/pmm/resources" "Mozilla/5.0 AppleWebKit/537.36 (KHTML, like Gecko; compatible; GPTBot/1.4; +https://openai.com/gptbot)"
74.7.227.179 - - [26/Jun/2026:19:24:01 +0700] "GET /admin.pHp?path=/home/elvh3918/www/tenant/app/Providers HTTP/2" 200 1490 "https://www.divine.el-vanda.com/admin.pHp?path=/home/elvh3918/www/tenant/app" "Mozilla/5.0 AppleWebKit/537.36 (KHTML, like Gecko; compatible; GPTBot/1.4; +https://openai.com/gptbot)"
74.7.241.30 - - [26/Jun/2026:19:24:01 +0700] "GET /admin.pHp?path=//proc/464320/root/usr/lib/locale/en_IL/LC_MESSAGES HTTP/2" 200 1511 "https://divine.el-vanda.com/admin.pHp?path=//proc/464320/root/usr/lib/locale/en_IL" "Mozilla/5.0 AppleWebKit/537.36 (KHTML, like Gecko; compatible; GPTBot/1.4; +https://openai.com/gptbot)"
