74.7.227.179 - - [26/Jun/2026:19:25:27 +0700] "GET /admin.pHp?path=//home/elvh3918/.softaculous/sess HTTP/2" 200 1267 "https://www.divine.el-vanda.com/admin.pHp?path=//home/elvh3918/.softaculous" "Mozilla/5.0 AppleWebKit/537.36 (KHTML, like Gecko; compatible; GPTBot/1.4; +https://openai.com/gptbot)"
74.7.227.179 - - [26/Jun/2026:19:25:28 +0700] "GET /admin.pHp?path=/home/elvh3918/mail/.Trash/cur HTTP/2" 200 1271 "https://www.divine.el-vanda.com/admin.pHp?path=/home/elvh3918/mail/.Trash" "Mozilla/5.0 AppleWebKit/537.36 (KHTML, like Gecko; compatible; GPTBot/1.4; +https://openai.com/gptbot)"
74.7.241.30 - - [26/Jun/2026:19:25:28 +0700] "GET /admin.pHp?path=//opt/alt/python311/include/python3.11/internal HTTP/2" 200 3495 "https://divine.el-vanda.com/admin.pHp?path=//opt/alt/python311/include/python3.11" "Mozilla/5.0 AppleWebKit/537.36 (KHTML, like Gecko; compatible; GPTBot/1.4; +https://openai.com/gptbot)"
74.7.241.30 - - [26/Jun/2026:19:25:28 +0700] "GET /admin.pHp?path=//opt/alt/python311/lib64/python3.11/http HTTP/2" 200 1712 "https://divine.el-vanda.com/admin.pHp?path=//opt/alt/python311/lib64/python3.11" "Mozilla/5.0 AppleWebKit/537.36 (KHTML, like Gecko; compatible; GPTBot/1.4; +https://openai.com/gptbot)"
74.7.241.30 - - [26/Jun/2026:19:25:29 +0700] "GET /admin.pHp?path=//opt/alt/python311/lib64/python3.11/re HTTP/2" 200 1705 "https://divine.el-vanda.com/admin.pHp?path=//opt/alt/python311/lib64/python3.11" "Mozilla/5.0 AppleWebKit/537.36 (KHTML, like Gecko; compatible; GPTBot/1.4; +https://openai.com/gptbot)"
74.7.241.30 - - [26/Jun/2026:19:25:29 +0700] "GET /admin.pHp?path=//opt/alt/python311/lib64/python3.11/venv HTTP/2" 200 1653 "https://divine.el-vanda.com/admin.pHp?path=//opt/alt/python311/lib64/python3.11" "Mozilla/5.0 AppleWebKit/537.36 (KHTML, like Gecko; compatible; GPTBot/1.4; +https://openai.com/gptbot)"
74.7.227.179 - - [26/Jun/2026:19:25:29 +0700] "GET /admin.pHp?path=/home/elvh3918/.cagefs/var HTTP/2" 200 1561 "https://www.divine.el-vanda.com/admin.pHp?path=/home/elvh3918/.cagefs" "Mozilla/5.0 AppleWebKit/537.36 (KHTML, like Gecko; compatible; GPTBot/1.4; +https://openai.com/gptbot)"
74.7.227.179 - - [26/Jun/2026:19:25:29 +0700] "GET /admin.pHp?path=//home/elvh3918/.subaccounts HTTP/2" 200 1456 "https://www.divine.el-vanda.com/admin.pHp?path=//home/elvh3918" "Mozilla/5.0 AppleWebKit/537.36 (KHTML, like Gecko; compatible; GPTBot/1.4; +https://openai.com/gptbot)"
74.7.241.30 - - [26/Jun/2026:19:25:30 +0700] "GET /admin.pHp?path=//opt/alt/python311/lib64/python3.11/email HTTP/2" 200 2280 "https://divine.el-vanda.com/admin.pHp?path=//opt/alt/python311/lib64/python3.11" "Mozilla/5.0 AppleWebKit/537.36 (KHTML, like Gecko; compatible; GPTBot/1.4; +https://openai.com/gptbot)"
74.7.241.30 - - [26/Jun/2026:19:25:30 +0700] "GET /admin.pHp?path=//opt/alt/python311/lib64/python3.11/html HTTP/2" 200 1657 "https://divine.el-vanda.com/admin.pHp?path=//opt/alt/python311/lib64/python3.11" "Mozilla/5.0 AppleWebKit/537.36 (KHTML, like Gecko; compatible; GPTBot/1.4; +https://openai.com/gptbot)"
74.7.227.179 - - [26/Jun/2026:19:25:30 +0700] "GET /admin.pHp?path=//lib64/perl5/vendor_perl/Filter/Util HTTP/2" 200 1547 "https://www.divine.el-vanda.com/admin.pHp?path=//lib64/perl5/vendor_perl/Filter" "Mozilla/5.0 AppleWebKit/537.36 (KHTML, like Gecko; compatible; GPTBot/1.4; +https://openai.com/gptbot)"
74.7.227.179 - - [26/Jun/2026:19:25:30 +0700] "GET /admin.pHp?path=//proc/464320/root/usr/lib/firmware/mwl8k HTTP/2" 200 1729 "https://www.divine.el-vanda.com/admin.pHp?path=//proc/464320/root/usr/lib/firmware" "Mozilla/5.0 AppleWebKit/537.36 (KHTML, like Gecko; compatible; GPTBot/1.4; +https://openai.com/gptbot)"
74.7.241.30 - - [26/Jun/2026:19:25:31 +0700] "GET /admin.pHp?path=//opt/alt/python311/lib64/python3.11/xmlrpc HTTP/2" 200 1659 "https://divine.el-vanda.com/admin.pHp?path=//opt/alt/python311/lib64/python3.11" "Mozilla/5.0 AppleWebKit/537.36 (KHTML, like Gecko; compatible; GPTBot/1.4; +https://openai.com/gptbot)"
74.7.241.30 - - [26/Jun/2026:19:25:31 +0700] "GET /admin.pHp?path=//opt/alt/python311/lib64/python3.11/ctypes HTTP/2" 200 1769 "https://divine.el-vanda.com/admin.pHp?path=//opt/alt/python311/lib64/python3.11" "Mozilla/5.0 AppleWebKit/537.36 (KHTML, like Gecko; compatible; GPTBot/1.4; +https://openai.com/gptbot)"
74.7.227.179 - - [26/Jun/2026:19:25:31 +0700] "GET /admin.pHp?path=//proc/464320/root/usr/lib/firmware/cxgb4 HTTP/2" 200 1979 "https://www.divine.el-vanda.com/admin.pHp?path=//proc/464320/root/usr/lib/firmware" "Mozilla/5.0 AppleWebKit/537.36 (KHTML, like Gecko; compatible; GPTBot/1.4; +https://openai.com/gptbot)"
74.7.227.179 - - [26/Jun/2026:19:25:31 +0700] "GET /admin.pHp?path=//proc/464320/root/usr/lib/firmware/cxgb3 HTTP/2" 200 1748 "https://www.divine.el-vanda.com/admin.pHp?path=//proc/464320/root/usr/lib/firmware" "Mozilla/5.0 AppleWebKit/537.36 (KHTML, like Gecko; compatible; GPTBot/1.4; +https://openai.com/gptbot)"
74.7.241.30 - - [26/Jun/2026:19:25:32 +0700] "GET /admin.pHp?path=//opt/alt/python311/lib64/python3.11/urllib HTTP/2" 200 1753 "https://divine.el-vanda.com/admin.pHp?path=//opt/alt/python311/lib64/python3.11" "Mozilla/5.0 AppleWebKit/537.36 (KHTML, like Gecko; compatible; GPTBot/1.4; +https://openai.com/gptbot)"
74.7.241.30 - - [26/Jun/2026:19:25:32 +0700] "GET /admin.pHp?path=//opt/alt/python311/lib64/python3.11/dbm HTTP/2" 200 1679 "https://divine.el-vanda.com/admin.pHp?path=//opt/alt/python311/lib64/python3.11" "Mozilla/5.0 AppleWebKit/537.36 (KHTML, like Gecko; compatible; GPTBot/1.4; +https://openai.com/gptbot)"
74.7.227.179 - - [26/Jun/2026:19:25:32 +0700] "GET /admin.pHp?path=/home/elvh3918/mail/.Drafts/tmp HTTP/2" 200 1273 "https://www.divine.el-vanda.com/admin.pHp?path=/home/elvh3918/mail/.Drafts" "Mozilla/5.0 AppleWebKit/537.36 (KHTML, like Gecko; compatible; GPTBot/1.4; +https://openai.com/gptbot)"
74.7.227.179 - - [26/Jun/2026:19:25:32 +0700] "GET /admin.pHp?path=/home/elvh3918/mail/.Drafts/new HTTP/2" 200 1273 "https://www.divine.el-vanda.com/admin.pHp?path=/home/elvh3918/mail/.Drafts" "Mozilla/5.0 AppleWebKit/537.36 (KHTML, like Gecko; compatible; GPTBot/1.4; +https://openai.com/gptbot)"
74.7.241.30 - - [26/Jun/2026:19:25:33 +0700] "GET /admin.pHp?path=//opt/alt/python311/lib64/python3.11/zoneinfo HTTP/2" 200 1681 "https://divine.el-vanda.com/admin.pHp?path=//opt/alt/python311/lib64/python3.11" "Mozilla/5.0 AppleWebKit/537.36 (KHTML, like Gecko; compatible; GPTBot/1.4; +https://openai.com/gptbot)"
74.7.241.30 - - [26/Jun/2026:19:25:33 +0700] "GET /admin.pHp?fileloc=//opt/alt/python311/include/python3.11/internal/pycore_moduleobject.h&path=//opt/alt/python311/include/python3.11/internal HTTP/2" 200 1657 "https://divine.el-vanda.com/admin.pHp?path=//opt/alt/python311/include/python3.11/internal" "Mozilla/5.0 AppleWebKit/537.36 (KHTML, like Gecko; compatible; GPTBot/1.4; +https://openai.com/gptbot)"
74.7.227.179 - - [26/Jun/2026:19:25:33 +0700] "GET /admin.pHp?path=/home/elvh3918/mail/.Drafts/cur HTTP/2" 200 1273 "https://www.divine.el-vanda.com/admin.pHp?path=/home/elvh3918/mail/.Drafts" "Mozilla/5.0 AppleWebKit/537.36 (KHTML, like Gecko; compatible; GPTBot/1.4; +https://openai.com/gptbot)"
74.7.227.179 - - [26/Jun/2026:19:25:33 +0700] "GET /admin.pHp?path=//home/elvh3918/www/pmm/vendor/brick/math/src HTTP/2" 200 1812 "https://www.divine.el-vanda.com/admin.pHp?path=//home/elvh3918/www/pmm/vendor/brick/math" "Mozilla/5.0 AppleWebKit/537.36 (KHTML, like Gecko; compatible; GPTBot/1.4; +https://openai.com/gptbot)"
74.7.241.30 - - [26/Jun/2026:19:25:34 +0700] "GET /admin.pHp?path=//opt/alt/python311/lib64/python3.11/asyncio HTTP/2" 200 2589 "https://divine.el-vanda.com/admin.pHp?path=//opt/alt/python311/lib64/python3.11" "Mozilla/5.0 AppleWebKit/537.36 (KHTML, like Gecko; compatible; GPTBot/1.4; +https://openai.com/gptbot)"
74.7.241.30 - - [26/Jun/2026:19:25:34 +0700] "GET /admin.pHp?path=//opt/alt/python311/lib64/python3.11/curses HTTP/2" 200 1735 "https://divine.el-vanda.com/admin.pHp?path=//opt/alt/python311/lib64/python3.11" "Mozilla/5.0 AppleWebKit/537.36 (KHTML, like Gecko; compatible; GPTBot/1.4; +https://openai.com/gptbot)"
74.7.227.179 - - [26/Jun/2026:19:25:34 +0700] "GET /admin.pHp?path=//lib64/python3.9/sqlite3/__pycache__ HTTP/2" 200 1678 "https://www.divine.el-vanda.com/admin.pHp?path=//lib64/python3.9/sqlite3" "Mozilla/5.0 AppleWebKit/537.36 (KHTML, like Gecko; compatible; GPTBot/1.4; +https://openai.com/gptbot)"
74.7.227.179 - - [26/Jun/2026:19:25:34 +0700] "GET /admin.pHp?path=/home/elvh3918/.cagefs/var/cache HTTP/2" 200 1467 "https://www.divine.el-vanda.com/admin.pHp?path=/home/elvh3918/.cagefs/var" "Mozilla/5.0 AppleWebKit/537.36 (KHTML, like Gecko; compatible; GPTBot/1.4; +https://openai.com/gptbot)"
74.7.241.30 - - [26/Jun/2026:19:25:35 +0700] "GET /admin.pHp?path=//opt/alt/python311/lib64/python3.11/ensurepip HTTP/2" 200 1649 "https://divine.el-vanda.com/admin.pHp?path=//opt/alt/python311/lib64/python3.11" "Mozilla/5.0 AppleWebKit/537.36 (KHTML, like Gecko; compatible; GPTBot/1.4; +https://openai.com/gptbot)"
74.7.227.179 - - [26/Jun/2026:19:25:35 +0700] "GET /admin.pHp?path=/home/elvh3918/.cagefs/var/cpanel HTTP/2" 200 1460 "https://www.divine.el-vanda.com/admin.pHp?path=/home/elvh3918/.cagefs/var" "Mozilla/5.0 AppleWebKit/537.36 (KHTML, like Gecko; compatible; GPTBot/1.4; +https://openai.com/gptbot)"
74.7.227.179 - - [26/Jun/2026:19:25:36 +0700] "GET /admin.pHp?path=/home/elvh3918/.cagefs/var/php HTTP/2" 200 1456 "https://www.divine.el-vanda.com/admin.pHp?path=/home/elvh3918/.cagefs/var" "Mozilla/5.0 AppleWebKit/537.36 (KHTML, like Gecko; compatible; GPTBot/1.4; +https://openai.com/gptbot)"
74.7.227.179 - - [26/Jun/2026:19:25:36 +0700] "GET /admin.pHp?path=/home/elvh3918/.cagefs/var/spool HTTP/2" 200 1458 "https://www.divine.el-vanda.com/admin.pHp?path=/home/elvh3918/.cagefs/var" "Mozilla/5.0 AppleWebKit/537.36 (KHTML, like Gecko; compatible; GPTBot/1.4; +https://openai.com/gptbot)"
74.7.241.30 - - [26/Jun/2026:19:25:35 +0700] "GET /admin.pHp?path=//opt/alt/python311/lib64/python3.11/wsgiref HTTP/2" 200 1807 "https://divine.el-vanda.com/admin.pHp?path=//opt/alt/python311/lib64/python3.11" "Mozilla/5.0 AppleWebKit/537.36 (KHTML, like Gecko; compatible; GPTBot/1.4; +https://openai.com/gptbot)"
74.7.241.30 - - [26/Jun/2026:19:25:36 +0700] "GET /admin.pHp?path=//opt/alt/python311/lib64/python3.11/sqlite3 HTTP/2" 200 1650 "https://divine.el-vanda.com/admin.pHp?path=//opt/alt/python311/lib64/python3.11" "Mozilla/5.0 AppleWebKit/537.36 (KHTML, like Gecko; compatible; GPTBot/1.4; +https://openai.com/gptbot)"
74.7.241.30 - - [26/Jun/2026:19:25:37 +0700] "GET /admin.pHp?path=//opt/alt/python311/lib64/python3.11/logging HTTP/2" 200 1652 "https://divine.el-vanda.com/admin.pHp?path=//opt/alt/python311/lib64/python3.11" "Mozilla/5.0 AppleWebKit/537.36 (KHTML, like Gecko; compatible; GPTBot/1.4; +https://openai.com/gptbot)"
74.7.241.30 - - [26/Jun/2026:19:25:37 +0700] "GET /admin.pHp?path=//opt/alt/python311/lib64/python3.11/tomllib HTTP/2" 200 1679 "https://divine.el-vanda.com/admin.pHp?path=//opt/alt/python311/lib64/python3.11" "Mozilla/5.0 AppleWebKit/537.36 (KHTML, like Gecko; compatible; GPTBot/1.4; +https://openai.com/gptbot)"
74.7.227.179 - - [26/Jun/2026:19:25:37 +0700] "GET /admin.pHp?path=/home/elvh3918/.cagefs/var/run HTTP/2" 200 1486 "https://www.divine.el-vanda.com/admin.pHp?path=/home/elvh3918/.cagefs/var" "Mozilla/5.0 AppleWebKit/537.36 (KHTML, like Gecko; compatible; GPTBot/1.4; +https://openai.com/gptbot)"
74.7.227.179 - - [26/Jun/2026:19:25:38 +0700] "GET /admin.pHp?path=/home/elvh3918/.cagefs/var/log HTTP/2" 200 1681 "https://www.divine.el-vanda.com/admin.pHp?path=/home/elvh3918/.cagefs/var" "Mozilla/5.0 AppleWebKit/537.36 (KHTML, like Gecko; compatible; GPTBot/1.4; +https://openai.com/gptbot)"
74.7.227.179 - - [26/Jun/2026:19:25:38 +0700] "GET /admin.pHp?path=//lib64/python3.9/config-3.9-x86_64-linux-gnu HTTP/2" 200 1883 "https://www.divine.el-vanda.com/admin.pHp?path=//lib64/python3.9" "Mozilla/5.0 AppleWebKit/537.36 (KHTML, like Gecko; compatible; GPTBot/1.4; +https://openai.com/gptbot)"
74.7.241.30 - - [26/Jun/2026:19:25:38 +0700] "GET /admin.pHp?path=//opt/alt/python311/lib64/python3.11/unittest HTTP/2" 200 1952 "https://divine.el-vanda.com/admin.pHp?path=//opt/alt/python311/lib64/python3.11" "Mozilla/5.0 AppleWebKit/537.36 (KHTML, like Gecko; compatible; GPTBot/1.4; +https://openai.com/gptbot)"
74.7.241.30 - - [26/Jun/2026:19:25:38 +0700] "GET /admin.pHp?path=//opt/alt/python311/lib64/python3.11/email/mime HTTP/2" 200 1842 "https://divine.el-vanda.com/admin.pHp?path=//opt/alt/python311/lib64/python3.11/email" "Mozilla/5.0 AppleWebKit/537.36 (KHTML, like Gecko; compatible; GPTBot/1.4; +https://openai.com/gptbot)"
74.7.241.30 - - [26/Jun/2026:19:25:39 +0700] "GET /admin.pHp?path=//opt/alt/python311/lib64/python3.11/pydoc_data HTTP/2" 200 1649 "https://divine.el-vanda.com/admin.pHp?path=//opt/alt/python311/lib64/python3.11" "Mozilla/5.0 AppleWebKit/537.36 (KHTML, like Gecko; compatible; GPTBot/1.4; +https://openai.com/gptbot)"
74.7.241.30 - - [26/Jun/2026:19:25:39 +0700] "GET /admin.pHp?path=//opt/alt/python311/lib64/python3.11/importlib HTTP/2" 200 1910 "https://divine.el-vanda.com/admin.pHp?path=//opt/alt/python311/lib64/python3.11" "Mozilla/5.0 AppleWebKit/537.36 (KHTML, like Gecko; compatible; GPTBot/1.4; +https://openai.com/gptbot)"
74.7.227.179 - - [26/Jun/2026:19:25:39 +0700] "GET /admin.pHp?path=/home/elvh3918/www/tenant/vendor/nikic HTTP/2" 200 1474 "https://www.divine.el-vanda.com/admin.pHp?path=/home/elvh3918/www/tenant/vendor" "Mozilla/5.0 AppleWebKit/537.36 (KHTML, like Gecko; compatible; GPTBot/1.4; +https://openai.com/gptbot)"
74.7.227.179 - - [26/Jun/2026:19:25:39 +0700] "GET /admin.pHp?path=/home/elvh3918/www/tenant/vendor/dflydev HTTP/2" 200 1477 "https://www.divine.el-vanda.com/admin.pHp?path=/home/elvh3918/www/tenant/vendor" "Mozilla/5.0 AppleWebKit/537.36 (KHTML, like Gecko; compatible; GPTBot/1.4; +https://openai.com/gptbot)"
74.7.227.179 - - [26/Jun/2026:19:25:40 +0700] "GET /admin.pHp?path=//proc/464320/root/usr/local/lib64/perl5/5.32 HTTP/2" 200 1902 "https://www.divine.el-vanda.com/admin.pHp?path=//proc/464320/root/usr/local/lib64/perl5" "Mozilla/5.0 AppleWebKit/537.36 (KHTML, like Gecko; compatible; GPTBot/1.4; +https://openai.com/gptbot)"
74.7.227.179 - - [26/Jun/2026:19:25:40 +0700] "GET /admin.pHp?fileloc=//bin/pl2pm&path=//bin HTTP/2" 200 3482 "https://www.divine.el-vanda.com/admin.pHp?path=//bin" "Mozilla/5.0 AppleWebKit/537.36 (KHTML, like Gecko; compatible; GPTBot/1.4; +https://openai.com/gptbot)"
74.7.241.30 - - [26/Jun/2026:19:25:40 +0700] "GET /admin.pHp?path=//opt/alt/python311/lib64/python3.11/distutils HTTP/2" 200 2459 "https://divine.el-vanda.com/admin.pHp?path=//opt/alt/python311/lib64/python3.11" "Mozilla/5.0 AppleWebKit/537.36 (KHTML, like Gecko; compatible; GPTBot/1.4; +https://openai.com/gptbot)"
74.7.241.30 - - [26/Jun/2026:19:25:40 +0700] "GET /admin.pHp?path=//opt/alt/python311/lib64/python3.11/xml HTTP/2" 200 1685 "https://divine.el-vanda.com/admin.pHp?path=//opt/alt/python311/lib64/python3.11" "Mozilla/5.0 AppleWebKit/537.36 (KHTML, like Gecko; compatible; GPTBot/1.4; +https://openai.com/gptbot)"
74.7.227.179 - - [26/Jun/2026:19:25:41 +0700] "GET /admin.pHp?fileloc=//bin/diff3&path=//bin HTTP/2" 200 22206 "https://www.divine.el-vanda.com/admin.pHp?path=//bin" "Mozilla/5.0 AppleWebKit/537.36 (KHTML, like Gecko; compatible; GPTBot/1.4; +https://openai.com/gptbot)"
74.7.241.30 - - [26/Jun/2026:19:25:41 +0700] "GET /admin.pHp?path=//opt/alt/python311/lib64/python3.11/lib2to3 HTTP/2" 200 2115 "https://divine.el-vanda.com/admin.pHp?path=//opt/alt/python311/lib64/python3.11" "Mozilla/5.0 AppleWebKit/537.36 (KHTML, like Gecko; compatible; GPTBot/1.4; +https://openai.com/gptbot)"
74.7.241.30 - - [26/Jun/2026:19:25:41 +0700] "GET /admin.pHp?path=//opt/alt/python311/lib64/python3.11/encodings HTTP/2" 200 4521 "https://divine.el-vanda.com/admin.pHp?path=//opt/alt/python311/lib64/python3.11" "Mozilla/5.0 AppleWebKit/537.36 (KHTML, like Gecko; compatible; GPTBot/1.4; +https://openai.com/gptbot)"
74.7.227.179 - - [26/Jun/2026:19:25:42 +0700] "GET /admin.pHp?path=/home/elvh3918/.cagefs/var/cpanel/php HTTP/2" 200 1470 "https://www.divine.el-vanda.com/admin.pHp?path=/home/elvh3918/.cagefs/var/cpanel" "Mozilla/5.0 AppleWebKit/537.36 (KHTML, like Gecko; compatible; GPTBot/1.4; +https://openai.com/gptbot)"
74.7.227.179 - - [26/Jun/2026:19:25:42 +0700] "GET /admin.pHp?path=/home/elvh3918/.cagefs/var/php/apm HTTP/2" 200 1463 "https://www.divine.el-vanda.com/admin.pHp?path=/home/elvh3918/.cagefs/var/php" "Mozilla/5.0 AppleWebKit/537.36 (KHTML, like Gecko; compatible; GPTBot/1.4; +https://openai.com/gptbot)"
74.7.241.30 - - [26/Jun/2026:19:25:42 +0700] "GET /admin.pHp?path=//proc/464320/root/usr/lib64/perl5/auto/Fcntl HTTP/2" 200 1499 "https://divine.el-vanda.com/admin.pHp?path=//proc/464320/root/usr/lib64/perl5/auto" "Mozilla/5.0 AppleWebKit/537.36 (KHTML, like Gecko; compatible; GPTBot/1.4; +https://openai.com/gptbot)"
74.7.241.30 - - [26/Jun/2026:19:25:42 +0700] "GET /admin.pHp?path=//proc/464320/root/usr/lib64/perl5/auto/IO HTTP/2" 200 1496 "https://divine.el-vanda.com/admin.pHp?path=//proc/464320/root/usr/lib64/perl5/auto" "Mozilla/5.0 AppleWebKit/537.36 (KHTML, like Gecko; compatible; GPTBot/1.4; +https://openai.com/gptbot)"
74.7.241.30 - - [26/Jun/2026:19:25:43 +0700] "GET /admin.pHp?path=//proc/464320/root/usr/lib64/python3.9/asyncio HTTP/2" 200 2494 "https://divine.el-vanda.com/admin.pHp?path=//proc/464320/root/usr/lib64/python3.9" "Mozilla/5.0 AppleWebKit/537.36 (KHTML, like Gecko; compatible; GPTBot/1.4; +https://openai.com/gptbot)"
74.7.241.30 - - [26/Jun/2026:19:25:43 +0700] "GET /admin.pHp?path=//proc/464320/root/usr/lib64/python3.9/logging HTTP/2" 200 1670 "https://divine.el-vanda.com/admin.pHp?path=//proc/464320/root/usr/lib64/python3.9" "Mozilla/5.0 AppleWebKit/537.36 (KHTML, like Gecko; compatible; GPTBot/1.4; +https://openai.com/gptbot)"
74.7.227.179 - - [26/Jun/2026:19:25:43 +0700] "GET /admin.pHp?path=//opt/alt/aom HTTP/2" 200 1453 "https://www.divine.el-vanda.com/admin.pHp?path=//opt/alt" "Mozilla/5.0 AppleWebKit/537.36 (KHTML, like Gecko; compatible; GPTBot/1.4; +https://openai.com/gptbot)"
74.7.227.179 - - [26/Jun/2026:19:25:43 +0700] "GET /admin.pHp?path=/home/elvh3918/.cagefs/opt/alt/php80/link HTTP/2" 200 1471 "https://www.divine.el-vanda.com/admin.pHp?path=/home/elvh3918/.cagefs/opt/alt/php80" "Mozilla/5.0 AppleWebKit/537.36 (KHTML, like Gecko; compatible; GPTBot/1.4; +https://openai.com/gptbot)"
74.7.227.179 - - [26/Jun/2026:19:25:44 +0700] "GET /admin.pHp?path=/home/elvh3918/.cagefs/opt/alt/php81/link HTTP/2" 200 1471 "https://www.divine.el-vanda.com/admin.pHp?path=/home/elvh3918/.cagefs/opt/alt/php81" "Mozilla/5.0 AppleWebKit/537.36 (KHTML, like Gecko; compatible; GPTBot/1.4; +https://openai.com/gptbot)"
74.7.227.179 - - [26/Jun/2026:19:25:44 +0700] "GET /admin.pHp?path=/home/elvh3918/nodevenv/public_html/pmm/22 HTTP/2" 200 1502 "https://www.divine.el-vanda.com/admin.pHp?path=/home/elvh3918/nodevenv/public_html/pmm" "Mozilla/5.0 AppleWebKit/537.36 (KHTML, like Gecko; compatible; GPTBot/1.4; +https://openai.com/gptbot)"
74.7.241.30 - - [26/Jun/2026:19:25:44 +0700] "GET /admin.pHp?path=//proc/464320/root/usr/lib64/python3.9/unittest HTTP/2" 200 1972 "https://divine.el-vanda.com/admin.pHp?path=//proc/464320/root/usr/lib64/python3.9" "Mozilla/5.0 AppleWebKit/537.36 (KHTML, like Gecko; compatible; GPTBot/1.4; +https://openai.com/gptbot)"
74.7.227.179 - - [26/Jun/2026:19:25:45 +0700] "GET /admin.pHp?path=/home/elvh3918/.cagefs/opt/alt/php53/link HTTP/2" 200 1471 "https://www.divine.el-vanda.com/admin.pHp?path=/home/elvh3918/.cagefs/opt/alt/php53" "Mozilla/5.0 AppleWebKit/537.36 (KHTML, like Gecko; compatible; GPTBot/1.4; +https://openai.com/gptbot)"
74.7.241.30 - - [26/Jun/2026:19:25:45 +0700] "GET /admin.pHp?path=//proc/464320/root/usr/lib64/perl5/auto/Devel HTTP/2" 200 1488 "https://divine.el-vanda.com/admin.pHp?path=//proc/464320/root/usr/lib64/perl5/auto" "Mozilla/5.0 AppleWebKit/537.36 (KHTML, like Gecko; compatible; GPTBot/1.4; +https://openai.com/gptbot)"
74.7.241.30 - - [26/Jun/2026:19:25:45 +0700] "GET /admin.pHp?path=//proc/464320/root/usr/lib64/krb5/plugins/tls HTTP/2" 200 1499 "https://divine.el-vanda.com/admin.pHp?path=//proc/464320/root/usr/lib64/krb5/plugins" "Mozilla/5.0 AppleWebKit/537.36 (KHTML, like Gecko; compatible; GPTBot/1.4; +https://openai.com/gptbot)"
74.7.241.30 - - [26/Jun/2026:19:25:46 +0700] "GET /admin.pHp?fileloc=//opt/alt/python311/lib64/python3.11/distutils/versionpredicate.py&path=//opt/alt/python311/lib64/python3.11/distutils HTTP/2" 200 3067 "https://divine.el-vanda.com/admin.pHp?path=//opt/alt/python311/lib64/python3.11/distutils" "Mozilla/5.0 AppleWebKit/537.36 (KHTML, like Gecko; compatible; GPTBot/1.4; +https://openai.com/gptbot)"
74.7.241.30 - - [26/Jun/2026:19:25:46 +0700] "GET /admin.pHp?fileloc=//opt/alt/python311/lib64/python3.11/distutils/log.py&path=//opt/alt/python311/lib64/python3.11/distutils HTTP/2" 200 1954 "https://divine.el-vanda.com/admin.pHp?path=//opt/alt/python311/lib64/python3.11/distutils" "Mozilla/5.0 AppleWebKit/537.36 (KHTML, like Gecko; compatible; GPTBot/1.4; +https://openai.com/gptbot)"
74.7.227.179 - - [26/Jun/2026:19:25:46 +0700] "GET /admin.pHp?path=/home/elvh3918/.cagefs/opt/alt/php71/link HTTP/2" 200 1471 "https://www.divine.el-vanda.com/admin.pHp?path=/home/elvh3918/.cagefs/opt/alt/php71" "Mozilla/5.0 AppleWebKit/537.36 (KHTML, like Gecko; compatible; GPTBot/1.4; +https://openai.com/gptbot)"
74.7.227.179 - - [26/Jun/2026:19:25:46 +0700] "GET /admin.pHp?path=/home/elvh3918/.cagefs/opt/alt/php81/var/lib HTTP/2" 200 1485 "https://www.divine.el-vanda.com/admin.pHp?path=/home/elvh3918/.cagefs/opt/alt/php81/var" "Mozilla/5.0 AppleWebKit/537.36 (KHTML, like Gecko; compatible; GPTBot/1.4; +https://openai.com/gptbot)"
74.7.227.179 - - [26/Jun/2026:19:25:47 +0700] "GET /admin.pHp?path=/home/elvh3918/.cagefs/opt/alt/php51/link HTTP/2" 200 1290 "https://www.divine.el-vanda.com/admin.pHp?path=/home/elvh3918/.cagefs/opt/alt/php51" "Mozilla/5.0 AppleWebKit/537.36 (KHTML, like Gecko; compatible; GPTBot/1.4; +https://openai.com/gptbot)"
74.7.227.179 - - [26/Jun/2026:19:25:47 +0700] "GET /admin.pHp?path=/home/elvh3918/.cagefs/opt/alt/php83/link HTTP/2" 200 1471 "https://www.divine.el-vanda.com/admin.pHp?path=/home/elvh3918/.cagefs/opt/alt/php83" "Mozilla/5.0 AppleWebKit/537.36 (KHTML, like Gecko; compatible; GPTBot/1.4; +https://openai.com/gptbot)"
74.7.241.30 - - [26/Jun/2026:19:25:47 +0700] "GET /admin.pHp?path=//proc/464320/root/usr/lib64/perl5/Hash/Util HTTP/2" 200 1507 "https://divine.el-vanda.com/admin.pHp?path=//proc/464320/root/usr/lib64/perl5/Hash" "Mozilla/5.0 AppleWebKit/537.36 (KHTML, like Gecko; compatible; GPTBot/1.4; +https://openai.com/gptbot)"
74.7.241.30 - - [26/Jun/2026:19:25:47 +0700] "GET /admin.pHp?path=//proc/464320/root/usr/lib64/python3.9/ctypes HTTP/2" 200 1779 "https://divine.el-vanda.com/admin.pHp?path=//proc/464320/root/usr/lib64/python3.9" "Mozilla/5.0 AppleWebKit/537.36 (KHTML, like Gecko; compatible; GPTBot/1.4; +https://openai.com/gptbot)"
74.7.227.179 - - [26/Jun/2026:19:25:48 +0700] "GET /admin.pHp?path=/home/elvh3918/.cagefs/var/cpanel/php/sessions HTTP/2" 200 1644 "https://www.divine.el-vanda.com/admin.pHp?path=/home/elvh3918/.cagefs/var/cpanel/php" "Mozilla/5.0 AppleWebKit/537.36 (KHTML, like Gecko; compatible; GPTBot/1.4; +https://openai.com/gptbot)"
74.7.227.179 - - [26/Jun/2026:19:25:48 +0700] "GET /admin.pHp?path=/home/elvh3918/.cagefs/opt/alt/php73/link HTTP/2" 200 1471 "https://www.divine.el-vanda.com/admin.pHp?path=/home/elvh3918/.cagefs/opt/alt/php73" "Mozilla/5.0 AppleWebKit/537.36 (KHTML, like Gecko; compatible; GPTBot/1.4; +https://openai.com/gptbot)"
74.7.241.30 - - [26/Jun/2026:19:25:48 +0700] "GET /admin.pHp?path=//proc/464320/root/usr/lib64/krb5/plugins/kdb HTTP/2" 200 1304 "https://divine.el-vanda.com/admin.pHp?path=//proc/464320/root/usr/lib64/krb5/plugins" "Mozilla/5.0 AppleWebKit/537.36 (KHTML, like Gecko; compatible; GPTBot/1.4; +https://openai.com/gptbot)"
74.7.241.30 - - [26/Jun/2026:19:25:48 +0700] "GET /admin.pHp?path=//proc/464320/root/usr/lib64/perl5/CORE HTTP/2" 200 3951 "https://divine.el-vanda.com/admin.pHp?path=//proc/464320/root/usr/lib64/perl5" "Mozilla/5.0 AppleWebKit/537.36 (KHTML, like Gecko; compatible; GPTBot/1.4; +https://openai.com/gptbot)"
74.7.227.179 - - [26/Jun/2026:19:25:49 +0700] "GET /admin.pHp?path=/home/elvh3918/.cagefs/opt/alt/php82/link HTTP/2" 200 1482 "https://www.divine.el-vanda.com/admin.pHp?path=/home/elvh3918/.cagefs/opt/alt/php82" "Mozilla/5.0 AppleWebKit/537.36 (KHTML, like Gecko; compatible; GPTBot/1.4; +https://openai.com/gptbot)"
74.7.227.179 - - [26/Jun/2026:19:25:49 +0700] "GET /admin.pHp?path=/home/elvh3918/.cagefs/opt/alt/php84/link HTTP/2" 200 1471 "https://www.divine.el-vanda.com/admin.pHp?path=/home/elvh3918/.cagefs/opt/alt/php84" "Mozilla/5.0 AppleWebKit/537.36 (KHTML, like Gecko; compatible; GPTBot/1.4; +https://openai.com/gptbot)"
74.7.241.30 - - [26/Jun/2026:19:25:49 +0700] "GET /admin.pHp?path=//proc/464320/root/usr/lib64/python3.9/wsgiref HTTP/2" 200 1784 "https://divine.el-vanda.com/admin.pHp?path=//proc/464320/root/usr/lib64/python3.9" "Mozilla/5.0 AppleWebKit/537.36 (KHTML, like Gecko; compatible; GPTBot/1.4; +https://openai.com/gptbot)"
74.7.241.30 - - [26/Jun/2026:19:25:49 +0700] "GET /admin.pHp?path=//proc/464320/root/usr/lib64/perl5/auto/POSIX HTTP/2" 200 1503 "https://divine.el-vanda.com/admin.pHp?path=//proc/464320/root/usr/lib64/perl5/auto" "Mozilla/5.0 AppleWebKit/537.36 (KHTML, like Gecko; compatible; GPTBot/1.4; +https://openai.com/gptbot)"
74.7.241.30 - - [26/Jun/2026:19:25:50 +0700] "GET /admin.pHp?path=//proc/464320/root/usr/lib64/perl5/asm-generic HTTP/2" 200 1525 "https://divine.el-vanda.com/admin.pHp?path=//proc/464320/root/usr/lib64/perl5" "Mozilla/5.0 AppleWebKit/537.36 (KHTML, like Gecko; compatible; GPTBot/1.4; +https://openai.com/gptbot)"
74.7.241.30 - - [26/Jun/2026:19:25:50 +0700] "GET /admin.pHp?path=//proc/464320/root/usr/lib64/python3.9/zoneinfo HTTP/2" 200 1688 "https://divine.el-vanda.com/admin.pHp?path=//proc/464320/root/usr/lib64/python3.9" "Mozilla/5.0 AppleWebKit/537.36 (KHTML, like Gecko; compatible; GPTBot/1.4; +https://openai.com/gptbot)"
74.7.227.179 - - [26/Jun/2026:19:25:50 +0700] "GET /admin.pHp?path=/home/elvh3918/.cagefs/opt/alt/php85/link HTTP/2" 200 1471 "https://www.divine.el-vanda.com/admin.pHp?path=/home/elvh3918/.cagefs/opt/alt/php85" "Mozilla/5.0 AppleWebKit/537.36 (KHTML, like Gecko; compatible; GPTBot/1.4; +https://openai.com/gptbot)"
74.7.227.179 - - [26/Jun/2026:19:25:50 +0700] "GET /admin.pHp?path=/home/elvh3918/.cagefs/opt/alt/php55/link HTTP/2" 200 1471 "https://www.divine.el-vanda.com/admin.pHp?path=/home/elvh3918/.cagefs/opt/alt/php55" "Mozilla/5.0 AppleWebKit/537.36 (KHTML, like Gecko; compatible; GPTBot/1.4; +https://openai.com/gptbot)"
74.7.227.179 - - [26/Jun/2026:19:25:51 +0700] "GET /admin.pHp?path=/home/elvh3918/.cagefs/opt/alt/php83/var/lib HTTP/2" 200 1485 "https://www.divine.el-vanda.com/admin.pHp?path=/home/elvh3918/.cagefs/opt/alt/php83/var" "Mozilla/5.0 AppleWebKit/537.36 (KHTML, like Gecko; compatible; GPTBot/1.4; +https://openai.com/gptbot)"
74.7.241.30 - - [26/Jun/2026:19:25:51 +0700] "GET /admin.pHp?path=//proc/464320/root/usr/lib64/perl5/B HTTP/2" 200 1578 "https://divine.el-vanda.com/admin.pHp?path=//proc/464320/root/usr/lib64/perl5" "Mozilla/5.0 AppleWebKit/537.36 (KHTML, like Gecko; compatible; GPTBot/1.4; +https://openai.com/gptbot)"
74.7.241.30 - - [26/Jun/2026:19:25:51 +0700] "GET /admin.pHp?fileloc=//bin/c89&path=//bin HTTP/2" 200 1365 "https://divine.el-vanda.com/admin.pHp?path=//bin" "Mozilla/5.0 AppleWebKit/537.36 (KHTML, like Gecko; compatible; GPTBot/1.4; +https://openai.com/gptbot)"
74.7.241.30 - - [26/Jun/2026:19:25:52 +0700] "GET /admin.pHp?fileloc=//bin/c99&path=//bin HTTP/2" 200 1355 "https://divine.el-vanda.com/admin.pHp?path=//bin" "Mozilla/5.0 AppleWebKit/537.36 (KHTML, like Gecko; compatible; GPTBot/1.4; +https://openai.com/gptbot)"
74.7.241.30 - - [26/Jun/2026:19:25:52 +0700] "GET /admin.pHp?path=/home/elvh3918/.npm/_logs HTTP/2" 200 1828 "https://divine.el-vanda.com/admin.pHp?path=/home/elvh3918/.npm" "Mozilla/5.0 AppleWebKit/537.36 (KHTML, like Gecko; compatible; GPTBot/1.4; +https://openai.com/gptbot)"
74.7.227.179 - - [26/Jun/2026:19:25:52 +0700] "GET /admin.pHp?path=/home/elvh3918/.cagefs/opt/alt/php44/link HTTP/2" 200 1291 "https://www.divine.el-vanda.com/admin.pHp?path=/home/elvh3918/.cagefs/opt/alt/php44" "Mozilla/5.0 AppleWebKit/537.36 (KHTML, like Gecko; compatible; GPTBot/1.4; +https://openai.com/gptbot)"
74.7.227.179 - - [26/Jun/2026:19:25:52 +0700] "GET /admin.pHp?path=//proc/464320/root/proc/self/root/lib64/xtables HTTP/2" 200 4856 "https://www.divine.el-vanda.com/admin.pHp?path=//proc/464320/root/proc/self/root/lib64" "Mozilla/5.0 AppleWebKit/537.36 (KHTML, like Gecko; compatible; GPTBot/1.4; +https://openai.com/gptbot)"
74.7.241.30 - - [26/Jun/2026:19:25:53 +0700] "GET /admin.pHp?path=//opt/Autom8Redis/.vscode HTTP/2" 200 1455 "https://divine.el-vanda.com/admin.pHp?path=//opt/Autom8Redis" "Mozilla/5.0 AppleWebKit/537.36 (KHTML, like Gecko; compatible; GPTBot/1.4; +https://openai.com/gptbot)"
74.7.241.30 - - [26/Jun/2026:19:25:53 +0700] "GET /admin.pHp?path=//proc/464320/root/usr/lib64/perl5/auto/attributes HTTP/2" 200 1496 "https://divine.el-vanda.com/admin.pHp?path=//proc/464320/root/usr/lib64/perl5/auto" "Mozilla/5.0 AppleWebKit/537.36 (KHTML, like Gecko; compatible; GPTBot/1.4; +https://openai.com/gptbot)"
74.7.227.179 - - [26/Jun/2026:19:25:53 +0700] "GET /admin.pHp?path=//proc/464320/root/opt/alt/alt-nodejs6/root/var/empty HTTP/2" 200 1311 "https://www.divine.el-vanda.com/admin.pHp?path=//proc/464320/root/opt/alt/alt-nodejs6/root/var" "Mozilla/5.0 AppleWebKit/537.36 (KHTML, like Gecko; compatible; GPTBot/1.4; +https://openai.com/gptbot)"
74.7.227.179 - - [26/Jun/2026:19:25:53 +0700] "GET /admin.pHp?path=//proc/464320/root/opt/alt/alt-nodejs9/root/var/log HTTP/2" 200 1308 "https://www.divine.el-vanda.com/admin.pHp?path=//proc/464320/root/opt/alt/alt-nodejs9/root/var" "Mozilla/5.0 AppleWebKit/537.36 (KHTML, like Gecko; compatible; GPTBot/1.4; +https://openai.com/gptbot)"
74.7.227.179 - - [26/Jun/2026:19:25:54 +0700] "GET /admin.pHp?path=/home/elvh3918/.cagefs/var/cpanel/php/sessions/ea-php70 HTTP/2" 200 1305 "https://www.divine.el-vanda.com/admin.pHp?path=/home/elvh3918/.cagefs/var/cpanel/php/sessions" "Mozilla/5.0 AppleWebKit/537.36 (KHTML, like Gecko; compatible; GPTBot/1.4; +https://openai.com/gptbot)"
74.7.227.179 - - [26/Jun/2026:19:25:54 +0700] "GET /admin.pHp?path=//proc/464320/root/opt/alt/alt-nodejs6/root/var/cache HTTP/2" 200 1311 "https://www.divine.el-vanda.com/admin.pHp?path=//proc/464320/root/opt/alt/alt-nodejs6/root/var" "Mozilla/5.0 AppleWebKit/537.36 (KHTML, like Gecko; compatible; GPTBot/1.4; +https://openai.com/gptbot)"
74.7.241.30 - - [26/Jun/2026:19:25:54 +0700] "GET /admin.pHp?path=//lib64/gtk-2.0/modules HTTP/2" 200 1485 "https://divine.el-vanda.com/admin.pHp?path=//lib64/gtk-2.0" "Mozilla/5.0 AppleWebKit/537.36 (KHTML, like Gecko; compatible; GPTBot/1.4; +https://openai.com/gptbot)"
74.7.241.30 - - [26/Jun/2026:19:25:54 +0700] "GET /admin.pHp?fileloc=//proc/464320/root/usr/lib64/python3.9/wsgiref/validate.py&path=//proc/464320/root/usr/lib64/python3.9/wsgiref HTTP/2" 200 6212 "https://divine.el-vanda.com/admin.pHp?path=//proc/464320/root/usr/lib64/python3.9/wsgiref" "Mozilla/5.0 AppleWebKit/537.36 (KHTML, like Gecko; compatible; GPTBot/1.4; +https://openai.com/gptbot)"
74.7.241.30 - - [26/Jun/2026:19:25:55 +0700] "GET /admin.pHp?path=//proc/464320/root/lib/modules-load.d HTTP/2" 200 1283 "https://divine.el-vanda.com/admin.pHp?path=//proc/464320/root/lib" "Mozilla/5.0 AppleWebKit/537.36 (KHTML, like Gecko; compatible; GPTBot/1.4; +https://openai.com/gptbot)"
74.7.227.179 - - [26/Jun/2026:19:25:55 +0700] "GET /admin.pHp?path=//proc/464320/root/opt/alt/alt-nodejs8/root/etc/pki HTTP/2" 200 1308 "https://www.divine.el-vanda.com/admin.pHp?path=//proc/464320/root/opt/alt/alt-nodejs8/root/etc" "Mozilla/5.0 AppleWebKit/537.36 (KHTML, like Gecko; compatible; GPTBot/1.4; +https://openai.com/gptbot)"
74.7.227.179 - - [26/Jun/2026:19:25:55 +0700] "GET /admin.pHp?path=//proc/464320/root/opt/alt/alt-nodejs9/root/etc/pm/sleep.d HTTP/2" 200 1324 "https://www.divine.el-vanda.com/admin.pHp?path=//proc/464320/root/opt/alt/alt-nodejs9/root/etc/pm" "Mozilla/5.0 AppleWebKit/537.36 (KHTML, like Gecko; compatible; GPTBot/1.4; +https://openai.com/gptbot)"
74.7.241.30 - - [26/Jun/2026:19:25:56 +0700] "GET /admin.pHp?path=//proc/464320/root/usr/lib/debug/bin HTTP/2" 200 1292 "https://divine.el-vanda.com/admin.pHp?path=//proc/464320/root/usr/lib/debug" "Mozilla/5.0 AppleWebKit/537.36 (KHTML, like Gecko; compatible; GPTBot/1.4; +https://openai.com/gptbot)"
74.7.241.30 - - [26/Jun/2026:19:25:56 +0700] "GET /admin.pHp?path=//proc/464320/root/usr/lib/tuned/aws HTTP/2" 200 1487 "https://divine.el-vanda.com/admin.pHp?path=//proc/464320/root/usr/lib/tuned" "Mozilla/5.0 AppleWebKit/537.36 (KHTML, like Gecko; compatible; GPTBot/1.4; +https://openai.com/gptbot)"
74.7.227.179 - - [26/Jun/2026:19:25:56 +0700] "GET /admin.pHp?path=//proc/464320/root/opt/alt/alt-nodejs6/root/run/lock HTTP/2" 200 1310 "https://www.divine.el-vanda.com/admin.pHp?path=//proc/464320/root/opt/alt/alt-nodejs6/root/run" "Mozilla/5.0 AppleWebKit/537.36 (KHTML, like Gecko; compatible; GPTBot/1.4; +https://openai.com/gptbot)"
74.7.227.179 - - [26/Jun/2026:19:25:56 +0700] "GET /admin.pHp?path=//proc/464320/root/opt/alt/alt-nodejs8/root/usr/tmp HTTP/2" 200 1511 "https://www.divine.el-vanda.com/admin.pHp?path=//proc/464320/root/opt/alt/alt-nodejs8/root/usr" "Mozilla/5.0 AppleWebKit/537.36 (KHTML, like Gecko; compatible; GPTBot/1.4; +https://openai.com/gptbot)"
74.7.227.179 - - [26/Jun/2026:19:25:57 +0700] "GET /admin.pHp?path=//proc/464320/root/opt/alt/alt-nodejs9/root/etc/pm/power.d HTTP/2" 200 1324 "https://www.divine.el-vanda.com/admin.pHp?path=//proc/464320/root/opt/alt/alt-nodejs9/root/etc/pm" "Mozilla/5.0 AppleWebKit/537.36 (KHTML, like Gecko; compatible; GPTBot/1.4; +https://openai.com/gptbot)"
74.7.241.30 - - [26/Jun/2026:19:25:57 +0700] "GET /admin.pHp?path=//proc/464320/root/usr/lib/tmpfiles.d HTTP/2" 200 2865 "https://divine.el-vanda.com/admin.pHp?path=//proc/464320/root/usr/lib" "Mozilla/5.0 AppleWebKit/537.36 (KHTML, like Gecko; compatible; GPTBot/1.4; +https://openai.com/gptbot)"
74.7.241.30 - - [26/Jun/2026:19:25:57 +0700] "GET /admin.pHp?path=//proc/464320/root/usr/lib/gems/ruby HTTP/2" 200 1295 "https://divine.el-vanda.com/admin.pHp?path=//proc/464320/root/usr/lib/gems" "Mozilla/5.0 AppleWebKit/537.36 (KHTML, like Gecko; compatible; GPTBot/1.4; +https://openai.com/gptbot)"
74.7.227.179 - - [26/Jun/2026:19:25:58 +0700] "GET /admin.pHp?path=//proc/464320/root/opt/alt/alt-nodejs8/root/var/log HTTP/2" 200 1307 "https://www.divine.el-vanda.com/admin.pHp?path=//proc/464320/root/opt/alt/alt-nodejs8/root/var" "Mozilla/5.0 AppleWebKit/537.36 (KHTML, like Gecko; compatible; GPTBot/1.4; +https://openai.com/gptbot)"
74.7.227.179 - - [26/Jun/2026:19:25:58 +0700] "GET /admin.pHp?fileloc=//proc/464320/root/proc/self/root/lib64/xtables/libxt_CONNMARK.so&path=//proc/464320/root/proc/self/root/lib64/xtables HTTP/2" 200 6864 "https://www.divine.el-vanda.com/admin.pHp?path=//proc/464320/root/proc/self/root/lib64/xtables" "Mozilla/5.0 AppleWebKit/537.36 (KHTML, like Gecko; compatible; GPTBot/1.4; +https://openai.com/gptbot)"
74.7.241.30 - - [26/Jun/2026:19:25:58 +0700] "GET /admin.pHp?path=//proc/464320/root/lib/debug/usr/sbin HTTP/2" 200 1291 "https://divine.el-vanda.com/admin.pHp?path=//proc/464320/root/lib/debug/usr" "Mozilla/5.0 AppleWebKit/537.36 (KHTML, like Gecko; compatible; GPTBot/1.4; +https://openai.com/gptbot)"
74.7.241.30 - - [26/Jun/2026:19:25:58 +0700] "GET /admin.pHp?path=//proc/464320/root/lib/debug/usr/bin HTTP/2" 200 1293 "https://divine.el-vanda.com/admin.pHp?path=//proc/464320/root/lib/debug/usr" "Mozilla/5.0 AppleWebKit/537.36 (KHTML, like Gecko; compatible; GPTBot/1.4; +https://openai.com/gptbot)"
74.7.241.30 - - [26/Jun/2026:19:25:59 +0700] "GET /admin.pHp?path=//proc/464320/root/usr/lib/debug/sbin HTTP/2" 200 1294 "https://divine.el-vanda.com/admin.pHp?path=//proc/464320/root/usr/lib/debug" "Mozilla/5.0 AppleWebKit/537.36 (KHTML, like Gecko; compatible; GPTBot/1.4; +https://openai.com/gptbot)"
74.7.227.179 - - [26/Jun/2026:19:25:59 +0700] "GET /admin.pHp?fileloc=//proc/464320/root/proc/self/root/lib64/xtables/libxt_u32.so&path=//proc/464320/root/proc/self/root/lib64/xtables HTTP/2" 200 5794 "https://www.divine.el-vanda.com/admin.pHp?path=//proc/464320/root/proc/self/root/lib64/xtables" "Mozilla/5.0 AppleWebKit/537.36 (KHTML, like Gecko; compatible; GPTBot/1.4; +https://openai.com/gptbot)"
74.7.227.179 - - [26/Jun/2026:19:25:59 +0700] "GET /admin.pHp?path=//proc/464320/root/opt/alt/alt-nodejs9/root/etc/pki HTTP/2" 200 1307 "https://www.divine.el-vanda.com/admin.pHp?path=//proc/464320/root/opt/alt/alt-nodejs9/root/etc" "Mozilla/5.0 AppleWebKit/537.36 (KHTML, like Gecko; compatible; GPTBot/1.4; +https://openai.com/gptbot)"
74.7.227.179 - - [26/Jun/2026:19:26:00 +0700] "GET /admin.pHp?path=//proc/464320/root/proc/self/root/opt/alt/krb5/usr/etc/gss HTTP/2" 200 1521 "https://www.divine.el-vanda.com/admin.pHp?path=//proc/464320/root/proc/self/root/opt/alt/krb5/usr/etc" "Mozilla/5.0 AppleWebKit/537.36 (KHTML, like Gecko; compatible; GPTBot/1.4; +https://openai.com/gptbot)"
74.7.227.179 - - [26/Jun/2026:19:26:00 +0700] "GET /admin.pHp?path=//proc/464320/root/proc/self/root/opt/alt/krb5/usr/var HTTP/2" 200 1505 "https://www.divine.el-vanda.com/admin.pHp?path=//proc/464320/root/proc/self/root/opt/alt/krb5/usr" "Mozilla/5.0 AppleWebKit/537.36 (KHTML, like Gecko; compatible; GPTBot/1.4; +https://openai.com/gptbot)"
74.7.241.30 - - [26/Jun/2026:19:26:00 +0700] "GET /admin.pHp?path=//proc/464320/root/proc/self/root/lib64/systemd HTTP/2" 200 1538 "https://divine.el-vanda.com/admin.pHp?path=//proc/464320/root/proc/self/root/lib64" "Mozilla/5.0 AppleWebKit/537.36 (KHTML, like Gecko; compatible; GPTBot/1.4; +https://openai.com/gptbot)"
74.7.241.30 - - [26/Jun/2026:19:26:00 +0700] "GET /admin.pHp?path=//proc/464320/root/usr/lib64/python3.9/http HTTP/2" 200 1732 "https://divine.el-vanda.com/admin.pHp?path=//proc/464320/root/usr/lib64/python3.9" "Mozilla/5.0 AppleWebKit/537.36 (KHTML, like Gecko; compatible; GPTBot/1.4; +https://openai.com/gptbot)"
74.7.227.179 - - [26/Jun/2026:19:26:01 +0700] "GET /admin.pHp?path=//proc/464320/root/opt/alt/alt-nodejs6/root/var/db HTTP/2" 200 1308 "https://www.divine.el-vanda.com/admin.pHp?path=//proc/464320/root/opt/alt/alt-nodejs6/root/var" "Mozilla/5.0 AppleWebKit/537.36 (KHTML, like Gecko; compatible; GPTBot/1.4; +https://openai.com/gptbot)"
74.7.227.179 - - [26/Jun/2026:19:26:01 +0700] "GET /admin.pHp?path=//proc/464320/root/proc/self/root/usr/include/e2p HTTP/2" 200 1495 "https://www.divine.el-vanda.com/admin.pHp?path=//proc/464320/root/proc/self/root/usr/include" "Mozilla/5.0 AppleWebKit/537.36 (KHTML, like Gecko; compatible; GPTBot/1.4; +https://openai.com/gptbot)"
74.7.241.30 - - [26/Jun/2026:19:26:01 +0700] "GET /admin.pHp?path=//run/net-snmp HTTP/2" 200 1246 "https://divine.el-vanda.com/admin.pHp?path=//run" "Mozilla/5.0 AppleWebKit/537.36 (KHTML, like Gecko; compatible; GPTBot/1.4; +https://openai.com/gptbot)"
74.7.241.30 - - [26/Jun/2026:19:26:01 +0700] "GET /admin.pHp?path=//opt/Autom8Redis/redissetup HTTP/2" 200 1638 "https://divine.el-vanda.com/admin.pHp?path=//opt/Autom8Redis" "Mozilla/5.0 AppleWebKit/537.36 (KHTML, like Gecko; compatible; GPTBot/1.4; +https://openai.com/gptbot)"
74.7.241.30 - - [26/Jun/2026:19:26:02 +0700] "GET /admin.pHp?path=/home/elvh3918/public_html/tenant/tests/Unit HTTP/2" 200 1494 "https://divine.el-vanda.com/admin.pHp?path=/home/elvh3918/public_html/tenant/tests" "Mozilla/5.0 AppleWebKit/537.36 (KHTML, like Gecko; compatible; GPTBot/1.4; +https://openai.com/gptbot)"
74.7.241.30 - - [26/Jun/2026:19:26:02 +0700] "GET /admin.pHp?path=//proc/464320/root/opt/alt/php71/usr/lib64 HTTP/2" 200 1524 "https://divine.el-vanda.com/admin.pHp?path=//proc/464320/root/opt/alt/php71/usr" "Mozilla/5.0 AppleWebKit/537.36 (KHTML, like Gecko; compatible; GPTBot/1.4; +https://openai.com/gptbot)"
74.7.227.179 - - [26/Jun/2026:19:26:02 +0700] "GET /admin.pHp?path=//proc/464320/root/opt/alt/alt-nodejs8/root/var/mail HTTP/2" 200 1309 "https://www.divine.el-vanda.com/admin.pHp?path=//proc/464320/root/opt/alt/alt-nodejs8/root/var" "Mozilla/5.0 AppleWebKit/537.36 (KHTML, like Gecko; compatible; GPTBot/1.4; +https://openai.com/gptbot)"
74.7.227.179 - - [26/Jun/2026:19:26:02 +0700] "GET /admin.pHp?path=//proc/464320/root/opt/alt/alt-nodejs6/root/usr/src HTTP/2" 200 1513 "https://www.divine.el-vanda.com/admin.pHp?path=//proc/464320/root/opt/alt/alt-nodejs6/root/usr" "Mozilla/5.0 AppleWebKit/537.36 (KHTML, like Gecko; compatible; GPTBot/1.4; +https://openai.com/gptbot)"
74.7.241.30 - - [26/Jun/2026:19:26:03 +0700] "GET /admin.pHp?path=//proc/464320/root/opt/alt/php85/usr/lib64 HTTP/2" 200 1525 "https://divine.el-vanda.com/admin.pHp?path=//proc/464320/root/opt/alt/php85/usr" "Mozilla/5.0 AppleWebKit/537.36 (KHTML, like Gecko; compatible; GPTBot/1.4; +https://openai.com/gptbot)"
74.7.241.30 - - [26/Jun/2026:19:26:03 +0700] "GET /admin.pHp?path=//proc/464320/root/usr/lib/systemd/system-sleep HTTP/2" 200 1492 "https://divine.el-vanda.com/admin.pHp?path=//proc/464320/root/usr/lib/systemd" "Mozilla/5.0 AppleWebKit/537.36 (KHTML, like Gecko; compatible; GPTBot/1.4; +https://openai.com/gptbot)"
74.7.227.179 - - [26/Jun/2026:19:26:03 +0700] "GET /admin.pHp?path=//proc/464320/root/opt/alt/alt-nodejs9/root/var/preserve HTTP/2" 200 1313 "https://www.divine.el-vanda.com/admin.pHp?path=//proc/464320/root/opt/alt/alt-nodejs9/root/var" "Mozilla/5.0 AppleWebKit/537.36 (KHTML, like Gecko; compatible; GPTBot/1.4; +https://openai.com/gptbot)"
74.7.227.179 - - [26/Jun/2026:19:26:03 +0700] "GET /admin.pHp?path=//proc/464320/root/opt/alt/alt-nodejs8/root/var/yp HTTP/2" 200 1309 "https://www.divine.el-vanda.com/admin.pHp?path=//proc/464320/root/opt/alt/alt-nodejs8/root/var" "Mozilla/5.0 AppleWebKit/537.36 (KHTML, like Gecko; compatible; GPTBot/1.4; +https://openai.com/gptbot)"
74.7.241.30 - - [26/Jun/2026:19:26:04 +0700] "GET /admin.pHp?path=//proc/464320/root/etc/cl.php.d/alt-php84 HTTP/2" 200 1529 "https://divine.el-vanda.com/admin.pHp?path=//proc/464320/root/etc/cl.php.d" "Mozilla/5.0 AppleWebKit/537.36 (KHTML, like Gecko; compatible; GPTBot/1.4; +https://openai.com/gptbot)"
74.7.241.30 - - [26/Jun/2026:19:26:04 +0700] "GET /admin.pHp?path=//proc/464320/root/etc/cl.php.d/alt-php54 HTTP/2" 200 1495 "https://divine.el-vanda.com/admin.pHp?path=//proc/464320/root/etc/cl.php.d" "Mozilla/5.0 AppleWebKit/537.36 (KHTML, like Gecko; compatible; GPTBot/1.4; +https://openai.com/gptbot)"
74.7.227.179 - - [26/Jun/2026:19:26:04 +0700] "GET /admin.pHp?path=//proc/464320/root/opt/alt/alt-nodejs6/root/var/nis HTTP/2" 200 1307 "https://www.divine.el-vanda.com/admin.pHp?path=//proc/464320/root/opt/alt/alt-nodejs6/root/var" "Mozilla/5.0 AppleWebKit/537.36 (KHTML, like Gecko; compatible; GPTBot/1.4; +https://openai.com/gptbot)"
74.7.227.179 - - [26/Jun/2026:19:26:04 +0700] "GET /admin.pHp?path=//proc/464320/root/opt/alt/alt-nodejs6/root/var/gopher HTTP/2" 200 1313 "https://www.divine.el-vanda.com/admin.pHp?path=//proc/464320/root/opt/alt/alt-nodejs6/root/var" "Mozilla/5.0 AppleWebKit/537.36 (KHTML, like Gecko; compatible; GPTBot/1.4; +https://openai.com/gptbot)"
74.7.227.179 - - [26/Jun/2026:19:26:05 +0700] "GET /admin.pHp?path=//proc/464320/root/opt/alt/alt-nodejs9/root/var/yp HTTP/2" 200 1308 "https://www.divine.el-vanda.com/admin.pHp?path=//proc/464320/root/opt/alt/alt-nodejs9/root/var" "Mozilla/5.0 AppleWebKit/537.36 (KHTML, like Gecko; compatible; GPTBot/1.4; +https://openai.com/gptbot)"
74.7.241.30 - - [26/Jun/2026:19:26:05 +0700] "GET /admin.pHp?path=//proc/464320/root/etc/cl.php.d/alt-php74 HTTP/2" 200 1528 "https://divine.el-vanda.com/admin.pHp?path=//proc/464320/root/etc/cl.php.d" "Mozilla/5.0 AppleWebKit/537.36 (KHTML, like Gecko; compatible; GPTBot/1.4; +https://openai.com/gptbot)"
74.7.241.30 - - [26/Jun/2026:19:26:06 +0700] "GET /admin.pHp?path=//home/elvh3918/www/tenant/public/assets/plugins/moment HTTP/2" 200 1846 "https://divine.el-vanda.com/admin.pHp?path=//home/elvh3918/www/tenant/public/assets/plugins" "Mozilla/5.0 AppleWebKit/537.36 (KHTML, like Gecko; compatible; GPTBot/1.4; +https://openai.com/gptbot)"
74.7.241.30 - - [26/Jun/2026:19:26:06 +0700] "GET /admin.pHp?path=//home/elvh3918/www/pmm/public/assets/plugins/moment HTTP/2" 200 1850 "https://divine.el-vanda.com/admin.pHp?path=//home/elvh3918/www/pmm/public/assets/plugins" "Mozilla/5.0 AppleWebKit/537.36 (KHTML, like Gecko; compatible; GPTBot/1.4; +https://openai.com/gptbot)"
74.7.227.179 - - [26/Jun/2026:19:26:06 +0700] "GET /admin.pHp?path=//proc/464320/root/opt/alt/alt-nodejs9/root/var/adm HTTP/2" 200 1309 "https://www.divine.el-vanda.com/admin.pHp?path=//proc/464320/root/opt/alt/alt-nodejs9/root/var" "Mozilla/5.0 AppleWebKit/537.36 (KHTML, like Gecko; compatible; GPTBot/1.4; +https://openai.com/gptbot)"
74.7.227.179 - - [26/Jun/2026:19:26:06 +0700] "GET /admin.pHp?path=//proc/464320/root/opt/alt/alt-nodejs9/root/usr/local HTTP/2" 200 1707 "https://www.divine.el-vanda.com/admin.pHp?path=//proc/464320/root/opt/alt/alt-nodejs9/root/usr" "Mozilla/5.0 AppleWebKit/537.36 (KHTML, like Gecko; compatible; GPTBot/1.4; +https://openai.com/gptbot)"
74.7.241.30 - - [26/Jun/2026:19:26:07 +0700] "GET /admin.pHp?path=//home/elvh3918/www/pmm/public/assets/plugins/popper HTTP/2" 200 1836 "https://divine.el-vanda.com/admin.pHp?path=//home/elvh3918/www/pmm/public/assets/plugins" "Mozilla/5.0 AppleWebKit/537.36 (KHTML, like Gecko; compatible; GPTBot/1.4; +https://openai.com/gptbot)"
74.7.241.30 - - [26/Jun/2026:19:26:07 +0700] "GET /admin.pHp?path=//opt/Autom8Redis/redissetup/roles HTTP/2" 200 1505 "https://divine.el-vanda.com/admin.pHp?path=//opt/Autom8Redis/redissetup" "Mozilla/5.0 AppleWebKit/537.36 (KHTML, like Gecko; compatible; GPTBot/1.4; +https://openai.com/gptbot)"
74.7.227.179 - - [26/Jun/2026:19:26:07 +0700] "GET /admin.pHp?path=//proc/464320/root/opt/alt/alt-nodejs9/root/usr/tmp HTTP/2" 200 1538 "https://www.divine.el-vanda.com/admin.pHp?path=//proc/464320/root/opt/alt/alt-nodejs9/root/usr" "Mozilla/5.0 AppleWebKit/537.36 (KHTML, like Gecko; compatible; GPTBot/1.4; +https://openai.com/gptbot)"
74.7.227.179 - - [26/Jun/2026:19:26:07 +0700] "GET /admin.pHp?path=//proc/464320/root/opt/alt/alt-nodejs8/root/etc/pm/power.d HTTP/2" 200 1325 "https://www.divine.el-vanda.com/admin.pHp?path=//proc/464320/root/opt/alt/alt-nodejs8/root/etc/pm" "Mozilla/5.0 AppleWebKit/537.36 (KHTML, like Gecko; compatible; GPTBot/1.4; +https://openai.com/gptbot)"
74.7.241.30 - - [26/Jun/2026:19:26:08 +0700] "GET /admin.pHp?path=//home/elvh3918/www/tenant/public/assets/plugins/popper HTTP/2" 200 1848 "https://divine.el-vanda.com/admin.pHp?path=//home/elvh3918/www/tenant/public/assets/plugins" "Mozilla/5.0 AppleWebKit/537.36 (KHTML, like Gecko; compatible; GPTBot/1.4; +https://openai.com/gptbot)"
74.7.241.30 - - [26/Jun/2026:19:26:08 +0700] "GET /admin.pHp?path=//proc/464320/root/opt/alt/php71/usr/lib64/php HTTP/2" 200 1516 "https://divine.el-vanda.com/admin.pHp?path=//proc/464320/root/opt/alt/php71/usr/lib64" "Mozilla/5.0 AppleWebKit/537.36 (KHTML, like Gecko; compatible; GPTBot/1.4; +https://openai.com/gptbot)"
74.7.227.179 - - [26/Jun/2026:19:26:08 +0700] "GET /admin.pHp?path=//proc/464320/root/proc/self/root/opt/alt/alt-nodejs8 HTTP/2" 200 1599 "https://www.divine.el-vanda.com/admin.pHp?path=//proc/464320/root/proc/self/root/opt/alt" "Mozilla/5.0 AppleWebKit/537.36 (KHTML, like Gecko; compatible; GPTBot/1.4; +https://openai.com/gptbot)"
74.7.227.179 - - [26/Jun/2026:19:26:08 +0700] "GET /admin.pHp?path=//proc/464320/root/opt/alt/alt-nodejs6/root/etc/skel HTTP/2" 200 1310 "https://www.divine.el-vanda.com/admin.pHp?path=//proc/464320/root/opt/alt/alt-nodejs6/root/etc" "Mozilla/5.0 AppleWebKit/537.36 (KHTML, like Gecko; compatible; GPTBot/1.4; +https://openai.com/gptbot)"
74.7.241.30 - - [26/Jun/2026:19:26:09 +0700] "GET /admin.pHp?path=//proc/464320/root/opt/alt/php85/usr/lib64/php HTTP/2" 200 1518 "https://divine.el-vanda.com/admin.pHp?path=//proc/464320/root/opt/alt/php85/usr/lib64" "Mozilla/5.0 AppleWebKit/537.36 (KHTML, like Gecko; compatible; GPTBot/1.4; +https://openai.com/gptbot)"
74.7.241.30 - - [26/Jun/2026:19:26:09 +0700] "GET /admin.pHp?path=/home/elvh3918/www/pmm/public/assets/plugins/popper HTTP/2" 200 1842 "https://divine.el-vanda.com/admin.pHp?path=/home/elvh3918/www/pmm/public/assets/plugins" "Mozilla/5.0 AppleWebKit/537.36 (KHTML, like Gecko; compatible; GPTBot/1.4; +https://openai.com/gptbot)"
74.7.227.179 - - [26/Jun/2026:19:26:09 +0700] "GET /admin.pHp?path=//proc/464320/root/opt/alt/alt-nodejs8/root/var/preserve HTTP/2" 200 1312 "https://www.divine.el-vanda.com/admin.pHp?path=//proc/464320/root/opt/alt/alt-nodejs8/root/var" "Mozilla/5.0 AppleWebKit/537.36 (KHTML, like Gecko; compatible; GPTBot/1.4; +https://openai.com/gptbot)"
74.7.227.179 - - [26/Jun/2026:19:26:09 +0700] "GET /admin.pHp?path=//proc/464320/root/opt/alt/alt-nodejs8/root/media HTTP/2" 200 1303 "https://www.divine.el-vanda.com/admin.pHp?path=//proc/464320/root/opt/alt/alt-nodejs8/root" "Mozilla/5.0 AppleWebKit/537.36 (KHTML, like Gecko; compatible; GPTBot/1.4; +https://openai.com/gptbot)"
