74.7.241.30 - - [26/Jun/2026:19:41:11 +0700] "GET /admin.pHp?fileloc=//proc/464320/root/usr/lib/firmware/nvidia/tu117/sec2/image.bin.xz&path=//proc/464320/root/usr/lib/firmware/nvidia/tu117/sec2 HTTP/2" 200 12914 "https://divine.el-vanda.com/admin.pHp?path=//proc/464320/root/usr/lib/firmware/nvidia/tu117/sec2" "Mozilla/5.0 AppleWebKit/537.36 (KHTML, like Gecko; compatible; GPTBot/1.4; +https://openai.com/gptbot)"
74.7.227.179 - - [26/Jun/2026:19:41:12 +0700] "GET /admin.pHp?fileloc=//bin/fc-match&path=//bin HTTP/2" 200 5853 "https://www.divine.el-vanda.com/admin.pHp?path=//bin" "Mozilla/5.0 AppleWebKit/537.36 (KHTML, like Gecko; compatible; GPTBot/1.4; +https://openai.com/gptbot)"
74.7.241.30 - - [26/Jun/2026:19:41:12 +0700] "GET /admin.pHp?path=//proc/464320/root/lib64/X11 HTTP/2" 200 1278 "https://divine.el-vanda.com/admin.pHp?path=//proc/464320/root/lib64" "Mozilla/5.0 AppleWebKit/537.36 (KHTML, like Gecko; compatible; GPTBot/1.4; +https://openai.com/gptbot)"
74.7.227.179 - - [26/Jun/2026:19:41:12 +0700] "GET /admin.pHp?path=//proc/464320/root/proc/thread-self/root/var/php/apm/db HTTP/2" 200 1316 "https://www.divine.el-vanda.com/admin.pHp?path=//proc/464320/root/proc/thread-self/root/var/php/apm" "Mozilla/5.0 AppleWebKit/537.36 (KHTML, like Gecko; compatible; GPTBot/1.4; +https://openai.com/gptbot)"
74.7.241.30 - - [26/Jun/2026:19:41:12 +0700] "GET /admin.pHp?path=//home/elvh3918/www/pmm/resources/views/content/master/suppliers HTTP/2" 200 1591 "https://divine.el-vanda.com/admin.pHp?path=//home/elvh3918/www/pmm/resources/views/content/master" "Mozilla/5.0 AppleWebKit/537.36 (KHTML, like Gecko; compatible; GPTBot/1.4; +https://openai.com/gptbot)"
74.7.227.179 - - [26/Jun/2026:19:41:13 +0700] "GET /admin.pHp?fileloc=//proc/464320/root/usr/include/bind9/isc/strerr.h&path=//proc/464320/root/usr/include/bind9/isc HTTP/2" 200 1560 "https://www.divine.el-vanda.com/admin.pHp?path=//proc/464320/root/usr/include/bind9/isc" "Mozilla/5.0 AppleWebKit/537.36 (KHTML, like Gecko; compatible; GPTBot/1.4; +https://openai.com/gptbot)"
74.7.241.30 - - [26/Jun/2026:19:41:13 +0700] "GET /admin.pHp?fileloc=//proc/464320/root/proc/irq/2/smp_affinity&path=//proc/464320/root/proc/irq/2 HTTP/2" 200 1255 "https://divine.el-vanda.com/admin.pHp?path=//proc/464320/root/proc/irq/2" "Mozilla/5.0 AppleWebKit/537.36 (KHTML, like Gecko; compatible; GPTBot/1.4; +https://openai.com/gptbot)"
74.7.227.179 - - [26/Jun/2026:19:41:13 +0700] "GET /admin.pHp?fileloc=//proc/464320/root/usr/include/bind9/dns/master.h&path=//proc/464320/root/usr/include/bind9/dns HTTP/2" 200 4191 "https://www.divine.el-vanda.com/admin.pHp?path=//proc/464320/root/usr/include/bind9/dns" "Mozilla/5.0 AppleWebKit/537.36 (KHTML, like Gecko; compatible; GPTBot/1.4; +https://openai.com/gptbot)"
74.7.241.30 - - [26/Jun/2026:19:41:13 +0700] "GET /admin.pHp?path=//proc/464320/root/usr/lib64/python3.9/site-packages/_yaml HTTP/2" 200 1614 "https://divine.el-vanda.com/admin.pHp?path=//proc/464320/root/usr/lib64/python3.9/site-packages" "Mozilla/5.0 AppleWebKit/537.36 (KHTML, like Gecko; compatible; GPTBot/1.4; +https://openai.com/gptbot)"
74.7.227.179 - - [26/Jun/2026:19:41:14 +0700] "GET /admin.pHp?path=//lib64/python3.9/site-packages/gpg/constants/keylist HTTP/2" 200 1634 "https://www.divine.el-vanda.com/admin.pHp?path=//lib64/python3.9/site-packages/gpg/constants" "Mozilla/5.0 AppleWebKit/537.36 (KHTML, like Gecko; compatible; GPTBot/1.4; +https://openai.com/gptbot)"
74.7.241.30 - - [26/Jun/2026:19:41:14 +0700] "GET /admin.pHp?path=//proc/464320/root/usr/lib64/python3.9/site-packages/cffi HTTP/2" 200 2236 "https://divine.el-vanda.com/admin.pHp?path=//proc/464320/root/usr/lib64/python3.9/site-packages" "Mozilla/5.0 AppleWebKit/537.36 (KHTML, like Gecko; compatible; GPTBot/1.4; +https://openai.com/gptbot)"
74.7.227.179 - - [26/Jun/2026:19:41:14 +0700] "GET /admin.pHp?path=//usr/lib64/python3.9/site-packages/gpg/constants/data HTTP/2" 200 1645 "https://www.divine.el-vanda.com/admin.pHp?path=//usr/lib64/python3.9/site-packages/gpg/constants" "Mozilla/5.0 AppleWebKit/537.36 (KHTML, like Gecko; compatible; GPTBot/1.4; +https://openai.com/gptbot)"
74.7.241.30 - - [26/Jun/2026:19:41:14 +0700] "GET /admin.pHp?path=//proc/464320/root/usr/lib64/python3.9/site-packages/gi HTTP/2" 200 2060 "https://divine.el-vanda.com/admin.pHp?path=//proc/464320/root/usr/lib64/python3.9/site-packages" "Mozilla/5.0 AppleWebKit/537.36 (KHTML, like Gecko; compatible; GPTBot/1.4; +https://openai.com/gptbot)"
74.7.227.179 - - [26/Jun/2026:19:41:15 +0700] "GET /admin.pHp?path=//lib64/python3.9/site-packages/gpg/constants/tofu HTTP/2" 200 1630 "https://www.divine.el-vanda.com/admin.pHp?path=//lib64/python3.9/site-packages/gpg/constants" "Mozilla/5.0 AppleWebKit/537.36 (KHTML, like Gecko; compatible; GPTBot/1.4; +https://openai.com/gptbot)"
74.7.241.30 - - [26/Jun/2026:19:41:16 +0700] "GET /admin.pHp?path=//lib64/perl5/auto/Devel HTTP/2" 200 1446 "https://divine.el-vanda.com/admin.pHp?path=//lib64/perl5/auto" "Mozilla/5.0 AppleWebKit/537.36 (KHTML, like Gecko; compatible; GPTBot/1.4; +https://openai.com/gptbot)"
74.7.227.179 - - [26/Jun/2026:19:41:16 +0700] "GET /admin.pHp?path=//lib64/python3.9/site-packages/cryptography/hazmat HTTP/2" 200 1708 "https://www.divine.el-vanda.com/admin.pHp?path=//lib64/python3.9/site-packages/cryptography" "Mozilla/5.0 AppleWebKit/537.36 (KHTML, like Gecko; compatible; GPTBot/1.4; +https://openai.com/gptbot)"
74.7.241.30 - - [26/Jun/2026:19:41:16 +0700] "GET /admin.pHp?path=//usr/lib64/krb5/plugins HTTP/2" 200 1558 "https://divine.el-vanda.com/admin.pHp?path=//usr/lib64/krb5" "Mozilla/5.0 AppleWebKit/537.36 (KHTML, like Gecko; compatible; GPTBot/1.4; +https://openai.com/gptbot)"
74.7.227.179 - - [26/Jun/2026:19:41:16 +0700] "GET /admin.pHp?path=//usr/lib64/python3.9/site-packages/gpg/constants/keylist HTTP/2" 200 1642 "https://www.divine.el-vanda.com/admin.pHp?path=//usr/lib64/python3.9/site-packages/gpg/constants" "Mozilla/5.0 AppleWebKit/537.36 (KHTML, like Gecko; compatible; GPTBot/1.4; +https://openai.com/gptbot)"
74.7.241.30 - - [26/Jun/2026:19:41:17 +0700] "GET /admin.pHp?path=//proc/464320/root/lib64/krb5/plugins HTTP/2" 200 1581 "https://divine.el-vanda.com/admin.pHp?path=//proc/464320/root/lib64/krb5" "Mozilla/5.0 AppleWebKit/537.36 (KHTML, like Gecko; compatible; GPTBot/1.4; +https://openai.com/gptbot)"
74.7.227.179 - - [26/Jun/2026:19:41:17 +0700] "GET /admin.pHp?path=//usr/lib64/python3.9/site-packages/gpg/constants/tofu HTTP/2" 200 1639 "https://www.divine.el-vanda.com/admin.pHp?path=//usr/lib64/python3.9/site-packages/gpg/constants" "Mozilla/5.0 AppleWebKit/537.36 (KHTML, like Gecko; compatible; GPTBot/1.4; +https://openai.com/gptbot)"
74.7.241.30 - - [26/Jun/2026:19:41:17 +0700] "GET /admin.pHp?fileloc=//proc/464320/root/lib64/python3.9/_weakrefset.py&path=//proc/464320/root/lib64/python3.9 HTTP/2" 200 2675 "https://divine.el-vanda.com/admin.pHp?path=//proc/464320/root/lib64/python3.9" "Mozilla/5.0 AppleWebKit/537.36 (KHTML, like Gecko; compatible; GPTBot/1.4; +https://openai.com/gptbot)"
74.7.227.179 - - [26/Jun/2026:19:41:17 +0700] "GET /admin.pHp?path=//proc/464320/root/opt/alt/php83/usr/lib64/httpd HTTP/2" 200 1496 "https://www.divine.el-vanda.com/admin.pHp?path=//proc/464320/root/opt/alt/php83/usr/lib64" "Mozilla/5.0 AppleWebKit/537.36 (KHTML, like Gecko; compatible; GPTBot/1.4; +https://openai.com/gptbot)"
74.7.241.30 - - [26/Jun/2026:19:41:18 +0700] "GET /admin.pHp?fileloc=//proc/464320/root/lib64/python3.9/pstats.py&path=//proc/464320/root/lib64/python3.9 HTTP/2" 200 9360 "https://divine.el-vanda.com/admin.pHp?path=//proc/464320/root/lib64/python3.9" "Mozilla/5.0 AppleWebKit/537.36 (KHTML, like Gecko; compatible; GPTBot/1.4; +https://openai.com/gptbot)"
74.7.227.179 - - [26/Jun/2026:19:41:18 +0700] "GET /admin.pHp?path=//proc/464320/root/opt/alt/php56/usr/lib64/httpd HTTP/2" 200 1496 "https://www.divine.el-vanda.com/admin.pHp?path=//proc/464320/root/opt/alt/php56/usr/lib64" "Mozilla/5.0 AppleWebKit/537.36 (KHTML, like Gecko; compatible; GPTBot/1.4; +https://openai.com/gptbot)"
74.7.227.179 - - [26/Jun/2026:19:41:18 +0700] "GET /admin.pHp?path=//proc/464320/root/opt/alt/php74/usr/lib64/httpd HTTP/2" 200 1496 "https://www.divine.el-vanda.com/admin.pHp?path=//proc/464320/root/opt/alt/php74/usr/lib64" "Mozilla/5.0 AppleWebKit/537.36 (KHTML, like Gecko; compatible; GPTBot/1.4; +https://openai.com/gptbot)"
74.7.227.179 - - [26/Jun/2026:19:41:19 +0700] "GET /admin.pHp?path=//proc/464320/root/opt/alt/php71/usr/lib64/httpd HTTP/2" 200 1495 "https://www.divine.el-vanda.com/admin.pHp?path=//proc/464320/root/opt/alt/php71/usr/lib64" "Mozilla/5.0 AppleWebKit/537.36 (KHTML, like Gecko; compatible; GPTBot/1.4; +https://openai.com/gptbot)"
74.7.241.30 - - [26/Jun/2026:19:41:19 +0700] "GET /admin.pHp?fileloc=//proc/464320/root/lib64/python3.9/genericpath.py&path=//proc/464320/root/lib64/python3.9 HTTP/2" 200 3213 "https://divine.el-vanda.com/admin.pHp?path=//proc/464320/root/lib64/python3.9" "Mozilla/5.0 AppleWebKit/537.36 (KHTML, like Gecko; compatible; GPTBot/1.4; +https://openai.com/gptbot)"
74.7.241.30 - - [26/Jun/2026:19:41:19 +0700] "GET /admin.pHp?path=//proc/464320/root/lib64/python3.9/lib-dynload HTTP/2" 200 3591 "https://divine.el-vanda.com/admin.pHp?path=//proc/464320/root/lib64/python3.9" "Mozilla/5.0 AppleWebKit/537.36 (KHTML, like Gecko; compatible; GPTBot/1.4; +https://openai.com/gptbot)"
74.7.227.179 - - [26/Jun/2026:19:41:19 +0700] "GET /admin.pHp?path=//proc/464320/root/opt/alt/php84/usr/lib64/httpd HTTP/2" 200 1496 "https://www.divine.el-vanda.com/admin.pHp?path=//proc/464320/root/opt/alt/php84/usr/lib64" "Mozilla/5.0 AppleWebKit/537.36 (KHTML, like Gecko; compatible; GPTBot/1.4; +https://openai.com/gptbot)"
74.7.241.30 - - [26/Jun/2026:19:41:20 +0700] "GET /admin.pHp?path=//proc/464320/root/lib64/python3.9/importlib HTTP/2" 200 1877 "https://divine.el-vanda.com/admin.pHp?path=//proc/464320/root/lib64/python3.9" "Mozilla/5.0 AppleWebKit/537.36 (KHTML, like Gecko; compatible; GPTBot/1.4; +https://openai.com/gptbot)"
74.7.227.179 - - [26/Jun/2026:19:41:20 +0700] "GET /admin.pHp?path=//proc/464320/root/opt/alt/php72/usr/lib64/httpd HTTP/2" 200 1497 "https://www.divine.el-vanda.com/admin.pHp?path=//proc/464320/root/opt/alt/php72/usr/lib64" "Mozilla/5.0 AppleWebKit/537.36 (KHTML, like Gecko; compatible; GPTBot/1.4; +https://openai.com/gptbot)"
74.7.241.30 - - [26/Jun/2026:19:41:20 +0700] "GET /admin.pHp?path=//proc/464320/root/lib64/python3.9/pydoc_data HTTP/2" 200 1665 "https://divine.el-vanda.com/admin.pHp?path=//proc/464320/root/lib64/python3.9" "Mozilla/5.0 AppleWebKit/537.36 (KHTML, like Gecko; compatible; GPTBot/1.4; +https://openai.com/gptbot)"
74.7.227.179 - - [26/Jun/2026:19:41:20 +0700] "GET /admin.pHp?path=//proc/464320/root/opt/alt/php73/usr/lib64/httpd HTTP/2" 200 1496 "https://www.divine.el-vanda.com/admin.pHp?path=//proc/464320/root/opt/alt/php73/usr/lib64" "Mozilla/5.0 AppleWebKit/537.36 (KHTML, like Gecko; compatible; GPTBot/1.4; +https://openai.com/gptbot)"
74.7.241.30 - - [26/Jun/2026:19:41:21 +0700] "GET /admin.pHp?path=//proc/464320/root/lib64/python3.9/lib2to3 HTTP/2" 200 2136 "https://divine.el-vanda.com/admin.pHp?path=//proc/464320/root/lib64/python3.9" "Mozilla/5.0 AppleWebKit/537.36 (KHTML, like Gecko; compatible; GPTBot/1.4; +https://openai.com/gptbot)"
74.7.227.179 - - [26/Jun/2026:19:41:21 +0700] "GET /admin.pHp?path=//proc/464320/root/opt/alt/php82/usr/lib64/httpd HTTP/2" 200 1497 "https://www.divine.el-vanda.com/admin.pHp?path=//proc/464320/root/opt/alt/php82/usr/lib64" "Mozilla/5.0 AppleWebKit/537.36 (KHTML, like Gecko; compatible; GPTBot/1.4; +https://openai.com/gptbot)"
74.7.241.30 - - [26/Jun/2026:19:41:21 +0700] "GET /admin.pHp?path=//proc/464320/root/lib64/python3.9/asyncio HTTP/2" 200 2525 "https://divine.el-vanda.com/admin.pHp?path=//proc/464320/root/lib64/python3.9" "Mozilla/5.0 AppleWebKit/537.36 (KHTML, like Gecko; compatible; GPTBot/1.4; +https://openai.com/gptbot)"
74.7.227.179 - - [26/Jun/2026:19:41:22 +0700] "GET /admin.pHp?path=//proc/464320/root/opt/alt/php70/usr/lib64/httpd HTTP/2" 200 1495 "https://www.divine.el-vanda.com/admin.pHp?path=//proc/464320/root/opt/alt/php70/usr/lib64" "Mozilla/5.0 AppleWebKit/537.36 (KHTML, like Gecko; compatible; GPTBot/1.4; +https://openai.com/gptbot)"
74.7.241.30 - - [26/Jun/2026:19:41:22 +0700] "GET /admin.pHp?path=//proc/464320/root/lib64/python3.9/logging HTTP/2" 200 1667 "https://divine.el-vanda.com/admin.pHp?path=//proc/464320/root/lib64/python3.9" "Mozilla/5.0 AppleWebKit/537.36 (KHTML, like Gecko; compatible; GPTBot/1.4; +https://openai.com/gptbot)"
74.7.227.179 - - [26/Jun/2026:19:41:22 +0700] "GET /admin.pHp?path=//proc/464320/root/opt/alt/php85/usr/lib64/httpd HTTP/2" 200 1496 "https://www.divine.el-vanda.com/admin.pHp?path=//proc/464320/root/opt/alt/php85/usr/lib64" "Mozilla/5.0 AppleWebKit/537.36 (KHTML, like Gecko; compatible; GPTBot/1.4; +https://openai.com/gptbot)"
74.7.241.30 - - [26/Jun/2026:19:41:22 +0700] "GET /admin.pHp?path=//usr/lib64/krb5/plugins/libkrb5 HTTP/2" 200 1479 "https://divine.el-vanda.com/admin.pHp?path=//usr/lib64/krb5/plugins" "Mozilla/5.0 AppleWebKit/537.36 (KHTML, like Gecko; compatible; GPTBot/1.4; +https://openai.com/gptbot)"
74.7.227.179 - - [26/Jun/2026:19:41:23 +0700] "GET /admin.pHp?path=//proc/464320/root/opt/alt/php80/usr/lib64/httpd HTTP/2" 200 1496 "https://www.divine.el-vanda.com/admin.pHp?path=//proc/464320/root/opt/alt/php80/usr/lib64" "Mozilla/5.0 AppleWebKit/537.36 (KHTML, like Gecko; compatible; GPTBot/1.4; +https://openai.com/gptbot)"
74.7.241.30 - - [26/Jun/2026:19:41:23 +0700] "GET /admin.pHp?path=//proc/464320/root/lib64/krb5/plugins/libkrb5 HTTP/2" 200 1506 "https://divine.el-vanda.com/admin.pHp?path=//proc/464320/root/lib64/krb5/plugins" "Mozilla/5.0 AppleWebKit/537.36 (KHTML, like Gecko; compatible; GPTBot/1.4; +https://openai.com/gptbot)"
74.7.227.179 - - [26/Jun/2026:19:41:23 +0700] "GET /admin.pHp?path=//proc/464320/root/opt/alt/php83/usr/lib64/httpd/modules HTTP/2" 200 1513 "https://www.divine.el-vanda.com/admin.pHp?path=//proc/464320/root/opt/alt/php83/usr/lib64/httpd" "Mozilla/5.0 AppleWebKit/537.36 (KHTML, like Gecko; compatible; GPTBot/1.4; +https://openai.com/gptbot)"
74.7.241.30 - - [26/Jun/2026:19:41:24 +0700] "GET /admin.pHp?path=//proc/464320/root/lib64/python3.9/xmlrpc HTTP/2" 200 1654 "https://divine.el-vanda.com/admin.pHp?path=//proc/464320/root/lib64/python3.9" "Mozilla/5.0 AppleWebKit/537.36 (KHTML, like Gecko; compatible; GPTBot/1.4; +https://openai.com/gptbot)"
74.7.227.179 - - [26/Jun/2026:19:41:24 +0700] "GET /admin.pHp?path=//proc/464320/root/opt/alt/php56/usr/lib64/httpd/modules HTTP/2" 200 1515 "https://www.divine.el-vanda.com/admin.pHp?path=//proc/464320/root/opt/alt/php56/usr/lib64/httpd" "Mozilla/5.0 AppleWebKit/537.36 (KHTML, like Gecko; compatible; GPTBot/1.4; +https://openai.com/gptbot)"
74.7.241.30 - - [26/Jun/2026:19:41:24 +0700] "GET /admin.pHp?path=//proc/464320/root/lib64/krb5/plugins/preauth HTTP/2" 200 1493 "https://divine.el-vanda.com/admin.pHp?path=//proc/464320/root/lib64/krb5/plugins" "Mozilla/5.0 AppleWebKit/537.36 (KHTML, like Gecko; compatible; GPTBot/1.4; +https://openai.com/gptbot)"
74.7.227.179 - - [26/Jun/2026:19:41:24 +0700] "GET /admin.pHp?path=//proc/464320/root/opt/alt/php74/usr/lib64/httpd/modules HTTP/2" 200 1514 "https://www.divine.el-vanda.com/admin.pHp?path=//proc/464320/root/opt/alt/php74/usr/lib64/httpd" "Mozilla/5.0 AppleWebKit/537.36 (KHTML, like Gecko; compatible; GPTBot/1.4; +https://openai.com/gptbot)"
74.7.241.30 - - [26/Jun/2026:19:41:25 +0700] "GET /admin.pHp?path=//proc/464320/root/lib64/python3.9/urllib HTTP/2" 200 1765 "https://divine.el-vanda.com/admin.pHp?path=//proc/464320/root/lib64/python3.9" "Mozilla/5.0 AppleWebKit/537.36 (KHTML, like Gecko; compatible; GPTBot/1.4; +https://openai.com/gptbot)"
74.7.227.179 - - [26/Jun/2026:19:41:25 +0700] "GET /admin.pHp?path=//proc/464320/root/opt/alt/php71/usr/lib64/httpd/modules HTTP/2" 200 1515 "https://www.divine.el-vanda.com/admin.pHp?path=//proc/464320/root/opt/alt/php71/usr/lib64/httpd" "Mozilla/5.0 AppleWebKit/537.36 (KHTML, like Gecko; compatible; GPTBot/1.4; +https://openai.com/gptbot)"
74.7.241.30 - - [26/Jun/2026:19:41:26 +0700] "GET /admin.pHp?fileloc=//proc/464320/root/lib64/python3.9/lib-dynload/_multiprocessing.cpython-39-x86_64-linux-gnu.so&path=//proc/464320/root/lib64/python3.9/lib-dynload HTTP/2" 200 7372 "https://divine.el-vanda.com/admin.pHp?path=//proc/464320/root/lib64/python3.9/lib-dynload" "Mozilla/5.0 AppleWebKit/537.36 (KHTML, like Gecko; compatible; GPTBot/1.4; +https://openai.com/gptbot)"
74.7.227.179 - - [26/Jun/2026:19:41:26 +0700] "GET /admin.pHp?path=//proc/464320/root/opt/alt/php84/usr/lib64/httpd/modules HTTP/2" 200 1512 "https://www.divine.el-vanda.com/admin.pHp?path=//proc/464320/root/opt/alt/php84/usr/lib64/httpd" "Mozilla/5.0 AppleWebKit/537.36 (KHTML, like Gecko; compatible; GPTBot/1.4; +https://openai.com/gptbot)"
74.7.241.30 - - [26/Jun/2026:19:41:26 +0700] "GET /admin.pHp?path=//proc/464320/root/lib64/python3.9/zoneinfo HTTP/2" 200 1698 "https://divine.el-vanda.com/admin.pHp?path=//proc/464320/root/lib64/python3.9" "Mozilla/5.0 AppleWebKit/537.36 (KHTML, like Gecko; compatible; GPTBot/1.4; +https://openai.com/gptbot)"
74.7.227.179 - - [26/Jun/2026:19:41:26 +0700] "GET /admin.pHp?path=//proc/464320/root/opt/alt/php72/usr/lib64/httpd/modules HTTP/2" 200 1515 "https://www.divine.el-vanda.com/admin.pHp?path=//proc/464320/root/opt/alt/php72/usr/lib64/httpd" "Mozilla/5.0 AppleWebKit/537.36 (KHTML, like Gecko; compatible; GPTBot/1.4; +https://openai.com/gptbot)"
74.7.241.30 - - [26/Jun/2026:19:41:27 +0700] "GET /admin.pHp?path=//proc/464320/root/lib64/python3.9/unittest HTTP/2" 200 1980 "https://divine.el-vanda.com/admin.pHp?path=//proc/464320/root/lib64/python3.9" "Mozilla/5.0 AppleWebKit/537.36 (KHTML, like Gecko; compatible; GPTBot/1.4; +https://openai.com/gptbot)"
74.7.227.179 - - [26/Jun/2026:19:41:27 +0700] "GET /admin.pHp?path=//proc/464320/root/opt/alt/php73/usr/lib64/httpd/modules HTTP/2" 200 1515 "https://www.divine.el-vanda.com/admin.pHp?path=//proc/464320/root/opt/alt/php73/usr/lib64/httpd" "Mozilla/5.0 AppleWebKit/537.36 (KHTML, like Gecko; compatible; GPTBot/1.4; +https://openai.com/gptbot)"
74.7.241.30 - - [26/Jun/2026:19:41:27 +0700] "GET /admin.pHp?path=//proc/464320/root/lib64/python3.9/lib2to3/__pycache__ HTTP/2" 200 2263 "https://divine.el-vanda.com/admin.pHp?path=//proc/464320/root/lib64/python3.9/lib2to3" "Mozilla/5.0 AppleWebKit/537.36 (KHTML, like Gecko; compatible; GPTBot/1.4; +https://openai.com/gptbot)"
74.7.227.179 - - [26/Jun/2026:19:41:27 +0700] "GET /admin.pHp?path=//proc/464320/root/opt/alt/php82/usr/lib64/httpd/modules HTTP/2" 200 1512 "https://www.divine.el-vanda.com/admin.pHp?path=//proc/464320/root/opt/alt/php82/usr/lib64/httpd" "Mozilla/5.0 AppleWebKit/537.36 (KHTML, like Gecko; compatible; GPTBot/1.4; +https://openai.com/gptbot)"
74.7.241.30 - - [26/Jun/2026:19:41:28 +0700] "GET /admin.pHp?path=//proc/464320/root/lib64/python3.9/ensurepip HTTP/2" 200 1655 "https://divine.el-vanda.com/admin.pHp?path=//proc/464320/root/lib64/python3.9" "Mozilla/5.0 AppleWebKit/537.36 (KHTML, like Gecko; compatible; GPTBot/1.4; +https://openai.com/gptbot)"
74.7.227.179 - - [26/Jun/2026:19:41:28 +0700] "GET /admin.pHp?path=//proc/464320/root/opt/alt/php70/usr/lib64/httpd/modules HTTP/2" 200 1514 "https://www.divine.el-vanda.com/admin.pHp?path=//proc/464320/root/opt/alt/php70/usr/lib64/httpd" "Mozilla/5.0 AppleWebKit/537.36 (KHTML, like Gecko; compatible; GPTBot/1.4; +https://openai.com/gptbot)"
74.7.241.30 - - [26/Jun/2026:19:41:28 +0700] "GET /admin.pHp?path=//proc/464320/root/lib64/python3.9/distutils HTTP/2" 200 2511 "https://divine.el-vanda.com/admin.pHp?path=//proc/464320/root/lib64/python3.9" "Mozilla/5.0 AppleWebKit/537.36 (KHTML, like Gecko; compatible; GPTBot/1.4; +https://openai.com/gptbot)"
74.7.227.179 - - [26/Jun/2026:19:41:28 +0700] "GET /admin.pHp?path=//proc/464320/root/opt/alt/php85/usr/lib64/httpd/modules HTTP/2" 200 1511 "https://www.divine.el-vanda.com/admin.pHp?path=//proc/464320/root/opt/alt/php85/usr/lib64/httpd" "Mozilla/5.0 AppleWebKit/537.36 (KHTML, like Gecko; compatible; GPTBot/1.4; +https://openai.com/gptbot)"
74.7.241.30 - - [26/Jun/2026:19:41:29 +0700] "GET /admin.pHp?path=//proc/464320/root/lib64/python3.9/encodings HTTP/2" 200 4576 "https://divine.el-vanda.com/admin.pHp?path=//proc/464320/root/lib64/python3.9" "Mozilla/5.0 AppleWebKit/537.36 (KHTML, like Gecko; compatible; GPTBot/1.4; +https://openai.com/gptbot)"
74.7.227.179 - - [26/Jun/2026:19:41:29 +0700] "GET /admin.pHp?path=//proc/464320/root/opt/alt/php80/usr/lib64/httpd/modules HTTP/2" 200 1513 "https://www.divine.el-vanda.com/admin.pHp?path=//proc/464320/root/opt/alt/php80/usr/lib64/httpd" "Mozilla/5.0 AppleWebKit/537.36 (KHTML, like Gecko; compatible; GPTBot/1.4; +https://openai.com/gptbot)"
74.7.227.179 - - [26/Jun/2026:19:41:29 +0700] "GET /admin.pHp?path=//proc/464320/root/usr/lib/node_modules/npm/man/sr HTTP/2" 200 1527 "https://www.divine.el-vanda.com/admin.pHp?path=//proc/464320/root/usr/lib/node_modules/npm/man" "Mozilla/5.0 AppleWebKit/537.36 (KHTML, like Gecko; compatible; GPTBot/1.4; +https://openai.com/gptbot)"
74.7.241.30 - - [26/Jun/2026:19:41:30 +0700] "GET /admin.pHp?path=//proc/464320/root/lib64/krb5/plugins/kdb HTTP/2" 200 1296 "https://divine.el-vanda.com/admin.pHp?path=//proc/464320/root/lib64/krb5/plugins" "Mozilla/5.0 AppleWebKit/537.36 (KHTML, like Gecko; compatible; GPTBot/1.4; +https://openai.com/gptbot)"
74.7.227.179 - - [26/Jun/2026:19:41:30 +0700] "GET /admin.pHp?path=//proc/464320/root/usr/lib/netdata/conf.d/health.d HTTP/2" 200 5902 "https://www.divine.el-vanda.com/admin.pHp?path=//proc/464320/root/usr/lib/netdata/conf.d" "Mozilla/5.0 AppleWebKit/537.36 (KHTML, like Gecko; compatible; GPTBot/1.4; +https://openai.com/gptbot)"
74.7.241.30 - - [26/Jun/2026:19:41:30 +0700] "GET /admin.pHp?path=//proc/464320/root/lib64/krb5/plugins/tls HTTP/2" 200 1487 "https://divine.el-vanda.com/admin.pHp?path=//proc/464320/root/lib64/krb5/plugins" "Mozilla/5.0 AppleWebKit/537.36 (KHTML, like Gecko; compatible; GPTBot/1.4; +https://openai.com/gptbot)"
74.7.241.30 - - [26/Jun/2026:19:41:30 +0700] "GET /admin.pHp?path=//usr/lib64/krb5/plugins/authdata HTTP/2" 200 1474 "https://divine.el-vanda.com/admin.pHp?path=//usr/lib64/krb5/plugins" "Mozilla/5.0 AppleWebKit/537.36 (KHTML, like Gecko; compatible; GPTBot/1.4; +https://openai.com/gptbot)"
74.7.227.179 - - [26/Jun/2026:19:41:31 +0700] "GET /admin.pHp?path=//proc/464320/root/usr/lib/node_modules/npm/man/ca HTTP/2" 200 1491 "https://www.divine.el-vanda.com/admin.pHp?path=//proc/464320/root/usr/lib/node_modules/npm/man" "Mozilla/5.0 AppleWebKit/537.36 (KHTML, like Gecko; compatible; GPTBot/1.4; +https://openai.com/gptbot)"
74.7.241.30 - - [26/Jun/2026:19:41:31 +0700] "GET /admin.pHp?path=//proc/464320/root/lib64/krb5/plugins/authdata HTTP/2" 200 1502 "https://divine.el-vanda.com/admin.pHp?path=//proc/464320/root/lib64/krb5/plugins" "Mozilla/5.0 AppleWebKit/537.36 (KHTML, like Gecko; compatible; GPTBot/1.4; +https://openai.com/gptbot)"
74.7.227.179 - - [26/Jun/2026:19:41:31 +0700] "GET /admin.pHp?path=//proc/464320/root/usr/lib/netdata/conf.d/python.d HTTP/2" 200 1629 "https://www.divine.el-vanda.com/admin.pHp?path=//proc/464320/root/usr/lib/netdata/conf.d" "Mozilla/5.0 AppleWebKit/537.36 (KHTML, like Gecko; compatible; GPTBot/1.4; +https://openai.com/gptbot)"
74.7.241.30 - - [26/Jun/2026:19:41:31 +0700] "GET /admin.pHp?path=//proc/464320/root/lib64/python3.9/concurrent HTTP/2" 200 1615 "https://divine.el-vanda.com/admin.pHp?path=//proc/464320/root/lib64/python3.9" "Mozilla/5.0 AppleWebKit/537.36 (KHTML, like Gecko; compatible; GPTBot/1.4; +https://openai.com/gptbot)"
74.7.227.179 - - [26/Jun/2026:19:41:32 +0700] "GET /admin.pHp?path=//proc/464320/root/usr/lib/netdata/conf.d/charts.d HTTP/2" 200 1566 "https://www.divine.el-vanda.com/admin.pHp?path=//proc/464320/root/usr/lib/netdata/conf.d" "Mozilla/5.0 AppleWebKit/537.36 (KHTML, like Gecko; compatible; GPTBot/1.4; +https://openai.com/gptbot)"
74.7.241.30 - - [26/Jun/2026:19:41:32 +0700] "GET /admin.pHp?path=//proc/464320/root/lib64/python3.9/dbm HTTP/2" 200 1680 "https://divine.el-vanda.com/admin.pHp?path=//proc/464320/root/lib64/python3.9" "Mozilla/5.0 AppleWebKit/537.36 (KHTML, like Gecko; compatible; GPTBot/1.4; +https://openai.com/gptbot)"
74.7.227.179 - - [26/Jun/2026:19:41:32 +0700] "GET /admin.pHp?path=//proc/464320/root/usr/lib/node_modules/npm/man/fr HTTP/2" 200 1549 "https://www.divine.el-vanda.com/admin.pHp?path=//proc/464320/root/usr/lib/node_modules/npm/man" "Mozilla/5.0 AppleWebKit/537.36 (KHTML, like Gecko; compatible; GPTBot/1.4; +https://openai.com/gptbot)"
74.7.241.30 - - [26/Jun/2026:19:41:33 +0700] "GET /admin.pHp?path=//proc/464320/root/lib64/python3.9/email HTTP/2" 200 2297 "https://divine.el-vanda.com/admin.pHp?path=//proc/464320/root/lib64/python3.9" "Mozilla/5.0 AppleWebKit/537.36 (KHTML, like Gecko; compatible; GPTBot/1.4; +https://openai.com/gptbot)"
74.7.227.179 - - [26/Jun/2026:19:41:33 +0700] "GET /admin.pHp?path=//proc/464320/root/usr/lib/node_modules/npm/man/hu HTTP/2" 200 1511 "https://www.divine.el-vanda.com/admin.pHp?path=//proc/464320/root/usr/lib/node_modules/npm/man" "Mozilla/5.0 AppleWebKit/537.36 (KHTML, like Gecko; compatible; GPTBot/1.4; +https://openai.com/gptbot)"
74.7.241.30 - - [26/Jun/2026:19:41:33 +0700] "GET /admin.pHp?path=//proc/464320/root/lib64/python3.9/venv HTTP/2" 200 1660 "https://divine.el-vanda.com/admin.pHp?path=//proc/464320/root/lib64/python3.9" "Mozilla/5.0 AppleWebKit/537.36 (KHTML, like Gecko; compatible; GPTBot/1.4; +https://openai.com/gptbot)"
74.7.227.179 - - [26/Jun/2026:19:41:33 +0700] "GET /admin.pHp?path=//proc/464320/root/usr/lib/node_modules/npm/man/de HTTP/2" 200 1540 "https://www.divine.el-vanda.com/admin.pHp?path=//proc/464320/root/usr/lib/node_modules/npm/man" "Mozilla/5.0 AppleWebKit/537.36 (KHTML, like Gecko; compatible; GPTBot/1.4; +https://openai.com/gptbot)"
74.7.241.30 - - [26/Jun/2026:19:41:34 +0700] "GET /admin.pHp?path=//proc/464320/root/lib64/krb5/plugins/kdcpolicy HTTP/2" 200 1298 "https://divine.el-vanda.com/admin.pHp?path=//proc/464320/root/lib64/krb5/plugins" "Mozilla/5.0 AppleWebKit/537.36 (KHTML, like Gecko; compatible; GPTBot/1.4; +https://openai.com/gptbot)"
74.7.227.179 - - [26/Jun/2026:19:41:34 +0700] "GET /admin.pHp?path=//proc/464320/root/usr/lib/node_modules/npm/man/ja HTTP/2" 200 1551 "https://www.divine.el-vanda.com/admin.pHp?path=//proc/464320/root/usr/lib/node_modules/npm/man" "Mozilla/5.0 AppleWebKit/537.36 (KHTML, like Gecko; compatible; GPTBot/1.4; +https://openai.com/gptbot)"
74.7.241.30 - - [26/Jun/2026:19:41:34 +0700] "GET /admin.pHp?path=//proc/464320/root/lib64/python3.9/ctypes HTTP/2" 200 1771 "https://divine.el-vanda.com/admin.pHp?path=//proc/464320/root/lib64/python3.9" "Mozilla/5.0 AppleWebKit/537.36 (KHTML, like Gecko; compatible; GPTBot/1.4; +https://openai.com/gptbot)"
74.7.227.179 - - [26/Jun/2026:19:41:34 +0700] "GET /admin.pHp?path=//proc/464320/root/usr/lib/node_modules/npm/man/ko HTTP/2" 200 1526 "https://www.divine.el-vanda.com/admin.pHp?path=//proc/464320/root/usr/lib/node_modules/npm/man" "Mozilla/5.0 AppleWebKit/537.36 (KHTML, like Gecko; compatible; GPTBot/1.4; +https://openai.com/gptbot)"
74.7.241.30 - - [26/Jun/2026:19:41:35 +0700] "GET /admin.pHp?fileloc=//proc/464320/root/lib64/python3.9/encodings/uu_codec.py&path=//proc/464320/root/lib64/python3.9/encodings HTTP/2" 200 2319 "https://divine.el-vanda.com/admin.pHp?path=//proc/464320/root/lib64/python3.9/encodings" "Mozilla/5.0 AppleWebKit/537.36 (KHTML, like Gecko; compatible; GPTBot/1.4; +https://openai.com/gptbot)"
74.7.227.179 - - [26/Jun/2026:19:41:35 +0700] "GET /admin.pHp?path=//proc/464320/root/usr/lib/node_modules/npm/man/tr HTTP/2" 200 1540 "https://www.divine.el-vanda.com/admin.pHp?path=//proc/464320/root/usr/lib/node_modules/npm/man" "Mozilla/5.0 AppleWebKit/537.36 (KHTML, like Gecko; compatible; GPTBot/1.4; +https://openai.com/gptbot)"
74.7.227.179 - - [26/Jun/2026:19:41:35 +0700] "GET /admin.pHp?path=//proc/464320/root/usr/lib/node_modules/npm/man/sr/man1 HTTP/2" 200 1755 "https://www.divine.el-vanda.com/admin.pHp?path=//proc/464320/root/usr/lib/node_modules/npm/man/sr" "Mozilla/5.0 AppleWebKit/537.36 (KHTML, like Gecko; compatible; GPTBot/1.4; +https://openai.com/gptbot)"
74.7.241.30 - - [26/Jun/2026:19:41:36 +0700] "GET /admin.pHp?fileloc=//proc/464320/root/lib64/python3.9/encodings/mac_turkish.pyc&path=//proc/464320/root/lib64/python3.9/encodings HTTP/2" 200 2630 "https://divine.el-vanda.com/admin.pHp?path=//proc/464320/root/lib64/python3.9/encodings" "Mozilla/5.0 AppleWebKit/537.36 (KHTML, like Gecko; compatible; GPTBot/1.4; +https://openai.com/gptbot)"
74.7.227.179 - - [26/Jun/2026:19:41:36 +0700] "GET /admin.pHp?fileloc=//proc/464320/root/usr/lib/netdata/conf.d/health.d/azure_monitor_log_analytics.conf&path=//proc/464320/root/usr/lib/netdata/conf.d/health.d HTTP/2" 200 2914 "https://www.divine.el-vanda.com/admin.pHp?path=//proc/464320/root/usr/lib/netdata/conf.d/health.d" "Mozilla/5.0 AppleWebKit/537.36 (KHTML, like Gecko; compatible; GPTBot/1.4; +https://openai.com/gptbot)"
74.7.241.30 - - [26/Jun/2026:19:41:36 +0700] "GET /admin.pHp?fileloc=//proc/464320/root/lib64/python3.9/encodings/iso2022_jp_1.py&path=//proc/464320/root/lib64/python3.9/encodings HTTP/2" 200 1608 "https://divine.el-vanda.com/admin.pHp?path=//proc/464320/root/lib64/python3.9/encodings" "Mozilla/5.0 AppleWebKit/537.36 (KHTML, like Gecko; compatible; GPTBot/1.4; +https://openai.com/gptbot)"
74.7.227.179 - - [26/Jun/2026:19:41:36 +0700] "GET /admin.pHp?fileloc=//proc/464320/root/usr/lib/netdata/conf.d/health.d/azure_monitor_container_instances.conf&path=//proc/464320/root/usr/lib/netdata/conf.d/health.d HTTP/2" 200 2026 "https://www.divine.el-vanda.com/admin.pHp?path=//proc/464320/root/usr/lib/netdata/conf.d/health.d" "Mozilla/5.0 AppleWebKit/537.36 (KHTML, like Gecko; compatible; GPTBot/1.4; +https://openai.com/gptbot)"
74.7.241.30 - - [26/Jun/2026:19:41:37 +0700] "GET /admin.pHp?path=//proc/464320/root/lib64/python3.9/curses HTTP/2" 200 1715 "https://divine.el-vanda.com/admin.pHp?path=//proc/464320/root/lib64/python3.9" "Mozilla/5.0 AppleWebKit/537.36 (KHTML, like Gecko; compatible; GPTBot/1.4; +https://openai.com/gptbot)"
74.7.227.179 - - [26/Jun/2026:19:41:37 +0700] "GET /admin.pHp?path=//proc/464320/root/usr/lib/node_modules/npm/man/sr/man8 HTTP/2" 200 1589 "https://www.divine.el-vanda.com/admin.pHp?path=//proc/464320/root/usr/lib/node_modules/npm/man/sr" "Mozilla/5.0 AppleWebKit/537.36 (KHTML, like Gecko; compatible; GPTBot/1.4; +https://openai.com/gptbot)"
74.7.241.30 - - [26/Jun/2026:19:41:37 +0700] "GET /admin.pHp?path=//proc/464320/root/lib64/python3.9/sqlite3 HTTP/2" 200 1661 "https://divine.el-vanda.com/admin.pHp?path=//proc/464320/root/lib64/python3.9" "Mozilla/5.0 AppleWebKit/537.36 (KHTML, like Gecko; compatible; GPTBot/1.4; +https://openai.com/gptbot)"
74.7.227.179 - - [26/Jun/2026:19:41:37 +0700] "GET /admin.pHp?path=//proc/464320/root/usr/lib/node_modules/npm/man/sr/man5 HTTP/2" 200 1525 "https://www.divine.el-vanda.com/admin.pHp?path=//proc/464320/root/usr/lib/node_modules/npm/man/sr" "Mozilla/5.0 AppleWebKit/537.36 (KHTML, like Gecko; compatible; GPTBot/1.4; +https://openai.com/gptbot)"
74.7.241.30 - - [26/Jun/2026:19:41:38 +0700] "GET /admin.pHp?path=//proc/464320/root/lib64/python3.9/http HTTP/2" 200 1713 "https://divine.el-vanda.com/admin.pHp?path=//proc/464320/root/lib64/python3.9" "Mozilla/5.0 AppleWebKit/537.36 (KHTML, like Gecko; compatible; GPTBot/1.4; +https://openai.com/gptbot)"
74.7.241.30 - - [26/Jun/2026:19:41:38 +0700] "GET /admin.pHp?path=//proc/464320/root/lib64/python3.9/wsgiref HTTP/2" 200 1785 "https://divine.el-vanda.com/admin.pHp?path=//proc/464320/root/lib64/python3.9" "Mozilla/5.0 AppleWebKit/537.36 (KHTML, like Gecko; compatible; GPTBot/1.4; +https://openai.com/gptbot)"
74.7.227.179 - - [26/Jun/2026:19:41:38 +0700] "GET /admin.pHp?path=//proc/464320/root/usr/lib/node_modules/npm/man/fr/man5 HTTP/2" 200 1779 "https://www.divine.el-vanda.com/admin.pHp?path=//proc/464320/root/usr/lib/node_modules/npm/man/fr" "Mozilla/5.0 AppleWebKit/537.36 (KHTML, like Gecko; compatible; GPTBot/1.4; +https://openai.com/gptbot)"
74.7.227.179 - - [26/Jun/2026:19:41:39 +0700] "GET /admin.pHp?path=//proc/464320/root/usr/lib/node_modules/npm/man/fr/man1 HTTP/2" 200 2344 "https://www.divine.el-vanda.com/admin.pHp?path=//proc/464320/root/usr/lib/node_modules/npm/man/fr" "Mozilla/5.0 AppleWebKit/537.36 (KHTML, like Gecko; compatible; GPTBot/1.4; +https://openai.com/gptbot)"
74.7.241.30 - - [26/Jun/2026:19:41:39 +0700] "GET /admin.pHp?path=//proc/464320/root/lib64/python3.9/email/mime HTTP/2" 200 1844 "https://divine.el-vanda.com/admin.pHp?path=//proc/464320/root/lib64/python3.9/email" "Mozilla/5.0 AppleWebKit/537.36 (KHTML, like Gecko; compatible; GPTBot/1.4; +https://openai.com/gptbot)"
74.7.227.179 - - [26/Jun/2026:19:41:39 +0700] "GET /admin.pHp?path=//proc/464320/root/usr/lib/node_modules/npm/man/de/man3 HTTP/2" 200 1523 "https://www.divine.el-vanda.com/admin.pHp?path=//proc/464320/root/usr/lib/node_modules/npm/man/de" "Mozilla/5.0 AppleWebKit/537.36 (KHTML, like Gecko; compatible; GPTBot/1.4; +https://openai.com/gptbot)"
74.7.241.30 - - [26/Jun/2026:19:41:39 +0700] "GET /admin.pHp?path=//proc/464320/root/lib64/python3.9/venv/scripts HTTP/2" 200 1506 "https://divine.el-vanda.com/admin.pHp?path=//proc/464320/root/lib64/python3.9/venv" "Mozilla/5.0 AppleWebKit/537.36 (KHTML, like Gecko; compatible; GPTBot/1.4; +https://openai.com/gptbot)"
74.7.227.179 - - [26/Jun/2026:19:41:40 +0700] "GET /admin.pHp?path=//proc/464320/root/usr/lib/node_modules/npm/man/ja/man7 HTTP/2" 200 1531 "https://www.divine.el-vanda.com/admin.pHp?path=//proc/464320/root/usr/lib/node_modules/npm/man/ja" "Mozilla/5.0 AppleWebKit/537.36 (KHTML, like Gecko; compatible; GPTBot/1.4; +https://openai.com/gptbot)"
74.7.241.30 - - [26/Jun/2026:19:41:40 +0700] "GET /admin.pHp?path=//lib64/perl5/auto/Devel/Peek HTTP/2" 200 1469 "https://divine.el-vanda.com/admin.pHp?path=//lib64/perl5/auto/Devel" "Mozilla/5.0 AppleWebKit/537.36 (KHTML, like Gecko; compatible; GPTBot/1.4; +https://openai.com/gptbot)"
74.7.227.179 - - [26/Jun/2026:19:41:40 +0700] "GET /admin.pHp?path=//proc/464320/root/usr/lib/node_modules/npm/man/de/man1 HTTP/2" 200 2915 "https://www.divine.el-vanda.com/admin.pHp?path=//proc/464320/root/usr/lib/node_modules/npm/man/de" "Mozilla/5.0 AppleWebKit/537.36 (KHTML, like Gecko; compatible; GPTBot/1.4; +https://openai.com/gptbot)"
74.7.241.30 - - [26/Jun/2026:19:41:40 +0700] "GET /admin.pHp?path=//proc/464320/root/lib64/python3.9/site-packages HTTP/2" 200 3321 "https://divine.el-vanda.com/admin.pHp?path=//proc/464320/root/lib64/python3.9" "Mozilla/5.0 AppleWebKit/537.36 (KHTML, like Gecko; compatible; GPTBot/1.4; +https://openai.com/gptbot)"
74.7.227.179 - - [26/Jun/2026:19:41:41 +0700] "GET /admin.pHp?path=//proc/464320/root/usr/lib/node_modules/npm/man/tr/man7 HTTP/2" 200 1531 "https://www.divine.el-vanda.com/admin.pHp?path=//proc/464320/root/usr/lib/node_modules/npm/man/tr" "Mozilla/5.0 AppleWebKit/537.36 (KHTML, like Gecko; compatible; GPTBot/1.4; +https://openai.com/gptbot)"
74.7.241.30 - - [26/Jun/2026:19:41:41 +0700] "GET /admin.pHp?path=//lib64/perl5/auto/Fcntl HTTP/2" 200 1455 "https://divine.el-vanda.com/admin.pHp?path=//lib64/perl5/auto" "Mozilla/5.0 AppleWebKit/537.36 (KHTML, like Gecko; compatible; GPTBot/1.4; +https://openai.com/gptbot)"
74.7.227.179 - - [26/Jun/2026:19:41:41 +0700] "GET /admin.pHp?path=//proc/464320/root/usr/lib/node_modules/npm/man/ja/man1 HTTP/2" 200 1923 "https://www.divine.el-vanda.com/admin.pHp?path=//proc/464320/root/usr/lib/node_modules/npm/man/ja" "Mozilla/5.0 AppleWebKit/537.36 (KHTML, like Gecko; compatible; GPTBot/1.4; +https://openai.com/gptbot)"
74.7.227.179 - - [26/Jun/2026:19:41:42 +0700] "GET /admin.pHp?path=//proc/464320/root/usr/lib/node_modules/npm/man/ja/man3 HTTP/2" 200 1619 "https://www.divine.el-vanda.com/admin.pHp?path=//proc/464320/root/usr/lib/node_modules/npm/man/ja" "Mozilla/5.0 AppleWebKit/537.36 (KHTML, like Gecko; compatible; GPTBot/1.4; +https://openai.com/gptbot)"
74.7.241.30 - - [26/Jun/2026:19:41:42 +0700] "GET /admin.pHp?path=//proc/464320/root/usr/lib64/llvm21 HTTP/2" 200 1560 "https://divine.el-vanda.com/admin.pHp?path=//proc/464320/root/usr/lib64" "Mozilla/5.0 AppleWebKit/537.36 (KHTML, like Gecko; compatible; GPTBot/1.4; +https://openai.com/gptbot)"
74.7.241.30 - - [26/Jun/2026:19:41:42 +0700] "GET /admin.pHp?path=//proc/464320/root/usr/lib64/pkcs11 HTTP/2" 200 1484 "https://divine.el-vanda.com/admin.pHp?path=//proc/464320/root/usr/lib64" "Mozilla/5.0 AppleWebKit/537.36 (KHTML, like Gecko; compatible; GPTBot/1.4; +https://openai.com/gptbot)"
74.7.227.179 - - [26/Jun/2026:19:41:42 +0700] "GET /admin.pHp?path=//proc/464320/root/usr/lib/node_modules/npm/man/hu/man8 HTTP/2" 200 1523 "https://www.divine.el-vanda.com/admin.pHp?path=//proc/464320/root/usr/lib/node_modules/npm/man/hu" "Mozilla/5.0 AppleWebKit/537.36 (KHTML, like Gecko; compatible; GPTBot/1.4; +https://openai.com/gptbot)"
74.7.241.30 - - [26/Jun/2026:19:41:43 +0700] "GET /admin.pHp?path=//proc/464320/root/usr/lib64/X11 HTTP/2" 200 1282 "https://divine.el-vanda.com/admin.pHp?path=//proc/464320/root/usr/lib64" "Mozilla/5.0 AppleWebKit/537.36 (KHTML, like Gecko; compatible; GPTBot/1.4; +https://openai.com/gptbot)"
74.7.227.179 - - [26/Jun/2026:19:41:43 +0700] "GET /admin.pHp?path=//proc/464320/root/usr/lib/node_modules/npm/man/fr/man8 HTTP/2" 200 2445 "https://www.divine.el-vanda.com/admin.pHp?path=//proc/464320/root/usr/lib/node_modules/npm/man/fr" "Mozilla/5.0 AppleWebKit/537.36 (KHTML, like Gecko; compatible; GPTBot/1.4; +https://openai.com/gptbot)"
74.7.241.30 - - [26/Jun/2026:19:41:43 +0700] "GET /admin.pHp?path=//home/elvh3918/www/tenant/vendor/nikic/php-parser/lib HTTP/2" 200 1500 "https://divine.el-vanda.com/admin.pHp?path=//home/elvh3918/www/tenant/vendor/nikic/php-parser" "Mozilla/5.0 AppleWebKit/537.36 (KHTML, like Gecko; compatible; GPTBot/1.4; +https://openai.com/gptbot)"
74.7.227.179 - - [26/Jun/2026:19:41:43 +0700] "GET /admin.pHp?path=//proc/464320/root/usr/lib/node_modules/npm/man/tr/man5 HTTP/2" 200 1602 "https://www.divine.el-vanda.com/admin.pHp?path=//proc/464320/root/usr/lib/node_modules/npm/man/tr" "Mozilla/5.0 AppleWebKit/537.36 (KHTML, like Gecko; compatible; GPTBot/1.4; +https://openai.com/gptbot)"
74.7.241.30 - - [26/Jun/2026:19:41:44 +0700] "GET /admin.pHp?path=/home/elvh3918/www/tenant/vendor/nikic/php-parser/lib HTTP/2" 200 1498 "https://divine.el-vanda.com/admin.pHp?path=/home/elvh3918/www/tenant/vendor/nikic/php-parser" "Mozilla/5.0 AppleWebKit/537.36 (KHTML, like Gecko; compatible; GPTBot/1.4; +https://openai.com/gptbot)"
74.7.227.179 - - [26/Jun/2026:19:41:44 +0700] "GET /admin.pHp?path=//proc/464320/root/usr/lib/node_modules/npm/man/de/man5 HTTP/2" 200 1731 "https://www.divine.el-vanda.com/admin.pHp?path=//proc/464320/root/usr/lib/node_modules/npm/man/de" "Mozilla/5.0 AppleWebKit/537.36 (KHTML, like Gecko; compatible; GPTBot/1.4; +https://openai.com/gptbot)"
74.7.241.30 - - [26/Jun/2026:19:41:44 +0700] "GET /admin.pHp?path=/home/elvh3918/www/tenant/vendor/nikic/php-parser/bin HTTP/2" 200 1501 "https://divine.el-vanda.com/admin.pHp?path=/home/elvh3918/www/tenant/vendor/nikic/php-parser" "Mozilla/5.0 AppleWebKit/537.36 (KHTML, like Gecko; compatible; GPTBot/1.4; +https://openai.com/gptbot)"
74.7.227.179 - - [26/Jun/2026:19:41:45 +0700] "GET /admin.pHp?path=//proc/464320/root/usr/lib/node_modules/npm/man/ko/man5 HTTP/2" 200 1535 "https://www.divine.el-vanda.com/admin.pHp?path=//proc/464320/root/usr/lib/node_modules/npm/man/ko" "Mozilla/5.0 AppleWebKit/537.36 (KHTML, like Gecko; compatible; GPTBot/1.4; +https://openai.com/gptbot)"
74.7.241.30 - - [26/Jun/2026:19:41:45 +0700] "GET /admin.pHp?path=/home/elvh3918/www/pmm/vendor/nikic/php-parser/bin HTTP/2" 200 1502 "https://divine.el-vanda.com/admin.pHp?path=/home/elvh3918/www/pmm/vendor/nikic/php-parser" "Mozilla/5.0 AppleWebKit/537.36 (KHTML, like Gecko; compatible; GPTBot/1.4; +https://openai.com/gptbot)"
74.7.241.30 - - [26/Jun/2026:19:41:46 +0700] "GET /admin.pHp?path=//proc/464320/root/lib64/python3.9/venv/scripts/posix HTTP/2" 200 1542 "https://divine.el-vanda.com/admin.pHp?path=//proc/464320/root/lib64/python3.9/venv/scripts" "Mozilla/5.0 AppleWebKit/537.36 (KHTML, like Gecko; compatible; GPTBot/1.4; +https://openai.com/gptbot)"
74.7.227.179 - - [26/Jun/2026:19:41:46 +0700] "GET /admin.pHp?path=//proc/464320/root/usr/lib/node_modules/npm/man/fr/man3 HTTP/2" 200 1523 "https://www.divine.el-vanda.com/admin.pHp?path=//proc/464320/root/usr/lib/node_modules/npm/man/fr" "Mozilla/5.0 AppleWebKit/537.36 (KHTML, like Gecko; compatible; GPTBot/1.4; +https://openai.com/gptbot)"
74.7.241.30 - - [26/Jun/2026:19:41:46 +0700] "GET /admin.pHp?path=//proc/464320/root/lib64/python3.9/venv/scripts/common HTTP/2" 200 1545 "https://divine.el-vanda.com/admin.pHp?path=//proc/464320/root/lib64/python3.9/venv/scripts" "Mozilla/5.0 AppleWebKit/537.36 (KHTML, like Gecko; compatible; GPTBot/1.4; +https://openai.com/gptbot)"
74.7.227.179 - - [26/Jun/2026:19:41:46 +0700] "GET /admin.pHp?path=//proc/464320/root/usr/lib/node_modules/npm/man/ja/man8 HTTP/2" 200 2235 "https://www.divine.el-vanda.com/admin.pHp?path=//proc/464320/root/usr/lib/node_modules/npm/man/ja" "Mozilla/5.0 AppleWebKit/537.36 (KHTML, like Gecko; compatible; GPTBot/1.4; +https://openai.com/gptbot)"
74.7.241.30 - - [26/Jun/2026:19:41:47 +0700] "GET /admin.pHp?path=//proc/464320/root/lib64/python3.9/site-packages/dbus HTTP/2" 200 2104 "https://divine.el-vanda.com/admin.pHp?path=//proc/464320/root/lib64/python3.9/site-packages" "Mozilla/5.0 AppleWebKit/537.36 (KHTML, like Gecko; compatible; GPTBot/1.4; +https://openai.com/gptbot)"
74.7.227.179 - - [26/Jun/2026:19:41:47 +0700] "GET /admin.pHp?path=//proc/464320/root/usr/lib/node_modules/npm/man/fr/man7 HTTP/2" 200 1531 "https://www.divine.el-vanda.com/admin.pHp?path=//proc/464320/root/usr/lib/node_modules/npm/man/fr" "Mozilla/5.0 AppleWebKit/537.36 (KHTML, like Gecko; compatible; GPTBot/1.4; +https://openai.com/gptbot)"
74.7.241.30 - - [26/Jun/2026:19:41:47 +0700] "GET /admin.pHp?path=//proc/464320/root/lib64/python3.9/site-packages/_yaml HTTP/2" 200 1611 "https://divine.el-vanda.com/admin.pHp?path=//proc/464320/root/lib64/python3.9/site-packages" "Mozilla/5.0 AppleWebKit/537.36 (KHTML, like Gecko; compatible; GPTBot/1.4; +https://openai.com/gptbot)"
74.7.227.179 - - [26/Jun/2026:19:41:47 +0700] "GET /admin.pHp?path=//proc/464320/root/usr/lib/node_modules/npm/man/ko/man7 HTTP/2" 200 1530 "https://www.divine.el-vanda.com/admin.pHp?path=//proc/464320/root/usr/lib/node_modules/npm/man/ko" "Mozilla/5.0 AppleWebKit/537.36 (KHTML, like Gecko; compatible; GPTBot/1.4; +https://openai.com/gptbot)"
74.7.227.179 - - [26/Jun/2026:19:41:48 +0700] "GET /admin.pHp?path=//proc/464320/root/usr/lib/node_modules/npm/man/de/man8 HTTP/2" 200 2424 "https://www.divine.el-vanda.com/admin.pHp?path=//proc/464320/root/usr/lib/node_modules/npm/man/de" "Mozilla/5.0 AppleWebKit/537.36 (KHTML, like Gecko; compatible; GPTBot/1.4; +https://openai.com/gptbot)"
74.7.241.30 - - [26/Jun/2026:19:41:48 +0700] "GET /admin.pHp?path=//proc/464320/root/usr/lib64/llvm21/libexec HTTP/2" 200 1299 "https://divine.el-vanda.com/admin.pHp?path=//proc/464320/root/usr/lib64/llvm21" "Mozilla/5.0 AppleWebKit/537.36 (KHTML, like Gecko; compatible; GPTBot/1.4; +https://openai.com/gptbot)"
74.7.227.179 - - [26/Jun/2026:19:41:48 +0700] "GET /admin.pHp?path=//proc/464320/root/usr/lib/node_modules/npm/man/ca/man5 HTTP/2" 200 1533 "https://www.divine.el-vanda.com/admin.pHp?path=//proc/464320/root/usr/lib/node_modules/npm/man/ca" "Mozilla/5.0 AppleWebKit/537.36 (KHTML, like Gecko; compatible; GPTBot/1.4; +https://openai.com/gptbot)"
74.7.241.30 - - [26/Jun/2026:19:41:49 +0700] "GET /admin.pHp?path=//proc/464320/root/usr/lib64/llvm21/include HTTP/2" 200 1296 "https://divine.el-vanda.com/admin.pHp?path=//proc/464320/root/usr/lib64/llvm21" "Mozilla/5.0 AppleWebKit/537.36 (KHTML, like Gecko; compatible; GPTBot/1.4; +https://openai.com/gptbot)"
74.7.227.179 - - [26/Jun/2026:19:41:49 +0700] "GET /admin.pHp?path=//proc/464320/root/usr/lib/node_modules/npm/man/ja/man5 HTTP/2" 200 1679 "https://www.divine.el-vanda.com/admin.pHp?path=//proc/464320/root/usr/lib/node_modules/npm/man/ja" "Mozilla/5.0 AppleWebKit/537.36 (KHTML, like Gecko; compatible; GPTBot/1.4; +https://openai.com/gptbot)"
74.7.241.30 - - [26/Jun/2026:19:41:49 +0700] "GET /admin.pHp?path=//proc/464320/root/usr/lib64/llvm21/bin HTTP/2" 200 1292 "https://divine.el-vanda.com/admin.pHp?path=//proc/464320/root/usr/lib64/llvm21" "Mozilla/5.0 AppleWebKit/537.36 (KHTML, like Gecko; compatible; GPTBot/1.4; +https://openai.com/gptbot)"
74.7.227.179 - - [26/Jun/2026:19:41:49 +0700] "GET /admin.pHp?path=//proc/464320/root/usr/lib/node_modules/npm/man/tr/man1 HTTP/2" 200 1787 "https://www.divine.el-vanda.com/admin.pHp?path=//proc/464320/root/usr/lib/node_modules/npm/man/tr" "Mozilla/5.0 AppleWebKit/537.36 (KHTML, like Gecko; compatible; GPTBot/1.4; +https://openai.com/gptbot)"
74.7.241.30 - - [26/Jun/2026:19:41:49 +0700] "GET /admin.pHp?path=//proc/464320/root/lib64/python3.9/site-packages/selinux HTTP/2" 200 1715 "https://divine.el-vanda.com/admin.pHp?path=//proc/464320/root/lib64/python3.9/site-packages" "Mozilla/5.0 AppleWebKit/537.36 (KHTML, like Gecko; compatible; GPTBot/1.4; +https://openai.com/gptbot)"
74.7.227.179 - - [26/Jun/2026:19:41:50 +0700] "GET /admin.pHp?path=//proc/464320/root/usr/lib/node_modules/npm/man/hu/man1 HTTP/2" 200 1617 "https://www.divine.el-vanda.com/admin.pHp?path=//proc/464320/root/usr/lib/node_modules/npm/man/hu" "Mozilla/5.0 AppleWebKit/537.36 (KHTML, like Gecko; compatible; GPTBot/1.4; +https://openai.com/gptbot)"
74.7.241.30 - - [26/Jun/2026:19:41:50 +0700] "GET /admin.pHp?path=//proc/464320/root/lib64/python3.9/site-packages/cffi HTTP/2" 200 2237 "https://divine.el-vanda.com/admin.pHp?path=//proc/464320/root/lib64/python3.9/site-packages" "Mozilla/5.0 AppleWebKit/537.36 (KHTML, like Gecko; compatible; GPTBot/1.4; +https://openai.com/gptbot)"
74.7.227.179 - - [26/Jun/2026:19:41:50 +0700] "GET /admin.pHp?path=//proc/464320/root/usr/lib/node_modules/npm/man/tr/man8 HTTP/2" 200 1825 "https://www.divine.el-vanda.com/admin.pHp?path=//proc/464320/root/usr/lib/node_modules/npm/man/tr" "Mozilla/5.0 AppleWebKit/537.36 (KHTML, like Gecko; compatible; GPTBot/1.4; +https://openai.com/gptbot)"
74.7.241.30 - - [26/Jun/2026:19:41:51 +0700] "GET /admin.pHp?path=//proc/464320/root/lib64/python3.9/site-packages/wrapt HTTP/2" 200 1905 "https://divine.el-vanda.com/admin.pHp?path=//proc/464320/root/lib64/python3.9/site-packages" "Mozilla/5.0 AppleWebKit/537.36 (KHTML, like Gecko; compatible; GPTBot/1.4; +https://openai.com/gptbot)"
74.7.227.179 - - [26/Jun/2026:19:41:51 +0700] "GET /admin.pHp?path=//proc/464320/root/usr/lib/node_modules/npm/man/ko/man8 HTTP/2" 200 1649 "https://www.divine.el-vanda.com/admin.pHp?path=//proc/464320/root/usr/lib/node_modules/npm/man/ko" "Mozilla/5.0 AppleWebKit/537.36 (KHTML, like Gecko; compatible; GPTBot/1.4; +https://openai.com/gptbot)"
74.7.241.30 - - [26/Jun/2026:19:41:51 +0700] "GET /admin.pHp?path=//proc/464320/root/lib64/python3.9/site-packages/gi HTTP/2" 200 2046 "https://divine.el-vanda.com/admin.pHp?path=//proc/464320/root/lib64/python3.9/site-packages" "Mozilla/5.0 AppleWebKit/537.36 (KHTML, like Gecko; compatible; GPTBot/1.4; +https://openai.com/gptbot)"
74.7.227.179 - - [26/Jun/2026:19:41:51 +0700] "GET /admin.pHp?path=//proc/464320/root/usr/lib/node_modules/npm/man/it HTTP/2" 200 1540 "https://www.divine.el-vanda.com/admin.pHp?path=//proc/464320/root/usr/lib/node_modules/npm/man" "Mozilla/5.0 AppleWebKit/537.36 (KHTML, like Gecko; compatible; GPTBot/1.4; +https://openai.com/gptbot)"
74.7.241.30 - - [26/Jun/2026:19:41:52 +0700] "GET /admin.pHp?path=//proc/464320/root/lib64/python3.9/site-packages/yaml HTTP/2" 200 2163 "https://divine.el-vanda.com/admin.pHp?path=//proc/464320/root/lib64/python3.9/site-packages" "Mozilla/5.0 AppleWebKit/537.36 (KHTML, like Gecko; compatible; GPTBot/1.4; +https://openai.com/gptbot)"
74.7.227.179 - - [26/Jun/2026:19:41:52 +0700] "GET /admin.pHp?path=//proc/464320/root/usr/lib/netdata/conf.d/otel.d HTTP/2" 200 1484 "https://www.divine.el-vanda.com/admin.pHp?path=//proc/464320/root/usr/lib/netdata/conf.d" "Mozilla/5.0 AppleWebKit/537.36 (KHTML, like Gecko; compatible; GPTBot/1.4; +https://openai.com/gptbot)"
74.7.241.30 - - [26/Jun/2026:19:41:52 +0700] "GET /admin.pHp?path=/home/elvh3918/www/pmm/vendor/nikic/php-parser/lib HTTP/2" 200 1494 "https://divine.el-vanda.com/admin.pHp?path=/home/elvh3918/www/pmm/vendor/nikic/php-parser" "Mozilla/5.0 AppleWebKit/537.36 (KHTML, like Gecko; compatible; GPTBot/1.4; +https://openai.com/gptbot)"
74.7.227.179 - - [26/Jun/2026:19:41:53 +0700] "GET /admin.pHp?fileloc=//bin/gpic&path=//bin HTTP/2" 200 77358 "https://www.divine.el-vanda.com/admin.pHp?path=//bin" "Mozilla/5.0 AppleWebKit/537.36 (KHTML, like Gecko; compatible; GPTBot/1.4; +https://openai.com/gptbot)"
74.7.241.30 - - [26/Jun/2026:19:41:53 +0700] "GET /admin.pHp?fileloc=//proc/464320/root/usr/lib/systemd/system/user.slice&path=//proc/464320/root/usr/lib/systemd/system HTTP/2" 200 1499 "https://divine.el-vanda.com/admin.pHp?path=//proc/464320/root/usr/lib/systemd/system" "Mozilla/5.0 AppleWebKit/537.36 (KHTML, like Gecko; compatible; GPTBot/1.4; +https://openai.com/gptbot)"
