74.7.227.147 - - [26/Jun/2026:23:58:10 +0700] "GET /storage/framework/views/b94b213128ff2f235dc3dd34c5434e69.php HTTP/2" 500 0 "https://www.diapersky.el-vanda.com/storage/framework/views/" "Mozilla/5.0 AppleWebKit/537.36 (KHTML, like Gecko; compatible; GPTBot/1.4; +https://openai.com/gptbot)"
74.7.227.11 - - [26/Jun/2026:23:58:40 +0700] "GET /vendor/vlucas/phpdotenv/src/Repository/?NA HTTP/2" 200 804 "https://diapersky.el-vanda.com/vendor/vlucas/phpdotenv/src/Repository/?ND" "Mozilla/5.0 AppleWebKit/537.36 (KHTML, like Gecko; compatible; GPTBot/1.4; +https://openai.com/gptbot)"
74.7.227.147 - - [26/Jun/2026:23:59:14 +0700] "GET /storage/framework/views/b4574e116dbf66534ca59c5028a8bd43.php HTTP/2" 500 9 "https://www.diapersky.el-vanda.com/storage/framework/views/" "Mozilla/5.0 AppleWebKit/537.36 (KHTML, like Gecko; compatible; GPTBot/1.4; +https://openai.com/gptbot)"
74.7.227.11 - - [26/Jun/2026:23:59:18 +0700] "GET /app/Http/Controllers/Report/Accounting/?SA HTTP/2" 200 739 "https://diapersky.el-vanda.com/app/Http/Controllers/Report/Accounting/" "Mozilla/5.0 AppleWebKit/537.36 (KHTML, like Gecko; compatible; GPTBot/1.4; +https://openai.com/gptbot)"
74.7.227.11 - - [26/Jun/2026:23:59:53 +0700] "GET /vendor/nunomaduro/termwind/src/Laravel/?ND HTTP/2" 200 714 "https://diapersky.el-vanda.com/vendor/nunomaduro/termwind/src/Laravel/" "Mozilla/5.0 AppleWebKit/537.36 (KHTML, like Gecko; compatible; GPTBot/1.4; +https://openai.com/gptbot)"
74.7.227.147 - - [27/Jun/2026:00:00:15 +0700] "GET /storage/framework/views/8581eb4bcc37ada0976238d62154c7d9.php HTTP/2" 500 0 "https://www.diapersky.el-vanda.com/storage/framework/views/" "Mozilla/5.0 AppleWebKit/537.36 (KHTML, like Gecko; compatible; GPTBot/1.4; +https://openai.com/gptbot)"
74.7.227.11 - - [27/Jun/2026:00:00:24 +0700] "GET /vendor/nunomaduro/termwind/src/Laravel/?SA HTTP/2" 200 708 "https://diapersky.el-vanda.com/vendor/nunomaduro/termwind/src/Laravel/" "Mozilla/5.0 AppleWebKit/537.36 (KHTML, like Gecko; compatible; GPTBot/1.4; +https://openai.com/gptbot)"
74.7.227.11 - - [27/Jun/2026:00:00:51 +0700] "GET /vendor/league/commonmark/src/Exception/?SA HTTP/2" 200 1164 "https://diapersky.el-vanda.com/vendor/league/commonmark/src/Exception/" "Mozilla/5.0 AppleWebKit/537.36 (KHTML, like Gecko; compatible; GPTBot/1.4; +https://openai.com/gptbot)"
74.7.227.11 - - [27/Jun/2026:00:01:16 +0700] "GET /vendor/nunomaduro/termwind/src/Helpers/?ND HTTP/2" 200 652 "https://diapersky.el-vanda.com/vendor/nunomaduro/termwind/src/Helpers/" "Mozilla/5.0 AppleWebKit/537.36 (KHTML, like Gecko; compatible; GPTBot/1.4; +https://openai.com/gptbot)"
74.7.227.147 - - [27/Jun/2026:00:01:19 +0700] "GET /storage/framework/views/4b03fc0b50c0ce22cd038472e5c37161.php HTTP/2" 500 93 "https://www.diapersky.el-vanda.com/storage/framework/views/" "Mozilla/5.0 AppleWebKit/537.36 (KHTML, like Gecko; compatible; GPTBot/1.4; +https://openai.com/gptbot)"
74.7.227.11 - - [27/Jun/2026:00:01:38 +0700] "GET /vendor/nunomaduro/termwind/src/Actions/?SA HTTP/2" 200 661 "https://diapersky.el-vanda.com/vendor/nunomaduro/termwind/src/Actions/" "Mozilla/5.0 AppleWebKit/537.36 (KHTML, like Gecko; compatible; GPTBot/1.4; +https://openai.com/gptbot)"
74.7.227.11 - - [27/Jun/2026:00:01:58 +0700] "GET /vendor/nunomaduro/termwind/src/Helpers/?SD HTTP/2" 200 656 "https://diapersky.el-vanda.com/vendor/nunomaduro/termwind/src/Helpers/?SA" "Mozilla/5.0 AppleWebKit/537.36 (KHTML, like Gecko; compatible; GPTBot/1.4; +https://openai.com/gptbot)"
74.7.227.11 - - [27/Jun/2026:00:02:16 +0700] "GET /vendor/league/commonmark/src/Extension/?NA HTTP/2" 200 1456 "https://diapersky.el-vanda.com/vendor/league/commonmark/src/Extension/?MA" "Mozilla/5.0 AppleWebKit/537.36 (KHTML, like Gecko; compatible; GPTBot/1.4; +https://openai.com/gptbot)"
74.7.227.147 - - [27/Jun/2026:00:02:21 +0700] "GET /storage/framework/views/a3219121b1069cbdb9d118d7724c4aa1.php HTTP/2" 500 0 "https://www.diapersky.el-vanda.com/storage/framework/views/" "Mozilla/5.0 AppleWebKit/537.36 (KHTML, like Gecko; compatible; GPTBot/1.4; +https://openai.com/gptbot)"
74.7.227.11 - - [27/Jun/2026:00:02:32 +0700] "GET /vendor/league/commonmark/src/Extension/?MD HTTP/2" 200 1465 "https://diapersky.el-vanda.com/vendor/league/commonmark/src/Extension/?MA" "Mozilla/5.0 AppleWebKit/537.36 (KHTML, like Gecko; compatible; GPTBot/1.4; +https://openai.com/gptbot)"
74.7.227.11 - - [27/Jun/2026:00:02:46 +0700] "GET /vendor/nunomaduro/termwind/src/Helpers/?MA HTTP/2" 200 657 "https://diapersky.el-vanda.com/vendor/nunomaduro/termwind/src/Helpers/" "Mozilla/5.0 AppleWebKit/537.36 (KHTML, like Gecko; compatible; GPTBot/1.4; +https://openai.com/gptbot)"
74.7.227.11 - - [27/Jun/2026:00:02:58 +0700] "GET /vendor/nunomaduro/termwind/src/Helpers/?NA HTTP/2" 200 652 "https://diapersky.el-vanda.com/vendor/nunomaduro/termwind/src/Helpers/?SA" "Mozilla/5.0 AppleWebKit/537.36 (KHTML, like Gecko; compatible; GPTBot/1.4; +https://openai.com/gptbot)"
74.7.227.11 - - [27/Jun/2026:00:03:10 +0700] "GET /vendor/league/commonmark/src/Delimiter/?NA HTTP/2" 200 1105 "https://diapersky.el-vanda.com/vendor/league/commonmark/src/Delimiter/?ND" "Mozilla/5.0 AppleWebKit/537.36 (KHTML, like Gecko; compatible; GPTBot/1.4; +https://openai.com/gptbot)"
74.7.227.11 - - [27/Jun/2026:00:03:21 +0700] "GET /vendor/nunomaduro/termwind/src/Laravel/?NA HTTP/2" 200 707 "https://diapersky.el-vanda.com/vendor/nunomaduro/termwind/src/Laravel/?ND" "Mozilla/5.0 AppleWebKit/537.36 (KHTML, like Gecko; compatible; GPTBot/1.4; +https://openai.com/gptbot)"
74.7.227.147 - - [27/Jun/2026:00:03:22 +0700] "GET /storage/framework/views/fb102eb6947f60089d159e5fa8c2f046.php HTTP/2" 500 44 "https://www.diapersky.el-vanda.com/storage/framework/views/" "Mozilla/5.0 AppleWebKit/537.36 (KHTML, like Gecko; compatible; GPTBot/1.4; +https://openai.com/gptbot)"
74.7.227.11 - - [27/Jun/2026:00:03:30 +0700] "GET /vendor/nunomaduro/termwind/src/Laravel/?SD HTTP/2" 200 714 "https://diapersky.el-vanda.com/vendor/nunomaduro/termwind/src/Laravel/?SA" "Mozilla/5.0 AppleWebKit/537.36 (KHTML, like Gecko; compatible; GPTBot/1.4; +https://openai.com/gptbot)"
74.7.227.11 - - [27/Jun/2026:00:03:39 +0700] "GET /vendor/league/commonmark/src/Exception/?NA HTTP/2" 200 1167 "https://diapersky.el-vanda.com/vendor/league/commonmark/src/Exception/?SA" "Mozilla/5.0 AppleWebKit/537.36 (KHTML, like Gecko; compatible; GPTBot/1.4; +https://openai.com/gptbot)"
74.7.227.11 - - [27/Jun/2026:00:03:46 +0700] "GET /vendor/league/commonmark/src/Extension/?SA HTTP/2" 200 1451 "https://diapersky.el-vanda.com/vendor/league/commonmark/src/Extension/" "Mozilla/5.0 AppleWebKit/537.36 (KHTML, like Gecko; compatible; GPTBot/1.4; +https://openai.com/gptbot)"
74.7.227.11 - - [27/Jun/2026:00:03:53 +0700] "GET /vendor/nunomaduro/termwind/src/Actions/?SD HTTP/2" 200 660 "https://diapersky.el-vanda.com/vendor/nunomaduro/termwind/src/Actions/?SA" "Mozilla/5.0 AppleWebKit/537.36 (KHTML, like Gecko; compatible; GPTBot/1.4; +https://openai.com/gptbot)"
74.7.227.11 - - [27/Jun/2026:00:03:59 +0700] "GET /app/Http/Controllers/Report/Accounting/?ND HTTP/2" 200 742 "https://diapersky.el-vanda.com/app/Http/Controllers/Report/Accounting/" "Mozilla/5.0 AppleWebKit/537.36 (KHTML, like Gecko; compatible; GPTBot/1.4; +https://openai.com/gptbot)"
74.7.227.11 - - [27/Jun/2026:00:04:04 +0700] "GET /vendor/vlucas/phpdotenv/src/Repository/?SA HTTP/2" 200 815 "https://diapersky.el-vanda.com/vendor/vlucas/phpdotenv/src/Repository/" "Mozilla/5.0 AppleWebKit/537.36 (KHTML, like Gecko; compatible; GPTBot/1.4; +https://openai.com/gptbot)"
74.7.227.11 - - [27/Jun/2026:00:04:09 +0700] "GET /vendor/league/commonmark/src/Exception/?ND HTTP/2" 200 1163 "https://diapersky.el-vanda.com/vendor/league/commonmark/src/Exception/" "Mozilla/5.0 AppleWebKit/537.36 (KHTML, like Gecko; compatible; GPTBot/1.4; +https://openai.com/gptbot)"
74.7.227.11 - - [27/Jun/2026:00:04:14 +0700] "GET /vendor/nunomaduro/termwind/src/Helpers/?MD HTTP/2" 200 655 "https://diapersky.el-vanda.com/vendor/nunomaduro/termwind/src/Helpers/?MA" "Mozilla/5.0 AppleWebKit/537.36 (KHTML, like Gecko; compatible; GPTBot/1.4; +https://openai.com/gptbot)"
74.7.227.11 - - [27/Jun/2026:00:04:18 +0700] "GET /vendor/league/commonmark/src/Delimiter/?SD HTTP/2" 200 1101 "https://diapersky.el-vanda.com/vendor/league/commonmark/src/Delimiter/?SA" "Mozilla/5.0 AppleWebKit/537.36 (KHTML, like Gecko; compatible; GPTBot/1.4; +https://openai.com/gptbot)"
74.7.227.11 - - [27/Jun/2026:00:04:22 +0700] "GET /vendor/nunomaduro/termwind/src/Laravel/?MA HTTP/2" 200 718 "https://diapersky.el-vanda.com/vendor/nunomaduro/termwind/src/Laravel/" "Mozilla/5.0 AppleWebKit/537.36 (KHTML, like Gecko; compatible; GPTBot/1.4; +https://openai.com/gptbot)"
74.7.227.147 - - [27/Jun/2026:00:04:23 +0700] "GET /storage/framework/views/2b2d17c8ff2b51d482c325d98d46a385.php HTTP/2" 500 0 "https://www.diapersky.el-vanda.com/storage/framework/views/" "Mozilla/5.0 AppleWebKit/537.36 (KHTML, like Gecko; compatible; GPTBot/1.4; +https://openai.com/gptbot)"
74.7.227.11 - - [27/Jun/2026:00:04:25 +0700] "GET /vendor/league/commonmark/src/Exception/?MA HTTP/2" 200 1167 "https://diapersky.el-vanda.com/vendor/league/commonmark/src/Exception/" "Mozilla/5.0 AppleWebKit/537.36 (KHTML, like Gecko; compatible; GPTBot/1.4; +https://openai.com/gptbot)"
74.7.227.11 - - [27/Jun/2026:00:04:28 +0700] "GET /vendor/nunomaduro/termwind/src/Actions/?NA HTTP/2" 200 657 "https://diapersky.el-vanda.com/vendor/nunomaduro/termwind/src/Actions/?SA" "Mozilla/5.0 AppleWebKit/537.36 (KHTML, like Gecko; compatible; GPTBot/1.4; +https://openai.com/gptbot)"
74.7.227.11 - - [27/Jun/2026:00:04:31 +0700] "GET /vendor/nunomaduro/termwind/src/Actions/?ND HTTP/2" 200 656 "https://diapersky.el-vanda.com/vendor/nunomaduro/termwind/src/Actions/" "Mozilla/5.0 AppleWebKit/537.36 (KHTML, like Gecko; compatible; GPTBot/1.4; +https://openai.com/gptbot)"
74.7.227.11 - - [27/Jun/2026:00:04:33 +0700] "GET /vendor/league/commonmark/src/Extension/?SD HTTP/2" 200 1462 "https://diapersky.el-vanda.com/vendor/league/commonmark/src/Extension/?SA" "Mozilla/5.0 AppleWebKit/537.36 (KHTML, like Gecko; compatible; GPTBot/1.4; +https://openai.com/gptbot)"
74.7.227.11 - - [27/Jun/2026:00:04:35 +0700] "GET /vendor/league/commonmark/src/Extension/?ND HTTP/2" 200 1464 "https://diapersky.el-vanda.com/vendor/league/commonmark/src/Extension/" "Mozilla/5.0 AppleWebKit/537.36 (KHTML, like Gecko; compatible; GPTBot/1.4; +https://openai.com/gptbot)"
74.7.227.11 - - [27/Jun/2026:00:04:37 +0700] "GET /app/Http/Controllers/Report/Accounting/?SD HTTP/2" 200 745 "https://diapersky.el-vanda.com/app/Http/Controllers/Report/Accounting/?SA" "Mozilla/5.0 AppleWebKit/537.36 (KHTML, like Gecko; compatible; GPTBot/1.4; +https://openai.com/gptbot)"
74.7.227.11 - - [27/Jun/2026:00:04:39 +0700] "GET /vendor/vlucas/phpdotenv/src/Repository/?SD HTTP/2" 200 812 "https://diapersky.el-vanda.com/vendor/vlucas/phpdotenv/src/Repository/?SA" "Mozilla/5.0 AppleWebKit/537.36 (KHTML, like Gecko; compatible; GPTBot/1.4; +https://openai.com/gptbot)"
74.7.227.11 - - [27/Jun/2026:00:04:41 +0700] "GET /vendor/vlucas/phpdotenv/src/Repository/?MA HTTP/2" 200 815 "https://diapersky.el-vanda.com/vendor/vlucas/phpdotenv/src/Repository/" "Mozilla/5.0 AppleWebKit/537.36 (KHTML, like Gecko; compatible; GPTBot/1.4; +https://openai.com/gptbot)"
74.7.227.11 - - [27/Jun/2026:00:04:42 +0700] "GET /vendor/nunomaduro/termwind/src/Actions/?MA HTTP/2" 200 661 "https://diapersky.el-vanda.com/vendor/nunomaduro/termwind/src/Actions/" "Mozilla/5.0 AppleWebKit/537.36 (KHTML, like Gecko; compatible; GPTBot/1.4; +https://openai.com/gptbot)"
74.7.227.11 - - [27/Jun/2026:00:04:43 +0700] "GET /app/Http/Controllers/Report/Accounting/?MD HTTP/2" 200 741 "https://diapersky.el-vanda.com/app/Http/Controllers/Report/Accounting/?MA" "Mozilla/5.0 AppleWebKit/537.36 (KHTML, like Gecko; compatible; GPTBot/1.4; +https://openai.com/gptbot)"
74.7.227.11 - - [27/Jun/2026:00:04:44 +0700] "GET /vendor/nunomaduro/termwind/src/Laravel/?MD HTTP/2" 200 709 "https://diapersky.el-vanda.com/vendor/nunomaduro/termwind/src/Laravel/?MA" "Mozilla/5.0 AppleWebKit/537.36 (KHTML, like Gecko; compatible; GPTBot/1.4; +https://openai.com/gptbot)"
74.7.227.11 - - [27/Jun/2026:00:04:45 +0700] "GET /vendor/league/commonmark/src/Exception/?MD HTTP/2" 200 1163 "https://diapersky.el-vanda.com/vendor/league/commonmark/src/Exception/?MA" "Mozilla/5.0 AppleWebKit/537.36 (KHTML, like Gecko; compatible; GPTBot/1.4; +https://openai.com/gptbot)"
74.7.227.11 - - [27/Jun/2026:00:04:47 +0700] "GET /vendor/league/commonmark/src/Delimiter/?MA HTTP/2" 200 1110 "https://diapersky.el-vanda.com/vendor/league/commonmark/src/Delimiter/" "Mozilla/5.0 AppleWebKit/537.36 (KHTML, like Gecko; compatible; GPTBot/1.4; +https://openai.com/gptbot)"
74.7.227.11 - - [27/Jun/2026:00:04:47 +0700] "GET /app/Http/Controllers/Report/Accounting/?NA HTTP/2" 200 736 "https://diapersky.el-vanda.com/app/Http/Controllers/Report/Accounting/?MA" "Mozilla/5.0 AppleWebKit/537.36 (KHTML, like Gecko; compatible; GPTBot/1.4; +https://openai.com/gptbot)"
74.7.227.11 - - [27/Jun/2026:00:04:48 +0700] "GET /vendor/league/commonmark/src/Exception/?SD HTTP/2" 200 1158 "https://diapersky.el-vanda.com/vendor/league/commonmark/src/Exception/?SA" "Mozilla/5.0 AppleWebKit/537.36 (KHTML, like Gecko; compatible; GPTBot/1.4; +https://openai.com/gptbot)"
74.7.227.11 - - [27/Jun/2026:00:04:49 +0700] "GET /vendor/league/commonmark/src/Delimiter/Delimiter.php HTTP/2" 500 0 "https://diapersky.el-vanda.com/vendor/league/commonmark/src/Delimiter/" "Mozilla/5.0 AppleWebKit/537.36 (KHTML, like Gecko; compatible; GPTBot/1.4; +https://openai.com/gptbot)"
74.7.227.11 - - [27/Jun/2026:00:04:49 +0700] "GET /vendor/psy/psysh/src/VersionUpdater/Installer.php HTTP/2" 200 0 "https://diapersky.el-vanda.com/vendor/psy/psysh/src/VersionUpdater/" "Mozilla/5.0 AppleWebKit/537.36 (KHTML, like Gecko; compatible; GPTBot/1.4; +https://openai.com/gptbot)"
74.7.227.11 - - [27/Jun/2026:00:04:51 +0700] "GET /vendor/psy/psysh/src/VersionUpdater/Downloader.php HTTP/2" 200 0 "https://diapersky.el-vanda.com/vendor/psy/psysh/src/VersionUpdater/" "Mozilla/5.0 AppleWebKit/537.36 (KHTML, like Gecko; compatible; GPTBot/1.4; +https://openai.com/gptbot)"
74.7.227.11 - - [27/Jun/2026:00:04:53 +0700] "GET /vendor/vlucas/phpdotenv/src/Repository/?MD HTTP/2" 200 811 "https://diapersky.el-vanda.com/vendor/vlucas/phpdotenv/src/Repository/?MA" "Mozilla/5.0 AppleWebKit/537.36 (KHTML, like Gecko; compatible; GPTBot/1.4; +https://openai.com/gptbot)"
74.7.227.11 - - [27/Jun/2026:00:04:54 +0700] "GET /vendor/nunomaduro/termwind/src/Actions/?MD HTTP/2" 200 660 "https://diapersky.el-vanda.com/vendor/nunomaduro/termwind/src/Actions/?MA" "Mozilla/5.0 AppleWebKit/537.36 (KHTML, like Gecko; compatible; GPTBot/1.4; +https://openai.com/gptbot)"
74.7.227.11 - - [27/Jun/2026:00:04:56 +0700] "GET /vendor/theseer/tokenizer/src/Exception.php HTTP/2" 200 0 "https://diapersky.el-vanda.com/vendor/theseer/tokenizer/src/" "Mozilla/5.0 AppleWebKit/537.36 (KHTML, like Gecko; compatible; GPTBot/1.4; +https://openai.com/gptbot)"
74.7.227.11 - - [27/Jun/2026:00:04:57 +0700] "GET /vendor/ramsey/uuid/src/UuidInterface.php HTTP/2" 500 0 "https://diapersky.el-vanda.com/vendor/ramsey/uuid/src/" "Mozilla/5.0 AppleWebKit/537.36 (KHTML, like Gecko; compatible; GPTBot/1.4; +https://openai.com/gptbot)"
74.7.227.11 - - [27/Jun/2026:00:04:58 +0700] "GET /vendor/symfony/console/Helper/Dumper.php HTTP/2" 200 0 "https://diapersky.el-vanda.com/vendor/symfony/console/Helper/" "Mozilla/5.0 AppleWebKit/537.36 (KHTML, like Gecko; compatible; GPTBot/1.4; +https://openai.com/gptbot)"
74.7.227.11 - - [27/Jun/2026:00:05:01 +0700] "GET /vendor/league/commonmark/src/Delimiter/?MD HTTP/2" 200 1114 "https://diapersky.el-vanda.com/vendor/league/commonmark/src/Delimiter/?MA" "Mozilla/5.0 AppleWebKit/537.36 (KHTML, like Gecko; compatible; GPTBot/1.4; +https://openai.com/gptbot)"
74.7.227.11 - - [27/Jun/2026:00:05:04 +0700] "GET /vendor/dasprid/enum/src/AbstractEnum.php HTTP/2" 200 0 "https://diapersky.el-vanda.com/vendor/dasprid/enum/src/" "Mozilla/5.0 AppleWebKit/537.36 (KHTML, like Gecko; compatible; GPTBot/1.4; +https://openai.com/gptbot)"
74.7.227.11 - - [27/Jun/2026:00:05:06 +0700] "GET /vendor/league/commonmark/src/Environment/ HTTP/2" 200 730 "https://diapersky.el-vanda.com/vendor/league/commonmark/src/" "Mozilla/5.0 AppleWebKit/537.36 (KHTML, like Gecko; compatible; GPTBot/1.4; +https://openai.com/gptbot)"
74.7.227.11 - - [27/Jun/2026:00:05:09 +0700] "GET /vendor/league/flysystem/src/UrlGeneration/ HTTP/2" 200 761 "https://diapersky.el-vanda.com/vendor/league/flysystem/src/" "Mozilla/5.0 AppleWebKit/537.36 (KHTML, like Gecko; compatible; GPTBot/1.4; +https://openai.com/gptbot)"
74.7.227.11 - - [27/Jun/2026:00:05:11 +0700] "GET /vendor/nunomaduro/termwind/src/Components/ HTTP/2" 200 1170 "https://diapersky.el-vanda.com/vendor/nunomaduro/termwind/src/" "Mozilla/5.0 AppleWebKit/537.36 (KHTML, like Gecko; compatible; GPTBot/1.4; +https://openai.com/gptbot)"
74.7.227.11 - - [27/Jun/2026:00:05:13 +0700] "GET /vendor/symfony/console/Completion/Output/ HTTP/2" 200 730 "https://diapersky.el-vanda.com/vendor/symfony/console/Completion/" "Mozilla/5.0 AppleWebKit/537.36 (KHTML, like Gecko; compatible; GPTBot/1.4; +https://openai.com/gptbot)"
74.7.227.11 - - [27/Jun/2026:00:05:15 +0700] "GET /vendor/nunomaduro/termwind/src/Exceptions/ HTTP/2" 200 739 "https://diapersky.el-vanda.com/vendor/nunomaduro/termwind/src/" "Mozilla/5.0 AppleWebKit/537.36 (KHTML, like Gecko; compatible; GPTBot/1.4; +https://openai.com/gptbot)"
74.7.227.11 - - [27/Jun/2026:00:05:16 +0700] "GET /vendor/symfony/translation/Resources/data/ HTTP/2" 200 640 "https://diapersky.el-vanda.com/vendor/symfony/translation/Resources/" "Mozilla/5.0 AppleWebKit/537.36 (KHTML, like Gecko; compatible; GPTBot/1.4; +https://openai.com/gptbot)"
74.7.227.11 - - [27/Jun/2026:00:05:18 +0700] "GET /vendor/sebastian/complexity/src/Exception/ HTTP/2" 200 671 "https://diapersky.el-vanda.com/vendor/sebastian/complexity/src/" "Mozilla/5.0 AppleWebKit/537.36 (KHTML, like Gecko; compatible; GPTBot/1.4; +https://openai.com/gptbot)"
74.7.227.11 - - [27/Jun/2026:00:05:19 +0700] "GET /vendor/nunomaduro/collision/src/Contracts/ HTTP/2" 200 785 "https://diapersky.el-vanda.com/vendor/nunomaduro/collision/src/" "Mozilla/5.0 AppleWebKit/537.36 (KHTML, like Gecko; compatible; GPTBot/1.4; +https://openai.com/gptbot)"
74.7.227.11 - - [27/Jun/2026:00:05:20 +0700] "GET /vendor/symfony/translation/Resources/bin/ HTTP/2" 200 650 "https://diapersky.el-vanda.com/vendor/symfony/translation/Resources/" "Mozilla/5.0 AppleWebKit/537.36 (KHTML, like Gecko; compatible; GPTBot/1.4; +https://openai.com/gptbot)"
74.7.227.11 - - [27/Jun/2026:00:05:21 +0700] "GET /vendor/symfony/console/Tester/Constraint/ HTTP/2" 200 663 "https://diapersky.el-vanda.com/vendor/symfony/console/Tester/" "Mozilla/5.0 AppleWebKit/537.36 (KHTML, like Gecko; compatible; GPTBot/1.4; +https://openai.com/gptbot)"
74.7.227.11 - - [27/Jun/2026:00:05:22 +0700] "GET /vendor/nunomaduro/collision/src/Adapters/ HTTP/2" 200 658 "https://diapersky.el-vanda.com/vendor/nunomaduro/collision/src/" "Mozilla/5.0 AppleWebKit/537.36 (KHTML, like Gecko; compatible; GPTBot/1.4; +https://openai.com/gptbot)"
74.7.227.11 - - [27/Jun/2026:00:05:23 +0700] "GET /vendor/league/commonmark/src/Environment/EnvironmentInterface.php HTTP/2" 500 0 "https://diapersky.el-vanda.com/vendor/league/commonmark/src/Environment/" "Mozilla/5.0 AppleWebKit/537.36 (KHTML, like Gecko; compatible; GPTBot/1.4; +https://openai.com/gptbot)"
74.7.227.11 - - [27/Jun/2026:00:05:24 +0700] "GET /vendor/league/flysystem/src/UrlGeneration/PublicUrlGenerator.php HTTP/2" 200 0 "https://diapersky.el-vanda.com/vendor/league/flysystem/src/UrlGeneration/" "Mozilla/5.0 AppleWebKit/537.36 (KHTML, like Gecko; compatible; GPTBot/1.4; +https://openai.com/gptbot)"
74.7.227.11 - - [27/Jun/2026:00:05:26 +0700] "GET /vendor/league/flysystem/src/UrlGeneration/ShardedPrefixPublicUrlGenerator.php HTTP/2" 500 0 "https://diapersky.el-vanda.com/vendor/league/flysystem/src/UrlGeneration/" "Mozilla/5.0 AppleWebKit/537.36 (KHTML, like Gecko; compatible; GPTBot/1.4; +https://openai.com/gptbot)"
74.7.227.147 - - [27/Jun/2026:00:05:27 +0700] "GET /storage/framework/views/0b30995d133b9035bf724ecf3a1e68a0.php HTTP/2" 500 93 "https://www.diapersky.el-vanda.com/storage/framework/views/" "Mozilla/5.0 AppleWebKit/537.36 (KHTML, like Gecko; compatible; GPTBot/1.4; +https://openai.com/gptbot)"
74.7.227.11 - - [27/Jun/2026:00:05:28 +0700] "GET /vendor/symfony/console/Completion/Output/BashCompletionOutput.php HTTP/2" 500 0 "https://diapersky.el-vanda.com/vendor/symfony/console/Completion/Output/" "Mozilla/5.0 AppleWebKit/537.36 (KHTML, like Gecko; compatible; GPTBot/1.4; +https://openai.com/gptbot)"
74.7.227.11 - - [27/Jun/2026:00:05:33 +0700] "GET /vendor/nunomaduro/termwind/src/Exceptions/ColorNotFound.php HTTP/2" 200 0 "https://diapersky.el-vanda.com/vendor/nunomaduro/termwind/src/Exceptions/" "Mozilla/5.0 AppleWebKit/537.36 (KHTML, like Gecko; compatible; GPTBot/1.4; +https://openai.com/gptbot)"
74.7.227.11 - - [27/Jun/2026:00:05:52 +0700] "GET /vendor/nunomaduro/termwind/src/Exceptions/InvalidColor.php HTTP/2" 200 0 "https://diapersky.el-vanda.com/vendor/nunomaduro/termwind/src/Exceptions/" "Mozilla/5.0 AppleWebKit/537.36 (KHTML, like Gecko; compatible; GPTBot/1.4; +https://openai.com/gptbot)"
74.7.227.11 - - [27/Jun/2026:00:06:08 +0700] "GET /vendor/sebastian/complexity/src/Exception/RuntimeException.php HTTP/2" 500 0 "https://diapersky.el-vanda.com/vendor/sebastian/complexity/src/Exception/" "Mozilla/5.0 AppleWebKit/537.36 (KHTML, like Gecko; compatible; GPTBot/1.4; +https://openai.com/gptbot)"
74.7.227.11 - - [27/Jun/2026:00:06:23 +0700] "GET /vendor/nunomaduro/collision/src/Contracts/SolutionsRepository.php HTTP/2" 200 0 "https://diapersky.el-vanda.com/vendor/nunomaduro/collision/src/Contracts/" "Mozilla/5.0 AppleWebKit/537.36 (KHTML, like Gecko; compatible; GPTBot/1.4; +https://openai.com/gptbot)"
74.7.227.147 - - [27/Jun/2026:00:06:31 +0700] "GET /storage/framework/views/3a43b46bd09689489a6391ffb8527faa.php HTTP/2" 500 0 "https://www.diapersky.el-vanda.com/storage/framework/views/" "Mozilla/5.0 AppleWebKit/537.36 (KHTML, like Gecko; compatible; GPTBot/1.4; +https://openai.com/gptbot)"
74.7.227.11 - - [27/Jun/2026:00:07:07 +0700] "GET /vendor/nunomaduro/collision/src/Contracts/RenderableOnCollisionEditor.php HTTP/2" 200 0 "https://diapersky.el-vanda.com/vendor/nunomaduro/collision/src/Contracts/" "Mozilla/5.0 AppleWebKit/537.36 (KHTML, like Gecko; compatible; GPTBot/1.4; +https://openai.com/gptbot)"
74.7.227.147 - - [27/Jun/2026:00:07:35 +0700] "GET /storage/framework/views/c60e5990778edd256a8921014f5fa6ff.php HTTP/2" 500 62 "https://www.diapersky.el-vanda.com/storage/framework/views/" "Mozilla/5.0 AppleWebKit/537.36 (KHTML, like Gecko; compatible; GPTBot/1.4; +https://openai.com/gptbot)"
74.7.227.11 - - [27/Jun/2026:00:07:47 +0700] "GET /vendor/symfony/console/Tester/Constraint/CommandIsSuccessful.php HTTP/2" 500 0 "https://diapersky.el-vanda.com/vendor/symfony/console/Tester/Constraint/" "Mozilla/5.0 AppleWebKit/537.36 (KHTML, like Gecko; compatible; GPTBot/1.4; +https://openai.com/gptbot)"
74.7.227.11 - - [27/Jun/2026:00:08:23 +0700] "GET /vendor/nunomaduro/collision/src/Contracts/RenderlessTrace.php HTTP/2" 200 0 "https://diapersky.el-vanda.com/vendor/nunomaduro/collision/src/Contracts/" "Mozilla/5.0 AppleWebKit/537.36 (KHTML, like Gecko; compatible; GPTBot/1.4; +https://openai.com/gptbot)"
74.7.227.147 - - [27/Jun/2026:00:08:38 +0700] "GET /storage/framework/views/8f40538bfb989675fda660e0c42176eb.php HTTP/2" 500 0 "https://www.diapersky.el-vanda.com/storage/framework/views/" "Mozilla/5.0 AppleWebKit/537.36 (KHTML, like Gecko; compatible; GPTBot/1.4; +https://openai.com/gptbot)"
74.7.227.11 - - [27/Jun/2026:00:09:29 +0700] "GET /vendor/nunomaduro/collision/src/Contracts/RenderlessEditor.php HTTP/2" 200 0 "https://diapersky.el-vanda.com/vendor/nunomaduro/collision/src/Contracts/" "Mozilla/5.0 AppleWebKit/537.36 (KHTML, like Gecko; compatible; GPTBot/1.4; +https://openai.com/gptbot)"
74.7.227.147 - - [27/Jun/2026:00:09:43 +0700] "GET /storage/framework/views/f9a31540d6af0969ceebd9b324688587.php HTTP/2" 500 0 "https://www.diapersky.el-vanda.com/storage/framework/views/" "Mozilla/5.0 AppleWebKit/537.36 (KHTML, like Gecko; compatible; GPTBot/1.4; +https://openai.com/gptbot)"
74.7.227.11 - - [27/Jun/2026:00:10:25 +0700] "GET /vendor/symfony/console/Completion/Output/ZshCompletionOutput.php HTTP/2" 500 0 "https://diapersky.el-vanda.com/vendor/symfony/console/Completion/Output/" "Mozilla/5.0 AppleWebKit/537.36 (KHTML, like Gecko; compatible; GPTBot/1.4; +https://openai.com/gptbot)"
74.7.227.147 - - [27/Jun/2026:00:10:48 +0700] "GET /storage/framework/views/4da53bb53fe7d817ed709630d2179c35.php HTTP/2" 500 13 "https://www.diapersky.el-vanda.com/storage/framework/views/" "Mozilla/5.0 AppleWebKit/537.36 (KHTML, like Gecko; compatible; GPTBot/1.4; +https://openai.com/gptbot)"
74.7.227.11 - - [27/Jun/2026:00:11:16 +0700] "GET /vendor/symfony/console/Completion/Output/FishCompletionOutput.php HTTP/2" 500 0 "https://diapersky.el-vanda.com/vendor/symfony/console/Completion/Output/" "Mozilla/5.0 AppleWebKit/537.36 (KHTML, like Gecko; compatible; GPTBot/1.4; +https://openai.com/gptbot)"
74.7.227.147 - - [27/Jun/2026:00:11:52 +0700] "GET /storage/framework/views/b72f092d912062bfb22a0b894c790f1e.php HTTP/2" 500 0 "https://www.diapersky.el-vanda.com/storage/framework/views/" "Mozilla/5.0 AppleWebKit/537.36 (KHTML, like Gecko; compatible; GPTBot/1.4; +https://openai.com/gptbot)"
74.7.227.11 - - [27/Jun/2026:00:12:16 +0700] "GET /vendor/league/flysystem/src/UrlGeneration/PrefixPublicUrlGenerator.php HTTP/2" 500 0 "https://diapersky.el-vanda.com/vendor/league/flysystem/src/UrlGeneration/" "Mozilla/5.0 AppleWebKit/537.36 (KHTML, like Gecko; compatible; GPTBot/1.4; +https://openai.com/gptbot)"
74.7.227.147 - - [27/Jun/2026:00:12:58 +0700] "GET /storage/framework/views/00307e1652b102c2c78baf1f1ae1e967.php HTTP/2" 500 25 "https://www.diapersky.el-vanda.com/storage/framework/views/" "Mozilla/5.0 AppleWebKit/537.36 (KHTML, like Gecko; compatible; GPTBot/1.4; +https://openai.com/gptbot)"
74.7.227.11 - - [27/Jun/2026:00:13:20 +0700] "GET /vendor/league/flysystem/src/UrlGeneration/ChainedPublicUrlGenerator.php HTTP/2" 500 0 "https://diapersky.el-vanda.com/vendor/league/flysystem/src/UrlGeneration/" "Mozilla/5.0 AppleWebKit/537.36 (KHTML, like Gecko; compatible; GPTBot/1.4; +https://openai.com/gptbot)"
74.7.227.147 - - [27/Jun/2026:00:14:01 +0700] "GET /storage/framework/views/88603c55a3f93a0bfc4f5db365e43a65.php HTTP/2" 500 0 "https://www.diapersky.el-vanda.com/storage/framework/views/" "Mozilla/5.0 AppleWebKit/537.36 (KHTML, like Gecko; compatible; GPTBot/1.4; +https://openai.com/gptbot)"
74.7.227.11 - - [27/Jun/2026:00:14:23 +0700] "GET /vendor/league/commonmark/src/Environment/Environment.php HTTP/2" 500 0 "https://diapersky.el-vanda.com/vendor/league/commonmark/src/Environment/" "Mozilla/5.0 AppleWebKit/537.36 (KHTML, like Gecko; compatible; GPTBot/1.4; +https://openai.com/gptbot)"
74.7.227.147 - - [27/Jun/2026:00:15:08 +0700] "GET /storage/framework/views/8d32a81c654d39977ceda28de99c7cf0.php HTTP/2" 500 0 "https://www.diapersky.el-vanda.com/storage/framework/views/" "Mozilla/5.0 AppleWebKit/537.36 (KHTML, like Gecko; compatible; GPTBot/1.4; +https://openai.com/gptbot)"
74.7.227.11 - - [27/Jun/2026:00:15:27 +0700] "GET /vendor/symfony/console/Completion/Output/CompletionOutputInterface.php HTTP/2" 200 0 "https://diapersky.el-vanda.com/vendor/symfony/console/Completion/Output/" "Mozilla/5.0 AppleWebKit/537.36 (KHTML, like Gecko; compatible; GPTBot/1.4; +https://openai.com/gptbot)"
74.7.227.147 - - [27/Jun/2026:00:16:07 +0700] "GET /storage/framework/views/b4699b1d6c56eae3206572fcd0ae4399.php HTTP/2" 500 0 "https://www.diapersky.el-vanda.com/storage/framework/views/" "Mozilla/5.0 AppleWebKit/537.36 (KHTML, like Gecko; compatible; GPTBot/1.4; +https://openai.com/gptbot)"
74.7.227.11 - - [27/Jun/2026:00:16:28 +0700] "GET /vendor/league/commonmark/src/Environment/EnvironmentAwareInterface.php HTTP/2" 200 0 "https://diapersky.el-vanda.com/vendor/league/commonmark/src/Environment/" "Mozilla/5.0 AppleWebKit/537.36 (KHTML, like Gecko; compatible; GPTBot/1.4; +https://openai.com/gptbot)"
74.7.227.147 - - [27/Jun/2026:00:17:13 +0700] "GET /storage/framework/views/36b6367a78aae0f9bc56c7422685cde9.php HTTP/2" 500 0 "https://www.diapersky.el-vanda.com/storage/framework/views/" "Mozilla/5.0 AppleWebKit/537.36 (KHTML, like Gecko; compatible; GPTBot/1.4; +https://openai.com/gptbot)"
74.7.227.11 - - [27/Jun/2026:00:17:23 +0700] "GET /vendor/symfony/translation/Resources/bin/translation-status.php HTTP/2" 500 0 "https://diapersky.el-vanda.com/vendor/symfony/translation/Resources/bin/" "Mozilla/5.0 AppleWebKit/537.36 (KHTML, like Gecko; compatible; GPTBot/1.4; +https://openai.com/gptbot)"
74.7.227.11 - - [27/Jun/2026:00:18:13 +0700] "GET /vendor/nunomaduro/termwind/src/Exceptions/StyleNotFound.php HTTP/2" 200 0 "https://diapersky.el-vanda.com/vendor/nunomaduro/termwind/src/Exceptions/" "Mozilla/5.0 AppleWebKit/537.36 (KHTML, like Gecko; compatible; GPTBot/1.4; +https://openai.com/gptbot)"
74.7.227.147 - - [27/Jun/2026:00:18:15 +0700] "GET /storage/framework/views/fa284865620fb9d767a5dcc06ed4202f.php HTTP/2" 500 212 "https://www.diapersky.el-vanda.com/storage/framework/views/" "Mozilla/5.0 AppleWebKit/537.36 (KHTML, like Gecko; compatible; GPTBot/1.4; +https://openai.com/gptbot)"
74.7.227.147 - - [27/Jun/2026:00:19:18 +0700] "GET /storage/framework/views/86d0ff978a21c88ec9e512eca47e63f9.php HTTP/2" 500 0 "https://www.diapersky.el-vanda.com/storage/framework/views/" "Mozilla/5.0 AppleWebKit/537.36 (KHTML, like Gecko; compatible; GPTBot/1.4; +https://openai.com/gptbot)"
74.7.227.11 - - [27/Jun/2026:00:19:18 +0700] "GET /vendor/league/commonmark/src/Environment/EnvironmentBuilderInterface.php HTTP/2" 500 0 "https://diapersky.el-vanda.com/vendor/league/commonmark/src/Environment/" "Mozilla/5.0 AppleWebKit/537.36 (KHTML, like Gecko; compatible; GPTBot/1.4; +https://openai.com/gptbot)"
74.7.227.11 - - [27/Jun/2026:00:20:11 +0700] "GET /vendor/league/flysystem/src/UrlGeneration/TemporaryUrlGenerator.php HTTP/2" 200 0 "https://diapersky.el-vanda.com/vendor/league/flysystem/src/UrlGeneration/" "Mozilla/5.0 AppleWebKit/537.36 (KHTML, like Gecko; compatible; GPTBot/1.4; +https://openai.com/gptbot)"
74.7.227.147 - - [27/Jun/2026:00:20:20 +0700] "GET /storage/framework/views/eb9f10a3780f374da1d0abd52aa47580.php HTTP/2" 500 0 "https://www.diapersky.el-vanda.com/storage/framework/views/" "Mozilla/5.0 AppleWebKit/537.36 (KHTML, like Gecko; compatible; GPTBot/1.4; +https://openai.com/gptbot)"
74.7.227.11 - - [27/Jun/2026:00:21:14 +0700] "GET /vendor/sebastian/complexity/src/Exception/Exception.php HTTP/2" 200 0 "https://diapersky.el-vanda.com/vendor/sebastian/complexity/src/Exception/" "Mozilla/5.0 AppleWebKit/537.36 (KHTML, like Gecko; compatible; GPTBot/1.4; +https://openai.com/gptbot)"
74.7.227.147 - - [27/Jun/2026:00:21:24 +0700] "GET /storage/framework/views/86c2049db81e8c7c492c1eecb59b2a85.php HTTP/2" 500 0 "https://www.diapersky.el-vanda.com/storage/framework/views/" "Mozilla/5.0 AppleWebKit/537.36 (KHTML, like Gecko; compatible; GPTBot/1.4; +https://openai.com/gptbot)"
74.7.227.11 - - [27/Jun/2026:00:22:13 +0700] "GET /vendor/nunomaduro/termwind/src/Exceptions/InvalidStyle.php HTTP/2" 200 0 "https://diapersky.el-vanda.com/vendor/nunomaduro/termwind/src/Exceptions/" "Mozilla/5.0 AppleWebKit/537.36 (KHTML, like Gecko; compatible; GPTBot/1.4; +https://openai.com/gptbot)"
74.7.241.151 - - [27/Jun/2026:00:22:14 +0700] "GET /robots.txt HTTP/2" 404 1251 "-" "Mozilla/5.0 (Macintosh; Intel Mac OS X 10_15_7) AppleWebKit/537.36 (KHTML, like Gecko) Chrome/131.0.0.0 Safari/537.36; compatible; OAI-SearchBot/1.4; robots.txt; +https://openai.com/searchbot"
74.7.227.147 - - [27/Jun/2026:00:22:26 +0700] "GET /storage/framework/views/f8ef3048db4b62a3a03e79965f78b98f.php HTTP/2" 500 391 "https://www.diapersky.el-vanda.com/storage/framework/views/" "Mozilla/5.0 AppleWebKit/537.36 (KHTML, like Gecko; compatible; GPTBot/1.4; +https://openai.com/gptbot)"
74.7.227.11 - - [27/Jun/2026:00:23:04 +0700] "GET /vendor/nunomaduro/termwind/src/Exceptions/InvalidChild.php HTTP/2" 200 0 "https://diapersky.el-vanda.com/vendor/nunomaduro/termwind/src/Exceptions/" "Mozilla/5.0 AppleWebKit/537.36 (KHTML, like Gecko; compatible; GPTBot/1.4; +https://openai.com/gptbot)"
74.7.227.147 - - [27/Jun/2026:00:23:29 +0700] "GET /storage/framework/views/c91a112f3fde83754354f0240ecedb1c.php HTTP/2" 500 0 "https://www.diapersky.el-vanda.com/storage/framework/views/" "Mozilla/5.0 AppleWebKit/537.36 (KHTML, like Gecko; compatible; GPTBot/1.4; +https://openai.com/gptbot)"
74.7.227.11 - - [27/Jun/2026:00:23:48 +0700] "GET /vendor/nunomaduro/termwind/src/Components/Anchor.php HTTP/2" 500 0 "https://diapersky.el-vanda.com/vendor/nunomaduro/termwind/src/Components/" "Mozilla/5.0 AppleWebKit/537.36 (KHTML, like Gecko; compatible; GPTBot/1.4; +https://openai.com/gptbot)"
74.7.227.11 - - [27/Jun/2026:00:24:30 +0700] "GET /vendor/nunomaduro/termwind/src/Components/Dl.php HTTP/2" 500 0 "https://diapersky.el-vanda.com/vendor/nunomaduro/termwind/src/Components/" "Mozilla/5.0 AppleWebKit/537.36 (KHTML, like Gecko; compatible; GPTBot/1.4; +https://openai.com/gptbot)"
74.7.227.147 - - [27/Jun/2026:00:24:32 +0700] "GET /storage/framework/views/45dd57ee2f837a3db305ae153dc462f7.php HTTP/2" 500 160 "https://www.diapersky.el-vanda.com/storage/framework/views/" "Mozilla/5.0 AppleWebKit/537.36 (KHTML, like Gecko; compatible; GPTBot/1.4; +https://openai.com/gptbot)"
74.7.227.11 - - [27/Jun/2026:00:25:33 +0700] "GET /vendor/nunomaduro/termwind/src/Components/Div.php HTTP/2" 500 0 "https://diapersky.el-vanda.com/vendor/nunomaduro/termwind/src/Components/" "Mozilla/5.0 AppleWebKit/537.36 (KHTML, like Gecko; compatible; GPTBot/1.4; +https://openai.com/gptbot)"
74.7.227.147 - - [27/Jun/2026:00:25:35 +0700] "GET /storage/framework/views/02ac862a7dda6103eda399a1b6715cc3.php HTTP/2" 500 0 "https://www.diapersky.el-vanda.com/storage/framework/views/" "Mozilla/5.0 AppleWebKit/537.36 (KHTML, like Gecko; compatible; GPTBot/1.4; +https://openai.com/gptbot)"
74.7.227.147 - - [27/Jun/2026:00:26:35 +0700] "GET /storage/framework/views/0f7f7d41e805d47997b7e88fc010de6d.php HTTP/2" 500 342 "https://www.diapersky.el-vanda.com/storage/framework/views/" "Mozilla/5.0 AppleWebKit/537.36 (KHTML, like Gecko; compatible; GPTBot/1.4; +https://openai.com/gptbot)"
74.7.227.11 - - [27/Jun/2026:00:26:38 +0700] "GET /vendor/nunomaduro/termwind/src/Components/Span.php HTTP/2" 500 0 "https://diapersky.el-vanda.com/vendor/nunomaduro/termwind/src/Components/" "Mozilla/5.0 AppleWebKit/537.36 (KHTML, like Gecko; compatible; GPTBot/1.4; +https://openai.com/gptbot)"
74.7.227.147 - - [27/Jun/2026:00:27:37 +0700] "GET /storage/framework/views/7b581d30d380a5fb4b4fbb3f0e8e7097.php HTTP/2" 500 107 "https://www.diapersky.el-vanda.com/storage/framework/views/" "Mozilla/5.0 AppleWebKit/537.36 (KHTML, like Gecko; compatible; GPTBot/1.4; +https://openai.com/gptbot)"
74.7.227.11 - - [27/Jun/2026:00:27:43 +0700] "GET /vendor/nunomaduro/termwind/src/Components/Dd.php HTTP/2" 500 0 "https://diapersky.el-vanda.com/vendor/nunomaduro/termwind/src/Components/" "Mozilla/5.0 AppleWebKit/537.36 (KHTML, like Gecko; compatible; GPTBot/1.4; +https://openai.com/gptbot)"
74.7.227.147 - - [27/Jun/2026:00:28:40 +0700] "GET /storage/framework/views/710dc1dc8bc8c797e491ae6848dd34e9.php HTTP/2" 500 0 "https://www.diapersky.el-vanda.com/storage/framework/views/" "Mozilla/5.0 AppleWebKit/537.36 (KHTML, like Gecko; compatible; GPTBot/1.4; +https://openai.com/gptbot)"
74.7.227.11 - - [27/Jun/2026:00:28:46 +0700] "GET /vendor/nunomaduro/termwind/src/Components/Hr.php HTTP/2" 500 0 "https://diapersky.el-vanda.com/vendor/nunomaduro/termwind/src/Components/" "Mozilla/5.0 AppleWebKit/537.36 (KHTML, like Gecko; compatible; GPTBot/1.4; +https://openai.com/gptbot)"
74.7.227.147 - - [27/Jun/2026:00:29:44 +0700] "GET /storage/framework/views/9b7295691749aa7a6f3dee1473dbfae8.php HTTP/2" 500 107 "https://www.diapersky.el-vanda.com/storage/framework/views/" "Mozilla/5.0 AppleWebKit/537.36 (KHTML, like Gecko; compatible; GPTBot/1.4; +https://openai.com/gptbot)"
74.7.227.11 - - [27/Jun/2026:00:29:48 +0700] "GET /vendor/nunomaduro/termwind/src/Components/Dt.php HTTP/2" 500 0 "https://diapersky.el-vanda.com/vendor/nunomaduro/termwind/src/Components/" "Mozilla/5.0 AppleWebKit/537.36 (KHTML, like Gecko; compatible; GPTBot/1.4; +https://openai.com/gptbot)"
74.7.227.147 - - [27/Jun/2026:00:30:49 +0700] "GET /resources/views/layouts/%7B%7B%20asset('favicon.ico')%20%7D%7D HTTP/2" 404 1251 "https://www.diapersky.el-vanda.com/resources/views/layouts/app.blade.php" "Mozilla/5.0 AppleWebKit/537.36 (KHTML, like Gecko; compatible; GPTBot/1.4; +https://openai.com/gptbot)"
74.7.227.11 - - [27/Jun/2026:00:30:50 +0700] "GET /vendor/nunomaduro/termwind/src/Components/BreakLine.php HTTP/2" 500 0 "https://diapersky.el-vanda.com/vendor/nunomaduro/termwind/src/Components/" "Mozilla/5.0 AppleWebKit/537.36 (KHTML, like Gecko; compatible; GPTBot/1.4; +https://openai.com/gptbot)"
74.7.227.11 - - [27/Jun/2026:00:31:52 +0700] "GET /vendor/nunomaduro/termwind/src/Components/Paragraph.php HTTP/2" 500 0 "https://diapersky.el-vanda.com/vendor/nunomaduro/termwind/src/Components/" "Mozilla/5.0 AppleWebKit/537.36 (KHTML, like Gecko; compatible; GPTBot/1.4; +https://openai.com/gptbot)"
74.7.227.147 - - [27/Jun/2026:00:31:54 +0700] "GET /vendor/symfony/http-foundation/ParameterBag.php HTTP/2" 200 0 "https://www.diapersky.el-vanda.com/vendor/symfony/http-foundation/" "Mozilla/5.0 AppleWebKit/537.36 (KHTML, like Gecko; compatible; GPTBot/1.4; +https://openai.com/gptbot)"
74.7.227.147 - - [27/Jun/2026:00:32:55 +0700] "GET /vendor/symfony/http-foundation/RequestStack.php HTTP/2" 200 0 "https://www.diapersky.el-vanda.com/vendor/symfony/http-foundation/" "Mozilla/5.0 AppleWebKit/537.36 (KHTML, like Gecko; compatible; GPTBot/1.4; +https://openai.com/gptbot)"
74.7.227.11 - - [27/Jun/2026:00:32:58 +0700] "GET /vendor/nunomaduro/termwind/src/Components/Raw.php HTTP/2" 500 0 "https://diapersky.el-vanda.com/vendor/nunomaduro/termwind/src/Components/" "Mozilla/5.0 AppleWebKit/537.36 (KHTML, like Gecko; compatible; GPTBot/1.4; +https://openai.com/gptbot)"
74.7.227.147 - - [27/Jun/2026:00:33:49 +0700] "GET /vendor/phpunit/php-timer/composer.json HTTP/2" 200 394 "https://www.diapersky.el-vanda.com/vendor/phpunit/php-timer/" "Mozilla/5.0 AppleWebKit/537.36 (KHTML, like Gecko; compatible; GPTBot/1.4; +https://openai.com/gptbot)"
74.7.227.11 - - [27/Jun/2026:00:33:58 +0700] "GET /vendor/nunomaduro/termwind/src/Components/Ol.php HTTP/2" 500 0 "https://diapersky.el-vanda.com/vendor/nunomaduro/termwind/src/Components/" "Mozilla/5.0 AppleWebKit/537.36 (KHTML, like Gecko; compatible; GPTBot/1.4; +https://openai.com/gptbot)"
74.7.227.147 - - [27/Jun/2026:00:34:43 +0700] "GET /vendor/spatie/laravel-permission/ HTTP/2" 200 1070 "https://www.diapersky.el-vanda.com/vendor/spatie/" "Mozilla/5.0 AppleWebKit/537.36 (KHTML, like Gecko; compatible; GPTBot/1.4; +https://openai.com/gptbot)"
74.7.227.11 - - [27/Jun/2026:00:35:00 +0700] "GET /vendor/nunomaduro/termwind/src/Components/Li.php HTTP/2" 500 0 "https://diapersky.el-vanda.com/vendor/nunomaduro/termwind/src/Components/" "Mozilla/5.0 AppleWebKit/537.36 (KHTML, like Gecko; compatible; GPTBot/1.4; +https://openai.com/gptbot)"
74.7.227.147 - - [27/Jun/2026:00:35:29 +0700] "GET /vendor/symfony/polyfill-mbstring/ HTTP/2" 200 1093 "https://www.diapersky.el-vanda.com/vendor/symfony/" "Mozilla/5.0 AppleWebKit/537.36 (KHTML, like Gecko; compatible; GPTBot/1.4; +https://openai.com/gptbot)"
74.7.227.11 - - [27/Jun/2026:00:36:04 +0700] "GET /vendor/nunomaduro/termwind/src/Components/Ul.php HTTP/2" 500 0 "https://diapersky.el-vanda.com/vendor/nunomaduro/termwind/src/Components/" "Mozilla/5.0 AppleWebKit/537.36 (KHTML, like Gecko; compatible; GPTBot/1.4; +https://openai.com/gptbot)"
74.7.227.147 - - [27/Jun/2026:00:36:11 +0700] "GET /vendor/theseer/tokenizer/ HTTP/2" 200 780 "https://www.diapersky.el-vanda.com/vendor/theseer/" "Mozilla/5.0 AppleWebKit/537.36 (KHTML, like Gecko; compatible; GPTBot/1.4; +https://openai.com/gptbot)"
74.7.227.147 - - [27/Jun/2026:00:36:47 +0700] "GET /vendor/dflydev/dot-access-data/CHANGELOG.md HTTP/2" 200 2506 "https://www.diapersky.el-vanda.com/vendor/dflydev/dot-access-data/" "Mozilla/5.0 AppleWebKit/537.36 (KHTML, like Gecko; compatible; GPTBot/1.4; +https://openai.com/gptbot)"
74.7.227.11 - - [27/Jun/2026:00:37:04 +0700] "GET /vendor/laravel/sanctum/src/Http/ HTTP/2" 200 654 "https://diapersky.el-vanda.com/vendor/laravel/sanctum/src/" "Mozilla/5.0 AppleWebKit/537.36 (KHTML, like Gecko; compatible; GPTBot/1.4; +https://openai.com/gptbot)"
74.7.227.147 - - [27/Jun/2026:00:37:19 +0700] "GET /vendor/psr/event-dispatcher/composer.json HTTP/2" 200 266 "https://www.diapersky.el-vanda.com/vendor/psr/event-dispatcher/" "Mozilla/5.0 AppleWebKit/537.36 (KHTML, like Gecko; compatible; GPTBot/1.4; +https://openai.com/gptbot)"
74.7.227.147 - - [27/Jun/2026:00:37:50 +0700] "GET /vendor/psr/http-message/docs/ HTTP/2" 200 675 "https://www.diapersky.el-vanda.com/vendor/psr/http-message/" "Mozilla/5.0 AppleWebKit/537.36 (KHTML, like Gecko; compatible; GPTBot/1.4; +https://openai.com/gptbot)"
74.7.227.11 - - [27/Jun/2026:00:38:09 +0700] "GET /vendor/ramsey/uuid/src/Validator/ HTTP/2" 200 683 "https://diapersky.el-vanda.com/vendor/ramsey/uuid/src/" "Mozilla/5.0 AppleWebKit/537.36 (KHTML, like Gecko; compatible; GPTBot/1.4; +https://openai.com/gptbot)"
74.7.227.147 - - [27/Jun/2026:00:38:18 +0700] "GET /vendor/myclabs/deep-copy/src/ HTTP/2" 200 638 "https://www.diapersky.el-vanda.com/vendor/myclabs/deep-copy/" "Mozilla/5.0 AppleWebKit/537.36 (KHTML, like Gecko; compatible; GPTBot/1.4; +https://openai.com/gptbot)"
74.7.227.147 - - [27/Jun/2026:00:38:43 +0700] "GET /vendor/symfony/routing/RouterInterface.php HTTP/2" 500 0 "https://www.diapersky.el-vanda.com/vendor/symfony/routing/" "Mozilla/5.0 AppleWebKit/537.36 (KHTML, like Gecko; compatible; GPTBot/1.4; +https://openai.com/gptbot)"
74.7.227.147 - - [27/Jun/2026:00:39:05 +0700] "GET /vendor/sebastian/lines-of-code/ChangeLog.md HTTP/2" 200 1930 "https://www.diapersky.el-vanda.com/vendor/sebastian/lines-of-code/" "Mozilla/5.0 AppleWebKit/537.36 (KHTML, like Gecko; compatible; GPTBot/1.4; +https://openai.com/gptbot)"
74.7.227.11 - - [27/Jun/2026:00:39:06 +0700] "GET /vendor/laravel/fortify/src/Rules/ HTTP/2" 200 644 "https://diapersky.el-vanda.com/vendor/laravel/fortify/src/" "Mozilla/5.0 AppleWebKit/537.36 (KHTML, like Gecko; compatible; GPTBot/1.4; +https://openai.com/gptbot)"
74.7.227.11 - - [27/Jun/2026:00:39:56 +0700] "GET /vendor/laravel/fortify/src/Http/ HTTP/2" 200 667 "https://diapersky.el-vanda.com/vendor/laravel/fortify/src/" "Mozilla/5.0 AppleWebKit/537.36 (KHTML, like Gecko; compatible; GPTBot/1.4; +https://openai.com/gptbot)"
74.7.227.147 - - [27/Jun/2026:00:40:09 +0700] "GET /vendor/symfony/polyfill-intl-idn/Resources/ HTTP/2" 200 641 "https://www.diapersky.el-vanda.com/vendor/symfony/polyfill-intl-idn/" "Mozilla/5.0 AppleWebKit/537.36 (KHTML, like Gecko; compatible; GPTBot/1.4; +https://openai.com/gptbot)"
74.7.227.11 - - [27/Jun/2026:00:40:40 +0700] "GET /vendor/league/commonmark/src/Xml/ HTTP/2" 200 767 "https://diapersky.el-vanda.com/vendor/league/commonmark/src/" "Mozilla/5.0 AppleWebKit/537.36 (KHTML, like Gecko; compatible; GPTBot/1.4; +https://openai.com/gptbot)"
74.7.227.147 - - [27/Jun/2026:00:41:06 +0700] "GET /vendor/league/flysystem/ HTTP/2" 200 773 "https://www.diapersky.el-vanda.com/vendor/league/" "Mozilla/5.0 AppleWebKit/537.36 (KHTML, like Gecko; compatible; GPTBot/1.4; +https://openai.com/gptbot)"
74.7.227.11 - - [27/Jun/2026:00:41:20 +0700] "GET /vendor/ramsey/collection/src/Map/ HTTP/2" 200 1096 "https://diapersky.el-vanda.com/vendor/ramsey/collection/src/" "Mozilla/5.0 AppleWebKit/537.36 (KHTML, like Gecko; compatible; GPTBot/1.4; +https://openai.com/gptbot)"
74.7.227.147 - - [27/Jun/2026:00:41:56 +0700] "GET /vendor/spatie/laravel-permission/database/ HTTP/2" 200 633 "https://www.diapersky.el-vanda.com/vendor/spatie/laravel-permission/" "Mozilla/5.0 AppleWebKit/537.36 (KHTML, like Gecko; compatible; GPTBot/1.4; +https://openai.com/gptbot)"
74.7.227.11 - - [27/Jun/2026:00:41:56 +0700] "GET /vendor/psy/psysh/src/EnvInterface.php HTTP/2" 200 0 "https://diapersky.el-vanda.com/vendor/psy/psysh/src/" "Mozilla/5.0 AppleWebKit/537.36 (KHTML, like Gecko; compatible; GPTBot/1.4; +https://openai.com/gptbot)"
74.7.227.11 - - [27/Jun/2026:00:42:28 +0700] "GET /vendor/psy/psysh/src/ContextAware.php HTTP/2" 200 0 "https://diapersky.el-vanda.com/vendor/psy/psysh/src/" "Mozilla/5.0 AppleWebKit/537.36 (KHTML, like Gecko; compatible; GPTBot/1.4; +https://openai.com/gptbot)"
74.7.227.147 - - [27/Jun/2026:00:42:43 +0700] "GET /vendor/symfony/polyfill-mbstring/bootstrap.php HTTP/2" 200 0 "https://www.diapersky.el-vanda.com/vendor/symfony/polyfill-mbstring/" "Mozilla/5.0 AppleWebKit/537.36 (KHTML, like Gecko; compatible; GPTBot/1.4; +https://openai.com/gptbot)"
74.7.227.11 - - [27/Jun/2026:00:42:59 +0700] "GET /vendor/symfony/http-kernel/HttpCache/Store.php HTTP/2" 500 0 "https://diapersky.el-vanda.com/vendor/symfony/http-kernel/HttpCache/" "Mozilla/5.0 AppleWebKit/537.36 (KHTML, like Gecko; compatible; GPTBot/1.4; +https://openai.com/gptbot)"
74.7.227.147 - - [27/Jun/2026:00:43:24 +0700] "GET /vendor/symfony/polyfill-mbstring/bootstrap80.php HTTP/2" 200 0 "https://www.diapersky.el-vanda.com/vendor/symfony/polyfill-mbstring/" "Mozilla/5.0 AppleWebKit/537.36 (KHTML, like Gecko; compatible; GPTBot/1.4; +https://openai.com/gptbot)"
74.7.227.11 - - [27/Jun/2026:00:43:25 +0700] "GET /vendor/symfony/var-dumper/Caster/FrameStub.php HTTP/2" 500 0 "https://diapersky.el-vanda.com/vendor/symfony/var-dumper/Caster/" "Mozilla/5.0 AppleWebKit/537.36 (KHTML, like Gecko; compatible; GPTBot/1.4; +https://openai.com/gptbot)"
74.7.227.147 - - [27/Jun/2026:00:44:02 +0700] "GET /vendor/spatie/laravel-permission/config/ HTTP/2" 200 645 "https://www.diapersky.el-vanda.com/vendor/spatie/laravel-permission/" "Mozilla/5.0 AppleWebKit/537.36 (KHTML, like Gecko; compatible; GPTBot/1.4; +https://openai.com/gptbot)"
74.7.227.11 - - [27/Jun/2026:00:44:29 +0700] "GET /vendor/laravel/jetstream/stubs/inertia/resources/js/ HTTP/2" 200 747 "https://diapersky.el-vanda.com/vendor/laravel/jetstream/stubs/inertia/resources/" "Mozilla/5.0 AppleWebKit/537.36 (KHTML, like Gecko; compatible; GPTBot/1.4; +https://openai.com/gptbot)"
74.7.227.147 - - [27/Jun/2026:00:44:36 +0700] "GET /vendor/symfony/polyfill-mbstring/composer.json HTTP/2" 200 379 "https://www.diapersky.el-vanda.com/vendor/symfony/polyfill-mbstring/" "Mozilla/5.0 AppleWebKit/537.36 (KHTML, like Gecko; compatible; GPTBot/1.4; +https://openai.com/gptbot)"
74.7.227.147 - - [27/Jun/2026:00:45:06 +0700] "GET /vendor/spatie/laravel-permission/src/ HTTP/2" 200 1272 "https://www.diapersky.el-vanda.com/vendor/spatie/laravel-permission/" "Mozilla/5.0 AppleWebKit/537.36 (KHTML, like Gecko; compatible; GPTBot/1.4; +https://openai.com/gptbot)"
74.7.227.11 - - [27/Jun/2026:00:45:29 +0700] "GET /vendor/hamcrest/hamcrest-php/tests/Hamcrest/Text/ HTTP/2" 200 1179 "https://diapersky.el-vanda.com/vendor/hamcrest/hamcrest-php/tests/Hamcrest/" "Mozilla/5.0 AppleWebKit/537.36 (KHTML, like Gecko; compatible; GPTBot/1.4; +https://openai.com/gptbot)"
74.7.227.147 - - [27/Jun/2026:00:45:33 +0700] "GET /vendor/theseer/tokenizer/composer.lock HTTP/2" 200 655 "https://www.diapersky.el-vanda.com/vendor/theseer/tokenizer/" "Mozilla/5.0 AppleWebKit/537.36 (KHTML, like Gecko; compatible; GPTBot/1.4; +https://openai.com/gptbot)"
74.7.227.147 - - [27/Jun/2026:00:45:58 +0700] "GET /vendor/spatie/laravel-permission/composer.json HTTP/2" 200 606 "https://www.diapersky.el-vanda.com/vendor/spatie/laravel-permission/" "Mozilla/5.0 AppleWebKit/537.36 (KHTML, like Gecko; compatible; GPTBot/1.4; +https://openai.com/gptbot)"
74.7.227.147 - - [27/Jun/2026:00:46:21 +0700] "GET /vendor/theseer/tokenizer/src/ HTTP/2" 200 1154 "https://www.diapersky.el-vanda.com/vendor/theseer/tokenizer/" "Mozilla/5.0 AppleWebKit/537.36 (KHTML, like Gecko; compatible; GPTBot/1.4; +https://openai.com/gptbot)"
74.7.227.11 - - [27/Jun/2026:00:46:27 +0700] "GET /vendor/ramsey/uuid/src/Validator/?SA HTTP/2" 200 689 "https://diapersky.el-vanda.com/vendor/ramsey/uuid/src/Validator/" "Mozilla/5.0 AppleWebKit/537.36 (KHTML, like Gecko; compatible; GPTBot/1.4; +https://openai.com/gptbot)"
74.7.227.147 - - [27/Jun/2026:00:46:40 +0700] "GET /vendor/spatie/laravel-permission/ide.json HTTP/2" 200 295 "https://www.diapersky.el-vanda.com/vendor/spatie/laravel-permission/" "Mozilla/5.0 AppleWebKit/537.36 (KHTML, like Gecko; compatible; GPTBot/1.4; +https://openai.com/gptbot)"
74.7.227.147 - - [27/Jun/2026:00:46:57 +0700] "GET /vendor/spatie/laravel-permission/LICENSE.md HTTP/2" 200 1090 "https://www.diapersky.el-vanda.com/vendor/spatie/laravel-permission/" "Mozilla/5.0 AppleWebKit/537.36 (KHTML, like Gecko; compatible; GPTBot/1.4; +https://openai.com/gptbot)"
74.7.227.147 - - [27/Jun/2026:00:47:14 +0700] "GET /vendor/symfony/polyfill-mbstring/Resources/ HTTP/2" 200 641 "https://www.diapersky.el-vanda.com/vendor/symfony/polyfill-mbstring/" "Mozilla/5.0 AppleWebKit/537.36 (KHTML, like Gecko; compatible; GPTBot/1.4; +https://openai.com/gptbot)"
