74.7.227.11 - - [27/Jun/2026:00:47:19 +0700] "GET /vendor/ramsey/uuid/src/Validator/?MA HTTP/2" 200 691 "https://diapersky.el-vanda.com/vendor/ramsey/uuid/src/Validator/" "Mozilla/5.0 AppleWebKit/537.36 (KHTML, like Gecko; compatible; GPTBot/1.4; +https://openai.com/gptbot)"
74.7.227.147 - - [27/Jun/2026:00:47:29 +0700] "GET /vendor/symfony/polyfill-intl-normalizer/LICENSE HTTP/2" 200 1068 "https://www.diapersky.el-vanda.com/vendor/symfony/polyfill-intl-normalizer/" "Mozilla/5.0 AppleWebKit/537.36 (KHTML, like Gecko; compatible; GPTBot/1.4; +https://openai.com/gptbot)"
74.7.227.147 - - [27/Jun/2026:00:47:42 +0700] "GET /vendor/laravel/serializable-closure/LICENSE.md HTTP/2" 200 1075 "https://www.diapersky.el-vanda.com/vendor/laravel/serializable-closure/" "Mozilla/5.0 AppleWebKit/537.36 (KHTML, like Gecko; compatible; GPTBot/1.4; +https://openai.com/gptbot)"
74.7.227.147 - - [27/Jun/2026:00:47:53 +0700] "GET /vendor/webmozart/assert/ HTTP/2" 200 740 "https://www.diapersky.el-vanda.com/vendor/webmozart/" "Mozilla/5.0 AppleWebKit/537.36 (KHTML, like Gecko; compatible; GPTBot/1.4; +https://openai.com/gptbot)"
74.7.227.11 - - [27/Jun/2026:00:48:04 +0700] "GET /vendor/ramsey/uuid/src/Validator/?ND HTTP/2" 200 682 "https://diapersky.el-vanda.com/vendor/ramsey/uuid/src/Validator/" "Mozilla/5.0 AppleWebKit/537.36 (KHTML, like Gecko; compatible; GPTBot/1.4; +https://openai.com/gptbot)"
74.7.227.147 - - [27/Jun/2026:00:48:04 +0700] "GET /storage/logs/laravel.log HTTP/2" 200 1509380 "https://www.diapersky.el-vanda.com/storage/logs/" "Mozilla/5.0 AppleWebKit/537.36 (KHTML, like Gecko; compatible; GPTBot/1.4; +https://openai.com/gptbot)"
74.7.227.147 - - [27/Jun/2026:00:48:14 +0700] "GET /vendor/spatie/laravel-permission/src/Exceptions/ HTTP/2" 200 1250 "https://www.diapersky.el-vanda.com/vendor/spatie/laravel-permission/src/" "Mozilla/5.0 AppleWebKit/537.36 (KHTML, like Gecko; compatible; GPTBot/1.4; +https://openai.com/gptbot)"
74.7.227.147 - - [27/Jun/2026:00:48:23 +0700] "GET /vendor/spatie/laravel-permission/src/Commands/ HTTP/2" 200 1101 "https://www.diapersky.el-vanda.com/vendor/spatie/laravel-permission/src/" "Mozilla/5.0 AppleWebKit/537.36 (KHTML, like Gecko; compatible; GPTBot/1.4; +https://openai.com/gptbot)"
74.7.227.147 - - [27/Jun/2026:00:48:30 +0700] "GET /vendor/spatie/laravel-permission/src/Contracts/ HTTP/2" 200 703 "https://www.diapersky.el-vanda.com/vendor/spatie/laravel-permission/src/" "Mozilla/5.0 AppleWebKit/537.36 (KHTML, like Gecko; compatible; GPTBot/1.4; +https://openai.com/gptbot)"
74.7.227.147 - - [27/Jun/2026:00:48:37 +0700] "GET /vendor/symfony/http-foundation/FileBag.php HTTP/2" 500 0 "https://www.diapersky.el-vanda.com/vendor/symfony/http-foundation/" "Mozilla/5.0 AppleWebKit/537.36 (KHTML, like Gecko; compatible; GPTBot/1.4; +https://openai.com/gptbot)"
74.7.227.147 - - [27/Jun/2026:00:48:43 +0700] "GET /vendor/sebastian/recursion-context/ChangeLog.md HTTP/2" 200 2095 "https://www.diapersky.el-vanda.com/vendor/sebastian/recursion-context/" "Mozilla/5.0 AppleWebKit/537.36 (KHTML, like Gecko; compatible; GPTBot/1.4; +https://openai.com/gptbot)"
74.7.227.11 - - [27/Jun/2026:00:48:45 +0700] "GET /vendor/league/commonmark/src/Xml/XmlNodeRendererInterface.php HTTP/2" 200 0 "https://diapersky.el-vanda.com/vendor/league/commonmark/src/Xml/" "Mozilla/5.0 AppleWebKit/537.36 (KHTML, like Gecko; compatible; GPTBot/1.4; +https://openai.com/gptbot)"
74.7.227.147 - - [27/Jun/2026:00:49:03 +0700] "GET /vendor/symfony/http-kernel/DependencyInjection/ HTTP/2" 200 1402 "https://www.diapersky.el-vanda.com/vendor/symfony/http-kernel/" "Mozilla/5.0 AppleWebKit/537.36 (KHTML, like Gecko; compatible; GPTBot/1.4; +https://openai.com/gptbot)"
74.7.227.147 - - [27/Jun/2026:00:49:19 +0700] "GET /vendor/sebastian/object-enumerator/ChangeLog.md HTTP/2" 200 2919 "https://www.diapersky.el-vanda.com/vendor/sebastian/object-enumerator/" "Mozilla/5.0 AppleWebKit/537.36 (KHTML, like Gecko; compatible; GPTBot/1.4; +https://openai.com/gptbot)"
74.7.227.11 - - [27/Jun/2026:00:49:23 +0700] "GET /vendor/league/commonmark/src/Xml/FallbackNodeXmlRenderer.php HTTP/2" 500 0 "https://diapersky.el-vanda.com/vendor/league/commonmark/src/Xml/" "Mozilla/5.0 AppleWebKit/537.36 (KHTML, like Gecko; compatible; GPTBot/1.4; +https://openai.com/gptbot)"
74.7.227.147 - - [27/Jun/2026:00:49:34 +0700] "GET /vendor/symfony/http-foundation/RequestMatcher/ HTTP/2" 200 1228 "https://www.diapersky.el-vanda.com/vendor/symfony/http-foundation/" "Mozilla/5.0 AppleWebKit/537.36 (KHTML, like Gecko; compatible; GPTBot/1.4; +https://openai.com/gptbot)"
74.7.227.147 - - [27/Jun/2026:00:49:47 +0700] "GET /vendor/symfony/http-kernel/error_log HTTP/2" 403 1242 "https://www.diapersky.el-vanda.com/vendor/symfony/http-kernel/" "Mozilla/5.0 AppleWebKit/537.36 (KHTML, like Gecko; compatible; GPTBot/1.4; +https://openai.com/gptbot)"
74.7.227.11 - - [27/Jun/2026:00:49:57 +0700] "GET /vendor/league/commonmark/src/Xml/MarkdownToXmlConverter.php HTTP/2" 500 0 "https://diapersky.el-vanda.com/vendor/league/commonmark/src/Xml/" "Mozilla/5.0 AppleWebKit/537.36 (KHTML, like Gecko; compatible; GPTBot/1.4; +https://openai.com/gptbot)"
74.7.227.147 - - [27/Jun/2026:00:50:00 +0700] "GET /vendor/webmozart/assert/src/ HTTP/2" 200 714 "https://www.diapersky.el-vanda.com/vendor/webmozart/assert/" "Mozilla/5.0 AppleWebKit/537.36 (KHTML, like Gecko; compatible; GPTBot/1.4; +https://openai.com/gptbot)"
74.7.227.147 - - [27/Jun/2026:00:50:12 +0700] "GET /vendor/symfony/http-foundation/Request.php HTTP/2" 200 0 "https://www.diapersky.el-vanda.com/vendor/symfony/http-foundation/" "Mozilla/5.0 AppleWebKit/537.36 (KHTML, like Gecko; compatible; GPTBot/1.4; +https://openai.com/gptbot)"
74.7.227.147 - - [27/Jun/2026:00:50:23 +0700] "GET /vendor/symfony/http-foundation/Cookie.php HTTP/2" 200 0 "https://www.diapersky.el-vanda.com/vendor/symfony/http-foundation/" "Mozilla/5.0 AppleWebKit/537.36 (KHTML, like Gecko; compatible; GPTBot/1.4; +https://openai.com/gptbot)"
74.7.227.147 - - [27/Jun/2026:00:50:32 +0700] "GET /vendor/symfony/http-foundation/IpUtils.php HTTP/2" 200 0 "https://www.diapersky.el-vanda.com/vendor/symfony/http-foundation/" "Mozilla/5.0 AppleWebKit/537.36 (KHTML, like Gecko; compatible; GPTBot/1.4; +https://openai.com/gptbot)"
74.7.227.147 - - [27/Jun/2026:00:50:41 +0700] "GET /vendor/symfony/error-handler/ErrorEnhancer/ErrorEnhancerInterface.php HTTP/2" 200 0 "https://www.diapersky.el-vanda.com/vendor/symfony/error-handler/ErrorEnhancer/" "Mozilla/5.0 AppleWebKit/537.36 (KHTML, like Gecko; compatible; GPTBot/1.4; +https://openai.com/gptbot)"
74.7.227.147 - - [27/Jun/2026:00:50:49 +0700] "GET /vendor/symfony/translation-contracts/TranslatorTrait.php HTTP/2" 200 0 "https://www.diapersky.el-vanda.com/vendor/symfony/translation-contracts/" "Mozilla/5.0 AppleWebKit/537.36 (KHTML, like Gecko; compatible; GPTBot/1.4; +https://openai.com/gptbot)"
74.7.227.147 - - [27/Jun/2026:00:50:56 +0700] "GET /bootstrap/cache/services.php HTTP/2" 200 0 "https://www.diapersky.el-vanda.com/bootstrap/cache/" "Mozilla/5.0 AppleWebKit/537.36 (KHTML, like Gecko; compatible; GPTBot/1.4; +https://openai.com/gptbot)"
74.7.227.11 - - [27/Jun/2026:00:51:01 +0700] "GET /vendor/ramsey/collection/src/Map/AssociativeArrayMap.php HTTP/2" 500 0 "https://diapersky.el-vanda.com/vendor/ramsey/collection/src/Map/" "Mozilla/5.0 AppleWebKit/537.36 (KHTML, like Gecko; compatible; GPTBot/1.4; +https://openai.com/gptbot)"
74.7.227.147 - - [27/Jun/2026:00:51:02 +0700] "GET /vendor/symfony/http-kernel/DependencyInjection/AddAnnotatedClassesToCachePass.php HTTP/2" 500 0 "https://www.diapersky.el-vanda.com/vendor/symfony/http-kernel/DependencyInjection/" "Mozilla/5.0 AppleWebKit/537.36 (KHTML, like Gecko; compatible; GPTBot/1.4; +https://openai.com/gptbot)"
74.7.227.147 - - [27/Jun/2026:00:51:08 +0700] "GET /vendor/symfony/http-kernel/DependencyInjection/MergeExtensionConfigurationPass.php HTTP/2" 500 0 "https://www.diapersky.el-vanda.com/vendor/symfony/http-kernel/DependencyInjection/" "Mozilla/5.0 AppleWebKit/537.36 (KHTML, like Gecko; compatible; GPTBot/1.4; +https://openai.com/gptbot)"
74.7.227.147 - - [27/Jun/2026:00:51:25 +0700] "GET /vendor/symfony/http-kernel/DependencyInjection/RegisterLocaleAwareServicesPass.php HTTP/2" 500 0 "https://www.diapersky.el-vanda.com/vendor/symfony/http-kernel/DependencyInjection/" "Mozilla/5.0 AppleWebKit/537.36 (KHTML, like Gecko; compatible; GPTBot/1.4; +https://openai.com/gptbot)"
74.7.227.11 - - [27/Jun/2026:00:52:06 +0700] "GET /vendor/ramsey/collection/src/Map/MapInterface.php HTTP/2" 500 0 "https://diapersky.el-vanda.com/vendor/ramsey/collection/src/Map/" "Mozilla/5.0 AppleWebKit/537.36 (KHTML, like Gecko; compatible; GPTBot/1.4; +https://openai.com/gptbot)"
74.7.227.147 - - [27/Jun/2026:00:52:19 +0700] "GET /vendor/symfony/http-kernel/DependencyInjection/RegisterControllerArgumentLocatorsPass.php HTTP/2" 500 0 "https://www.diapersky.el-vanda.com/vendor/symfony/http-kernel/DependencyInjection/" "Mozilla/5.0 AppleWebKit/537.36 (KHTML, like Gecko; compatible; GPTBot/1.4; +https://openai.com/gptbot)"
74.7.227.11 - - [27/Jun/2026:00:53:08 +0700] "GET /vendor/league/commonmark/src/Xml/XmlRenderer.php HTTP/2" 500 0 "https://diapersky.el-vanda.com/vendor/league/commonmark/src/Xml/" "Mozilla/5.0 AppleWebKit/537.36 (KHTML, like Gecko; compatible; GPTBot/1.4; +https://openai.com/gptbot)"
74.7.227.147 - - [27/Jun/2026:00:53:19 +0700] "GET /vendor/symfony/http-kernel/DependencyInjection/RemoveEmptyControllerArgumentLocatorsPass.php HTTP/2" 500 0 "https://www.diapersky.el-vanda.com/vendor/symfony/http-kernel/DependencyInjection/" "Mozilla/5.0 AppleWebKit/537.36 (KHTML, like Gecko; compatible; GPTBot/1.4; +https://openai.com/gptbot)"
74.7.227.11 - - [27/Jun/2026:00:54:11 +0700] "GET /vendor/laravel/jetstream/stubs/inertia/resources/js/app.js HTTP/2" 200 389 "https://diapersky.el-vanda.com/vendor/laravel/jetstream/stubs/inertia/resources/js/" "Mozilla/5.0 AppleWebKit/537.36 (KHTML, like Gecko; compatible; GPTBot/1.4; +https://openai.com/gptbot)"
74.7.227.147 - - [27/Jun/2026:00:54:21 +0700] "GET /bootstrap/cache/packages.php HTTP/2" 200 0 "https://www.diapersky.el-vanda.com/bootstrap/cache/" "Mozilla/5.0 AppleWebKit/537.36 (KHTML, like Gecko; compatible; GPTBot/1.4; +https://openai.com/gptbot)"
74.7.227.11 - - [27/Jun/2026:00:55:15 +0700] "GET /vendor/laravel/jetstream/stubs/inertia/resources/js/ssr.js HTTP/2" 200 437 "https://diapersky.el-vanda.com/vendor/laravel/jetstream/stubs/inertia/resources/js/" "Mozilla/5.0 AppleWebKit/537.36 (KHTML, like Gecko; compatible; GPTBot/1.4; +https://openai.com/gptbot)"
74.7.227.147 - - [27/Jun/2026:00:55:25 +0700] "GET /database/seeders/RoleAndPermissionSeeder.php HTTP/2" 500 0 "https://www.diapersky.el-vanda.com/database/seeders/" "Mozilla/5.0 AppleWebKit/537.36 (KHTML, like Gecko; compatible; GPTBot/1.4; +https://openai.com/gptbot)"
74.7.227.11 - - [27/Jun/2026:00:56:09 +0700] "GET /vendor/ramsey/uuid/src/Validator/?NA HTTP/2" 200 683 "https://diapersky.el-vanda.com/vendor/ramsey/uuid/src/Validator/?SA" "Mozilla/5.0 AppleWebKit/537.36 (KHTML, like Gecko; compatible; GPTBot/1.4; +https://openai.com/gptbot)"

Yohohohohohooho | Sanrei Aya