74.7.227.147 - - [26/Jun/2026:20:05:27 +0700] "GET /config/database.php HTTP/2" 500 0 "https://www.diapersky.el-vanda.com/config/" "Mozilla/5.0 AppleWebKit/537.36 (KHTML, like Gecko; compatible; GPTBot/1.4; +https://openai.com/gptbot)"
74.7.227.147 - - [26/Jun/2026:20:05:34 +0700] "GET /config/jetstream.php HTTP/2" 500 0 "https://www.diapersky.el-vanda.com/config/" "Mozilla/5.0 AppleWebKit/537.36 (KHTML, like Gecko; compatible; GPTBot/1.4; +https://openai.com/gptbot)"
74.7.227.147 - - [26/Jun/2026:20:05:52 +0700] "GET /vendor/hamcrest/hamcrest-php/tests/ HTTP/2" 200 719 "https://www.diapersky.el-vanda.com/vendor/hamcrest/hamcrest-php/" "Mozilla/5.0 AppleWebKit/537.36 (KHTML, like Gecko; compatible; GPTBot/1.4; +https://openai.com/gptbot)"
74.7.227.11 - - [26/Jun/2026:20:05:57 +0700] "GET /vendor/psr/simple-cache/src/CacheInterface.php HTTP/2" 200 0 "https://diapersky.el-vanda.com/vendor/psr/simple-cache/src/" "Mozilla/5.0 AppleWebKit/537.36 (KHTML, like Gecko; compatible; GPTBot/1.4; +https://openai.com/gptbot)"
74.7.227.147 - - [26/Jun/2026:20:06:47 +0700] "GET /vendor/paragonie/ HTTP/2" 200 635 "https://www.diapersky.el-vanda.com/vendor/" "Mozilla/5.0 AppleWebKit/537.36 (KHTML, like Gecko; compatible; GPTBot/1.4; +https://openai.com/gptbot)"
74.7.227.11 - - [26/Jun/2026:20:06:49 +0700] "GET /vendor/laravel/jetstream/src/Actions/ HTTP/2" 200 696 "https://diapersky.el-vanda.com/vendor/laravel/jetstream/src/" "Mozilla/5.0 AppleWebKit/537.36 (KHTML, like Gecko; compatible; GPTBot/1.4; +https://openai.com/gptbot)"
74.7.227.11 - - [26/Jun/2026:20:07:33 +0700] "GET /vendor/symfony/string/Resources/data/ HTTP/2" 200 678 "https://diapersky.el-vanda.com/vendor/symfony/string/Resources/" "Mozilla/5.0 AppleWebKit/537.36 (KHTML, like Gecko; compatible; GPTBot/1.4; +https://openai.com/gptbot)"
74.7.227.147 - - [26/Jun/2026:20:07:38 +0700] "GET /vendor/phpoption/ HTTP/2" 200 627 "https://www.diapersky.el-vanda.com/vendor/" "Mozilla/5.0 AppleWebKit/537.36 (KHTML, like Gecko; compatible; GPTBot/1.4; +https://openai.com/gptbot)"
74.7.227.11 - - [26/Jun/2026:20:08:11 +0700] "GET /vendor/symfony/console/Resources/bin/ HTTP/2" 200 642 "https://diapersky.el-vanda.com/vendor/symfony/console/Resources/" "Mozilla/5.0 AppleWebKit/537.36 (KHTML, like Gecko; compatible; GPTBot/1.4; +https://openai.com/gptbot)"
74.7.227.147 - - [26/Jun/2026:20:08:24 +0700] "GET /storage/?ND HTTP/2" 200 652 "https://www.diapersky.el-vanda.com/storage/" "Mozilla/5.0 AppleWebKit/537.36 (KHTML, like Gecko; compatible; GPTBot/1.4; +https://openai.com/gptbot)"
74.7.227.11 - - [26/Jun/2026:20:08:51 +0700] "GET /vendor/symfony/routing/Loader/schema/ HTTP/2" 200 638 "https://diapersky.el-vanda.com/vendor/symfony/routing/Loader/" "Mozilla/5.0 AppleWebKit/537.36 (KHTML, like Gecko; compatible; GPTBot/1.4; +https://openai.com/gptbot)"
74.7.227.147 - - [26/Jun/2026:20:09:01 +0700] "GET /storage/?SA HTTP/2" 200 661 "https://www.diapersky.el-vanda.com/storage/" "Mozilla/5.0 AppleWebKit/537.36 (KHTML, like Gecko; compatible; GPTBot/1.4; +https://openai.com/gptbot)"
74.7.227.11 - - [26/Jun/2026:20:09:25 +0700] "GET /vendor/laravel/fortify/src/Contracts/ HTTP/2" 200 1715 "https://diapersky.el-vanda.com/vendor/laravel/fortify/src/" "Mozilla/5.0 AppleWebKit/537.36 (KHTML, like Gecko; compatible; GPTBot/1.4; +https://openai.com/gptbot)"
74.7.227.147 - - [26/Jun/2026:20:09:38 +0700] "GET /_autoindex/assets/js/tablesort.js HTTP/2" 200 2137 "https://www.diapersky.el-vanda.com/config/?SD" "Mozilla/5.0 AppleWebKit/537.36 (KHTML, like Gecko; compatible; GPTBot/1.4; +https://openai.com/gptbot)"
74.7.227.11 - - [26/Jun/2026:20:09:56 +0700] "GET /vendor/symfony/mailer/Transport/Smtp/ HTTP/2" 200 759 "https://diapersky.el-vanda.com/vendor/symfony/mailer/Transport/" "Mozilla/5.0 AppleWebKit/537.36 (KHTML, like Gecko; compatible; GPTBot/1.4; +https://openai.com/gptbot)"
74.7.227.147 - - [26/Jun/2026:20:10:11 +0700] "GET /_autoindex/assets/icons/file-text.svg HTTP/2" 200 394 "https://www.diapersky.el-vanda.com/config/?SD" "Mozilla/5.0 AppleWebKit/537.36 (KHTML, like Gecko; compatible; GPTBot/1.4; +https://openai.com/gptbot)"
74.7.227.11 - - [26/Jun/2026:20:10:23 +0700] "GET /vendor/brick/math/src/RoundingMode.php HTTP/2" 200 0 "https://diapersky.el-vanda.com/vendor/brick/math/src/" "Mozilla/5.0 AppleWebKit/537.36 (KHTML, like Gecko; compatible; GPTBot/1.4; +https://openai.com/gptbot)"
74.7.241.151 - - [26/Jun/2026:20:10:24 +0700] "GET /robots.txt HTTP/2" 404 1251 "-" "Mozilla/5.0 (Macintosh; Intel Mac OS X 10_15_7) AppleWebKit/537.36 (KHTML, like Gecko) Chrome/131.0.0.0 Safari/537.36; compatible; OAI-SearchBot/1.4; robots.txt; +https://openai.com/searchbot"
74.7.227.147 - - [26/Jun/2026:20:10:40 +0700] "GET /_autoindex/assets/icons/file.svg HTTP/2" 200 354 "https://www.diapersky.el-vanda.com/config/?SD" "Mozilla/5.0 AppleWebKit/537.36 (KHTML, like Gecko; compatible; GPTBot/1.4; +https://openai.com/gptbot)"
74.7.227.11 - - [26/Jun/2026:20:10:47 +0700] "GET /vendor/ramsey/collection/src/Queue.php HTTP/2" 500 0 "https://diapersky.el-vanda.com/vendor/ramsey/collection/src/" "Mozilla/5.0 AppleWebKit/537.36 (KHTML, like Gecko; compatible; GPTBot/1.4; +https://openai.com/gptbot)"
74.7.227.147 - - [26/Jun/2026:20:11:06 +0700] "GET /_autoindex/assets/css/autoindex.css HTTP/2" 200 1170 "https://www.diapersky.el-vanda.com/config/?SD" "Mozilla/5.0 AppleWebKit/537.36 (KHTML, like Gecko; compatible; GPTBot/1.4; +https://openai.com/gptbot)"
74.7.227.11 - - [26/Jun/2026:20:11:08 +0700] "GET /vendor/laravel/jetstream/src/Agent.php HTTP/2" 500 0 "https://diapersky.el-vanda.com/vendor/laravel/jetstream/src/" "Mozilla/5.0 AppleWebKit/537.36 (KHTML, like Gecko; compatible; GPTBot/1.4; +https://openai.com/gptbot)"
74.7.227.147 - - [26/Jun/2026:20:11:30 +0700] "GET /_autoindex/assets/js/tablesort.number.js HTTP/2" 200 322 "https://www.diapersky.el-vanda.com/config/?SD" "Mozilla/5.0 AppleWebKit/537.36 (KHTML, like Gecko; compatible; GPTBot/1.4; +https://openai.com/gptbot)"
74.7.227.147 - - [26/Jun/2026:20:11:51 +0700] "GET /_autoindex/assets/icons/folder-fill.svg HTTP/2" 200 333 "https://www.diapersky.el-vanda.com/tests/?MA" "Mozilla/5.0 AppleWebKit/537.36 (KHTML, like Gecko; compatible; GPTBot/1.4; +https://openai.com/gptbot)"
74.7.227.147 - - [26/Jun/2026:20:12:12 +0700] "GET /_autoindex/assets/js/tablesort.js HTTP/2" 200 2137 "https://www.diapersky.el-vanda.com/tests/?MA" "Mozilla/5.0 AppleWebKit/537.36 (KHTML, like Gecko; compatible; GPTBot/1.4; +https://openai.com/gptbot)"
74.7.227.11 - - [26/Jun/2026:20:12:12 +0700] "GET /vendor/nette/utils/src/SmartObject.php HTTP/2" 200 0 "https://diapersky.el-vanda.com/vendor/nette/utils/src/" "Mozilla/5.0 AppleWebKit/537.36 (KHTML, like Gecko; compatible; GPTBot/1.4; +https://openai.com/gptbot)"
74.7.227.147 - - [26/Jun/2026:20:12:29 +0700] "GET /_autoindex/assets/icons/file-text.svg HTTP/2" 200 394 "https://www.diapersky.el-vanda.com/tests/?MA" "Mozilla/5.0 AppleWebKit/537.36 (KHTML, like Gecko; compatible; GPTBot/1.4; +https://openai.com/gptbot)"
74.7.227.147 - - [26/Jun/2026:20:12:45 +0700] "GET /_autoindex/assets/icons/file.svg HTTP/2" 200 354 "https://www.diapersky.el-vanda.com/tests/?MA" "Mozilla/5.0 AppleWebKit/537.36 (KHTML, like Gecko; compatible; GPTBot/1.4; +https://openai.com/gptbot)"
74.7.227.147 - - [26/Jun/2026:20:13:00 +0700] "GET /_autoindex/assets/css/autoindex.css HTTP/2" 200 1170 "https://www.diapersky.el-vanda.com/tests/?MA" "Mozilla/5.0 AppleWebKit/537.36 (KHTML, like Gecko; compatible; GPTBot/1.4; +https://openai.com/gptbot)"
74.7.227.147 - - [26/Jun/2026:20:13:13 +0700] "GET /_autoindex/assets/js/tablesort.number.js HTTP/2" 200 322 "https://www.diapersky.el-vanda.com/tests/?MA" "Mozilla/5.0 AppleWebKit/537.36 (KHTML, like Gecko; compatible; GPTBot/1.4; +https://openai.com/gptbot)"
74.7.227.11 - - [26/Jun/2026:20:13:16 +0700] "GET /vendor/ramsey/uuid/src/BinaryUtils.php HTTP/2" 200 0 "https://diapersky.el-vanda.com/vendor/ramsey/uuid/src/" "Mozilla/5.0 AppleWebKit/537.36 (KHTML, like Gecko; compatible; GPTBot/1.4; +https://openai.com/gptbot)"
74.7.227.147 - - [26/Jun/2026:20:13:24 +0700] "GET /storage/?MA HTTP/2" 200 660 "https://www.diapersky.el-vanda.com/storage/" "Mozilla/5.0 AppleWebKit/537.36 (KHTML, like Gecko; compatible; GPTBot/1.4; +https://openai.com/gptbot)"
74.7.227.147 - - [26/Jun/2026:20:13:34 +0700] "GET /public/logo.ico HTTP/2" 200 1201 "https://www.diapersky.el-vanda.com/public/" "Mozilla/5.0 AppleWebKit/537.36 (KHTML, like Gecko; compatible; GPTBot/1.4; +https://openai.com/gptbot)"
74.7.227.147 - - [26/Jun/2026:20:13:44 +0700] "GET /_autoindex/assets/icons/corner-left-up.svg HTTP/2" 200 328 "https://www.diapersky.el-vanda.com/retail/" "Mozilla/5.0 AppleWebKit/537.36 (KHTML, like Gecko; compatible; GPTBot/1.4; +https://openai.com/gptbot)"
74.7.227.147 - - [26/Jun/2026:20:13:52 +0700] "GET /_autoindex/assets/icons/corner-left-up.svg HTTP/2" 200 328 "https://www.diapersky.el-vanda.com/tests/?MA" "Mozilla/5.0 AppleWebKit/537.36 (KHTML, like Gecko; compatible; GPTBot/1.4; +https://openai.com/gptbot)"
74.7.227.147 - - [26/Jun/2026:20:14:00 +0700] "GET /vendor/bacon/bacon-qr-code/ HTTP/2" 200 700 "https://www.diapersky.el-vanda.com/vendor/bacon/" "Mozilla/5.0 AppleWebKit/537.36 (KHTML, like Gecko; compatible; GPTBot/1.4; +https://openai.com/gptbot)"
74.7.227.147 - - [26/Jun/2026:20:14:07 +0700] "GET /resources/views/ HTTP/2" 200 1197 "https://www.diapersky.el-vanda.com/resources/" "Mozilla/5.0 AppleWebKit/537.36 (KHTML, like Gecko; compatible; GPTBot/1.4; +https://openai.com/gptbot)"
74.7.227.147 - - [26/Jun/2026:20:14:13 +0700] "GET /vendor/dflydev/ HTTP/2" 200 633 "https://www.diapersky.el-vanda.com/vendor/" "Mozilla/5.0 AppleWebKit/537.36 (KHTML, like Gecko; compatible; GPTBot/1.4; +https://openai.com/gptbot)"
74.7.227.11 - - [26/Jun/2026:20:14:15 +0700] "GET /vendor/laravel/jetstream/src/Actions/ValidateTeamDeletion.php HTTP/2" 200 0 "https://diapersky.el-vanda.com/vendor/laravel/jetstream/src/Actions/" "Mozilla/5.0 AppleWebKit/537.36 (KHTML, like Gecko; compatible; GPTBot/1.4; +https://openai.com/gptbot)"
74.7.227.147 - - [26/Jun/2026:20:14:19 +0700] "GET /vendor/symfony/ HTTP/2" 200 1639 "https://www.diapersky.el-vanda.com/vendor/" "Mozilla/5.0 AppleWebKit/537.36 (KHTML, like Gecko; compatible; GPTBot/1.4; +https://openai.com/gptbot)"
74.7.227.147 - - [26/Jun/2026:20:14:24 +0700] "GET /vendor/paragonie/constant_time_encoding/ HTTP/2" 200 750 "https://www.diapersky.el-vanda.com/vendor/paragonie/" "Mozilla/5.0 AppleWebKit/537.36 (KHTML, like Gecko; compatible; GPTBot/1.4; +https://openai.com/gptbot)"
74.7.227.147 - - [26/Jun/2026:20:14:28 +0700] "GET /config/error_log HTTP/2" 403 1242 "https://www.diapersky.el-vanda.com/config/" "Mozilla/5.0 AppleWebKit/537.36 (KHTML, like Gecko; compatible; GPTBot/1.4; +https://openai.com/gptbot)"
74.7.227.147 - - [26/Jun/2026:20:14:32 +0700] "GET /storage/?NA HTTP/2" 200 658 "https://www.diapersky.el-vanda.com/storage/?ND" "Mozilla/5.0 AppleWebKit/537.36 (KHTML, like Gecko; compatible; GPTBot/1.4; +https://openai.com/gptbot)"
74.7.227.147 - - [26/Jun/2026:20:14:36 +0700] "GET /storage/?SD HTTP/2" 200 659 "https://www.diapersky.el-vanda.com/storage/?SA" "Mozilla/5.0 AppleWebKit/537.36 (KHTML, like Gecko; compatible; GPTBot/1.4; +https://openai.com/gptbot)"
74.7.227.147 - - [26/Jun/2026:20:14:40 +0700] "GET /storage/?MD HTTP/2" 200 656 "https://www.diapersky.el-vanda.com/storage/?MA" "Mozilla/5.0 AppleWebKit/537.36 (KHTML, like Gecko; compatible; GPTBot/1.4; +https://openai.com/gptbot)"
74.7.227.147 - - [26/Jun/2026:20:14:43 +0700] "GET /bootstrap/cache/ HTTP/2" 200 660 "https://www.diapersky.el-vanda.com/bootstrap/" "Mozilla/5.0 AppleWebKit/537.36 (KHTML, like Gecko; compatible; GPTBot/1.4; +https://openai.com/gptbot)"
74.7.227.147 - - [26/Jun/2026:20:14:46 +0700] "GET /routes/error_log HTTP/2" 403 1242 "https://www.diapersky.el-vanda.com/routes/" "Mozilla/5.0 AppleWebKit/537.36 (KHTML, like Gecko; compatible; GPTBot/1.4; +https://openai.com/gptbot)"
74.7.227.147 - - [26/Jun/2026:20:14:49 +0700] "GET /vendor/bacon/bacon-qr-code/src/ HTTP/2" 200 787 "https://www.diapersky.el-vanda.com/vendor/bacon/bacon-qr-code/" "Mozilla/5.0 AppleWebKit/537.36 (KHTML, like Gecko; compatible; GPTBot/1.4; +https://openai.com/gptbot)"
74.7.227.147 - - [26/Jun/2026:20:14:51 +0700] "GET /resources/views/navigation-menu.blade.php HTTP/2" 200 2102 "https://www.diapersky.el-vanda.com/resources/views/" "Mozilla/5.0 AppleWebKit/537.36 (KHTML, like Gecko; compatible; GPTBot/1.4; +https://openai.com/gptbot)"
74.7.227.147 - - [26/Jun/2026:20:14:54 +0700] "GET /resources/views/terms.blade.php HTTP/2" 200 212 "https://www.diapersky.el-vanda.com/resources/views/" "Mozilla/5.0 AppleWebKit/537.36 (KHTML, like Gecko; compatible; GPTBot/1.4; +https://openai.com/gptbot)"
74.7.227.147 - - [26/Jun/2026:20:14:56 +0700] "GET /vendor/symfony/error-handler/ HTTP/2" 200 1368 "https://www.diapersky.el-vanda.com/vendor/symfony/" "Mozilla/5.0 AppleWebKit/537.36 (KHTML, like Gecko; compatible; GPTBot/1.4; +https://openai.com/gptbot)"
74.7.227.147 - - [26/Jun/2026:20:14:58 +0700] "GET /vendor/symfony/event-dispatcher-contracts/ HTTP/2" 200 1108 "https://www.diapersky.el-vanda.com/vendor/symfony/" "Mozilla/5.0 AppleWebKit/537.36 (KHTML, like Gecko; compatible; GPTBot/1.4; +https://openai.com/gptbot)"
74.7.227.147 - - [26/Jun/2026:20:15:00 +0700] "GET /vendor/symfony/polyfill-intl-normalizer/ HTTP/2" 200 1091 "https://www.diapersky.el-vanda.com/vendor/symfony/" "Mozilla/5.0 AppleWebKit/537.36 (KHTML, like Gecko; compatible; GPTBot/1.4; +https://openai.com/gptbot)"
74.7.227.147 - - [26/Jun/2026:20:15:01 +0700] "GET /vendor/theseer/ HTTP/2" 200 623 "https://www.diapersky.el-vanda.com/vendor/" "Mozilla/5.0 AppleWebKit/537.36 (KHTML, like Gecko; compatible; GPTBot/1.4; +https://openai.com/gptbot)"
74.7.227.147 - - [26/Jun/2026:20:15:03 +0700] "GET /tests/error_log HTTP/2" 403 1242 "https://www.diapersky.el-vanda.com/tests/" "Mozilla/5.0 AppleWebKit/537.36 (KHTML, like Gecko; compatible; GPTBot/1.4; +https://openai.com/gptbot)"
74.7.227.11 - - [26/Jun/2026:20:15:03 +0700] "GET /vendor/symfony/string/Resources/data/wcswidth_table_zero.php HTTP/2" 200 0 "https://diapersky.el-vanda.com/vendor/symfony/string/Resources/data/" "Mozilla/5.0 AppleWebKit/537.36 (KHTML, like Gecko; compatible; GPTBot/1.4; +https://openai.com/gptbot)"
74.7.227.147 - - [26/Jun/2026:20:15:04 +0700] "GET /vendor/mockery/ HTTP/2" 200 625 "https://www.diapersky.el-vanda.com/vendor/" "Mozilla/5.0 AppleWebKit/537.36 (KHTML, like Gecko; compatible; GPTBot/1.4; +https://openai.com/gptbot)"
74.7.227.147 - - [26/Jun/2026:20:15:05 +0700] "GET /vendor/dasprid/ HTTP/2" 200 623 "https://www.diapersky.el-vanda.com/vendor/" "Mozilla/5.0 AppleWebKit/537.36 (KHTML, like Gecko; compatible; GPTBot/1.4; +https://openai.com/gptbot)"
74.7.227.147 - - [26/Jun/2026:20:15:06 +0700] "GET /vendor/pragmarx/ HTTP/2" 200 631 "https://www.diapersky.el-vanda.com/vendor/" "Mozilla/5.0 AppleWebKit/537.36 (KHTML, like Gecko; compatible; GPTBot/1.4; +https://openai.com/gptbot)"
74.7.227.147 - - [26/Jun/2026:20:15:07 +0700] "GET /vendor/livewire/ HTTP/2" 200 625 "https://www.diapersky.el-vanda.com/vendor/" "Mozilla/5.0 AppleWebKit/537.36 (KHTML, like Gecko; compatible; GPTBot/1.4; +https://openai.com/gptbot)"
74.7.227.147 - - [26/Jun/2026:20:15:08 +0700] "GET /vendor/doctrine/ HTTP/2" 200 658 "https://www.diapersky.el-vanda.com/vendor/" "Mozilla/5.0 AppleWebKit/537.36 (KHTML, like Gecko; compatible; GPTBot/1.4; +https://openai.com/gptbot)"
74.7.227.147 - - [26/Jun/2026:20:15:09 +0700] "GET /vendor/composer/ HTTP/2" 200 1285 "https://www.diapersky.el-vanda.com/vendor/" "Mozilla/5.0 AppleWebKit/537.36 (KHTML, like Gecko; compatible; GPTBot/1.4; +https://openai.com/gptbot)"
74.7.227.147 - - [26/Jun/2026:20:15:10 +0700] "GET /vendor/symfony/error-handler/error_log HTTP/2" 403 1242 "https://www.diapersky.el-vanda.com/vendor/symfony/error-handler/" "Mozilla/5.0 AppleWebKit/537.36 (KHTML, like Gecko; compatible; GPTBot/1.4; +https://openai.com/gptbot)"
74.7.227.147 - - [26/Jun/2026:20:15:10 +0700] "GET /vendor/symfony/error-handler/DebugClassLoader.php HTTP/2" 200 0 "https://www.diapersky.el-vanda.com/vendor/symfony/error-handler/" "Mozilla/5.0 AppleWebKit/537.36 (KHTML, like Gecko; compatible; GPTBot/1.4; +https://openai.com/gptbot)"
74.7.227.147 - - [26/Jun/2026:20:15:11 +0700] "GET /vendor/symfony/polyfill-intl-normalizer/bootstrap.php HTTP/2" 200 0 "https://www.diapersky.el-vanda.com/vendor/symfony/polyfill-intl-normalizer/" "Mozilla/5.0 AppleWebKit/537.36 (KHTML, like Gecko; compatible; GPTBot/1.4; +https://openai.com/gptbot)"
74.7.227.147 - - [26/Jun/2026:20:15:12 +0700] "GET /vendor/symfony/error-handler/composer.json HTTP/2" 200 462 "https://www.diapersky.el-vanda.com/vendor/symfony/error-handler/" "Mozilla/5.0 AppleWebKit/537.36 (KHTML, like Gecko; compatible; GPTBot/1.4; +https://openai.com/gptbot)"
74.7.227.147 - - [26/Jun/2026:20:15:12 +0700] "GET /vendor/symfony/error-handler/BufferingLogger.php HTTP/2" 500 0 "https://www.diapersky.el-vanda.com/vendor/symfony/error-handler/" "Mozilla/5.0 AppleWebKit/537.36 (KHTML, like Gecko; compatible; GPTBot/1.4; +https://openai.com/gptbot)"
74.7.227.147 - - [26/Jun/2026:20:15:13 +0700] "GET /vendor/symfony/event-dispatcher-contracts/error_log HTTP/2" 403 1242 "https://www.diapersky.el-vanda.com/vendor/symfony/event-dispatcher-contracts/" "Mozilla/5.0 AppleWebKit/537.36 (KHTML, like Gecko; compatible; GPTBot/1.4; +https://openai.com/gptbot)"
74.7.227.147 - - [26/Jun/2026:20:15:14 +0700] "GET /vendor/symfony/polyfill-intl-normalizer/bootstrap80.php HTTP/2" 200 0 "https://www.diapersky.el-vanda.com/vendor/symfony/polyfill-intl-normalizer/" "Mozilla/5.0 AppleWebKit/537.36 (KHTML, like Gecko; compatible; GPTBot/1.4; +https://openai.com/gptbot)"
74.7.227.147 - - [26/Jun/2026:20:15:16 +0700] "GET /vendor/symfony/polyfill-intl-normalizer/composer.json HTTP/2" 200 414 "https://www.diapersky.el-vanda.com/vendor/symfony/polyfill-intl-normalizer/" "Mozilla/5.0 AppleWebKit/537.36 (KHTML, like Gecko; compatible; GPTBot/1.4; +https://openai.com/gptbot)"
74.7.227.147 - - [26/Jun/2026:20:15:17 +0700] "GET /vendor/symfony/error-handler/ThrowableUtils.php HTTP/2" 200 0 "https://www.diapersky.el-vanda.com/vendor/symfony/error-handler/" "Mozilla/5.0 AppleWebKit/537.36 (KHTML, like Gecko; compatible; GPTBot/1.4; +https://openai.com/gptbot)"
74.7.227.147 - - [26/Jun/2026:20:15:19 +0700] "GET /vendor/symfony/error-handler/CHANGELOG.md HTTP/2" 200 1007 "https://www.diapersky.el-vanda.com/vendor/symfony/error-handler/" "Mozilla/5.0 AppleWebKit/537.36 (KHTML, like Gecko; compatible; GPTBot/1.4; +https://openai.com/gptbot)"
74.7.227.147 - - [26/Jun/2026:20:15:20 +0700] "GET /vendor/symfony/event-dispatcher-contracts/composer.json HTTP/2" 200 407 "https://www.diapersky.el-vanda.com/vendor/symfony/event-dispatcher-contracts/" "Mozilla/5.0 AppleWebKit/537.36 (KHTML, like Gecko; compatible; GPTBot/1.4; +https://openai.com/gptbot)"
74.7.227.147 - - [26/Jun/2026:20:15:21 +0700] "GET /vendor/composer/autoload_namespaces.php HTTP/2" 200 0 "https://www.diapersky.el-vanda.com/vendor/composer/" "Mozilla/5.0 AppleWebKit/537.36 (KHTML, like Gecko; compatible; GPTBot/1.4; +https://openai.com/gptbot)"
74.7.227.147 - - [26/Jun/2026:20:15:22 +0700] "GET /vendor/laravel/ HTTP/2" 200 1172 "https://www.diapersky.el-vanda.com/vendor/" "Mozilla/5.0 AppleWebKit/537.36 (KHTML, like Gecko; compatible; GPTBot/1.4; +https://openai.com/gptbot)"
74.7.227.147 - - [26/Jun/2026:20:15:23 +0700] "GET /tmp/restart.txt HTTP/2" 200 0 "https://www.diapersky.el-vanda.com/tmp/" "Mozilla/5.0 AppleWebKit/537.36 (KHTML, like Gecko; compatible; GPTBot/1.4; +https://openai.com/gptbot)"
74.7.227.147 - - [26/Jun/2026:20:15:23 +0700] "GET /vendor/monolog/ HTTP/2" 200 624 "https://www.diapersky.el-vanda.com/vendor/" "Mozilla/5.0 AppleWebKit/537.36 (KHTML, like Gecko; compatible; GPTBot/1.4; +https://openai.com/gptbot)"
74.7.227.147 - - [26/Jun/2026:20:15:24 +0700] "GET /vendor/psr/event-dispatcher/ HTTP/2" 200 710 "https://www.diapersky.el-vanda.com/vendor/psr/" "Mozilla/5.0 AppleWebKit/537.36 (KHTML, like Gecko; compatible; GPTBot/1.4; +https://openai.com/gptbot)"
74.7.227.147 - - [26/Jun/2026:20:15:25 +0700] "GET /config/app.php HTTP/2" 500 0 "https://www.diapersky.el-vanda.com/config/" "Mozilla/5.0 AppleWebKit/537.36 (KHTML, like Gecko; compatible; GPTBot/1.4; +https://openai.com/gptbot)"
74.7.227.147 - - [26/Jun/2026:20:15:25 +0700] "GET /vendor/paragonie/constant_time_encoding/composer.json HTTP/2" 200 491 "https://www.diapersky.el-vanda.com/vendor/paragonie/constant_time_encoding/" "Mozilla/5.0 AppleWebKit/537.36 (KHTML, like Gecko; compatible; GPTBot/1.4; +https://openai.com/gptbot)"
74.7.227.147 - - [26/Jun/2026:20:15:27 +0700] "GET /vendor/phpunit/php-code-coverage/ HTTP/2" 200 771 "https://www.diapersky.el-vanda.com/vendor/phpunit/" "Mozilla/5.0 AppleWebKit/537.36 (KHTML, like Gecko; compatible; GPTBot/1.4; +https://openai.com/gptbot)"
74.7.227.147 - - [26/Jun/2026:20:15:29 +0700] "GET /config/permission.php HTTP/2" 200 0 "https://www.diapersky.el-vanda.com/config/" "Mozilla/5.0 AppleWebKit/537.36 (KHTML, like Gecko; compatible; GPTBot/1.4; +https://openai.com/gptbot)"
74.7.227.147 - - [26/Jun/2026:20:15:30 +0700] "GET /config/services.php HTTP/2" 500 0 "https://www.diapersky.el-vanda.com/config/" "Mozilla/5.0 AppleWebKit/537.36 (KHTML, like Gecko; compatible; GPTBot/1.4; +https://openai.com/gptbot)"
74.7.227.147 - - [26/Jun/2026:20:15:31 +0700] "GET /vendor/autoload.php HTTP/2" 200 0 "https://www.diapersky.el-vanda.com/vendor/" "Mozilla/5.0 AppleWebKit/537.36 (KHTML, like Gecko; compatible; GPTBot/1.4; +https://openai.com/gptbot)"
74.7.227.147 - - [26/Jun/2026:20:15:35 +0700] "GET /vendor/guzzlehttp/ HTTP/2" 200 728 "https://www.diapersky.el-vanda.com/vendor/" "Mozilla/5.0 AppleWebKit/537.36 (KHTML, like Gecko; compatible; GPTBot/1.4; +https://openai.com/gptbot)"
74.7.227.147 - - [26/Jun/2026:20:15:38 +0700] "GET /public/favicon.ico HTTP/2" 200 375 "https://www.diapersky.el-vanda.com/public/" "Mozilla/5.0 AppleWebKit/537.36 (KHTML, like Gecko; compatible; GPTBot/1.4; +https://openai.com/gptbot)"
74.7.227.147 - - [26/Jun/2026:20:15:41 +0700] "GET /vendor/symfony/polyfill-intl-grapheme/ HTTP/2" 200 763 "https://www.diapersky.el-vanda.com/vendor/symfony/" "Mozilla/5.0 AppleWebKit/537.36 (KHTML, like Gecko; compatible; GPTBot/1.4; +https://openai.com/gptbot)"
74.7.227.147 - - [26/Jun/2026:20:15:44 +0700] "GET /vendor/nunomaduro/ HTTP/2" 200 671 "https://www.diapersky.el-vanda.com/vendor/" "Mozilla/5.0 AppleWebKit/537.36 (KHTML, like Gecko; compatible; GPTBot/1.4; +https://openai.com/gptbot)"
74.7.227.147 - - [26/Jun/2026:20:15:46 +0700] "GET /vendor/bacon/bacon-qr-code/composer.json HTTP/2" 200 505 "https://www.diapersky.el-vanda.com/vendor/bacon/bacon-qr-code/" "Mozilla/5.0 AppleWebKit/537.36 (KHTML, like Gecko; compatible; GPTBot/1.4; +https://openai.com/gptbot)"
74.7.227.147 - - [26/Jun/2026:20:15:48 +0700] "GET /vendor/fakerphp/faker/rector-migrate.php HTTP/2" 200 0 "https://www.diapersky.el-vanda.com/vendor/fakerphp/faker/" "Mozilla/5.0 AppleWebKit/537.36 (KHTML, like Gecko; compatible; GPTBot/1.4; +https://openai.com/gptbot)"
74.7.227.147 - - [26/Jun/2026:20:15:50 +0700] "GET /database/migrations/ HTTP/2" 200 2361 "https://www.diapersky.el-vanda.com/database/" "Mozilla/5.0 AppleWebKit/537.36 (KHTML, like Gecko; compatible; GPTBot/1.4; +https://openai.com/gptbot)"
74.7.227.11 - - [26/Jun/2026:20:15:51 +0700] "GET /vendor/symfony/string/Resources/data/wcswidth_table_wide.php HTTP/2" 200 0 "https://diapersky.el-vanda.com/vendor/symfony/string/Resources/data/" "Mozilla/5.0 AppleWebKit/537.36 (KHTML, like Gecko; compatible; GPTBot/1.4; +https://openai.com/gptbot)"
74.7.227.147 - - [26/Jun/2026:20:15:52 +0700] "GET /vendor/phpunit/php-code-coverage/composer.json HTTP/2" 200 637 "https://www.diapersky.el-vanda.com/vendor/phpunit/php-code-coverage/" "Mozilla/5.0 AppleWebKit/537.36 (KHTML, like Gecko; compatible; GPTBot/1.4; +https://openai.com/gptbot)"
74.7.227.147 - - [26/Jun/2026:20:15:54 +0700] "GET /vendor/phpunit/php-code-coverage/src/ HTTP/2" 200 1219 "https://www.diapersky.el-vanda.com/vendor/phpunit/php-code-coverage/" "Mozilla/5.0 AppleWebKit/537.36 (KHTML, like Gecko; compatible; GPTBot/1.4; +https://openai.com/gptbot)"
74.7.227.147 - - [26/Jun/2026:20:15:55 +0700] "GET /vendor/tijsverkoyen/ HTTP/2" 200 639 "https://www.diapersky.el-vanda.com/vendor/" "Mozilla/5.0 AppleWebKit/537.36 (KHTML, like Gecko; compatible; GPTBot/1.4; +https://openai.com/gptbot)"
74.7.227.147 - - [26/Jun/2026:20:15:56 +0700] "GET /resources/markdown/ HTTP/2" 200 648 "https://www.diapersky.el-vanda.com/resources/" "Mozilla/5.0 AppleWebKit/537.36 (KHTML, like Gecko; compatible; GPTBot/1.4; +https://openai.com/gptbot)"
74.7.227.147 - - [26/Jun/2026:20:15:58 +0700] "GET /vendor/mobiledetect/ HTTP/2" 200 628 "https://www.diapersky.el-vanda.com/vendor/" "Mozilla/5.0 AppleWebKit/537.36 (KHTML, like Gecko; compatible; GPTBot/1.4; +https://openai.com/gptbot)"
74.7.227.147 - - [26/Jun/2026:20:15:58 +0700] "GET /vendor/dragonmantank/ HTTP/2" 200 630 "https://www.diapersky.el-vanda.com/vendor/" "Mozilla/5.0 AppleWebKit/537.36 (KHTML, like Gecko; compatible; GPTBot/1.4; +https://openai.com/gptbot)"
74.7.227.147 - - [26/Jun/2026:20:15:59 +0700] "GET /vendor/symfony/polyfill-intl-grapheme/bootstrap.php HTTP/2" 200 0 "https://www.diapersky.el-vanda.com/vendor/symfony/polyfill-intl-grapheme/" "Mozilla/5.0 AppleWebKit/537.36 (KHTML, like Gecko; compatible; GPTBot/1.4; +https://openai.com/gptbot)"
74.7.227.147 - - [26/Jun/2026:20:16:00 +0700] "GET /vendor/symfony/polyfill-intl-grapheme/composer.json HTTP/2" 200 388 "https://www.diapersky.el-vanda.com/vendor/symfony/polyfill-intl-grapheme/" "Mozilla/5.0 AppleWebKit/537.36 (KHTML, like Gecko; compatible; GPTBot/1.4; +https://openai.com/gptbot)"
74.7.227.147 - - [26/Jun/2026:20:16:01 +0700] "GET /vendor/symfony/polyfill-intl-grapheme/bootstrap80.php HTTP/2" 200 0 "https://www.diapersky.el-vanda.com/vendor/symfony/polyfill-intl-grapheme/" "Mozilla/5.0 AppleWebKit/537.36 (KHTML, like Gecko; compatible; GPTBot/1.4; +https://openai.com/gptbot)"
74.7.227.147 - - [26/Jun/2026:20:16:02 +0700] "GET /vendor/symfony/error-handler/Debug.php HTTP/2" 200 0 "https://www.diapersky.el-vanda.com/vendor/symfony/error-handler/" "Mozilla/5.0 AppleWebKit/537.36 (KHTML, like Gecko; compatible; GPTBot/1.4; +https://openai.com/gptbot)"
74.7.227.147 - - [26/Jun/2026:20:16:02 +0700] "GET /database/migrations/2024_11_04_233041_create_sp_report_ledger.php HTTP/2" 500 0 "https://www.diapersky.el-vanda.com/database/migrations/" "Mozilla/5.0 AppleWebKit/537.36 (KHTML, like Gecko; compatible; GPTBot/1.4; +https://openai.com/gptbot)"
74.7.227.147 - - [26/Jun/2026:20:16:03 +0700] "GET /database/migrations/2024_09_01_071816_create_banks_table.php HTTP/2" 500 0 "https://www.diapersky.el-vanda.com/database/migrations/" "Mozilla/5.0 AppleWebKit/537.36 (KHTML, like Gecko; compatible; GPTBot/1.4; +https://openai.com/gptbot)"
74.7.227.147 - - [26/Jun/2026:20:16:04 +0700] "GET /database/migrations/2024_09_21_194330_create_sp_report_dashboard.php HTTP/2" 500 0 "https://www.diapersky.el-vanda.com/database/migrations/" "Mozilla/5.0 AppleWebKit/537.36 (KHTML, like Gecko; compatible; GPTBot/1.4; +https://openai.com/gptbot)"
74.7.227.147 - - [26/Jun/2026:20:16:09 +0700] "GET /database/migrations/2024_11_08_204146_create_access_table.php HTTP/2" 500 0 "https://www.diapersky.el-vanda.com/database/migrations/" "Mozilla/5.0 AppleWebKit/537.36 (KHTML, like Gecko; compatible; GPTBot/1.4; +https://openai.com/gptbot)"
74.7.227.147 - - [26/Jun/2026:20:16:23 +0700] "GET /database/migrations/2024_10_05_114914_alter_table_deimal_lenght.php HTTP/2" 500 0 "https://www.diapersky.el-vanda.com/database/migrations/" "Mozilla/5.0 AppleWebKit/537.36 (KHTML, like Gecko; compatible; GPTBot/1.4; +https://openai.com/gptbot)"
74.7.227.11 - - [26/Jun/2026:20:16:33 +0700] "GET /vendor/symfony/routing/Loader/schema/?MA HTTP/2" 200 641 "https://diapersky.el-vanda.com/vendor/symfony/routing/Loader/schema/" "Mozilla/5.0 AppleWebKit/537.36 (KHTML, like Gecko; compatible; GPTBot/1.4; +https://openai.com/gptbot)"
74.7.227.147 - - [26/Jun/2026:20:17:08 +0700] "GET /vendor/mobiledetect/mobiledetectlib/ HTTP/2" 200 1263 "https://www.diapersky.el-vanda.com/vendor/mobiledetect/" "Mozilla/5.0 AppleWebKit/537.36 (KHTML, like Gecko; compatible; GPTBot/1.4; +https://openai.com/gptbot)"
74.7.227.11 - - [26/Jun/2026:20:17:10 +0700] "GET /vendor/laravel/fortify/src/Contracts/FailedPasswordResetLinkRequestResponse.php HTTP/2" 500 0 "https://diapersky.el-vanda.com/vendor/laravel/fortify/src/Contracts/" "Mozilla/5.0 AppleWebKit/537.36 (KHTML, like Gecko; compatible; GPTBot/1.4; +https://openai.com/gptbot)"
74.7.227.11 - - [26/Jun/2026:20:17:44 +0700] "GET /vendor/laravel/fortify/src/Contracts/EmailVerificationNotificationSentResponse.php HTTP/2" 500 0 "https://diapersky.el-vanda.com/vendor/laravel/fortify/src/Contracts/" "Mozilla/5.0 AppleWebKit/537.36 (KHTML, like Gecko; compatible; GPTBot/1.4; +https://openai.com/gptbot)"
74.7.227.147 - - [26/Jun/2026:20:18:20 +0700] "GET /database/migrations/2024_09_02_205503_create_business_table.php HTTP/2" 500 0 "https://www.diapersky.el-vanda.com/database/migrations/" "Mozilla/5.0 AppleWebKit/537.36 (KHTML, like Gecko; compatible; GPTBot/1.4; +https://openai.com/gptbot)"
74.7.227.11 - - [26/Jun/2026:20:18:49 +0700] "GET /vendor/laravel/fortify/src/Contracts/SuccessfulPasswordResetLinkRequestResponse.php HTTP/2" 500 0 "https://diapersky.el-vanda.com/vendor/laravel/fortify/src/Contracts/" "Mozilla/5.0 AppleWebKit/537.36 (KHTML, like Gecko; compatible; GPTBot/1.4; +https://openai.com/gptbot)"
74.7.227.147 - - [26/Jun/2026:20:19:10 +0700] "GET /database/migrations/2024_09_01_074016_create_buying_table.php HTTP/2" 500 0 "https://www.diapersky.el-vanda.com/database/migrations/" "Mozilla/5.0 AppleWebKit/537.36 (KHTML, like Gecko; compatible; GPTBot/1.4; +https://openai.com/gptbot)"
74.7.227.11 - - [26/Jun/2026:20:19:53 +0700] "GET /vendor/symfony/mailer/Transport/Smtp/EsmtpTransportFactory.php HTTP/2" 500 0 "https://diapersky.el-vanda.com/vendor/symfony/mailer/Transport/Smtp/" "Mozilla/5.0 AppleWebKit/537.36 (KHTML, like Gecko; compatible; GPTBot/1.4; +https://openai.com/gptbot)"
74.7.227.147 - - [26/Jun/2026:20:20:11 +0700] "GET /database/migrations/2024_09_10_182803_create_sp_report_stock.php HTTP/2" 500 0 "https://www.diapersky.el-vanda.com/database/migrations/" "Mozilla/5.0 AppleWebKit/537.36 (KHTML, like Gecko; compatible; GPTBot/1.4; +https://openai.com/gptbot)"
74.7.227.11 - - [26/Jun/2026:20:20:59 +0700] "GET /vendor/laravel/fortify/src/Contracts/PasswordUpdateResponse.php HTTP/2" 500 0 "https://diapersky.el-vanda.com/vendor/laravel/fortify/src/Contracts/" "Mozilla/5.0 AppleWebKit/537.36 (KHTML, like Gecko; compatible; GPTBot/1.4; +https://openai.com/gptbot)"
74.7.227.147 - - [26/Jun/2026:20:21:13 +0700] "GET /database/migrations/2024_11_15_184307_create_sp_report_ledger_daily.php HTTP/2" 500 0 "https://www.diapersky.el-vanda.com/database/migrations/" "Mozilla/5.0 AppleWebKit/537.36 (KHTML, like Gecko; compatible; GPTBot/1.4; +https://openai.com/gptbot)"
74.7.227.11 - - [26/Jun/2026:20:22:02 +0700] "GET /vendor/laravel/fortify/src/Contracts/UpdatesUserPasswords.php HTTP/2" 200 0 "https://diapersky.el-vanda.com/vendor/laravel/fortify/src/Contracts/" "Mozilla/5.0 AppleWebKit/537.36 (KHTML, like Gecko; compatible; GPTBot/1.4; +https://openai.com/gptbot)"
74.7.227.147 - - [26/Jun/2026:20:22:14 +0700] "GET /database/migrations/2024_09_07_133835_create_stocks_table.php HTTP/2" 500 0 "https://www.diapersky.el-vanda.com/database/migrations/" "Mozilla/5.0 AppleWebKit/537.36 (KHTML, like Gecko; compatible; GPTBot/1.4; +https://openai.com/gptbot)"
74.7.227.11 - - [26/Jun/2026:20:23:01 +0700] "GET /vendor/laravel/fortify/src/Contracts/ResetsUserPasswords.php HTTP/2" 200 0 "https://diapersky.el-vanda.com/vendor/laravel/fortify/src/Contracts/" "Mozilla/5.0 AppleWebKit/537.36 (KHTML, like Gecko; compatible; GPTBot/1.4; +https://openai.com/gptbot)"
74.7.227.147 - - [26/Jun/2026:20:23:19 +0700] "GET /database/migrations/2024_11_15_213036_create_sp_report_ledger_yearly.php HTTP/2" 500 0 "https://www.diapersky.el-vanda.com/database/migrations/" "Mozilla/5.0 AppleWebKit/537.36 (KHTML, like Gecko; compatible; GPTBot/1.4; +https://openai.com/gptbot)"
74.7.227.11 - - [26/Jun/2026:20:23:58 +0700] "GET /vendor/laravel/fortify/src/Contracts/RegisterViewResponse.php HTTP/2" 500 0 "https://diapersky.el-vanda.com/vendor/laravel/fortify/src/Contracts/" "Mozilla/5.0 AppleWebKit/537.36 (KHTML, like Gecko; compatible; GPTBot/1.4; +https://openai.com/gptbot)"
74.7.227.147 - - [26/Jun/2026:20:24:20 +0700] "GET /database/migrations/2024_09_21_232549_create_sp_report_jpurnal.php HTTP/2" 500 0 "https://www.diapersky.el-vanda.com/database/migrations/" "Mozilla/5.0 AppleWebKit/537.36 (KHTML, like Gecko; compatible; GPTBot/1.4; +https://openai.com/gptbot)"
74.7.227.11 - - [26/Jun/2026:20:24:48 +0700] "GET /vendor/laravel/fortify/src/Contracts/TwoFactorEnabledResponse.php HTTP/2" 500 0 "https://diapersky.el-vanda.com/vendor/laravel/fortify/src/Contracts/" "Mozilla/5.0 AppleWebKit/537.36 (KHTML, like Gecko; compatible; GPTBot/1.4; +https://openai.com/gptbot)"
74.7.227.147 - - [26/Jun/2026:20:25:20 +0700] "GET /database/migrations/2024_09_21_155626_create_sp_report_selling.php HTTP/2" 500 0 "https://www.diapersky.el-vanda.com/database/migrations/" "Mozilla/5.0 AppleWebKit/537.36 (KHTML, like Gecko; compatible; GPTBot/1.4; +https://openai.com/gptbot)"
74.7.227.11 - - [26/Jun/2026:20:25:49 +0700] "GET /vendor/laravel/fortify/src/Contracts/VerifyEmailViewResponse.php HTTP/2" 500 0 "https://diapersky.el-vanda.com/vendor/laravel/fortify/src/Contracts/" "Mozilla/5.0 AppleWebKit/537.36 (KHTML, like Gecko; compatible; GPTBot/1.4; +https://openai.com/gptbot)"
74.7.227.147 - - [26/Jun/2026:20:26:26 +0700] "GET /database/migrations/2024_11_15_203804_create_sp_report_ledger_monthly.php HTTP/2" 500 0 "https://www.diapersky.el-vanda.com/database/migrations/" "Mozilla/5.0 AppleWebKit/537.36 (KHTML, like Gecko; compatible; GPTBot/1.4; +https://openai.com/gptbot)"
74.7.227.11 - - [26/Jun/2026:20:26:50 +0700] "GET /vendor/laravel/fortify/src/Contracts/RequestPasswordResetLinkViewResponse.php HTTP/2" 500 0 "https://diapersky.el-vanda.com/vendor/laravel/fortify/src/Contracts/" "Mozilla/5.0 AppleWebKit/537.36 (KHTML, like Gecko; compatible; GPTBot/1.4; +https://openai.com/gptbot)"
74.7.227.147 - - [26/Jun/2026:20:27:30 +0700] "GET /database/migrations/2024_09_27_175549_create_sp_content_dashboard.php HTTP/2" 500 0 "https://www.diapersky.el-vanda.com/database/migrations/" "Mozilla/5.0 AppleWebKit/537.36 (KHTML, like Gecko; compatible; GPTBot/1.4; +https://openai.com/gptbot)"
74.7.227.11 - - [26/Jun/2026:20:27:52 +0700] "GET /vendor/laravel/fortify/src/Contracts/PasswordResetResponse.php HTTP/2" 500 0 "https://diapersky.el-vanda.com/vendor/laravel/fortify/src/Contracts/" "Mozilla/5.0 AppleWebKit/537.36 (KHTML, like Gecko; compatible; GPTBot/1.4; +https://openai.com/gptbot)"
74.7.227.147 - - [26/Jun/2026:20:28:34 +0700] "GET /vendor/mobiledetect/mobiledetectlib/docker-compose.yml HTTP/2" 200 1309 "https://www.diapersky.el-vanda.com/vendor/mobiledetect/mobiledetectlib/" "Mozilla/5.0 AppleWebKit/537.36 (KHTML, like Gecko; compatible; GPTBot/1.4; +https://openai.com/gptbot)"
74.7.227.11 - - [26/Jun/2026:20:28:55 +0700] "GET /vendor/laravel/fortify/src/Contracts/RegisterResponse.php HTTP/2" 500 0 "https://diapersky.el-vanda.com/vendor/laravel/fortify/src/Contracts/" "Mozilla/5.0 AppleWebKit/537.36 (KHTML, like Gecko; compatible; GPTBot/1.4; +https://openai.com/gptbot)"
74.7.227.147 - - [26/Jun/2026:20:29:38 +0700] "GET /database/migrations/0001_01_01_000001_create_cache_table.php HTTP/2" 500 0 "https://www.diapersky.el-vanda.com/database/migrations/" "Mozilla/5.0 AppleWebKit/537.36 (KHTML, like Gecko; compatible; GPTBot/1.4; +https://openai.com/gptbot)"
74.7.227.11 - - [26/Jun/2026:20:29:59 +0700] "GET /vendor/laravel/fortify/src/Contracts/UpdatesUserProfileInformation.php HTTP/2" 200 0 "https://diapersky.el-vanda.com/vendor/laravel/fortify/src/Contracts/" "Mozilla/5.0 AppleWebKit/537.36 (KHTML, like Gecko; compatible; GPTBot/1.4; +https://openai.com/gptbot)"
74.7.227.147 - - [26/Jun/2026:20:30:32 +0700] "GET /database/migrations/0001_01_01_000000_create_users_table.php HTTP/2" 500 0 "https://www.diapersky.el-vanda.com/database/migrations/" "Mozilla/5.0 AppleWebKit/537.36 (KHTML, like Gecko; compatible; GPTBot/1.4; +https://openai.com/gptbot)"
74.7.227.11 - - [26/Jun/2026:20:30:59 +0700] "GET /vendor/laravel/fortify/src/Contracts/RecoveryCodesGeneratedResponse.php HTTP/2" 500 0 "https://diapersky.el-vanda.com/vendor/laravel/fortify/src/Contracts/" "Mozilla/5.0 AppleWebKit/537.36 (KHTML, like Gecko; compatible; GPTBot/1.4; +https://openai.com/gptbot)"
74.7.227.147 - - [26/Jun/2026:20:31:34 +0700] "GET /database/migrations/0001_01_01_000002_create_jobs_table.php HTTP/2" 500 0 "https://www.diapersky.el-vanda.com/database/migrations/" "Mozilla/5.0 AppleWebKit/537.36 (KHTML, like Gecko; compatible; GPTBot/1.4; +https://openai.com/gptbot)"
74.7.227.11 - - [26/Jun/2026:20:31:57 +0700] "GET /vendor/laravel/fortify/src/Contracts/TwoFactorChallengeViewResponse.php HTTP/2" 500 0 "https://diapersky.el-vanda.com/vendor/laravel/fortify/src/Contracts/" "Mozilla/5.0 AppleWebKit/537.36 (KHTML, like Gecko; compatible; GPTBot/1.4; +https://openai.com/gptbot)"
74.7.227.147 - - [26/Jun/2026:20:32:37 +0700] "GET /database/migrations/2024_11_13_133745_alter_table_add_view_access.php HTTP/2" 500 0 "https://www.diapersky.el-vanda.com/database/migrations/" "Mozilla/5.0 AppleWebKit/537.36 (KHTML, like Gecko; compatible; GPTBot/1.4; +https://openai.com/gptbot)"
74.7.227.11 - - [26/Jun/2026:20:33:03 +0700] "GET /vendor/laravel/fortify/src/Contracts/ProfileInformationUpdatedResponse.php HTTP/2" 500 0 "https://diapersky.el-vanda.com/vendor/laravel/fortify/src/Contracts/" "Mozilla/5.0 AppleWebKit/537.36 (KHTML, like Gecko; compatible; GPTBot/1.4; +https://openai.com/gptbot)"
74.7.227.147 - - [26/Jun/2026:20:33:41 +0700] "GET /database/migrations/2024_11_07_210251_create_sp_chart_spc_monthly.php HTTP/2" 500 0 "https://www.diapersky.el-vanda.com/database/migrations/" "Mozilla/5.0 AppleWebKit/537.36 (KHTML, like Gecko; compatible; GPTBot/1.4; +https://openai.com/gptbot)"
74.7.227.11 - - [26/Jun/2026:20:34:09 +0700] "GET /vendor/laravel/fortify/src/Contracts/FailedPasswordConfirmationResponse.php HTTP/2" 500 0 "https://diapersky.el-vanda.com/vendor/laravel/fortify/src/Contracts/" "Mozilla/5.0 AppleWebKit/537.36 (KHTML, like Gecko; compatible; GPTBot/1.4; +https://openai.com/gptbot)"
74.7.227.147 - - [26/Jun/2026:20:34:44 +0700] "GET /database/migrations/2024_09_08_033721_create_sp_stock_table.php HTTP/2" 500 0 "https://www.diapersky.el-vanda.com/database/migrations/" "Mozilla/5.0 AppleWebKit/537.36 (KHTML, like Gecko; compatible; GPTBot/1.4; +https://openai.com/gptbot)"
74.7.227.11 - - [26/Jun/2026:20:35:08 +0700] "GET /vendor/laravel/fortify/src/Contracts/TwoFactorAuthenticationProvider.php HTTP/2" 200 0 "https://diapersky.el-vanda.com/vendor/laravel/fortify/src/Contracts/" "Mozilla/5.0 AppleWebKit/537.36 (KHTML, like Gecko; compatible; GPTBot/1.4; +https://openai.com/gptbot)"
74.7.227.147 - - [26/Jun/2026:20:35:48 +0700] "GET /database/migrations/2024_11_11_192635_create_sp_module_load.php HTTP/2" 500 0 "https://www.diapersky.el-vanda.com/database/migrations/" "Mozilla/5.0 AppleWebKit/537.36 (KHTML, like Gecko; compatible; GPTBot/1.4; +https://openai.com/gptbot)"
74.7.227.11 - - [26/Jun/2026:20:36:08 +0700] "GET /vendor/laravel/fortify/src/Contracts/ConfirmPasswordViewResponse.php HTTP/2" 500 0 "https://diapersky.el-vanda.com/vendor/laravel/fortify/src/Contracts/" "Mozilla/5.0 AppleWebKit/537.36 (KHTML, like Gecko; compatible; GPTBot/1.4; +https://openai.com/gptbot)"
74.7.227.147 - - [26/Jun/2026:20:36:51 +0700] "GET /favicon.ico HTTP/2" 404 1251 "https://www.diapersky.el-vanda.com/vendor/sebastian/code-unit-reverse-lookup/src/" "Mozilla/5.0 AppleWebKit/537.36 (KHTML, like Gecko; compatible; GPTBot/1.4; +https://openai.com/gptbot)"
74.7.227.11 - - [26/Jun/2026:20:37:05 +0700] "GET /vendor/laravel/fortify/src/Contracts/FailedTwoFactorLoginResponse.php HTTP/2" 500 0 "https://diapersky.el-vanda.com/vendor/laravel/fortify/src/Contracts/" "Mozilla/5.0 AppleWebKit/537.36 (KHTML, like Gecko; compatible; GPTBot/1.4; +https://openai.com/gptbot)"
74.7.227.147 - - [26/Jun/2026:20:37:51 +0700] "GET /database/migrations/2024_10_29_184503_alter_table_add_cogs_selling_details.php HTTP/2" 500 0 "https://www.diapersky.el-vanda.com/database/migrations/" "Mozilla/5.0 AppleWebKit/537.36 (KHTML, like Gecko; compatible; GPTBot/1.4; +https://openai.com/gptbot)"
74.7.227.11 - - [26/Jun/2026:20:38:07 +0700] "GET /vendor/laravel/fortify/src/Contracts/TwoFactorConfirmedResponse.php HTTP/2" 500 0 "https://diapersky.el-vanda.com/vendor/laravel/fortify/src/Contracts/" "Mozilla/5.0 AppleWebKit/537.36 (KHTML, like Gecko; compatible; GPTBot/1.4; +https://openai.com/gptbot)"
74.7.227.147 - - [26/Jun/2026:20:38:54 +0700] "GET /database/migrations/2024_10_29_203400_alter_table_add_code_cashflows.php HTTP/2" 500 0 "https://www.diapersky.el-vanda.com/database/migrations/" "Mozilla/5.0 AppleWebKit/537.36 (KHTML, like Gecko; compatible; GPTBot/1.4; +https://openai.com/gptbot)"
74.7.227.11 - - [26/Jun/2026:20:39:07 +0700] "GET /vendor/laravel/fortify/src/Contracts/TwoFactorDisabledResponse.php HTTP/2" 500 0 "https://diapersky.el-vanda.com/vendor/laravel/fortify/src/Contracts/" "Mozilla/5.0 AppleWebKit/537.36 (KHTML, like Gecko; compatible; GPTBot/1.4; +https://openai.com/gptbot)"
74.7.227.147 - - [26/Jun/2026:20:39:59 +0700] "GET /database/migrations/2024_09_07_125317_create_selling_table.php HTTP/2" 500 0 "https://www.diapersky.el-vanda.com/database/migrations/" "Mozilla/5.0 AppleWebKit/537.36 (KHTML, like Gecko; compatible; GPTBot/1.4; +https://openai.com/gptbot)"
74.7.227.11 - - [26/Jun/2026:20:40:13 +0700] "GET /vendor/laravel/fortify/src/Contracts/ResetPasswordViewResponse.php HTTP/2" 500 0 "https://diapersky.el-vanda.com/vendor/laravel/fortify/src/Contracts/" "Mozilla/5.0 AppleWebKit/537.36 (KHTML, like Gecko; compatible; GPTBot/1.4; +https://openai.com/gptbot)"
74.7.227.147 - - [26/Jun/2026:20:40:59 +0700] "GET /database/migrations/2024_11_08_121502_create_modules_table.php HTTP/2" 500 0 "https://www.diapersky.el-vanda.com/database/migrations/" "Mozilla/5.0 AppleWebKit/537.36 (KHTML, like Gecko; compatible; GPTBot/1.4; +https://openai.com/gptbot)"
74.7.227.11 - - [26/Jun/2026:20:41:16 +0700] "GET /vendor/laravel/fortify/src/Contracts/FailedPasswordResetResponse.php HTTP/2" 500 0 "https://diapersky.el-vanda.com/vendor/laravel/fortify/src/Contracts/" "Mozilla/5.0 AppleWebKit/537.36 (KHTML, like Gecko; compatible; GPTBot/1.4; +https://openai.com/gptbot)"
74.7.227.147 - - [26/Jun/2026:20:42:03 +0700] "GET /database/migrations/2024_08_31_052400_add_two_factor_columns_to_users_table.php HTTP/2" 500 0 "https://www.diapersky.el-vanda.com/database/migrations/" "Mozilla/5.0 AppleWebKit/537.36 (KHTML, like Gecko; compatible; GPTBot/1.4; +https://openai.com/gptbot)"
74.7.227.11 - - [26/Jun/2026:20:42:21 +0700] "GET /vendor/laravel/fortify/src/Contracts/PasswordConfirmedResponse.php HTTP/2" 500 0 "https://diapersky.el-vanda.com/vendor/laravel/fortify/src/Contracts/" "Mozilla/5.0 AppleWebKit/537.36 (KHTML, like Gecko; compatible; GPTBot/1.4; +https://openai.com/gptbot)"
74.7.227.147 - - [26/Jun/2026:20:43:07 +0700] "GET /database/migrations/2024_09_25_185804_create_content_home_headlines_table.php HTTP/2" 500 0 "https://www.diapersky.el-vanda.com/database/migrations/" "Mozilla/5.0 AppleWebKit/537.36 (KHTML, like Gecko; compatible; GPTBot/1.4; +https://openai.com/gptbot)"
74.7.227.11 - - [26/Jun/2026:20:43:22 +0700] "GET /vendor/symfony/mailer/Transport/Smtp/SmtpTransport.php HTTP/2" 500 0 "https://diapersky.el-vanda.com/vendor/symfony/mailer/Transport/Smtp/" "Mozilla/5.0 AppleWebKit/537.36 (KHTML, like Gecko; compatible; GPTBot/1.4; +https://openai.com/gptbot)"
74.7.227.147 - - [26/Jun/2026:20:44:10 +0700] "GET /database/migrations/2024_08_31_052435_create_personal_access_tokens_table.php HTTP/2" 500 0 "https://www.diapersky.el-vanda.com/database/migrations/" "Mozilla/5.0 AppleWebKit/537.36 (KHTML, like Gecko; compatible; GPTBot/1.4; +https://openai.com/gptbot)"
74.7.227.11 - - [26/Jun/2026:20:44:23 +0700] "GET /vendor/symfony/routing/Loader/schema/?MD HTTP/2" 200 642 "https://diapersky.el-vanda.com/vendor/symfony/routing/Loader/schema/?MA" "Mozilla/5.0 AppleWebKit/537.36 (KHTML, like Gecko; compatible; GPTBot/1.4; +https://openai.com/gptbot)"
74.7.227.147 - - [26/Jun/2026:20:45:11 +0700] "GET /database/migrations/2024_10_29_193048_create_accounts_table.php HTTP/2" 500 0 "https://www.diapersky.el-vanda.com/database/migrations/" "Mozilla/5.0 AppleWebKit/537.36 (KHTML, like Gecko; compatible; GPTBot/1.4; +https://openai.com/gptbot)"
74.7.241.145 - - [26/Jun/2026:20:45:12 +0700] "GET /robots.txt HTTP/2" 404 1251 "-" "Mozilla/5.0 (Macintosh; Intel Mac OS X 10_15_7) AppleWebKit/537.36 (KHTML, like Gecko) Chrome/131.0.0.0 Safari/537.36; compatible; OAI-SearchBot/1.4; robots.txt; +https://openai.com/searchbot"
74.7.227.11 - - [26/Jun/2026:20:45:27 +0700] "GET /vendor/symfony/routing/Loader/schema/?NA HTTP/2" 200 638 "https://diapersky.el-vanda.com/vendor/symfony/routing/Loader/schema/?MA" "Mozilla/5.0 AppleWebKit/537.36 (KHTML, like Gecko; compatible; GPTBot/1.4; +https://openai.com/gptbot)"
74.7.227.147 - - [26/Jun/2026:20:46:14 +0700] "GET /database/migrations/2024_09_08_041121_create_cashflows_table.php HTTP/2" 500 0 "https://www.diapersky.el-vanda.com/database/migrations/" "Mozilla/5.0 AppleWebKit/537.36 (KHTML, like Gecko; compatible; GPTBot/1.4; +https://openai.com/gptbot)"
74.7.227.11 - - [26/Jun/2026:20:46:22 +0700] "GET /vendor/symfony/routing/Loader/schema/?SA HTTP/2" 200 642 "https://diapersky.el-vanda.com/vendor/symfony/routing/Loader/schema/" "Mozilla/5.0 AppleWebKit/537.36 (KHTML, like Gecko; compatible; GPTBot/1.4; +https://openai.com/gptbot)"
74.7.227.11 - - [26/Jun/2026:20:47:14 +0700] "GET /vendor/symfony/routing/Loader/schema/?ND HTTP/2" 200 638 "https://diapersky.el-vanda.com/vendor/symfony/routing/Loader/schema/" "Mozilla/5.0 AppleWebKit/537.36 (KHTML, like Gecko; compatible; GPTBot/1.4; +https://openai.com/gptbot)"
74.7.227.147 - - [26/Jun/2026:20:47:19 +0700] "GET /database/migrations/2024_09_01_065643_create_suppliers_table.php HTTP/2" 500 0 "https://www.diapersky.el-vanda.com/database/migrations/" "Mozilla/5.0 AppleWebKit/537.36 (KHTML, like Gecko; compatible; GPTBot/1.4; +https://openai.com/gptbot)"
74.7.227.11 - - [26/Jun/2026:20:48:01 +0700] "GET /vendor/laravel/fortify/src/Contracts/TwoFactorLoginResponse.php HTTP/2" 500 0 "https://diapersky.el-vanda.com/vendor/laravel/fortify/src/Contracts/" "Mozilla/5.0 AppleWebKit/537.36 (KHTML, like Gecko; compatible; GPTBot/1.4; +https://openai.com/gptbot)"
74.7.227.147 - - [26/Jun/2026:20:48:25 +0700] "GET /database/migrations/2024_09_01_062514_create_customers_table.php HTTP/2" 500 0 "https://www.diapersky.el-vanda.com/database/migrations/" "Mozilla/5.0 AppleWebKit/537.36 (KHTML, like Gecko; compatible; GPTBot/1.4; +https://openai.com/gptbot)"
74.7.227.11 - - [26/Jun/2026:20:48:42 +0700] "GET /vendor/laravel/fortify/src/Contracts/VerifyEmailResponse.php HTTP/2" 500 0 "https://diapersky.el-vanda.com/vendor/laravel/fortify/src/Contracts/" "Mozilla/5.0 AppleWebKit/537.36 (KHTML, like Gecko; compatible; GPTBot/1.4; +https://openai.com/gptbot)"
74.7.227.147 - - [26/Jun/2026:20:49:31 +0700] "GET /database/migrations/2024_08_31_054016_create_permission_tables.php HTTP/2" 500 0 "https://www.diapersky.el-vanda.com/database/migrations/" "Mozilla/5.0 AppleWebKit/537.36 (KHTML, like Gecko; compatible; GPTBot/1.4; +https://openai.com/gptbot)"
74.7.227.11 - - [26/Jun/2026:20:49:44 +0700] "GET /vendor/symfony/mailer/Transport/Smtp/EsmtpTransport.php HTTP/2" 500 0 "https://diapersky.el-vanda.com/vendor/symfony/mailer/Transport/Smtp/" "Mozilla/5.0 AppleWebKit/537.36 (KHTML, like Gecko; compatible; GPTBot/1.4; +https://openai.com/gptbot)"
74.7.227.147 - - [26/Jun/2026:20:50:34 +0700] "GET /database/migrations/2024_09_21_133057_create_sp_report_buying.php HTTP/2" 500 0 "https://www.diapersky.el-vanda.com/database/migrations/" "Mozilla/5.0 AppleWebKit/537.36 (KHTML, like Gecko; compatible; GPTBot/1.4; +https://openai.com/gptbot)"
74.7.227.11 - - [26/Jun/2026:20:50:50 +0700] "GET /vendor/laravel/jetstream/src/Actions/UpdateTeamMemberRole.php HTTP/2" 200 0 "https://diapersky.el-vanda.com/vendor/laravel/jetstream/src/Actions/" "Mozilla/5.0 AppleWebKit/537.36 (KHTML, like Gecko; compatible; GPTBot/1.4; +https://openai.com/gptbot)"
74.7.227.147 - - [26/Jun/2026:20:51:38 +0700] "GET /resources/markdown/terms.md HTTP/2" 200 88 "https://www.diapersky.el-vanda.com/resources/markdown/" "Mozilla/5.0 AppleWebKit/537.36 (KHTML, like Gecko; compatible; GPTBot/1.4; +https://openai.com/gptbot)"
74.7.227.11 - - [26/Jun/2026:20:51:54 +0700] "GET /vendor/laravel/fortify/src/Contracts/LoginViewResponse.php HTTP/2" 500 0 "https://diapersky.el-vanda.com/vendor/laravel/fortify/src/Contracts/" "Mozilla/5.0 AppleWebKit/537.36 (KHTML, like Gecko; compatible; GPTBot/1.4; +https://openai.com/gptbot)"
74.7.227.147 - - [26/Jun/2026:20:52:42 +0700] "GET /database/migrations/2024_09_21_170833_create_sp_report_cashflows.php HTTP/2" 500 0 "https://www.diapersky.el-vanda.com/database/migrations/" "Mozilla/5.0 AppleWebKit/537.36 (KHTML, like Gecko; compatible; GPTBot/1.4; +https://openai.com/gptbot)"
