74.7.227.11 - - [26/Jun/2026:22:48:41 +0700] "GET /app/Http/Controllers/Report/Cashflows/?MA HTTP/2" 200 719 "https://diapersky.el-vanda.com/app/Http/Controllers/Report/Cashflows/" "Mozilla/5.0 AppleWebKit/537.36 (KHTML, like Gecko; compatible; GPTBot/1.4; +https://openai.com/gptbot)"
74.7.227.11 - - [26/Jun/2026:22:49:03 +0700] "GET /vendor/symfony/mailer/Test/Constraint/?NA HTTP/2" 200 734 "https://diapersky.el-vanda.com/vendor/symfony/mailer/Test/Constraint/?MA" "Mozilla/5.0 AppleWebKit/537.36 (KHTML, like Gecko; compatible; GPTBot/1.4; +https://openai.com/gptbot)"
74.7.227.147 - - [26/Jun/2026:22:49:07 +0700] "GET /storage/framework/views/51f8800c2cf9d2f888a5449d9849cdd1.php HTTP/2" 500 0 "https://www.diapersky.el-vanda.com/storage/framework/views/" "Mozilla/5.0 AppleWebKit/537.36 (KHTML, like Gecko; compatible; GPTBot/1.4; +https://openai.com/gptbot)"
74.7.227.11 - - [26/Jun/2026:22:49:22 +0700] "GET /app/Http/Controllers/Report/Cashflows/?NA HTTP/2" 200 711 "https://diapersky.el-vanda.com/app/Http/Controllers/Report/Cashflows/?ND" "Mozilla/5.0 AppleWebKit/537.36 (KHTML, like Gecko; compatible; GPTBot/1.4; +https://openai.com/gptbot)"
74.7.227.11 - - [26/Jun/2026:22:49:39 +0700] "GET /vendor/symfony/mailer/Test/Constraint/?MD HTTP/2" 200 737 "https://diapersky.el-vanda.com/vendor/symfony/mailer/Test/Constraint/?MA" "Mozilla/5.0 AppleWebKit/537.36 (KHTML, like Gecko; compatible; GPTBot/1.4; +https://openai.com/gptbot)"
74.7.227.11 - - [26/Jun/2026:22:49:54 +0700] "GET /vendor/laravel/sanctum/src/Exceptions/?NA HTTP/2" 200 734 "https://diapersky.el-vanda.com/vendor/laravel/sanctum/src/Exceptions/?ND" "Mozilla/5.0 AppleWebKit/537.36 (KHTML, like Gecko; compatible; GPTBot/1.4; +https://openai.com/gptbot)"
74.7.227.147 - - [26/Jun/2026:22:50:05 +0700] "GET /storage/framework/views/06e0f8ed57ae2e2c27dd657a2b08deac.php HTTP/2" 500 0 "https://www.diapersky.el-vanda.com/storage/framework/views/" "Mozilla/5.0 AppleWebKit/537.36 (KHTML, like Gecko; compatible; GPTBot/1.4; +https://openai.com/gptbot)"
74.7.227.11 - - [26/Jun/2026:22:50:09 +0700] "GET /vendor/vlucas/phpdotenv/src/Exception/?NA HTTP/2" 200 1090 "https://diapersky.el-vanda.com/vendor/vlucas/phpdotenv/src/Exception/?SA" "Mozilla/5.0 AppleWebKit/537.36 (KHTML, like Gecko; compatible; GPTBot/1.4; +https://openai.com/gptbot)"
74.7.227.11 - - [26/Jun/2026:22:50:21 +0700] "GET /vendor/laravel/prompts/src/Exceptions/?SA HTTP/2" 200 707 "https://diapersky.el-vanda.com/vendor/laravel/prompts/src/Exceptions/" "Mozilla/5.0 AppleWebKit/537.36 (KHTML, like Gecko; compatible; GPTBot/1.4; +https://openai.com/gptbot)"
74.7.227.11 - - [26/Jun/2026:22:50:33 +0700] "GET /vendor/laravel/prompts/src/Exceptions/?MD HTTP/2" 200 709 "https://diapersky.el-vanda.com/vendor/laravel/prompts/src/Exceptions/?MA" "Mozilla/5.0 AppleWebKit/537.36 (KHTML, like Gecko; compatible; GPTBot/1.4; +https://openai.com/gptbot)"
74.7.227.11 - - [26/Jun/2026:22:50:44 +0700] "GET /vendor/vlucas/phpdotenv/src/Exception/?MD HTTP/2" 200 1109 "https://diapersky.el-vanda.com/vendor/vlucas/phpdotenv/src/Exception/?MA" "Mozilla/5.0 AppleWebKit/537.36 (KHTML, like Gecko; compatible; GPTBot/1.4; +https://openai.com/gptbot)"
74.7.227.11 - - [26/Jun/2026:22:50:54 +0700] "GET /vendor/laravel/prompts/src/Exceptions/?NA HTTP/2" 200 703 "https://diapersky.el-vanda.com/vendor/laravel/prompts/src/Exceptions/?MA" "Mozilla/5.0 AppleWebKit/537.36 (KHTML, like Gecko; compatible; GPTBot/1.4; +https://openai.com/gptbot)"
74.7.227.11 - - [26/Jun/2026:22:51:02 +0700] "GET /app/Http/Controllers/Report/Cashflows/?SA HTTP/2" 200 712 "https://diapersky.el-vanda.com/app/Http/Controllers/Report/Cashflows/" "Mozilla/5.0 AppleWebKit/537.36 (KHTML, like Gecko; compatible; GPTBot/1.4; +https://openai.com/gptbot)"
74.7.227.147 - - [26/Jun/2026:22:51:08 +0700] "GET /storage/framework/views/a2e3d28a958254c8f21f2701319d286b.php HTTP/2" 500 0 "https://www.diapersky.el-vanda.com/storage/framework/views/" "Mozilla/5.0 AppleWebKit/537.36 (KHTML, like Gecko; compatible; GPTBot/1.4; +https://openai.com/gptbot)"
74.7.227.11 - - [26/Jun/2026:22:51:10 +0700] "GET /vendor/symfony/mailer/Test/Constraint/?SD HTTP/2" 200 739 "https://diapersky.el-vanda.com/vendor/symfony/mailer/Test/Constraint/?SA" "Mozilla/5.0 AppleWebKit/537.36 (KHTML, like Gecko; compatible; GPTBot/1.4; +https://openai.com/gptbot)"
74.7.227.11 - - [26/Jun/2026:22:51:16 +0700] "GET /vendor/vlucas/phpdotenv/src/Exception/?SD HTTP/2" 200 1090 "https://diapersky.el-vanda.com/vendor/vlucas/phpdotenv/src/Exception/?SA" "Mozilla/5.0 AppleWebKit/537.36 (KHTML, like Gecko; compatible; GPTBot/1.4; +https://openai.com/gptbot)"
74.7.227.11 - - [26/Jun/2026:22:51:22 +0700] "GET /app/Http/Controllers/Report/Cashflows/?MD HTTP/2" 200 716 "https://diapersky.el-vanda.com/app/Http/Controllers/Report/Cashflows/?MA" "Mozilla/5.0 AppleWebKit/537.36 (KHTML, like Gecko; compatible; GPTBot/1.4; +https://openai.com/gptbot)"
74.7.227.11 - - [26/Jun/2026:22:51:28 +0700] "GET /vendor/laravel/sanctum/src/Exceptions/?SD HTTP/2" 200 741 "https://diapersky.el-vanda.com/vendor/laravel/sanctum/src/Exceptions/?SA" "Mozilla/5.0 AppleWebKit/537.36 (KHTML, like Gecko; compatible; GPTBot/1.4; +https://openai.com/gptbot)"
74.7.227.11 - - [26/Jun/2026:22:51:33 +0700] "GET /vendor/laravel/sanctum/src/Exceptions/?MA HTTP/2" 200 745 "https://diapersky.el-vanda.com/vendor/laravel/sanctum/src/Exceptions/" "Mozilla/5.0 AppleWebKit/537.36 (KHTML, like Gecko; compatible; GPTBot/1.4; +https://openai.com/gptbot)"
74.7.227.11 - - [26/Jun/2026:22:51:37 +0700] "GET /vendor/symfony/mailer/Test/Constraint/?ND HTTP/2" 200 731 "https://diapersky.el-vanda.com/vendor/symfony/mailer/Test/Constraint/" "Mozilla/5.0 AppleWebKit/537.36 (KHTML, like Gecko; compatible; GPTBot/1.4; +https://openai.com/gptbot)"
74.7.227.11 - - [26/Jun/2026:22:51:41 +0700] "GET /vendor/laravel/prompts/src/Exceptions/?SD HTTP/2" 200 702 "https://diapersky.el-vanda.com/vendor/laravel/prompts/src/Exceptions/?SA" "Mozilla/5.0 AppleWebKit/537.36 (KHTML, like Gecko; compatible; GPTBot/1.4; +https://openai.com/gptbot)"
74.7.227.11 - - [26/Jun/2026:22:51:45 +0700] "GET /vendor/dragonmantank/cron-expression/src/Cron/DayOfMonthField.php HTTP/2" 500 0 "https://diapersky.el-vanda.com/vendor/dragonmantank/cron-expression/src/Cron/" "Mozilla/5.0 AppleWebKit/537.36 (KHTML, like Gecko; compatible; GPTBot/1.4; +https://openai.com/gptbot)"
74.7.227.11 - - [26/Jun/2026:22:51:48 +0700] "GET /vendor/symfony/mailer/Test/Constraint/EmailIsQueued.php HTTP/2" 500 0 "https://diapersky.el-vanda.com/vendor/symfony/mailer/Test/Constraint/" "Mozilla/5.0 AppleWebKit/537.36 (KHTML, like Gecko; compatible; GPTBot/1.4; +https://openai.com/gptbot)"
74.7.227.11 - - [26/Jun/2026:22:51:58 +0700] "GET /vendor/symfony/var-dumper/Resources/functions/ HTTP/2" 200 647 "https://diapersky.el-vanda.com/vendor/symfony/var-dumper/Resources/" "Mozilla/5.0 AppleWebKit/537.36 (KHTML, like Gecko; compatible; GPTBot/1.4; +https://openai.com/gptbot)"
74.7.227.147 - - [26/Jun/2026:22:52:12 +0700] "GET /storage/framework/views/51d802ed80b8c6945addfc91acd50c83.php HTTP/2" 500 111 "https://www.diapersky.el-vanda.com/storage/framework/views/" "Mozilla/5.0 AppleWebKit/537.36 (KHTML, like Gecko; compatible; GPTBot/1.4; +https://openai.com/gptbot)"
74.7.227.11 - - [26/Jun/2026:22:52:30 +0700] "GET /app/Http/Controllers/Report/Cashflows/?SD HTTP/2" 200 716 "https://diapersky.el-vanda.com/app/Http/Controllers/Report/Cashflows/?SA" "Mozilla/5.0 AppleWebKit/537.36 (KHTML, like Gecko; compatible; GPTBot/1.4; +https://openai.com/gptbot)"
74.7.227.11 - - [26/Jun/2026:22:52:57 +0700] "GET /vendor/nunomaduro/collision/src/Exceptions/ HTTP/2" 200 746 "https://diapersky.el-vanda.com/vendor/nunomaduro/collision/src/" "Mozilla/5.0 AppleWebKit/537.36 (KHTML, like Gecko; compatible; GPTBot/1.4; +https://openai.com/gptbot)"
74.7.227.147 - - [26/Jun/2026:22:53:15 +0700] "GET /storage/framework/views/c64b45c8155c0ddf7b97b4b414884275.php HTTP/2" 500 0 "https://www.diapersky.el-vanda.com/storage/framework/views/" "Mozilla/5.0 AppleWebKit/537.36 (KHTML, like Gecko; compatible; GPTBot/1.4; +https://openai.com/gptbot)"
74.7.241.145 - - [26/Jun/2026:22:53:17 +0700] "GET /robots.txt HTTP/2" 404 1251 "-" "Mozilla/5.0 (Macintosh; Intel Mac OS X 10_15_7) AppleWebKit/537.36 (KHTML, like Gecko) Chrome/131.0.0.0 Safari/537.36; compatible; OAI-SearchBot/1.4; robots.txt; +https://openai.com/searchbot"
74.7.227.11 - - [26/Jun/2026:22:53:22 +0700] "GET /vendor/symfony/routing/Loader/Configurator/ HTTP/2" 200 1089 "https://diapersky.el-vanda.com/vendor/symfony/routing/Loader/" "Mozilla/5.0 AppleWebKit/537.36 (KHTML, like Gecko; compatible; GPTBot/1.4; +https://openai.com/gptbot)"
74.7.227.11 - - [26/Jun/2026:22:53:43 +0700] "GET /vendor/league/flysystem/src/UnixVisibility/ HTTP/2" 200 685 "https://diapersky.el-vanda.com/vendor/league/flysystem/src/" "Mozilla/5.0 AppleWebKit/537.36 (KHTML, like Gecko; compatible; GPTBot/1.4; +https://openai.com/gptbot)"
74.7.227.11 - - [26/Jun/2026:22:54:02 +0700] "GET /vendor/bacon/bacon-qr-code/src/Common/CharacterSetEci.php HTTP/2" 500 0 "https://diapersky.el-vanda.com/vendor/bacon/bacon-qr-code/src/Common/" "Mozilla/5.0 AppleWebKit/537.36 (KHTML, like Gecko; compatible; GPTBot/1.4; +https://openai.com/gptbot)"
74.7.227.147 - - [26/Jun/2026:22:54:17 +0700] "GET /storage/framework/views/52c1bf5696a760a55526a5f429833d92.php HTTP/2" 500 104 "https://www.diapersky.el-vanda.com/storage/framework/views/" "Mozilla/5.0 AppleWebKit/537.36 (KHTML, like Gecko; compatible; GPTBot/1.4; +https://openai.com/gptbot)"
74.7.227.11 - - [26/Jun/2026:22:54:19 +0700] "GET /vendor/laravel/sanctum/src/Exceptions/?MD HTTP/2" 200 740 "https://diapersky.el-vanda.com/vendor/laravel/sanctum/src/Exceptions/?MA" "Mozilla/5.0 AppleWebKit/537.36 (KHTML, like Gecko; compatible; GPTBot/1.4; +https://openai.com/gptbot)"
74.7.227.11 - - [26/Jun/2026:22:55:11 +0700] "GET /vendor/laravel/fortify/src/Actions/ConfirmPassword.php HTTP/2" 200 0 "https://diapersky.el-vanda.com/vendor/laravel/fortify/src/Actions/" "Mozilla/5.0 AppleWebKit/537.36 (KHTML, like Gecko; compatible; GPTBot/1.4; +https://openai.com/gptbot)"
74.7.227.147 - - [26/Jun/2026:22:55:22 +0700] "GET /storage/framework/views/dadba124354fa354f1553d7682145f5a.php HTTP/2" 500 39 "https://www.diapersky.el-vanda.com/storage/framework/views/" "Mozilla/5.0 AppleWebKit/537.36 (KHTML, like Gecko; compatible; GPTBot/1.4; +https://openai.com/gptbot)"
74.7.227.11 - - [26/Jun/2026:22:55:58 +0700] "GET /vendor/laravel/jetstream/stubs/resources/views/emails/ HTTP/2" 200 668 "https://diapersky.el-vanda.com/vendor/laravel/jetstream/stubs/resources/views/" "Mozilla/5.0 AppleWebKit/537.36 (KHTML, like Gecko; compatible; GPTBot/1.4; +https://openai.com/gptbot)"
74.7.227.147 - - [26/Jun/2026:22:56:24 +0700] "GET /storage/framework/views/4eb407735a23e00052399d5a724055fc.php HTTP/2" 500 0 "https://www.diapersky.el-vanda.com/storage/framework/views/" "Mozilla/5.0 AppleWebKit/537.36 (KHTML, like Gecko; compatible; GPTBot/1.4; +https://openai.com/gptbot)"
74.7.227.11 - - [26/Jun/2026:22:56:41 +0700] "GET /vendor/ramsey/uuid/src/Generator/?MA HTTP/2" 200 1388 "https://diapersky.el-vanda.com/vendor/ramsey/uuid/src/Generator/" "Mozilla/5.0 AppleWebKit/537.36 (KHTML, like Gecko; compatible; GPTBot/1.4; +https://openai.com/gptbot)"
74.7.227.11 - - [26/Jun/2026:22:57:20 +0700] "GET /vendor/ramsey/uuid/src/Generator/?SA HTTP/2" 200 1384 "https://diapersky.el-vanda.com/vendor/ramsey/uuid/src/Generator/" "Mozilla/5.0 AppleWebKit/537.36 (KHTML, like Gecko; compatible; GPTBot/1.4; +https://openai.com/gptbot)"
74.7.227.147 - - [26/Jun/2026:22:57:28 +0700] "GET /storage/framework/views/c4cff54ae1c714def4f5d4acfcb34f84.php HTTP/2" 500 0 "https://www.diapersky.el-vanda.com/storage/framework/views/" "Mozilla/5.0 AppleWebKit/537.36 (KHTML, like Gecko; compatible; GPTBot/1.4; +https://openai.com/gptbot)"
74.7.227.11 - - [26/Jun/2026:22:57:56 +0700] "GET /vendor/symfony/var-dumper/Resources/functions/dump.php HTTP/2" 200 0 "https://diapersky.el-vanda.com/vendor/symfony/var-dumper/Resources/functions/" "Mozilla/5.0 AppleWebKit/537.36 (KHTML, like Gecko; compatible; GPTBot/1.4; +https://openai.com/gptbot)"
74.7.227.11 - - [26/Jun/2026:22:58:26 +0700] "GET /vendor/ramsey/uuid/src/Generator/?ND HTTP/2" 200 1372 "https://diapersky.el-vanda.com/vendor/ramsey/uuid/src/Generator/" "Mozilla/5.0 AppleWebKit/537.36 (KHTML, like Gecko; compatible; GPTBot/1.4; +https://openai.com/gptbot)"
74.7.227.147 - - [26/Jun/2026:22:58:32 +0700] "GET /storage/framework/views/7fd0fc42251248c80282519a27bdfd5e.php HTTP/2" 200 9 "https://www.diapersky.el-vanda.com/storage/framework/views/" "Mozilla/5.0 AppleWebKit/537.36 (KHTML, like Gecko; compatible; GPTBot/1.4; +https://openai.com/gptbot)"
74.7.227.11 - - [26/Jun/2026:22:58:53 +0700] "GET /vendor/nunomaduro/collision/src/Exceptions/TestException.php HTTP/2" 200 0 "https://diapersky.el-vanda.com/vendor/nunomaduro/collision/src/Exceptions/" "Mozilla/5.0 AppleWebKit/537.36 (KHTML, like Gecko; compatible; GPTBot/1.4; +https://openai.com/gptbot)"
74.7.227.11 - - [26/Jun/2026:22:59:19 +0700] "GET /vendor/nunomaduro/collision/src/Exceptions/InvalidStyleException.php HTTP/2" 200 0 "https://diapersky.el-vanda.com/vendor/nunomaduro/collision/src/Exceptions/" "Mozilla/5.0 AppleWebKit/537.36 (KHTML, like Gecko; compatible; GPTBot/1.4; +https://openai.com/gptbot)"
74.7.227.147 - - [26/Jun/2026:22:59:37 +0700] "GET /storage/framework/views/10c990e079bf0f00f2f5469bf566a23c.php HTTP/2" 500 0 "https://www.diapersky.el-vanda.com/storage/framework/views/" "Mozilla/5.0 AppleWebKit/537.36 (KHTML, like Gecko; compatible; GPTBot/1.4; +https://openai.com/gptbot)"
74.7.227.11 - - [26/Jun/2026:22:59:42 +0700] "GET /vendor/symfony/routing/Loader/Configurator/RouteConfigurator.php HTTP/2" 500 0 "https://diapersky.el-vanda.com/vendor/symfony/routing/Loader/Configurator/" "Mozilla/5.0 AppleWebKit/537.36 (KHTML, like Gecko; compatible; GPTBot/1.4; +https://openai.com/gptbot)"
74.7.227.11 - - [26/Jun/2026:23:00:02 +0700] "GET /vendor/symfony/routing/Loader/Configurator/ImportConfigurator.php HTTP/2" 500 0 "https://diapersky.el-vanda.com/vendor/symfony/routing/Loader/Configurator/" "Mozilla/5.0 AppleWebKit/537.36 (KHTML, like Gecko; compatible; GPTBot/1.4; +https://openai.com/gptbot)"
74.7.227.147 - - [26/Jun/2026:23:00:35 +0700] "GET /storage/framework/views/d62104b06e5ef5d9db85de5d96aa0319.php HTTP/2" 500 0 "https://www.diapersky.el-vanda.com/storage/framework/views/" "Mozilla/5.0 AppleWebKit/537.36 (KHTML, like Gecko; compatible; GPTBot/1.4; +https://openai.com/gptbot)"
74.7.227.11 - - [26/Jun/2026:23:01:02 +0700] "GET /vendor/symfony/routing/Loader/Configurator/AliasConfigurator.php HTTP/2" 200 0 "https://diapersky.el-vanda.com/vendor/symfony/routing/Loader/Configurator/" "Mozilla/5.0 AppleWebKit/537.36 (KHTML, like Gecko; compatible; GPTBot/1.4; +https://openai.com/gptbot)"
74.7.227.147 - - [26/Jun/2026:23:01:40 +0700] "GET /storage/framework/views/32d67c83a36450e4d69d9956228ba563.php HTTP/2" 500 0 "https://www.diapersky.el-vanda.com/storage/framework/views/" "Mozilla/5.0 AppleWebKit/537.36 (KHTML, like Gecko; compatible; GPTBot/1.4; +https://openai.com/gptbot)"
74.7.227.11 - - [26/Jun/2026:23:02:08 +0700] "GET /vendor/league/flysystem/src/UnixVisibility/PortableVisibilityConverter.php HTTP/2" 500 0 "https://diapersky.el-vanda.com/vendor/league/flysystem/src/UnixVisibility/" "Mozilla/5.0 AppleWebKit/537.36 (KHTML, like Gecko; compatible; GPTBot/1.4; +https://openai.com/gptbot)"
74.7.227.147 - - [26/Jun/2026:23:02:41 +0700] "GET /storage/framework/views/6227db0099b201f5e5d6312748085db8.php HTTP/2" 500 0 "https://www.diapersky.el-vanda.com/storage/framework/views/" "Mozilla/5.0 AppleWebKit/537.36 (KHTML, like Gecko; compatible; GPTBot/1.4; +https://openai.com/gptbot)"
74.7.227.11 - - [26/Jun/2026:23:03:02 +0700] "GET /vendor/laravel/jetstream/stubs/resources/views/emails/team-invitation.blade.php HTTP/2" 200 367 "https://diapersky.el-vanda.com/vendor/laravel/jetstream/stubs/resources/views/emails/" "Mozilla/5.0 AppleWebKit/537.36 (KHTML, like Gecko; compatible; GPTBot/1.4; +https://openai.com/gptbot)"
74.7.227.147 - - [26/Jun/2026:23:03:42 +0700] "GET /storage/framework/views/12087411237c5c9182212a4d5fd501ff.php HTTP/2" 500 0 "https://www.diapersky.el-vanda.com/storage/framework/views/" "Mozilla/5.0 AppleWebKit/537.36 (KHTML, like Gecko; compatible; GPTBot/1.4; +https://openai.com/gptbot)"
74.7.227.11 - - [26/Jun/2026:23:04:04 +0700] "GET /vendor/league/flysystem/src/UnixVisibility/VisibilityConverter.php HTTP/2" 200 0 "https://diapersky.el-vanda.com/vendor/league/flysystem/src/UnixVisibility/" "Mozilla/5.0 AppleWebKit/537.36 (KHTML, like Gecko; compatible; GPTBot/1.4; +https://openai.com/gptbot)"
74.7.227.147 - - [26/Jun/2026:23:04:43 +0700] "GET /storage/framework/views/de05518b2bee16444141e3f6a4003812.php HTTP/2" 500 28 "https://www.diapersky.el-vanda.com/storage/framework/views/" "Mozilla/5.0 AppleWebKit/537.36 (KHTML, like Gecko; compatible; GPTBot/1.4; +https://openai.com/gptbot)"
74.7.227.11 - - [26/Jun/2026:23:04:59 +0700] "GET /vendor/nunomaduro/collision/src/Exceptions/ShouldNotHappen.php HTTP/2" 200 0 "https://diapersky.el-vanda.com/vendor/nunomaduro/collision/src/Exceptions/" "Mozilla/5.0 AppleWebKit/537.36 (KHTML, like Gecko; compatible; GPTBot/1.4; +https://openai.com/gptbot)"
74.7.227.147 - - [26/Jun/2026:23:05:48 +0700] "GET /storage/framework/views/d632e6ad097fd3800e421629328a0943.php HTTP/2" 200 209 "https://www.diapersky.el-vanda.com/storage/framework/views/" "Mozilla/5.0 AppleWebKit/537.36 (KHTML, like Gecko; compatible; GPTBot/1.4; +https://openai.com/gptbot)"
74.7.227.11 - - [26/Jun/2026:23:05:50 +0700] "GET /vendor/symfony/routing/Loader/Configurator/RoutingConfigurator.php HTTP/2" 500 0 "https://diapersky.el-vanda.com/vendor/symfony/routing/Loader/Configurator/" "Mozilla/5.0 AppleWebKit/537.36 (KHTML, like Gecko; compatible; GPTBot/1.4; +https://openai.com/gptbot)"
74.7.227.11 - - [26/Jun/2026:23:06:35 +0700] "GET /vendor/symfony/routing/Loader/Configurator/CollectionConfigurator.php HTTP/2" 500 0 "https://diapersky.el-vanda.com/vendor/symfony/routing/Loader/Configurator/" "Mozilla/5.0 AppleWebKit/537.36 (KHTML, like Gecko; compatible; GPTBot/1.4; +https://openai.com/gptbot)"
74.7.227.147 - - [26/Jun/2026:23:06:53 +0700] "GET /storage/framework/views/9630591e94f04930e2c09be0d1a3d339.php HTTP/2" 500 0 "https://www.diapersky.el-vanda.com/storage/framework/views/" "Mozilla/5.0 AppleWebKit/537.36 (KHTML, like Gecko; compatible; GPTBot/1.4; +https://openai.com/gptbot)"
74.7.227.11 - - [26/Jun/2026:23:07:37 +0700] "GET /vendor/nunomaduro/collision/src/Exceptions/TestOutcome.php HTTP/2" 500 0 "https://diapersky.el-vanda.com/vendor/nunomaduro/collision/src/Exceptions/" "Mozilla/5.0 AppleWebKit/537.36 (KHTML, like Gecko; compatible; GPTBot/1.4; +https://openai.com/gptbot)"
74.7.227.147 - - [26/Jun/2026:23:07:51 +0700] "GET /storage/framework/views/bda7d2bebdb10d2073bea505540f27dc.php HTTP/2" 500 0 "https://www.diapersky.el-vanda.com/storage/framework/views/" "Mozilla/5.0 AppleWebKit/537.36 (KHTML, like Gecko; compatible; GPTBot/1.4; +https://openai.com/gptbot)"
74.7.227.11 - - [26/Jun/2026:23:08:40 +0700] "GET /vendor/ramsey/uuid/src/Generator/?NA HTTP/2" 200 1370 "https://diapersky.el-vanda.com/vendor/ramsey/uuid/src/Generator/?MA" "Mozilla/5.0 AppleWebKit/537.36 (KHTML, like Gecko; compatible; GPTBot/1.4; +https://openai.com/gptbot)"
74.7.227.147 - - [26/Jun/2026:23:08:54 +0700] "GET /storage/framework/views/b0ee2140b7e49c433dfff42eb71384ea.php HTTP/2" 500 59 "https://www.diapersky.el-vanda.com/storage/framework/views/" "Mozilla/5.0 AppleWebKit/537.36 (KHTML, like Gecko; compatible; GPTBot/1.4; +https://openai.com/gptbot)"
74.7.227.11 - - [26/Jun/2026:23:09:41 +0700] "GET /vendor/ramsey/uuid/src/Generator/?MD HTTP/2" 200 1395 "https://diapersky.el-vanda.com/vendor/ramsey/uuid/src/Generator/?MA" "Mozilla/5.0 AppleWebKit/537.36 (KHTML, like Gecko; compatible; GPTBot/1.4; +https://openai.com/gptbot)"
74.7.227.147 - - [26/Jun/2026:23:09:59 +0700] "GET /storage/framework/views/d8b6e4a51f747bb1bf5a36fe03e63fa8.php HTTP/2" 500 0 "https://www.diapersky.el-vanda.com/storage/framework/views/" "Mozilla/5.0 AppleWebKit/537.36 (KHTML, like Gecko; compatible; GPTBot/1.4; +https://openai.com/gptbot)"
74.7.227.11 - - [26/Jun/2026:23:10:38 +0700] "GET /vendor/ramsey/uuid/src/Generator/?SD HTTP/2" 200 1377 "https://diapersky.el-vanda.com/vendor/ramsey/uuid/src/Generator/?SA" "Mozilla/5.0 AppleWebKit/537.36 (KHTML, like Gecko; compatible; GPTBot/1.4; +https://openai.com/gptbot)"
74.7.227.147 - - [26/Jun/2026:23:11:02 +0700] "GET /storage/framework/views/399065146a89507a0150ec47dd9ffd06.php HTTP/2" 500 0 "https://www.diapersky.el-vanda.com/storage/framework/views/" "Mozilla/5.0 AppleWebKit/537.36 (KHTML, like Gecko; compatible; GPTBot/1.4; +https://openai.com/gptbot)"
74.7.227.11 - - [26/Jun/2026:23:11:31 +0700] "GET /vendor/symfony/console/Output/NullOutput.php HTTP/2" 500 0 "https://diapersky.el-vanda.com/vendor/symfony/console/Output/" "Mozilla/5.0 AppleWebKit/537.36 (KHTML, like Gecko; compatible; GPTBot/1.4; +https://openai.com/gptbot)"
74.7.227.147 - - [26/Jun/2026:23:12:03 +0700] "GET /storage/framework/views/e264310d12db297c407d8e2758c426e6.php HTTP/2" 200 281 "https://www.diapersky.el-vanda.com/storage/framework/views/" "Mozilla/5.0 AppleWebKit/537.36 (KHTML, like Gecko; compatible; GPTBot/1.4; +https://openai.com/gptbot)"
74.7.227.11 - - [26/Jun/2026:23:12:16 +0700] "GET /vendor/symfony/mime/Header/MailboxHeader.php HTTP/2" 500 0 "https://diapersky.el-vanda.com/vendor/symfony/mime/Header/" "Mozilla/5.0 AppleWebKit/537.36 (KHTML, like Gecko; compatible; GPTBot/1.4; +https://openai.com/gptbot)"
74.7.227.147 - - [26/Jun/2026:23:13:04 +0700] "GET /storage/framework/views/5bb020d29154025680a7fc13c4c6d478.php HTTP/2" 500 0 "https://www.diapersky.el-vanda.com/storage/framework/views/" "Mozilla/5.0 AppleWebKit/537.36 (KHTML, like Gecko; compatible; GPTBot/1.4; +https://openai.com/gptbot)"
74.7.227.11 - - [26/Jun/2026:23:13:21 +0700] "GET /vendor/symfony/console/Input/InputOption.php HTTP/2" 200 0 "https://diapersky.el-vanda.com/vendor/symfony/console/Input/" "Mozilla/5.0 AppleWebKit/537.36 (KHTML, like Gecko; compatible; GPTBot/1.4; +https://openai.com/gptbot)"
74.7.227.147 - - [26/Jun/2026:23:14:02 +0700] "GET /storage/framework/views/72598ea680907e56402bd2ed0be94901.php HTTP/2" 500 0 "https://www.diapersky.el-vanda.com/storage/framework/views/" "Mozilla/5.0 AppleWebKit/537.36 (KHTML, like Gecko; compatible; GPTBot/1.4; +https://openai.com/gptbot)"
74.7.227.11 - - [26/Jun/2026:23:14:21 +0700] "GET /vendor/sebastian/environment/src/Runtime.php HTTP/2" 200 0 "https://diapersky.el-vanda.com/vendor/sebastian/environment/src/" "Mozilla/5.0 AppleWebKit/537.36 (KHTML, like Gecko; compatible; GPTBot/1.4; +https://openai.com/gptbot)"
74.7.227.147 - - [26/Jun/2026:23:15:07 +0700] "GET /storage/framework/views/73fc79f5869c94f98fb14b33706a8661.php HTTP/2" 500 0 "https://www.diapersky.el-vanda.com/storage/framework/views/" "Mozilla/5.0 AppleWebKit/537.36 (KHTML, like Gecko; compatible; GPTBot/1.4; +https://openai.com/gptbot)"
74.7.227.11 - - [26/Jun/2026:23:15:19 +0700] "GET /vendor/ramsey/collection/src/AbstractSet.php HTTP/2" 500 0 "https://diapersky.el-vanda.com/vendor/ramsey/collection/src/" "Mozilla/5.0 AppleWebKit/537.36 (KHTML, like Gecko; compatible; GPTBot/1.4; +https://openai.com/gptbot)"
74.7.227.147 - - [26/Jun/2026:23:16:07 +0700] "GET /storage/framework/views/94148939b65016fa1d672a00def34c88.php HTTP/2" 500 0 "https://www.diapersky.el-vanda.com/storage/framework/views/" "Mozilla/5.0 AppleWebKit/537.36 (KHTML, like Gecko; compatible; GPTBot/1.4; +https://openai.com/gptbot)"
74.7.227.11 - - [26/Jun/2026:23:16:12 +0700] "GET /vendor/nunomaduro/collision/src/Provider.php HTTP/2" 200 0 "https://diapersky.el-vanda.com/vendor/nunomaduro/collision/src/" "Mozilla/5.0 AppleWebKit/537.36 (KHTML, like Gecko; compatible; GPTBot/1.4; +https://openai.com/gptbot)"
74.7.227.147 - - [26/Jun/2026:23:17:10 +0700] "GET /storage/framework/views/a11375ed9d7337c9b2989ac142b51063.php HTTP/2" 500 0 "https://www.diapersky.el-vanda.com/storage/framework/views/" "Mozilla/5.0 AppleWebKit/537.36 (KHTML, like Gecko; compatible; GPTBot/1.4; +https://openai.com/gptbot)"
74.7.227.11 - - [26/Jun/2026:23:17:15 +0700] "GET /vendor/sebastian/environment/src/Console.php HTTP/2" 200 0 "https://diapersky.el-vanda.com/vendor/sebastian/environment/src/" "Mozilla/5.0 AppleWebKit/537.36 (KHTML, like Gecko; compatible; GPTBot/1.4; +https://openai.com/gptbot)"
74.7.227.11 - - [26/Jun/2026:23:18:14 +0700] "GET /vendor/league/flysystem/src/MountManager.php HTTP/2" 500 0 "https://diapersky.el-vanda.com/vendor/league/flysystem/src/" "Mozilla/5.0 AppleWebKit/537.36 (KHTML, like Gecko; compatible; GPTBot/1.4; +https://openai.com/gptbot)"
74.7.227.147 - - [26/Jun/2026:23:18:16 +0700] "GET /storage/framework/views/4f347d2b21b66a22b4815a1a251590b5.php HTTP/2" 500 0 "https://www.diapersky.el-vanda.com/storage/framework/views/" "Mozilla/5.0 AppleWebKit/537.36 (KHTML, like Gecko; compatible; GPTBot/1.4; +https://openai.com/gptbot)"
74.7.227.11 - - [26/Jun/2026:23:19:06 +0700] "GET /vendor/nunomaduro/collision/src/Coverage.php HTTP/2" 200 0 "https://diapersky.el-vanda.com/vendor/nunomaduro/collision/src/" "Mozilla/5.0 AppleWebKit/537.36 (KHTML, like Gecko; compatible; GPTBot/1.4; +https://openai.com/gptbot)"
74.7.227.147 - - [26/Jun/2026:23:19:19 +0700] "GET /storage/framework/views/f034b0de1a7c778867c4dc8313949390.php HTTP/2" 500 92 "https://www.diapersky.el-vanda.com/storage/framework/views/" "Mozilla/5.0 AppleWebKit/537.36 (KHTML, like Gecko; compatible; GPTBot/1.4; +https://openai.com/gptbot)"
74.7.227.11 - - [26/Jun/2026:23:20:09 +0700] "GET /vendor/nunomaduro/termwind/src/Functions.php HTTP/2" 200 0 "https://diapersky.el-vanda.com/vendor/nunomaduro/termwind/src/" "Mozilla/5.0 AppleWebKit/537.36 (KHTML, like Gecko; compatible; GPTBot/1.4; +https://openai.com/gptbot)"
74.7.227.147 - - [26/Jun/2026:23:20:22 +0700] "GET /storage/framework/views/860713456051e7b76a06e2de53e0d43d.php HTTP/2" 500 0 "https://www.diapersky.el-vanda.com/storage/framework/views/" "Mozilla/5.0 AppleWebKit/537.36 (KHTML, like Gecko; compatible; GPTBot/1.4; +https://openai.com/gptbot)"
74.7.227.11 - - [26/Jun/2026:23:21:05 +0700] "GET /vendor/symfony/console/Helper/TableStyle.php HTTP/2" 200 0 "https://diapersky.el-vanda.com/vendor/symfony/console/Helper/" "Mozilla/5.0 AppleWebKit/537.36 (KHTML, like Gecko; compatible; GPTBot/1.4; +https://openai.com/gptbot)"
74.7.227.147 - - [26/Jun/2026:23:21:26 +0700] "GET /storage/framework/views/fde141b3ddccc9ee477483c11d2ae20f.php HTTP/2" 500 0 "https://www.diapersky.el-vanda.com/storage/framework/views/" "Mozilla/5.0 AppleWebKit/537.36 (KHTML, like Gecko; compatible; GPTBot/1.4; +https://openai.com/gptbot)"
74.7.227.11 - - [26/Jun/2026:23:21:58 +0700] "GET /vendor/guzzlehttp/promises/src/Coroutine.php HTTP/2" 500 0 "https://diapersky.el-vanda.com/vendor/guzzlehttp/promises/src/" "Mozilla/5.0 AppleWebKit/537.36 (KHTML, like Gecko; compatible; GPTBot/1.4; +https://openai.com/gptbot)"
74.7.241.151 - - [26/Jun/2026:23:21:59 +0700] "GET /robots.txt HTTP/2" 404 1251 "-" "Mozilla/5.0 (Macintosh; Intel Mac OS X 10_15_7) AppleWebKit/537.36 (KHTML, like Gecko) Chrome/131.0.0.0 Safari/537.36; compatible; OAI-SearchBot/1.4; robots.txt; +https://openai.com/searchbot"
74.7.227.147 - - [26/Jun/2026:23:22:31 +0700] "GET /storage/framework/views/76ca51d832443263aaa108b195e22ffc.php HTTP/2" 500 0 "https://www.diapersky.el-vanda.com/storage/framework/views/" "Mozilla/5.0 AppleWebKit/537.36 (KHTML, like Gecko; compatible; GPTBot/1.4; +https://openai.com/gptbot)"
74.7.227.11 - - [26/Jun/2026:23:22:46 +0700] "GET /vendor/league/flysystem/src/PathPrefixer.php HTTP/2" 200 0 "https://diapersky.el-vanda.com/vendor/league/flysystem/src/" "Mozilla/5.0 AppleWebKit/537.36 (KHTML, like Gecko; compatible; GPTBot/1.4; +https://openai.com/gptbot)"
74.7.227.147 - - [26/Jun/2026:23:23:37 +0700] "GET /storage/framework/views/4a9d6008843c3acc6163d9d9812675df.php HTTP/2" 500 28 "https://www.diapersky.el-vanda.com/storage/framework/views/" "Mozilla/5.0 AppleWebKit/537.36 (KHTML, like Gecko; compatible; GPTBot/1.4; +https://openai.com/gptbot)"
74.7.227.11 - - [26/Jun/2026:23:23:48 +0700] "GET /vendor/guzzlehttp/promises/src/TaskQueue.php HTTP/2" 500 0 "https://diapersky.el-vanda.com/vendor/guzzlehttp/promises/src/" "Mozilla/5.0 AppleWebKit/537.36 (KHTML, like Gecko; compatible; GPTBot/1.4; +https://openai.com/gptbot)"
74.7.227.147 - - [26/Jun/2026:23:24:41 +0700] "GET /storage/framework/views/4bc846ae302d386988e4815c57e499fc.php HTTP/2" 500 0 "https://www.diapersky.el-vanda.com/storage/framework/views/" "Mozilla/5.0 AppleWebKit/537.36 (KHTML, like Gecko; compatible; GPTBot/1.4; +https://openai.com/gptbot)"
74.7.227.11 - - [26/Jun/2026:23:24:48 +0700] "GET /vendor/league/commonmark/src/Exception/ HTTP/2" 200 1107 "https://diapersky.el-vanda.com/vendor/league/commonmark/src/" "Mozilla/5.0 AppleWebKit/537.36 (KHTML, like Gecko; compatible; GPTBot/1.4; +https://openai.com/gptbot)"
74.7.227.147 - - [26/Jun/2026:23:25:45 +0700] "GET /storage/framework/views/7cbac5780b19897738c392fd9167fe40.php HTTP/2" 500 0 "https://www.diapersky.el-vanda.com/storage/framework/views/" "Mozilla/5.0 AppleWebKit/537.36 (KHTML, like Gecko; compatible; GPTBot/1.4; +https://openai.com/gptbot)"
74.7.227.11 - - [26/Jun/2026:23:25:50 +0700] "GET /vendor/vlucas/phpdotenv/src/Repository/ HTTP/2" 200 753 "https://diapersky.el-vanda.com/vendor/vlucas/phpdotenv/src/" "Mozilla/5.0 AppleWebKit/537.36 (KHTML, like Gecko; compatible; GPTBot/1.4; +https://openai.com/gptbot)"
74.7.227.11 - - [26/Jun/2026:23:26:44 +0700] "GET /vendor/league/commonmark/src/Extension/ HTTP/2" 200 1392 "https://diapersky.el-vanda.com/vendor/league/commonmark/src/" "Mozilla/5.0 AppleWebKit/537.36 (KHTML, like Gecko; compatible; GPTBot/1.4; +https://openai.com/gptbot)"
74.7.227.147 - - [26/Jun/2026:23:26:48 +0700] "GET /storage/framework/views/78c1c010b297ee986b4cd90925e103a2.php HTTP/2" 500 0 "https://www.diapersky.el-vanda.com/storage/framework/views/" "Mozilla/5.0 AppleWebKit/537.36 (KHTML, like Gecko; compatible; GPTBot/1.4; +https://openai.com/gptbot)"
74.7.227.11 - - [26/Jun/2026:23:27:37 +0700] "GET /vendor/league/commonmark/src/Delimiter/ HTTP/2" 200 767 "https://diapersky.el-vanda.com/vendor/league/commonmark/src/" "Mozilla/5.0 AppleWebKit/537.36 (KHTML, like Gecko; compatible; GPTBot/1.4; +https://openai.com/gptbot)"
74.7.227.147 - - [26/Jun/2026:23:27:48 +0700] "GET /storage/framework/views/94dfebd5cec248ac1a4d1c9d9b9f2093.php HTTP/2" 500 0 "https://www.diapersky.el-vanda.com/storage/framework/views/" "Mozilla/5.0 AppleWebKit/537.36 (KHTML, like Gecko; compatible; GPTBot/1.4; +https://openai.com/gptbot)"
74.7.227.11 - - [26/Jun/2026:23:28:23 +0700] "GET /app/Http/Controllers/Report/Accounting/ HTTP/2" 200 686 "https://diapersky.el-vanda.com/app/Http/Controllers/Report/" "Mozilla/5.0 AppleWebKit/537.36 (KHTML, like Gecko; compatible; GPTBot/1.4; +https://openai.com/gptbot)"
74.7.227.147 - - [26/Jun/2026:23:28:48 +0700] "GET /storage/framework/views/5c5ca6f61dbbfd6d925ba79b8bb1e0c9.php HTTP/2" 500 0 "https://www.diapersky.el-vanda.com/storage/framework/views/" "Mozilla/5.0 AppleWebKit/537.36 (KHTML, like Gecko; compatible; GPTBot/1.4; +https://openai.com/gptbot)"
64.89.161.50 - - [26/Jun/2026:23:28:51 +0700] "GET /test.txt HTTP/1.1" 200 66 "-" "Mozilla/5.0"
74.7.227.11 - - [26/Jun/2026:23:29:04 +0700] "GET /vendor/nunomaduro/termwind/src/Laravel/ HTTP/2" 200 660 "https://diapersky.el-vanda.com/vendor/nunomaduro/termwind/src/" "Mozilla/5.0 AppleWebKit/537.36 (KHTML, like Gecko; compatible; GPTBot/1.4; +https://openai.com/gptbot)"
74.7.227.11 - - [26/Jun/2026:23:29:41 +0700] "GET /vendor/nunomaduro/termwind/src/Helpers/ HTTP/2" 200 652 "https://diapersky.el-vanda.com/vendor/nunomaduro/termwind/src/" "Mozilla/5.0 AppleWebKit/537.36 (KHTML, like Gecko; compatible; GPTBot/1.4; +https://openai.com/gptbot)"
74.7.227.147 - - [26/Jun/2026:23:29:51 +0700] "GET /storage/framework/views/9dfa33d6c5a05edc8f13fcf7b1bfb904.php HTTP/2" 500 0 "https://www.diapersky.el-vanda.com/storage/framework/views/" "Mozilla/5.0 AppleWebKit/537.36 (KHTML, like Gecko; compatible; GPTBot/1.4; +https://openai.com/gptbot)"
74.7.227.11 - - [26/Jun/2026:23:30:15 +0700] "GET /vendor/nunomaduro/termwind/src/Actions/ HTTP/2" 200 657 "https://diapersky.el-vanda.com/vendor/nunomaduro/termwind/src/" "Mozilla/5.0 AppleWebKit/537.36 (KHTML, like Gecko; compatible; GPTBot/1.4; +https://openai.com/gptbot)"
74.7.227.11 - - [26/Jun/2026:23:30:46 +0700] "GET /vendor/symfony/console/Resources/completion.zsh HTTP/2" 200 2827 "https://diapersky.el-vanda.com/vendor/symfony/console/Resources/" "Mozilla/5.0 AppleWebKit/537.36 (KHTML, like Gecko; compatible; GPTBot/1.4; +https://openai.com/gptbot)"
74.7.227.147 - - [26/Jun/2026:23:30:58 +0700] "GET /storage/framework/views/cc6c3762944cb3d1af52ab8fdac12c1f.php HTTP/2" 500 0 "https://www.diapersky.el-vanda.com/storage/framework/views/" "Mozilla/5.0 AppleWebKit/537.36 (KHTML, like Gecko; compatible; GPTBot/1.4; +https://openai.com/gptbot)"
74.7.227.11 - - [26/Jun/2026:23:31:13 +0700] "GET /vendor/psy/psysh/src/VersionUpdater/ HTTP/2" 200 1131 "https://diapersky.el-vanda.com/vendor/psy/psysh/src/" "Mozilla/5.0 AppleWebKit/537.36 (KHTML, like Gecko; compatible; GPTBot/1.4; +https://openai.com/gptbot)"
74.7.227.11 - - [26/Jun/2026:23:31:38 +0700] "GET /vendor/symfony/var-dumper/Caster/TraceStub.php HTTP/2" 500 0 "https://diapersky.el-vanda.com/vendor/symfony/var-dumper/Caster/" "Mozilla/5.0 AppleWebKit/537.36 (KHTML, like Gecko; compatible; GPTBot/1.4; +https://openai.com/gptbot)"
74.7.227.11 - - [26/Jun/2026:23:31:59 +0700] "GET /vendor/league/commonmark/src/Exception/CommonMarkException.php HTTP/2" 200 0 "https://diapersky.el-vanda.com/vendor/league/commonmark/src/Exception/" "Mozilla/5.0 AppleWebKit/537.36 (KHTML, like Gecko; compatible; GPTBot/1.4; +https://openai.com/gptbot)"
74.7.227.147 - - [26/Jun/2026:23:32:01 +0700] "GET /storage/framework/views/6201ccee584f8c17d92cacaff4f9ee1b.php HTTP/2" 500 0 "https://www.diapersky.el-vanda.com/storage/framework/views/" "Mozilla/5.0 AppleWebKit/537.36 (KHTML, like Gecko; compatible; GPTBot/1.4; +https://openai.com/gptbot)"
74.7.227.11 - - [26/Jun/2026:23:32:59 +0700] "GET /vendor/vlucas/phpdotenv/src/Repository/?ND HTTP/2" 200 749 "https://diapersky.el-vanda.com/vendor/vlucas/phpdotenv/src/Repository/" "Mozilla/5.0 AppleWebKit/537.36 (KHTML, like Gecko; compatible; GPTBot/1.4; +https://openai.com/gptbot)"
74.7.227.147 - - [26/Jun/2026:23:33:08 +0700] "GET /storage/framework/views/be4e5d6312cafb5de55ac9d4cf4297be.php HTTP/2" 500 0 "https://www.diapersky.el-vanda.com/storage/framework/views/" "Mozilla/5.0 AppleWebKit/537.36 (KHTML, like Gecko; compatible; GPTBot/1.4; +https://openai.com/gptbot)"
74.7.227.11 - - [26/Jun/2026:23:33:53 +0700] "GET /vendor/league/commonmark/src/Extension/GithubFlavoredMarkdownExtension.php HTTP/2" 500 0 "https://diapersky.el-vanda.com/vendor/league/commonmark/src/Extension/" "Mozilla/5.0 AppleWebKit/537.36 (KHTML, like Gecko; compatible; GPTBot/1.4; +https://openai.com/gptbot)"
74.7.227.147 - - [26/Jun/2026:23:34:08 +0700] "GET /vendor/sebastian/comparator/composer.json HTTP/2" 200 540 "https://www.diapersky.el-vanda.com/vendor/sebastian/comparator/" "Mozilla/5.0 AppleWebKit/537.36 (KHTML, like Gecko; compatible; GPTBot/1.4; +https://openai.com/gptbot)"
74.7.227.11 - - [26/Jun/2026:23:34:45 +0700] "GET /vendor/league/commonmark/src/Delimiter/DelimiterInterface.php HTTP/2" 200 0 "https://diapersky.el-vanda.com/vendor/league/commonmark/src/Delimiter/" "Mozilla/5.0 AppleWebKit/537.36 (KHTML, like Gecko; compatible; GPTBot/1.4; +https://openai.com/gptbot)"
74.7.227.147 - - [26/Jun/2026:23:35:09 +0700] "GET /storage/framework/views/a355e9dc3b8a984556fb1c63e9e8d1aa.php HTTP/2" 500 0 "https://www.diapersky.el-vanda.com/storage/framework/views/" "Mozilla/5.0 AppleWebKit/537.36 (KHTML, like Gecko; compatible; GPTBot/1.4; +https://openai.com/gptbot)"
74.7.227.11 - - [26/Jun/2026:23:35:49 +0700] "GET /vendor/league/commonmark/src/Exception/AlreadyInitializedException.php HTTP/2" 500 0 "https://diapersky.el-vanda.com/vendor/league/commonmark/src/Exception/" "Mozilla/5.0 AppleWebKit/537.36 (KHTML, like Gecko; compatible; GPTBot/1.4; +https://openai.com/gptbot)"
74.7.227.147 - - [26/Jun/2026:23:36:07 +0700] "GET /storage/framework/views/3d12e4e60e2eae9df5001617ab90b7da.php HTTP/2" 500 0 "https://www.diapersky.el-vanda.com/storage/framework/views/" "Mozilla/5.0 AppleWebKit/537.36 (KHTML, like Gecko; compatible; GPTBot/1.4; +https://openai.com/gptbot)"
74.7.227.11 - - [26/Jun/2026:23:36:44 +0700] "GET /vendor/league/commonmark/src/Exception/UnexpectedEncodingException.php HTTP/2" 500 0 "https://diapersky.el-vanda.com/vendor/league/commonmark/src/Exception/" "Mozilla/5.0 AppleWebKit/537.36 (KHTML, like Gecko; compatible; GPTBot/1.4; +https://openai.com/gptbot)"
74.7.227.147 - - [26/Jun/2026:23:37:11 +0700] "GET /storage/framework/views/4b45d874aadb2d1e883ba9df185b54f2.php HTTP/2" 500 0 "https://www.diapersky.el-vanda.com/storage/framework/views/" "Mozilla/5.0 AppleWebKit/537.36 (KHTML, like Gecko; compatible; GPTBot/1.4; +https://openai.com/gptbot)"
74.7.227.11 - - [26/Jun/2026:23:37:45 +0700] "GET /vendor/league/commonmark/src/Extension/ConfigurableExtensionInterface.php HTTP/2" 500 0 "https://diapersky.el-vanda.com/vendor/league/commonmark/src/Extension/" "Mozilla/5.0 AppleWebKit/537.36 (KHTML, like Gecko; compatible; GPTBot/1.4; +https://openai.com/gptbot)"
74.7.227.147 - - [26/Jun/2026:23:38:12 +0700] "GET /storage/framework/views/df6d918653dee4788c84cd1ae16c9df3.php HTTP/2" 500 0 "https://www.diapersky.el-vanda.com/storage/framework/views/" "Mozilla/5.0 AppleWebKit/537.36 (KHTML, like Gecko; compatible; GPTBot/1.4; +https://openai.com/gptbot)"
74.7.227.11 - - [26/Jun/2026:23:38:48 +0700] "GET /vendor/league/commonmark/src/Exception/LogicException.php HTTP/2" 500 0 "https://diapersky.el-vanda.com/vendor/league/commonmark/src/Exception/" "Mozilla/5.0 AppleWebKit/537.36 (KHTML, like Gecko; compatible; GPTBot/1.4; +https://openai.com/gptbot)"
74.7.227.147 - - [26/Jun/2026:23:39:17 +0700] "GET /storage/framework/views/e4003a804ce59e19b71f39e46ee9e7d0.php HTTP/2" 500 0 "https://www.diapersky.el-vanda.com/storage/framework/views/" "Mozilla/5.0 AppleWebKit/537.36 (KHTML, like Gecko; compatible; GPTBot/1.4; +https://openai.com/gptbot)"
74.7.227.11 - - [26/Jun/2026:23:39:49 +0700] "GET /vendor/league/commonmark/src/Exception/InvalidArgumentException.php HTTP/2" 500 0 "https://diapersky.el-vanda.com/vendor/league/commonmark/src/Exception/" "Mozilla/5.0 AppleWebKit/537.36 (KHTML, like Gecko; compatible; GPTBot/1.4; +https://openai.com/gptbot)"
74.7.227.147 - - [26/Jun/2026:23:40:20 +0700] "GET /resources/views/layouts/guest.blade.php HTTP/2" 200 409 "https://www.diapersky.el-vanda.com/resources/views/layouts/" "Mozilla/5.0 AppleWebKit/537.36 (KHTML, like Gecko; compatible; GPTBot/1.4; +https://openai.com/gptbot)"
74.7.227.11 - - [26/Jun/2026:23:40:52 +0700] "GET /vendor/league/commonmark/src/Exception/MissingDependencyException.php HTTP/2" 500 0 "https://diapersky.el-vanda.com/vendor/league/commonmark/src/Exception/" "Mozilla/5.0 AppleWebKit/537.36 (KHTML, like Gecko; compatible; GPTBot/1.4; +https://openai.com/gptbot)"
74.7.227.147 - - [26/Jun/2026:23:41:22 +0700] "GET /storage/framework/views/f85c4e6ccae1f13dd57daa0c450282e8.php HTTP/2" 500 0 "https://www.diapersky.el-vanda.com/storage/framework/views/" "Mozilla/5.0 AppleWebKit/537.36 (KHTML, like Gecko; compatible; GPTBot/1.4; +https://openai.com/gptbot)"
74.7.227.11 - - [26/Jun/2026:23:41:55 +0700] "GET /app/Http/Controllers/Report/Accounting/ReportLedgerController.php HTTP/2" 500 0 "https://diapersky.el-vanda.com/app/Http/Controllers/Report/Accounting/" "Mozilla/5.0 AppleWebKit/537.36 (KHTML, like Gecko; compatible; GPTBot/1.4; +https://openai.com/gptbot)"
74.7.227.147 - - [26/Jun/2026:23:42:19 +0700] "GET /storage/framework/views/a50e0bb49a8eba9c0318cd58e6ca6214.php HTTP/2" 500 0 "https://www.diapersky.el-vanda.com/storage/framework/views/" "Mozilla/5.0 AppleWebKit/537.36 (KHTML, like Gecko; compatible; GPTBot/1.4; +https://openai.com/gptbot)"
74.7.227.11 - - [26/Jun/2026:23:42:55 +0700] "GET /vendor/vlucas/phpdotenv/src/Repository/RepositoryInterface.php HTTP/2" 200 0 "https://diapersky.el-vanda.com/vendor/vlucas/phpdotenv/src/Repository/" "Mozilla/5.0 AppleWebKit/537.36 (KHTML, like Gecko; compatible; GPTBot/1.4; +https://openai.com/gptbot)"
74.7.227.147 - - [26/Jun/2026:23:43:23 +0700] "GET /storage/framework/views/f039a0a425d59bbffe7bcbd7170a880a.php HTTP/2" 500 0 "https://www.diapersky.el-vanda.com/storage/framework/views/" "Mozilla/5.0 AppleWebKit/537.36 (KHTML, like Gecko; compatible; GPTBot/1.4; +https://openai.com/gptbot)"
74.7.227.11 - - [26/Jun/2026:23:43:58 +0700] "GET /vendor/vlucas/phpdotenv/src/Repository/AdapterRepository.php HTTP/2" 500 0 "https://diapersky.el-vanda.com/vendor/vlucas/phpdotenv/src/Repository/" "Mozilla/5.0 AppleWebKit/537.36 (KHTML, like Gecko; compatible; GPTBot/1.4; +https://openai.com/gptbot)"
74.7.227.147 - - [26/Jun/2026:23:44:25 +0700] "GET /storage/framework/views/cabbd6ff560af841e945bfe80257d6a4.php HTTP/2" 500 61 "https://www.diapersky.el-vanda.com/storage/framework/views/" "Mozilla/5.0 AppleWebKit/537.36 (KHTML, like Gecko; compatible; GPTBot/1.4; +https://openai.com/gptbot)"
74.7.227.11 - - [26/Jun/2026:23:44:53 +0700] "GET /vendor/vlucas/phpdotenv/src/Repository/RepositoryBuilder.php HTTP/2" 200 0 "https://diapersky.el-vanda.com/vendor/vlucas/phpdotenv/src/Repository/" "Mozilla/5.0 AppleWebKit/537.36 (KHTML, like Gecko; compatible; GPTBot/1.4; +https://openai.com/gptbot)"
74.7.227.147 - - [26/Jun/2026:23:45:25 +0700] "GET /storage/framework/views/d93e5c60b202aae90cb2bb8c62645a9f.php HTTP/2" 500 650 "https://www.diapersky.el-vanda.com/storage/framework/views/" "Mozilla/5.0 AppleWebKit/537.36 (KHTML, like Gecko; compatible; GPTBot/1.4; +https://openai.com/gptbot)"
74.7.227.11 - - [26/Jun/2026:23:45:55 +0700] "GET /vendor/league/commonmark/src/Extension/ExtensionInterface.php HTTP/2" 200 0 "https://diapersky.el-vanda.com/vendor/league/commonmark/src/Extension/" "Mozilla/5.0 AppleWebKit/537.36 (KHTML, like Gecko; compatible; GPTBot/1.4; +https://openai.com/gptbot)"
74.7.227.147 - - [26/Jun/2026:23:46:28 +0700] "GET /storage/framework/views/a125853ecf2ad4dc247b5be7c5ec8611.php HTTP/2" 500 0 "https://www.diapersky.el-vanda.com/storage/framework/views/" "Mozilla/5.0 AppleWebKit/537.36 (KHTML, like Gecko; compatible; GPTBot/1.4; +https://openai.com/gptbot)"
74.7.227.11 - - [26/Jun/2026:23:46:54 +0700] "GET /app/Http/Controllers/Report/Accounting/ReportAccountingController.php HTTP/2" 500 0 "https://diapersky.el-vanda.com/app/Http/Controllers/Report/Accounting/" "Mozilla/5.0 AppleWebKit/537.36 (KHTML, like Gecko; compatible; GPTBot/1.4; +https://openai.com/gptbot)"
74.7.227.147 - - [26/Jun/2026:23:47:32 +0700] "GET /storage/framework/views/645a1a2429d9310bd1fceb7e241d4faa.php HTTP/2" 500 0 "https://www.diapersky.el-vanda.com/storage/framework/views/" "Mozilla/5.0 AppleWebKit/537.36 (KHTML, like Gecko; compatible; GPTBot/1.4; +https://openai.com/gptbot)"
74.7.227.11 - - [26/Jun/2026:23:47:46 +0700] "GET /vendor/league/commonmark/src/Delimiter/DelimiterParser.php HTTP/2" 500 0 "https://diapersky.el-vanda.com/vendor/league/commonmark/src/Delimiter/" "Mozilla/5.0 AppleWebKit/537.36 (KHTML, like Gecko; compatible; GPTBot/1.4; +https://openai.com/gptbot)"
74.7.227.147 - - [26/Jun/2026:23:48:38 +0700] "GET /storage/framework/views/b93dd49f276546a43b31cf4d6ba2dadb.php HTTP/2" 500 0 "https://www.diapersky.el-vanda.com/storage/framework/views/" "Mozilla/5.0 AppleWebKit/537.36 (KHTML, like Gecko; compatible; GPTBot/1.4; +https://openai.com/gptbot)"
74.7.227.11 - - [26/Jun/2026:23:48:51 +0700] "GET /vendor/league/commonmark/src/Delimiter/DelimiterStack.php HTTP/2" 200 0 "https://diapersky.el-vanda.com/vendor/league/commonmark/src/Delimiter/" "Mozilla/5.0 AppleWebKit/537.36 (KHTML, like Gecko; compatible; GPTBot/1.4; +https://openai.com/gptbot)"
74.7.227.147 - - [26/Jun/2026:23:49:43 +0700] "GET /storage/framework/views/be1bd05ae4d76a8840ea08c35cbd4636.php HTTP/2" 500 0 "https://www.diapersky.el-vanda.com/storage/framework/views/" "Mozilla/5.0 AppleWebKit/537.36 (KHTML, like Gecko; compatible; GPTBot/1.4; +https://openai.com/gptbot)"
74.7.227.11 - - [26/Jun/2026:23:49:55 +0700] "GET /vendor/league/commonmark/src/Extension/DefaultAttributes/ HTTP/2" 200 713 "https://diapersky.el-vanda.com/vendor/league/commonmark/src/Extension/" "Mozilla/5.0 AppleWebKit/537.36 (KHTML, like Gecko; compatible; GPTBot/1.4; +https://openai.com/gptbot)"
74.7.227.147 - - [26/Jun/2026:23:50:47 +0700] "GET /storage/framework/views/50dcff49276ec5243fee6b4aad1651d5.php HTTP/2" 500 0 "https://www.diapersky.el-vanda.com/storage/framework/views/" "Mozilla/5.0 AppleWebKit/537.36 (KHTML, like Gecko; compatible; GPTBot/1.4; +https://openai.com/gptbot)"
74.7.227.11 - - [26/Jun/2026:23:50:49 +0700] "GET /vendor/league/commonmark/src/Extension/HeadingPermalink/ HTTP/2" 200 742 "https://diapersky.el-vanda.com/vendor/league/commonmark/src/Extension/" "Mozilla/5.0 AppleWebKit/537.36 (KHTML, like Gecko; compatible; GPTBot/1.4; +https://openai.com/gptbot)"
74.7.227.11 - - [26/Jun/2026:23:51:40 +0700] "GET /vendor/nunomaduro/termwind/src/Laravel/TermwindServiceProvider.php HTTP/2" 500 0 "https://diapersky.el-vanda.com/vendor/nunomaduro/termwind/src/Laravel/" "Mozilla/5.0 AppleWebKit/537.36 (KHTML, like Gecko; compatible; GPTBot/1.4; +https://openai.com/gptbot)"
74.7.227.147 - - [26/Jun/2026:23:51:52 +0700] "GET /storage/framework/views/6ee09dde881cae3d0254e459d629f4ff.php HTTP/2" 500 0 "https://www.diapersky.el-vanda.com/storage/framework/views/" "Mozilla/5.0 AppleWebKit/537.36 (KHTML, like Gecko; compatible; GPTBot/1.4; +https://openai.com/gptbot)"
74.7.227.11 - - [26/Jun/2026:23:52:25 +0700] "GET /vendor/nunomaduro/termwind/src/Actions/StyleToMethod.php HTTP/2" 200 0 "https://diapersky.el-vanda.com/vendor/nunomaduro/termwind/src/Actions/" "Mozilla/5.0 AppleWebKit/537.36 (KHTML, like Gecko; compatible; GPTBot/1.4; +https://openai.com/gptbot)"
74.7.227.147 - - [26/Jun/2026:23:52:56 +0700] "GET /storage/framework/views/0857de88bda59a58c8e4df0f1f065587.php HTTP/2" 200 211 "https://www.diapersky.el-vanda.com/storage/framework/views/" "Mozilla/5.0 AppleWebKit/537.36 (KHTML, like Gecko; compatible; GPTBot/1.4; +https://openai.com/gptbot)"
74.7.227.11 - - [26/Jun/2026:23:53:30 +0700] "GET /vendor/psy/psysh/src/VersionUpdater/NoopChecker.php HTTP/2" 500 0 "https://diapersky.el-vanda.com/vendor/psy/psysh/src/VersionUpdater/" "Mozilla/5.0 AppleWebKit/537.36 (KHTML, like Gecko; compatible; GPTBot/1.4; +https://openai.com/gptbot)"
74.7.227.147 - - [26/Jun/2026:23:54:01 +0700] "GET /storage/framework/views/6f30226960f75d2aef9e6284a89dad5d.php HTTP/2" 500 0 "https://www.diapersky.el-vanda.com/storage/framework/views/" "Mozilla/5.0 AppleWebKit/537.36 (KHTML, like Gecko; compatible; GPTBot/1.4; +https://openai.com/gptbot)"
74.7.227.11 - - [26/Jun/2026:23:54:25 +0700] "GET /vendor/league/commonmark/src/Delimiter/?ND HTTP/2" 200 1101 "https://diapersky.el-vanda.com/vendor/league/commonmark/src/Delimiter/" "Mozilla/5.0 AppleWebKit/537.36 (KHTML, like Gecko; compatible; GPTBot/1.4; +https://openai.com/gptbot)"
74.7.227.147 - - [26/Jun/2026:23:54:59 +0700] "GET /storage/framework/views/17eee54b8d2c7ba8f747e63df550a317.php HTTP/2" 500 0 "https://www.diapersky.el-vanda.com/storage/framework/views/" "Mozilla/5.0 AppleWebKit/537.36 (KHTML, like Gecko; compatible; GPTBot/1.4; +https://openai.com/gptbot)"
74.7.227.11 - - [26/Jun/2026:23:55:26 +0700] "GET /vendor/nunomaduro/termwind/src/Helpers/?SA HTTP/2" 200 656 "https://diapersky.el-vanda.com/vendor/nunomaduro/termwind/src/Helpers/" "Mozilla/5.0 AppleWebKit/537.36 (KHTML, like Gecko; compatible; GPTBot/1.4; +https://openai.com/gptbot)"
74.7.227.147 - - [26/Jun/2026:23:56:05 +0700] "GET /storage/framework/views/0c6c44bf974afdb02631e3a80fff1234.php HTTP/2" 500 12 "https://www.diapersky.el-vanda.com/storage/framework/views/" "Mozilla/5.0 AppleWebKit/537.36 (KHTML, like Gecko; compatible; GPTBot/1.4; +https://openai.com/gptbot)"
74.7.241.145 - - [26/Jun/2026:23:56:08 +0700] "GET /robots.txt HTTP/2" 404 1251 "-" "Mozilla/5.0 (Macintosh; Intel Mac OS X 10_15_7) AppleWebKit/537.36 (KHTML, like Gecko) Chrome/131.0.0.0 Safari/537.36; compatible; OAI-SearchBot/1.4; robots.txt; +https://openai.com/searchbot"
74.7.227.11 - - [26/Jun/2026:23:56:24 +0700] "GET /vendor/league/commonmark/src/Extension/?MA HTTP/2" 200 1466 "https://diapersky.el-vanda.com/vendor/league/commonmark/src/Extension/" "Mozilla/5.0 AppleWebKit/537.36 (KHTML, like Gecko; compatible; GPTBot/1.4; +https://openai.com/gptbot)"
74.7.227.147 - - [26/Jun/2026:23:57:07 +0700] "GET /storage/framework/views/7eac70b092c3e48f5daaa45537882ff0.php HTTP/2" 500 0 "https://www.diapersky.el-vanda.com/storage/framework/views/" "Mozilla/5.0 AppleWebKit/537.36 (KHTML, like Gecko; compatible; GPTBot/1.4; +https://openai.com/gptbot)"
74.7.227.11 - - [26/Jun/2026:23:57:14 +0700] "GET /app/Http/Controllers/Report/Accounting/?MA HTTP/2" 200 749 "https://diapersky.el-vanda.com/app/Http/Controllers/Report/Accounting/" "Mozilla/5.0 AppleWebKit/537.36 (KHTML, like Gecko; compatible; GPTBot/1.4; +https://openai.com/gptbot)"
74.7.227.11 - - [26/Jun/2026:23:57:58 +0700] "GET /vendor/league/commonmark/src/Delimiter/?SA HTTP/2" 200 1109 "https://diapersky.el-vanda.com/vendor/league/commonmark/src/Delimiter/" "Mozilla/5.0 AppleWebKit/537.36 (KHTML, like Gecko; compatible; GPTBot/1.4; +https://openai.com/gptbot)"
