74.7.227.147 - - [26/Jun/2026:21:49:01 +0700] "GET /vendor/guzzlehttp/uri-template/src/ HTTP/2" 200 652 "https://www.diapersky.el-vanda.com/vendor/guzzlehttp/uri-template/" "Mozilla/5.0 AppleWebKit/537.36 (KHTML, like Gecko; compatible; GPTBot/1.4; +https://openai.com/gptbot)"
74.7.227.11 - - [26/Jun/2026:21:49:27 +0700] "GET /vendor/laravel/sanctum/src/Events/ HTTP/2" 200 659 "https://diapersky.el-vanda.com/vendor/laravel/sanctum/src/" "Mozilla/5.0 AppleWebKit/537.36 (KHTML, like Gecko; compatible; GPTBot/1.4; +https://openai.com/gptbot)"
74.7.227.147 - - [26/Jun/2026:21:49:43 +0700] "GET /vendor/symfony/http-foundation/AcceptHeader.php HTTP/2" 200 0 "https://www.diapersky.el-vanda.com/vendor/symfony/http-foundation/" "Mozilla/5.0 AppleWebKit/537.36 (KHTML, like Gecko; compatible; GPTBot/1.4; +https://openai.com/gptbot)"
74.7.227.147 - - [26/Jun/2026:21:50:22 +0700] "GET /vendor/symfony/http-kernel/composer.json HTTP/2" 200 714 "https://www.diapersky.el-vanda.com/vendor/symfony/http-kernel/" "Mozilla/5.0 AppleWebKit/537.36 (KHTML, like Gecko; compatible; GPTBot/1.4; +https://openai.com/gptbot)"
74.7.227.11 - - [26/Jun/2026:21:50:23 +0700] "GET /vendor/ramsey/collection/src/Tool/ HTTP/2" 200 698 "https://diapersky.el-vanda.com/vendor/ramsey/collection/src/" "Mozilla/5.0 AppleWebKit/537.36 (KHTML, like Gecko; compatible; GPTBot/1.4; +https://openai.com/gptbot)"
74.7.227.147 - - [26/Jun/2026:21:50:57 +0700] "GET /vendor/voku/portable-ascii/composer.json HTTP/2" 200 356 "https://www.diapersky.el-vanda.com/vendor/voku/portable-ascii/" "Mozilla/5.0 AppleWebKit/537.36 (KHTML, like Gecko; compatible; GPTBot/1.4; +https://openai.com/gptbot)"
74.7.227.11 - - [26/Jun/2026:21:51:13 +0700] "GET /vendor/laravel/tinker/src/Console/ HTTP/2" 200 654 "https://diapersky.el-vanda.com/vendor/laravel/tinker/src/" "Mozilla/5.0 AppleWebKit/537.36 (KHTML, like Gecko; compatible; GPTBot/1.4; +https://openai.com/gptbot)"
74.7.227.147 - - [26/Jun/2026:21:51:26 +0700] "GET /vendor/symfony/http-kernel/HttpKernelBrowser.php HTTP/2" 500 0 "https://www.diapersky.el-vanda.com/vendor/symfony/http-kernel/" "Mozilla/5.0 AppleWebKit/537.36 (KHTML, like Gecko; compatible; GPTBot/1.4; +https://openai.com/gptbot)"
74.7.227.147 - - [26/Jun/2026:21:51:54 +0700] "GET /vendor/sebastian/cli-parser/composer.json HTTP/2" 200 385 "https://www.diapersky.el-vanda.com/vendor/sebastian/cli-parser/" "Mozilla/5.0 AppleWebKit/537.36 (KHTML, like Gecko; compatible; GPTBot/1.4; +https://openai.com/gptbot)"
74.7.227.11 - - [26/Jun/2026:21:52:00 +0700] "GET /vendor/laravel/jetstream/src/Http/ HTTP/2" 200 671 "https://diapersky.el-vanda.com/vendor/laravel/jetstream/src/" "Mozilla/5.0 AppleWebKit/537.36 (KHTML, like Gecko; compatible; GPTBot/1.4; +https://openai.com/gptbot)"
74.7.227.11 - - [26/Jun/2026:21:52:41 +0700] "GET /vendor/laravel/jetstream/src/Mail/ HTTP/2" 200 653 "https://diapersky.el-vanda.com/vendor/laravel/jetstream/src/" "Mozilla/5.0 AppleWebKit/537.36 (KHTML, like Gecko; compatible; GPTBot/1.4; +https://openai.com/gptbot)"
74.7.227.147 - - [26/Jun/2026:21:52:59 +0700] "GET /vendor/egulias/email-validator/CHANGELOG.md HTTP/2" 200 1040 "https://www.diapersky.el-vanda.com/vendor/egulias/email-validator/" "Mozilla/5.0 AppleWebKit/537.36 (KHTML, like Gecko; compatible; GPTBot/1.4; +https://openai.com/gptbot)"
74.7.227.11 - - [26/Jun/2026:21:53:20 +0700] "GET /app/Http/Controllers/Admin/ModuleController.php HTTP/2" 500 0 "https://diapersky.el-vanda.com/app/Http/Controllers/Admin/" "Mozilla/5.0 AppleWebKit/537.36 (KHTML, like Gecko; compatible; GPTBot/1.4; +https://openai.com/gptbot)"
74.7.227.11 - - [26/Jun/2026:21:53:54 +0700] "GET /vendor/sebastian/type/ HTTP/2" 200 1062 "https://diapersky.el-vanda.com/vendor/sebastian/" "Mozilla/5.0 AppleWebKit/537.36 (KHTML, like Gecko; compatible; GPTBot/1.4; +https://openai.com/gptbot)"
74.7.227.147 - - [26/Jun/2026:21:53:56 +0700] "GET /vendor/sebastian/code-unit/src/ HTTP/2" 200 1287 "https://www.diapersky.el-vanda.com/vendor/sebastian/code-unit/" "Mozilla/5.0 AppleWebKit/537.36 (KHTML, like Gecko; compatible; GPTBot/1.4; +https://openai.com/gptbot)"
74.7.227.147 - - [26/Jun/2026:21:54:49 +0700] "GET /vendor/voku/portable-ascii/src/ HTTP/2" 200 636 "https://www.diapersky.el-vanda.com/vendor/voku/portable-ascii/" "Mozilla/5.0 AppleWebKit/537.36 (KHTML, like Gecko; compatible; GPTBot/1.4; +https://openai.com/gptbot)"
74.7.227.11 - - [26/Jun/2026:21:55:00 +0700] "GET /vendor/guzzlehttp/guzzle/src/Cookie/SessionCookieJar.php HTTP/2" 500 0 "https://diapersky.el-vanda.com/vendor/guzzlehttp/guzzle/src/Cookie/" "Mozilla/5.0 AppleWebKit/537.36 (KHTML, like Gecko; compatible; GPTBot/1.4; +https://openai.com/gptbot)"
74.7.227.147 - - [26/Jun/2026:21:55:35 +0700] "GET /vendor/phar-io/manifest/tools/ HTTP/2" 200 635 "https://www.diapersky.el-vanda.com/vendor/phar-io/manifest/" "Mozilla/5.0 AppleWebKit/537.36 (KHTML, like Gecko; compatible; GPTBot/1.4; +https://openai.com/gptbot)"
74.7.227.11 - - [26/Jun/2026:21:55:59 +0700] "GET /vendor/symfony/http-kernel/Bundle/Bundle.php HTTP/2" 500 0 "https://diapersky.el-vanda.com/vendor/symfony/http-kernel/Bundle/" "Mozilla/5.0 AppleWebKit/537.36 (KHTML, like Gecko; compatible; GPTBot/1.4; +https://openai.com/gptbot)"
74.7.227.147 - - [26/Jun/2026:21:56:14 +0700] "GET /vendor/symfony/translation-contracts/TranslatorInterface.php HTTP/2" 200 0 "https://www.diapersky.el-vanda.com/vendor/symfony/translation-contracts/" "Mozilla/5.0 AppleWebKit/537.36 (KHTML, like Gecko; compatible; GPTBot/1.4; +https://openai.com/gptbot)"
74.7.227.147 - - [26/Jun/2026:21:56:50 +0700] "GET /resources/views/dashboard.blade.php HTTP/2" 200 227 "https://www.diapersky.el-vanda.com/resources/views/" "Mozilla/5.0 AppleWebKit/537.36 (KHTML, like Gecko; compatible; GPTBot/1.4; +https://openai.com/gptbot)"
74.7.227.11 - - [26/Jun/2026:21:57:02 +0700] "GET /vendor/egulias/email-validator/src/Result/InvalidEmail.php HTTP/2" 500 0 "https://diapersky.el-vanda.com/vendor/egulias/email-validator/src/Result/" "Mozilla/5.0 AppleWebKit/537.36 (KHTML, like Gecko; compatible; GPTBot/1.4; +https://openai.com/gptbot)"
74.7.227.147 - - [26/Jun/2026:21:57:23 +0700] "GET /vendor/sebastian/object-reflector/ HTTP/2" 200 771 "https://www.diapersky.el-vanda.com/vendor/sebastian/" "Mozilla/5.0 AppleWebKit/537.36 (KHTML, like Gecko; compatible; GPTBot/1.4; +https://openai.com/gptbot)"
74.7.227.147 - - [26/Jun/2026:21:57:53 +0700] "GET /vendor/symfony/polyfill-intl-grapheme/LICENSE HTTP/2" 200 1068 "https://www.diapersky.el-vanda.com/vendor/symfony/polyfill-intl-grapheme/" "Mozilla/5.0 AppleWebKit/537.36 (KHTML, like Gecko; compatible; GPTBot/1.4; +https://openai.com/gptbot)"
74.7.227.11 - - [26/Jun/2026:21:58:07 +0700] "GET /app/Http/Controllers/Report/Stock/ReportStockController.php HTTP/2" 500 0 "https://diapersky.el-vanda.com/app/Http/Controllers/Report/Stock/" "Mozilla/5.0 AppleWebKit/537.36 (KHTML, like Gecko; compatible; GPTBot/1.4; +https://openai.com/gptbot)"
74.7.227.147 - - [26/Jun/2026:21:58:20 +0700] "GET /vendor/nikic/php-parser/ HTTP/2" 200 725 "https://www.diapersky.el-vanda.com/vendor/nikic/" "Mozilla/5.0 AppleWebKit/537.36 (KHTML, like Gecko; compatible; GPTBot/1.4; +https://openai.com/gptbot)"
74.7.227.147 - - [26/Jun/2026:21:58:44 +0700] "GET /vendor/laravel/sanctum/ HTTP/2" 200 1115 "https://www.diapersky.el-vanda.com/vendor/laravel/" "Mozilla/5.0 AppleWebKit/537.36 (KHTML, like Gecko; compatible; GPTBot/1.4; +https://openai.com/gptbot)"
74.7.227.147 - - [26/Jun/2026:21:59:07 +0700] "GET /vendor/laravel/prompts/ HTTP/2" 200 749 "https://www.diapersky.el-vanda.com/vendor/laravel/" "Mozilla/5.0 AppleWebKit/537.36 (KHTML, like Gecko; compatible; GPTBot/1.4; +https://openai.com/gptbot)"
74.7.227.11 - - [26/Jun/2026:21:59:10 +0700] "GET /vendor/laravel/sanctum/src/Events/?MA HTTP/2" 200 663 "https://diapersky.el-vanda.com/vendor/laravel/sanctum/src/Events/" "Mozilla/5.0 AppleWebKit/537.36 (KHTML, like Gecko; compatible; GPTBot/1.4; +https://openai.com/gptbot)"
74.7.227.147 - - [26/Jun/2026:21:59:27 +0700] "GET /vendor/symfony/process/ HTTP/2" 200 1326 "https://www.diapersky.el-vanda.com/vendor/symfony/" "Mozilla/5.0 AppleWebKit/537.36 (KHTML, like Gecko; compatible; GPTBot/1.4; +https://openai.com/gptbot)"
74.7.227.147 - - [26/Jun/2026:21:59:45 +0700] "GET /resources/views/emails/ HTTP/2" 200 650 "https://www.diapersky.el-vanda.com/resources/views/" "Mozilla/5.0 AppleWebKit/537.36 (KHTML, like Gecko; compatible; GPTBot/1.4; +https://openai.com/gptbot)"
74.7.227.147 - - [26/Jun/2026:22:00:02 +0700] "GET /vendor/symfony/routing/ HTTP/2" 200 1525 "https://www.diapersky.el-vanda.com/vendor/symfony/" "Mozilla/5.0 AppleWebKit/537.36 (KHTML, like Gecko; compatible; GPTBot/1.4; +https://openai.com/gptbot)"
74.7.227.11 - - [26/Jun/2026:22:00:14 +0700] "GET /vendor/ramsey/collection/src/Tool/ValueExtractorTrait.php HTTP/2" 200 0 "https://diapersky.el-vanda.com/vendor/ramsey/collection/src/Tool/" "Mozilla/5.0 AppleWebKit/537.36 (KHTML, like Gecko; compatible; GPTBot/1.4; +https://openai.com/gptbot)"
74.7.227.147 - - [26/Jun/2026:22:00:16 +0700] "GET /vendor/laravel/fortify/ HTTP/2" 200 1155 "https://www.diapersky.el-vanda.com/vendor/laravel/" "Mozilla/5.0 AppleWebKit/537.36 (KHTML, like Gecko; compatible; GPTBot/1.4; +https://openai.com/gptbot)"
74.7.227.147 - - [26/Jun/2026:22:00:29 +0700] "GET /vendor/symfony/console/ HTTP/2" 200 1869 "https://www.diapersky.el-vanda.com/vendor/symfony/" "Mozilla/5.0 AppleWebKit/537.36 (KHTML, like Gecko; compatible; GPTBot/1.4; +https://openai.com/gptbot)"
74.7.227.147 - - [26/Jun/2026:22:00:41 +0700] "GET /vendor/egulias/email-validator/src/ HTTP/2" 200 1215 "https://www.diapersky.el-vanda.com/vendor/egulias/email-validator/" "Mozilla/5.0 AppleWebKit/537.36 (KHTML, like Gecko; compatible; GPTBot/1.4; +https://openai.com/gptbot)"
74.7.227.147 - - [26/Jun/2026:22:00:52 +0700] "GET /vendor/sebastian/object-reflector/src/ HTTP/2" 200 654 "https://www.diapersky.el-vanda.com/vendor/sebastian/object-reflector/" "Mozilla/5.0 AppleWebKit/537.36 (KHTML, like Gecko; compatible; GPTBot/1.4; +https://openai.com/gptbot)"
74.7.227.147 - - [26/Jun/2026:22:01:01 +0700] "GET /vendor/sebastian/object-reflector/composer.json HTTP/2" 200 413 "https://www.diapersky.el-vanda.com/vendor/sebastian/object-reflector/" "Mozilla/5.0 AppleWebKit/537.36 (KHTML, like Gecko; compatible; GPTBot/1.4; +https://openai.com/gptbot)"
74.7.227.147 - - [26/Jun/2026:22:01:09 +0700] "GET /vendor/sebastian/object-reflector/SECURITY.md HTTP/2" 200 1909 "https://www.diapersky.el-vanda.com/vendor/sebastian/object-reflector/" "Mozilla/5.0 AppleWebKit/537.36 (KHTML, like Gecko; compatible; GPTBot/1.4; +https://openai.com/gptbot)"
74.7.227.11 - - [26/Jun/2026:22:01:12 +0700] "GET /vendor/ramsey/collection/src/Tool/ValueToStringTrait.php HTTP/2" 200 0 "https://diapersky.el-vanda.com/vendor/ramsey/collection/src/Tool/" "Mozilla/5.0 AppleWebKit/537.36 (KHTML, like Gecko; compatible; GPTBot/1.4; +https://openai.com/gptbot)"
74.7.227.147 - - [26/Jun/2026:22:01:17 +0700] "GET /vendor/sebastian/object-reflector/ChangeLog.md HTTP/2" 200 2316 "https://www.diapersky.el-vanda.com/vendor/sebastian/object-reflector/" "Mozilla/5.0 AppleWebKit/537.36 (KHTML, like Gecko; compatible; GPTBot/1.4; +https://openai.com/gptbot)"
74.7.227.147 - - [26/Jun/2026:22:01:24 +0700] "GET /app/Models/Model_Has_Role.php HTTP/2" 500 0 "https://www.diapersky.el-vanda.com/app/Models/" "Mozilla/5.0 AppleWebKit/537.36 (KHTML, like Gecko; compatible; GPTBot/1.4; +https://openai.com/gptbot)"
74.7.227.147 - - [26/Jun/2026:22:01:30 +0700] "GET /vendor/symfony/process/ExecutableFinder.php HTTP/2" 200 0 "https://www.diapersky.el-vanda.com/vendor/symfony/process/" "Mozilla/5.0 AppleWebKit/537.36 (KHTML, like Gecko; compatible; GPTBot/1.4; +https://openai.com/gptbot)"
74.7.227.147 - - [26/Jun/2026:22:01:48 +0700] "GET /resources/views/emails/team-invitation.blade.php HTTP/2" 200 367 "https://www.diapersky.el-vanda.com/resources/views/emails/" "Mozilla/5.0 AppleWebKit/537.36 (KHTML, like Gecko; compatible; GPTBot/1.4; +https://openai.com/gptbot)"
74.7.227.11 - - [26/Jun/2026:22:02:01 +0700] "GET /vendor/laravel/sanctum/src/Events/?SA HTTP/2" 200 663 "https://diapersky.el-vanda.com/vendor/laravel/sanctum/src/Events/" "Mozilla/5.0 AppleWebKit/537.36 (KHTML, like Gecko; compatible; GPTBot/1.4; +https://openai.com/gptbot)"
74.7.227.147 - - [26/Jun/2026:22:02:04 +0700] "GET /vendor/symfony/routing/RequestContextAwareInterface.php HTTP/2" 200 0 "https://www.diapersky.el-vanda.com/vendor/symfony/routing/" "Mozilla/5.0 AppleWebKit/537.36 (KHTML, like Gecko; compatible; GPTBot/1.4; +https://openai.com/gptbot)"
74.7.227.147 - - [26/Jun/2026:22:02:20 +0700] "GET /vendor/symfony/routing/RouteCompilerInterface.php HTTP/2" 200 0 "https://www.diapersky.el-vanda.com/vendor/symfony/routing/" "Mozilla/5.0 AppleWebKit/537.36 (KHTML, like Gecko; compatible; GPTBot/1.4; +https://openai.com/gptbot)"
74.7.227.147 - - [26/Jun/2026:22:02:34 +0700] "GET /vendor/symfony/console/SingleCommandApplication.php HTTP/2" 500 0 "https://www.diapersky.el-vanda.com/vendor/symfony/console/" "Mozilla/5.0 AppleWebKit/537.36 (KHTML, like Gecko; compatible; GPTBot/1.4; +https://openai.com/gptbot)"
74.7.227.147 - - [26/Jun/2026:22:02:46 +0700] "GET /vendor/symfony/process/PhpExecutableFinder.php HTTP/2" 200 0 "https://www.diapersky.el-vanda.com/vendor/symfony/process/" "Mozilla/5.0 AppleWebKit/537.36 (KHTML, like Gecko; compatible; GPTBot/1.4; +https://openai.com/gptbot)"
74.7.227.11 - - [26/Jun/2026:22:02:48 +0700] "GET /vendor/laravel/sanctum/src/Events/?ND HTTP/2" 200 658 "https://diapersky.el-vanda.com/vendor/laravel/sanctum/src/Events/" "Mozilla/5.0 AppleWebKit/537.36 (KHTML, like Gecko; compatible; GPTBot/1.4; +https://openai.com/gptbot)"
74.7.227.147 - - [26/Jun/2026:22:03:23 +0700] "GET /vendor/laravel/fortify/testbench.yaml HTTP/2" 200 91 "https://www.diapersky.el-vanda.com/vendor/laravel/fortify/" "Mozilla/5.0 AppleWebKit/537.36 (KHTML, like Gecko; compatible; GPTBot/1.4; +https://openai.com/gptbot)"
74.7.227.11 - - [26/Jun/2026:22:03:28 +0700] "GET /vendor/laravel/jetstream/src/Mail/TeamInvitation.php HTTP/2" 500 0 "https://diapersky.el-vanda.com/vendor/laravel/jetstream/src/Mail/" "Mozilla/5.0 AppleWebKit/537.36 (KHTML, like Gecko; compatible; GPTBot/1.4; +https://openai.com/gptbot)"
74.7.227.147 - - [26/Jun/2026:22:03:55 +0700] "GET /vendor/symfony/routing/RequestContext.php HTTP/2" 200 0 "https://www.diapersky.el-vanda.com/vendor/symfony/routing/" "Mozilla/5.0 AppleWebKit/537.36 (KHTML, like Gecko; compatible; GPTBot/1.4; +https://openai.com/gptbot)"
74.7.227.11 - - [26/Jun/2026:22:04:04 +0700] "GET /vendor/sebastian/type/?MA HTTP/2" 200 1064 "https://diapersky.el-vanda.com/vendor/sebastian/type/" "Mozilla/5.0 AppleWebKit/537.36 (KHTML, like Gecko; compatible; GPTBot/1.4; +https://openai.com/gptbot)"
74.7.227.147 - - [26/Jun/2026:22:04:25 +0700] "GET /vendor/sebastian/recursion-context/ HTTP/2" 200 770 "https://www.diapersky.el-vanda.com/vendor/sebastian/" "Mozilla/5.0 AppleWebKit/537.36 (KHTML, like Gecko; compatible; GPTBot/1.4; +https://openai.com/gptbot)"
74.7.227.147 - - [26/Jun/2026:22:04:51 +0700] "GET /vendor/sebastian/object-enumerator/ HTTP/2" 200 770 "https://www.diapersky.el-vanda.com/vendor/sebastian/" "Mozilla/5.0 AppleWebKit/537.36 (KHTML, like Gecko; compatible; GPTBot/1.4; +https://openai.com/gptbot)"
74.7.227.11 - - [26/Jun/2026:22:05:07 +0700] "GET /vendor/sebastian/type/src/ HTTP/2" 200 758 "https://diapersky.el-vanda.com/vendor/sebastian/type/" "Mozilla/5.0 AppleWebKit/537.36 (KHTML, like Gecko; compatible; GPTBot/1.4; +https://openai.com/gptbot)"
74.7.227.147 - - [26/Jun/2026:22:05:16 +0700] "GET /vendor/sebastian/global-state/SECURITY.md HTTP/2" 200 1909 "https://www.diapersky.el-vanda.com/vendor/sebastian/global-state/" "Mozilla/5.0 AppleWebKit/537.36 (KHTML, like Gecko; compatible; GPTBot/1.4; +https://openai.com/gptbot)"
74.7.227.147 - - [26/Jun/2026:22:05:39 +0700] "GET /vendor/symfony/mime/MimeTypesInterface.php HTTP/2" 500 0 "https://www.diapersky.el-vanda.com/vendor/symfony/mime/" "Mozilla/5.0 AppleWebKit/537.36 (KHTML, like Gecko; compatible; GPTBot/1.4; +https://openai.com/gptbot)"
74.7.227.147 - - [26/Jun/2026:22:05:59 +0700] "GET /vendor/symfony/routing/RouteCollection.php HTTP/2" 200 0 "https://www.diapersky.el-vanda.com/vendor/symfony/routing/" "Mozilla/5.0 AppleWebKit/537.36 (KHTML, like Gecko; compatible; GPTBot/1.4; +https://openai.com/gptbot)"
74.7.227.11 - - [26/Jun/2026:22:06:01 +0700] "GET /vendor/laravel/sanctum/src/Events/TokenAuthenticated.php HTTP/2" 200 0 "https://diapersky.el-vanda.com/vendor/laravel/sanctum/src/Events/" "Mozilla/5.0 AppleWebKit/537.36 (KHTML, like Gecko; compatible; GPTBot/1.4; +https://openai.com/gptbot)"
74.7.227.11 - - [26/Jun/2026:22:06:53 +0700] "GET /vendor/symfony/mailer/Test/Constraint/ HTTP/2" 200 683 "https://diapersky.el-vanda.com/vendor/symfony/mailer/Test/" "Mozilla/5.0 AppleWebKit/537.36 (KHTML, like Gecko; compatible; GPTBot/1.4; +https://openai.com/gptbot)"
74.7.227.147 - - [26/Jun/2026:22:06:59 +0700] "GET /vendor/symfony/error-handler/ErrorRenderer/CliErrorRenderer.php HTTP/2" 500 0 "https://www.diapersky.el-vanda.com/vendor/symfony/error-handler/ErrorRenderer/" "Mozilla/5.0 AppleWebKit/537.36 (KHTML, like Gecko; compatible; GPTBot/1.4; +https://openai.com/gptbot)"
74.7.227.11 - - [26/Jun/2026:22:07:38 +0700] "GET /vendor/symfony/routing/Matcher/Dumper/ HTTP/2" 200 782 "https://diapersky.el-vanda.com/vendor/symfony/routing/Matcher/" "Mozilla/5.0 AppleWebKit/537.36 (KHTML, like Gecko; compatible; GPTBot/1.4; +https://openai.com/gptbot)"
74.7.227.147 - - [26/Jun/2026:22:07:49 +0700] "GET /vendor/symfony/error-handler/ErrorRenderer/HtmlErrorRenderer.php HTTP/2" 500 0 "https://www.diapersky.el-vanda.com/vendor/symfony/error-handler/ErrorRenderer/" "Mozilla/5.0 AppleWebKit/537.36 (KHTML, like Gecko; compatible; GPTBot/1.4; +https://openai.com/gptbot)"
74.7.227.11 - - [26/Jun/2026:22:08:17 +0700] "GET /vendor/laravel/sanctum/src/Events/?MD HTTP/2" 200 663 "https://diapersky.el-vanda.com/vendor/laravel/sanctum/src/Events/?MA" "Mozilla/5.0 AppleWebKit/537.36 (KHTML, like Gecko; compatible; GPTBot/1.4; +https://openai.com/gptbot)"
74.7.227.147 - - [26/Jun/2026:22:08:54 +0700] "GET /vendor/symfony/http-foundation/CHANGELOG.md HTTP/2" 200 20875 "https://www.diapersky.el-vanda.com/vendor/symfony/http-foundation/" "Mozilla/5.0 AppleWebKit/537.36 (KHTML, like Gecko; compatible; GPTBot/1.4; +https://openai.com/gptbot)"
74.7.227.11 - - [26/Jun/2026:22:08:55 +0700] "GET /vendor/laravel/sanctum/src/Events/?NA HTTP/2" 200 659 "https://diapersky.el-vanda.com/vendor/laravel/sanctum/src/Events/?MA" "Mozilla/5.0 AppleWebKit/537.36 (KHTML, like Gecko; compatible; GPTBot/1.4; +https://openai.com/gptbot)"
74.7.227.11 - - [26/Jun/2026:22:09:28 +0700] "GET /app/Http/Controllers/Report/Cashflows/ HTTP/2" 200 661 "https://diapersky.el-vanda.com/app/Http/Controllers/Report/" "Mozilla/5.0 AppleWebKit/537.36 (KHTML, like Gecko; compatible; GPTBot/1.4; +https://openai.com/gptbot)"
74.7.227.147 - - [26/Jun/2026:22:09:55 +0700] "GET /vendor/sebastian/object-reflector/LICENSE HTTP/2" 200 1531 "https://www.diapersky.el-vanda.com/vendor/sebastian/object-reflector/" "Mozilla/5.0 AppleWebKit/537.36 (KHTML, like Gecko; compatible; GPTBot/1.4; +https://openai.com/gptbot)"
74.7.227.11 - - [26/Jun/2026:22:09:57 +0700] "GET /vendor/laravel/sanctum/src/Events/?SD HTTP/2" 200 663 "https://diapersky.el-vanda.com/vendor/laravel/sanctum/src/Events/?SA" "Mozilla/5.0 AppleWebKit/537.36 (KHTML, like Gecko; compatible; GPTBot/1.4; +https://openai.com/gptbot)"
74.7.227.11 - - [26/Jun/2026:22:10:24 +0700] "GET /vendor/laravel/sanctum/src/Exceptions/ HTTP/2" 200 687 "https://diapersky.el-vanda.com/vendor/laravel/sanctum/src/" "Mozilla/5.0 AppleWebKit/537.36 (KHTML, like Gecko; compatible; GPTBot/1.4; +https://openai.com/gptbot)"
74.7.227.11 - - [26/Jun/2026:22:10:49 +0700] "GET /vendor/vlucas/phpdotenv/src/Exception/ HTTP/2" 200 757 "https://diapersky.el-vanda.com/vendor/vlucas/phpdotenv/src/" "Mozilla/5.0 AppleWebKit/537.36 (KHTML, like Gecko; compatible; GPTBot/1.4; +https://openai.com/gptbot)"
74.7.227.147 - - [26/Jun/2026:22:10:51 +0700] "GET /vendor/symfony/http-foundation/InputBag.php HTTP/2" 500 0 "https://www.diapersky.el-vanda.com/vendor/symfony/http-foundation/" "Mozilla/5.0 AppleWebKit/537.36 (KHTML, like Gecko; compatible; GPTBot/1.4; +https://openai.com/gptbot)"
74.7.227.11 - - [26/Jun/2026:22:11:11 +0700] "GET /vendor/laravel/prompts/src/Exceptions/ HTTP/2" 200 703 "https://diapersky.el-vanda.com/vendor/laravel/prompts/src/" "Mozilla/5.0 AppleWebKit/537.36 (KHTML, like Gecko; compatible; GPTBot/1.4; +https://openai.com/gptbot)"
74.7.227.11 - - [26/Jun/2026:22:11:30 +0700] "GET /vendor/spatie/laravel-permission/src/Commands/ HTTP/2" 200 762 "https://diapersky.el-vanda.com/vendor/spatie/laravel-permission/src/" "Mozilla/5.0 AppleWebKit/537.36 (KHTML, like Gecko; compatible; GPTBot/1.4; +https://openai.com/gptbot)"
74.7.227.147 - - [26/Jun/2026:22:11:42 +0700] "GET /vendor/symfony/http-foundation/Response.php HTTP/2" 200 0 "https://www.diapersky.el-vanda.com/vendor/symfony/http-foundation/" "Mozilla/5.0 AppleWebKit/537.36 (KHTML, like Gecko; compatible; GPTBot/1.4; +https://openai.com/gptbot)"
74.7.227.11 - - [26/Jun/2026:22:11:48 +0700] "GET /vendor/dragonmantank/cron-expression/src/Cron/ HTTP/2" 200 1175 "https://diapersky.el-vanda.com/vendor/dragonmantank/cron-expression/src/" "Mozilla/5.0 AppleWebKit/537.36 (KHTML, like Gecko; compatible; GPTBot/1.4; +https://openai.com/gptbot)"
74.7.227.11 - - [26/Jun/2026:22:12:04 +0700] "GET /vendor/symfony/mailer/Test/Constraint/EmailCount.php HTTP/2" 500 0 "https://diapersky.el-vanda.com/vendor/symfony/mailer/Test/Constraint/" "Mozilla/5.0 AppleWebKit/537.36 (KHTML, like Gecko; compatible; GPTBot/1.4; +https://openai.com/gptbot)"
74.7.227.11 - - [26/Jun/2026:22:12:18 +0700] "GET /vendor/symfony/routing/Matcher/Dumper/MatcherDumperInterface.php HTTP/2" 200 0 "https://diapersky.el-vanda.com/vendor/symfony/routing/Matcher/Dumper/" "Mozilla/5.0 AppleWebKit/537.36 (KHTML, like Gecko; compatible; GPTBot/1.4; +https://openai.com/gptbot)"
74.7.227.147 - - [26/Jun/2026:22:12:44 +0700] "GET /vendor/sebastian/recursion-context/?SA HTTP/2" 200 779 "https://www.diapersky.el-vanda.com/vendor/sebastian/recursion-context/" "Mozilla/5.0 AppleWebKit/537.36 (KHTML, like Gecko; compatible; GPTBot/1.4; +https://openai.com/gptbot)"
74.7.227.11 - - [26/Jun/2026:22:13:03 +0700] "GET /vendor/symfony/routing/Matcher/Dumper/CompiledUrlMatcherTrait.php HTTP/2" 200 0 "https://diapersky.el-vanda.com/vendor/symfony/routing/Matcher/Dumper/" "Mozilla/5.0 AppleWebKit/537.36 (KHTML, like Gecko; compatible; GPTBot/1.4; +https://openai.com/gptbot)"
74.7.227.147 - - [26/Jun/2026:22:13:43 +0700] "GET /vendor/sebastian/recursion-context/composer.json HTTP/2" 200 435 "https://www.diapersky.el-vanda.com/vendor/sebastian/recursion-context/" "Mozilla/5.0 AppleWebKit/537.36 (KHTML, like Gecko; compatible; GPTBot/1.4; +https://openai.com/gptbot)"
74.7.227.11 - - [26/Jun/2026:22:13:43 +0700] "GET /vendor/symfony/routing/Matcher/Dumper/StaticPrefixCollection.php HTTP/2" 200 0 "https://diapersky.el-vanda.com/vendor/symfony/routing/Matcher/Dumper/" "Mozilla/5.0 AppleWebKit/537.36 (KHTML, like Gecko; compatible; GPTBot/1.4; +https://openai.com/gptbot)"
74.7.227.11 - - [26/Jun/2026:22:14:17 +0700] "GET /vendor/symfony/routing/Matcher/Dumper/?ND HTTP/2" 200 783 "https://diapersky.el-vanda.com/vendor/symfony/routing/Matcher/Dumper/" "Mozilla/5.0 AppleWebKit/537.36 (KHTML, like Gecko; compatible; GPTBot/1.4; +https://openai.com/gptbot)"
74.7.227.147 - - [26/Jun/2026:22:14:33 +0700] "GET /vendor/sebastian/object-enumerator/composer.json HTTP/2" 200 444 "https://www.diapersky.el-vanda.com/vendor/sebastian/object-enumerator/" "Mozilla/5.0 AppleWebKit/537.36 (KHTML, like Gecko; compatible; GPTBot/1.4; +https://openai.com/gptbot)"
74.7.227.11 - - [26/Jun/2026:22:14:47 +0700] "GET /vendor/symfony/routing/Matcher/Dumper/?MA HTTP/2" 200 800 "https://diapersky.el-vanda.com/vendor/symfony/routing/Matcher/Dumper/" "Mozilla/5.0 AppleWebKit/537.36 (KHTML, like Gecko; compatible; GPTBot/1.4; +https://openai.com/gptbot)"
74.7.227.11 - - [26/Jun/2026:22:15:14 +0700] "GET /vendor/laravel/sanctum/src/Exceptions/MissingAbilityException.php HTTP/2" 500 0 "https://diapersky.el-vanda.com/vendor/laravel/sanctum/src/Exceptions/" "Mozilla/5.0 AppleWebKit/537.36 (KHTML, like Gecko; compatible; GPTBot/1.4; +https://openai.com/gptbot)"
74.7.227.147 - - [26/Jun/2026:22:15:19 +0700] "GET /vendor/sebastian/object-enumerator/src/ HTTP/2" 200 648 "https://www.diapersky.el-vanda.com/vendor/sebastian/object-enumerator/" "Mozilla/5.0 AppleWebKit/537.36 (KHTML, like Gecko; compatible; GPTBot/1.4; +https://openai.com/gptbot)"
74.7.227.11 - - [26/Jun/2026:22:15:40 +0700] "GET /vendor/laravel/sanctum/src/Exceptions/MissingScopeException.php HTTP/2" 500 0 "https://diapersky.el-vanda.com/vendor/laravel/sanctum/src/Exceptions/" "Mozilla/5.0 AppleWebKit/537.36 (KHTML, like Gecko; compatible; GPTBot/1.4; +https://openai.com/gptbot)"
74.7.227.147 - - [26/Jun/2026:22:16:01 +0700] "GET /vendor/sebastian/object-enumerator/LICENSE HTTP/2" 200 1531 "https://www.diapersky.el-vanda.com/vendor/sebastian/object-enumerator/" "Mozilla/5.0 AppleWebKit/537.36 (KHTML, like Gecko; compatible; GPTBot/1.4; +https://openai.com/gptbot)"
74.7.227.147 - - [26/Jun/2026:22:16:39 +0700] "GET /vendor/sebastian/recursion-context/LICENSE HTTP/2" 200 1531 "https://www.diapersky.el-vanda.com/vendor/sebastian/recursion-context/" "Mozilla/5.0 AppleWebKit/537.36 (KHTML, like Gecko; compatible; GPTBot/1.4; +https://openai.com/gptbot)"
74.7.227.11 - - [26/Jun/2026:22:16:41 +0700] "GET /vendor/vlucas/phpdotenv/src/Exception/InvalidPathException.php HTTP/2" 500 0 "https://diapersky.el-vanda.com/vendor/vlucas/phpdotenv/src/Exception/" "Mozilla/5.0 AppleWebKit/537.36 (KHTML, like Gecko; compatible; GPTBot/1.4; +https://openai.com/gptbot)"
74.7.241.151 - - [26/Jun/2026:22:16:42 +0700] "GET /robots.txt HTTP/2" 404 1251 "-" "Mozilla/5.0 (Macintosh; Intel Mac OS X 10_15_7) AppleWebKit/537.36 (KHTML, like Gecko) Chrome/131.0.0.0 Safari/537.36; compatible; OAI-SearchBot/1.4; robots.txt; +https://openai.com/searchbot"
74.7.227.147 - - [26/Jun/2026:22:17:12 +0700] "GET /vendor/sebastian/recursion-context/src/ HTTP/2" 200 648 "https://www.diapersky.el-vanda.com/vendor/sebastian/recursion-context/" "Mozilla/5.0 AppleWebKit/537.36 (KHTML, like Gecko; compatible; GPTBot/1.4; +https://openai.com/gptbot)"
74.7.227.147 - - [26/Jun/2026:22:17:41 +0700] "GET /vendor/sebastian/recursion-context/SECURITY.md HTTP/2" 200 1909 "https://www.diapersky.el-vanda.com/vendor/sebastian/recursion-context/" "Mozilla/5.0 AppleWebKit/537.36 (KHTML, like Gecko; compatible; GPTBot/1.4; +https://openai.com/gptbot)"
74.7.227.11 - - [26/Jun/2026:22:17:42 +0700] "GET /vendor/vlucas/phpdotenv/src/Exception/ValidationException.php HTTP/2" 500 0 "https://diapersky.el-vanda.com/vendor/vlucas/phpdotenv/src/Exception/" "Mozilla/5.0 AppleWebKit/537.36 (KHTML, like Gecko; compatible; GPTBot/1.4; +https://openai.com/gptbot)"
74.7.227.147 - - [26/Jun/2026:22:18:10 +0700] "GET /vendor/sebastian/object-enumerator/SECURITY.md HTTP/2" 200 1909 "https://www.diapersky.el-vanda.com/vendor/sebastian/object-enumerator/" "Mozilla/5.0 AppleWebKit/537.36 (KHTML, like Gecko; compatible; GPTBot/1.4; +https://openai.com/gptbot)"
74.7.227.147 - - [26/Jun/2026:22:18:35 +0700] "GET /vendor/psr/http-client/CHANGELOG.md HTTP/2" 200 505 "https://www.diapersky.el-vanda.com/vendor/psr/http-client/" "Mozilla/5.0 AppleWebKit/537.36 (KHTML, like Gecko; compatible; GPTBot/1.4; +https://openai.com/gptbot)"
74.7.227.11 - - [26/Jun/2026:22:18:43 +0700] "GET /vendor/dragonmantank/cron-expression/src/Cron/HoursField.php HTTP/2" 500 0 "https://diapersky.el-vanda.com/vendor/dragonmantank/cron-expression/src/Cron/" "Mozilla/5.0 AppleWebKit/537.36 (KHTML, like Gecko; compatible; GPTBot/1.4; +https://openai.com/gptbot)"
74.7.227.147 - - [26/Jun/2026:22:18:56 +0700] "GET /vendor/symfony/polyfill-php83/ HTTP/2" 200 1076 "https://www.diapersky.el-vanda.com/vendor/symfony/" "Mozilla/5.0 AppleWebKit/537.36 (KHTML, like Gecko; compatible; GPTBot/1.4; +https://openai.com/gptbot)"
74.7.227.147 - - [26/Jun/2026:22:19:15 +0700] "GET /vendor/symfony/polyfill-php80/ HTTP/2" 200 1084 "https://www.diapersky.el-vanda.com/vendor/symfony/" "Mozilla/5.0 AppleWebKit/537.36 (KHTML, like Gecko; compatible; GPTBot/1.4; +https://openai.com/gptbot)"
74.7.227.147 - - [26/Jun/2026:22:19:32 +0700] "GET /vendor/league/flysystem-local/LocalFilesystemAdapter.php HTTP/2" 500 0 "https://www.diapersky.el-vanda.com/vendor/league/flysystem-local/" "Mozilla/5.0 AppleWebKit/537.36 (KHTML, like Gecko; compatible; GPTBot/1.4; +https://openai.com/gptbot)"
74.7.227.11 - - [26/Jun/2026:22:19:47 +0700] "GET /vendor/vlucas/phpdotenv/src/Exception/InvalidFileException.php HTTP/2" 500 0 "https://diapersky.el-vanda.com/vendor/vlucas/phpdotenv/src/Exception/" "Mozilla/5.0 AppleWebKit/537.36 (KHTML, like Gecko; compatible; GPTBot/1.4; +https://openai.com/gptbot)"
74.7.227.147 - - [26/Jun/2026:22:19:49 +0700] "GET /vendor/phar-io/manifest/composer.json HTTP/2" 200 391 "https://www.diapersky.el-vanda.com/vendor/phar-io/manifest/" "Mozilla/5.0 AppleWebKit/537.36 (KHTML, like Gecko; compatible; GPTBot/1.4; +https://openai.com/gptbot)"
74.7.227.147 - - [26/Jun/2026:22:20:35 +0700] "GET /vendor/symfony/polyfill-uuid/bootstrap80.php HTTP/2" 200 0 "https://www.diapersky.el-vanda.com/vendor/symfony/polyfill-uuid/" "Mozilla/5.0 AppleWebKit/537.36 (KHTML, like Gecko; compatible; GPTBot/1.4; +https://openai.com/gptbot)"
74.7.227.11 - - [26/Jun/2026:22:20:47 +0700] "GET /vendor/laravel/prompts/src/Exceptions/FormRevertedException.php HTTP/2" 200 0 "https://diapersky.el-vanda.com/vendor/laravel/prompts/src/Exceptions/" "Mozilla/5.0 AppleWebKit/537.36 (KHTML, like Gecko; compatible; GPTBot/1.4; +https://openai.com/gptbot)"
74.7.227.147 - - [26/Jun/2026:22:21:19 +0700] "GET /vendor/symfony/error-handler/Error/ HTTP/2" 200 1117 "https://www.diapersky.el-vanda.com/vendor/symfony/error-handler/" "Mozilla/5.0 AppleWebKit/537.36 (KHTML, like Gecko; compatible; GPTBot/1.4; +https://openai.com/gptbot)"
74.7.227.11 - - [26/Jun/2026:22:21:48 +0700] "GET /vendor/dragonmantank/cron-expression/src/Cron/CronExpression.php HTTP/2" 200 0 "https://diapersky.el-vanda.com/vendor/dragonmantank/cron-expression/src/Cron/" "Mozilla/5.0 AppleWebKit/537.36 (KHTML, like Gecko; compatible; GPTBot/1.4; +https://openai.com/gptbot)"
74.7.227.147 - - [26/Jun/2026:22:21:59 +0700] "GET /vendor/composer/autoload_real.php HTTP/2" 200 0 "https://www.diapersky.el-vanda.com/vendor/composer/" "Mozilla/5.0 AppleWebKit/537.36 (KHTML, like Gecko; compatible; GPTBot/1.4; +https://openai.com/gptbot)"
74.7.227.147 - - [26/Jun/2026:22:22:36 +0700] "GET /resources/views/welcome.blade.php HTTP/2" 200 9125 "https://www.diapersky.el-vanda.com/resources/views/" "Mozilla/5.0 AppleWebKit/537.36 (KHTML, like Gecko; compatible; GPTBot/1.4; +https://openai.com/gptbot)"
74.7.227.11 - - [26/Jun/2026:22:22:45 +0700] "GET /vendor/spatie/laravel-permission/src/Commands/CreatePermission.php HTTP/2" 500 0 "https://diapersky.el-vanda.com/vendor/spatie/laravel-permission/src/Commands/" "Mozilla/5.0 AppleWebKit/537.36 (KHTML, like Gecko; compatible; GPTBot/1.4; +https://openai.com/gptbot)"
74.7.227.147 - - [26/Jun/2026:22:23:08 +0700] "GET /vendor/symfony/translation-contracts/TranslatableInterface.php HTTP/2" 200 0 "https://www.diapersky.el-vanda.com/vendor/symfony/translation-contracts/" "Mozilla/5.0 AppleWebKit/537.36 (KHTML, like Gecko; compatible; GPTBot/1.4; +https://openai.com/gptbot)"
74.7.227.11 - - [26/Jun/2026:22:23:37 +0700] "GET /vendor/laravel/prompts/src/Exceptions/NonInteractiveValidationException.php HTTP/2" 200 0 "https://diapersky.el-vanda.com/vendor/laravel/prompts/src/Exceptions/" "Mozilla/5.0 AppleWebKit/537.36 (KHTML, like Gecko; compatible; GPTBot/1.4; +https://openai.com/gptbot)"
74.7.227.147 - - [26/Jun/2026:22:23:37 +0700] "GET /database/seeders/ContentPermissionSeeder.php HTTP/2" 500 0 "https://www.diapersky.el-vanda.com/database/seeders/" "Mozilla/5.0 AppleWebKit/537.36 (KHTML, like Gecko; compatible; GPTBot/1.4; +https://openai.com/gptbot)"
74.7.227.147 - - [26/Jun/2026:22:24:03 +0700] "GET /vendor/symfony/polyfill-ctype/bootstrap80.php HTTP/2" 200 0 "https://www.diapersky.el-vanda.com/vendor/symfony/polyfill-ctype/" "Mozilla/5.0 AppleWebKit/537.36 (KHTML, like Gecko; compatible; GPTBot/1.4; +https://openai.com/gptbot)"
74.7.227.11 - - [26/Jun/2026:22:24:38 +0700] "GET /vendor/dragonmantank/cron-expression/src/Cron/FieldFactoryInterface.php HTTP/2" 200 0 "https://diapersky.el-vanda.com/vendor/dragonmantank/cron-expression/src/Cron/" "Mozilla/5.0 AppleWebKit/537.36 (KHTML, like Gecko; compatible; GPTBot/1.4; +https://openai.com/gptbot)"
74.7.227.147 - - [26/Jun/2026:22:25:08 +0700] "GET /vendor/symfony/polyfill-php83/?SA HTTP/2" 200 1077 "https://www.diapersky.el-vanda.com/vendor/symfony/polyfill-php83/" "Mozilla/5.0 AppleWebKit/537.36 (KHTML, like Gecko; compatible; GPTBot/1.4; +https://openai.com/gptbot)"
74.7.227.11 - - [26/Jun/2026:22:25:34 +0700] "GET /vendor/vlucas/phpdotenv/src/Exception/InvalidEncodingException.php HTTP/2" 500 0 "https://diapersky.el-vanda.com/vendor/vlucas/phpdotenv/src/Exception/" "Mozilla/5.0 AppleWebKit/537.36 (KHTML, like Gecko; compatible; GPTBot/1.4; +https://openai.com/gptbot)"
74.7.227.147 - - [26/Jun/2026:22:26:04 +0700] "GET /vendor/symfony/polyfill-php83/bootstrap81.php HTTP/2" 200 0 "https://www.diapersky.el-vanda.com/vendor/symfony/polyfill-php83/" "Mozilla/5.0 AppleWebKit/537.36 (KHTML, like Gecko; compatible; GPTBot/1.4; +https://openai.com/gptbot)"
74.7.227.11 - - [26/Jun/2026:22:26:24 +0700] "GET /vendor/spatie/laravel-permission/src/Commands/UpgradeForTeams.php HTTP/2" 500 0 "https://diapersky.el-vanda.com/vendor/spatie/laravel-permission/src/Commands/" "Mozilla/5.0 AppleWebKit/537.36 (KHTML, like Gecko; compatible; GPTBot/1.4; +https://openai.com/gptbot)"
74.7.227.147 - - [26/Jun/2026:22:26:57 +0700] "GET /vendor/symfony/polyfill-php83/Php83.php HTTP/2" 200 0 "https://www.diapersky.el-vanda.com/vendor/symfony/polyfill-php83/" "Mozilla/5.0 AppleWebKit/537.36 (KHTML, like Gecko; compatible; GPTBot/1.4; +https://openai.com/gptbot)"
74.7.227.11 - - [26/Jun/2026:22:27:27 +0700] "GET /vendor/dragonmantank/cron-expression/src/Cron/AbstractField.php HTTP/2" 500 0 "https://diapersky.el-vanda.com/vendor/dragonmantank/cron-expression/src/Cron/" "Mozilla/5.0 AppleWebKit/537.36 (KHTML, like Gecko; compatible; GPTBot/1.4; +https://openai.com/gptbot)"
74.7.227.147 - - [26/Jun/2026:22:27:45 +0700] "GET /vendor/symfony/polyfill-php80/Php80.php HTTP/2" 200 0 "https://www.diapersky.el-vanda.com/vendor/symfony/polyfill-php80/" "Mozilla/5.0 AppleWebKit/537.36 (KHTML, like Gecko; compatible; GPTBot/1.4; +https://openai.com/gptbot)"
74.7.227.147 - - [26/Jun/2026:22:28:25 +0700] "GET /vendor/symfony/polyfill-php83/composer.json HTTP/2" 200 384 "https://www.diapersky.el-vanda.com/vendor/symfony/polyfill-php83/" "Mozilla/5.0 AppleWebKit/537.36 (KHTML, like Gecko; compatible; GPTBot/1.4; +https://openai.com/gptbot)"
74.7.227.11 - - [26/Jun/2026:22:28:30 +0700] "GET /vendor/dragonmantank/cron-expression/src/Cron/DayOfWeekField.php HTTP/2" 500 0 "https://diapersky.el-vanda.com/vendor/dragonmantank/cron-expression/src/Cron/" "Mozilla/5.0 AppleWebKit/537.36 (KHTML, like Gecko; compatible; GPTBot/1.4; +https://openai.com/gptbot)"
74.7.227.147 - - [26/Jun/2026:22:29:02 +0700] "GET /vendor/symfony/polyfill-php83/bootstrap.php HTTP/2" 200 0 "https://www.diapersky.el-vanda.com/vendor/symfony/polyfill-php83/" "Mozilla/5.0 AppleWebKit/537.36 (KHTML, like Gecko; compatible; GPTBot/1.4; +https://openai.com/gptbot)"
74.7.227.11 - - [26/Jun/2026:22:29:32 +0700] "GET /vendor/dragonmantank/cron-expression/src/Cron/FieldFactory.php HTTP/2" 500 0 "https://diapersky.el-vanda.com/vendor/dragonmantank/cron-expression/src/Cron/" "Mozilla/5.0 AppleWebKit/537.36 (KHTML, like Gecko; compatible; GPTBot/1.4; +https://openai.com/gptbot)"
74.7.227.147 - - [26/Jun/2026:22:29:36 +0700] "GET /vendor/symfony/polyfill-php80/bootstrap.php HTTP/2" 200 0 "https://www.diapersky.el-vanda.com/vendor/symfony/polyfill-php80/" "Mozilla/5.0 AppleWebKit/537.36 (KHTML, like Gecko; compatible; GPTBot/1.4; +https://openai.com/gptbot)"
74.7.227.147 - - [26/Jun/2026:22:30:04 +0700] "GET /vendor/symfony/error-handler/Error/UndefinedFunctionError.php HTTP/2" 200 0 "https://www.diapersky.el-vanda.com/vendor/symfony/error-handler/Error/" "Mozilla/5.0 AppleWebKit/537.36 (KHTML, like Gecko; compatible; GPTBot/1.4; +https://openai.com/gptbot)"
74.7.227.147 - - [26/Jun/2026:22:30:33 +0700] "GET /vendor/symfony/error-handler/Error/UndefinedMethodError.php HTTP/2" 200 0 "https://www.diapersky.el-vanda.com/vendor/symfony/error-handler/Error/" "Mozilla/5.0 AppleWebKit/537.36 (KHTML, like Gecko; compatible; GPTBot/1.4; +https://openai.com/gptbot)"
74.7.227.11 - - [26/Jun/2026:22:30:33 +0700] "GET /vendor/dragonmantank/cron-expression/src/Cron/FieldInterface.php HTTP/2" 200 0 "https://diapersky.el-vanda.com/vendor/dragonmantank/cron-expression/src/Cron/" "Mozilla/5.0 AppleWebKit/537.36 (KHTML, like Gecko; compatible; GPTBot/1.4; +https://openai.com/gptbot)"
74.7.227.147 - - [26/Jun/2026:22:30:57 +0700] "GET /vendor/egulias/email-validator/CONTRIBUTING.md HTTP/2" 200 6510 "https://www.diapersky.el-vanda.com/vendor/egulias/email-validator/" "Mozilla/5.0 AppleWebKit/537.36 (KHTML, like Gecko; compatible; GPTBot/1.4; +https://openai.com/gptbot)"
74.7.227.147 - - [26/Jun/2026:22:31:19 +0700] "GET /vendor/symfony/http-foundation/HeaderUtils.php HTTP/2" 200 0 "https://www.diapersky.el-vanda.com/vendor/symfony/http-foundation/" "Mozilla/5.0 AppleWebKit/537.36 (KHTML, like Gecko; compatible; GPTBot/1.4; +https://openai.com/gptbot)"
74.7.227.11 - - [26/Jun/2026:22:31:36 +0700] "GET /vendor/vlucas/phpdotenv/src/Exception/ExceptionInterface.php HTTP/2" 200 0 "https://diapersky.el-vanda.com/vendor/vlucas/phpdotenv/src/Exception/" "Mozilla/5.0 AppleWebKit/537.36 (KHTML, like Gecko; compatible; GPTBot/1.4; +https://openai.com/gptbot)"
74.7.227.147 - - [26/Jun/2026:22:31:38 +0700] "GET /vendor/symfony/http-foundation/ServerBag.php HTTP/2" 500 0 "https://www.diapersky.el-vanda.com/vendor/symfony/http-foundation/" "Mozilla/5.0 AppleWebKit/537.36 (KHTML, like Gecko; compatible; GPTBot/1.4; +https://openai.com/gptbot)"
74.7.227.147 - - [26/Jun/2026:22:31:56 +0700] "GET /vendor/symfony/http-foundation/RateLimiter/ HTTP/2" 200 787 "https://www.diapersky.el-vanda.com/vendor/symfony/http-foundation/" "Mozilla/5.0 AppleWebKit/537.36 (KHTML, like Gecko; compatible; GPTBot/1.4; +https://openai.com/gptbot)"
74.7.227.11 - - [26/Jun/2026:22:32:34 +0700] "GET /vendor/spatie/laravel-permission/src/Commands/CacheReset.php HTTP/2" 500 0 "https://diapersky.el-vanda.com/vendor/spatie/laravel-permission/src/Commands/" "Mozilla/5.0 AppleWebKit/537.36 (KHTML, like Gecko; compatible; GPTBot/1.4; +https://openai.com/gptbot)"
74.7.227.147 - - [26/Jun/2026:22:32:49 +0700] "GET /storage/framework/cache/ HTTP/2" 200 626 "https://www.diapersky.el-vanda.com/storage/framework/" "Mozilla/5.0 AppleWebKit/537.36 (KHTML, like Gecko; compatible; GPTBot/1.4; +https://openai.com/gptbot)"
74.7.227.11 - - [26/Jun/2026:22:33:25 +0700] "GET /vendor/spatie/laravel-permission/src/Commands/CreateRole.php HTTP/2" 500 0 "https://diapersky.el-vanda.com/vendor/spatie/laravel-permission/src/Commands/" "Mozilla/5.0 AppleWebKit/537.36 (KHTML, like Gecko; compatible; GPTBot/1.4; +https://openai.com/gptbot)"
74.7.227.147 - - [26/Jun/2026:22:33:40 +0700] "GET /resources/views/layouts/ HTTP/2" 200 758 "https://www.diapersky.el-vanda.com/resources/views/" "Mozilla/5.0 AppleWebKit/537.36 (KHTML, like Gecko; compatible; GPTBot/1.4; +https://openai.com/gptbot)"
74.7.227.147 - - [26/Jun/2026:22:34:20 +0700] "GET /storage/framework/views/ HTTP/2" 200 5164 "https://www.diapersky.el-vanda.com/storage/framework/" "Mozilla/5.0 AppleWebKit/537.36 (KHTML, like Gecko; compatible; GPTBot/1.4; +https://openai.com/gptbot)"
74.7.227.11 - - [26/Jun/2026:22:34:30 +0700] "GET /vendor/dragonmantank/cron-expression/src/Cron/MonthField.php HTTP/2" 500 0 "https://diapersky.el-vanda.com/vendor/dragonmantank/cron-expression/src/Cron/" "Mozilla/5.0 AppleWebKit/537.36 (KHTML, like Gecko; compatible; GPTBot/1.4; +https://openai.com/gptbot)"
74.7.227.147 - - [26/Jun/2026:22:35:00 +0700] "GET /vendor/fakerphp/faker/composer.json HTTP/2" 200 618 "https://www.diapersky.el-vanda.com/vendor/fakerphp/faker/" "Mozilla/5.0 AppleWebKit/537.36 (KHTML, like Gecko; compatible; GPTBot/1.4; +https://openai.com/gptbot)"
74.7.227.11 - - [26/Jun/2026:22:35:34 +0700] "GET /vendor/symfony/routing/Matcher/Dumper/?MD HTTP/2" 200 796 "https://diapersky.el-vanda.com/vendor/symfony/routing/Matcher/Dumper/?MA" "Mozilla/5.0 AppleWebKit/537.36 (KHTML, like Gecko; compatible; GPTBot/1.4; +https://openai.com/gptbot)"
74.7.227.147 - - [26/Jun/2026:22:35:36 +0700] "GET /vendor/composer/platform_check.php HTTP/2" 200 0 "https://www.diapersky.el-vanda.com/vendor/composer/" "Mozilla/5.0 AppleWebKit/537.36 (KHTML, like Gecko; compatible; GPTBot/1.4; +https://openai.com/gptbot)"
74.7.227.147 - - [26/Jun/2026:22:36:08 +0700] "GET /vendor/sebastian/comparator/ HTTP/2" 200 780 "https://www.diapersky.el-vanda.com/vendor/sebastian/" "Mozilla/5.0 AppleWebKit/537.36 (KHTML, like Gecko; compatible; GPTBot/1.4; +https://openai.com/gptbot)"
74.7.227.11 - - [26/Jun/2026:22:36:35 +0700] "GET /app/Http/Controllers/Report/Cashflows/ReportCashflowController.php HTTP/2" 500 0 "https://diapersky.el-vanda.com/app/Http/Controllers/Report/Cashflows/" "Mozilla/5.0 AppleWebKit/537.36 (KHTML, like Gecko; compatible; GPTBot/1.4; +https://openai.com/gptbot)"
74.7.227.147 - - [26/Jun/2026:22:36:36 +0700] "GET /database/seeders/DatabaseSeeder.php HTTP/2" 500 0 "https://www.diapersky.el-vanda.com/database/seeders/" "Mozilla/5.0 AppleWebKit/537.36 (KHTML, like Gecko; compatible; GPTBot/1.4; +https://openai.com/gptbot)"
74.7.227.147 - - [26/Jun/2026:22:37:03 +0700] "GET /vendor/symfony/http-foundation/HeaderBag.php HTTP/2" 200 0 "https://www.diapersky.el-vanda.com/vendor/symfony/http-foundation/" "Mozilla/5.0 AppleWebKit/537.36 (KHTML, like Gecko; compatible; GPTBot/1.4; +https://openai.com/gptbot)"
74.7.227.11 - - [26/Jun/2026:22:37:33 +0700] "GET /vendor/symfony/routing/Matcher/Dumper/MatcherDumper.php HTTP/2" 500 0 "https://diapersky.el-vanda.com/vendor/symfony/routing/Matcher/Dumper/" "Mozilla/5.0 AppleWebKit/537.36 (KHTML, like Gecko; compatible; GPTBot/1.4; +https://openai.com/gptbot)"
74.7.227.147 - - [26/Jun/2026:22:38:09 +0700] "GET /vendor/symfony/http-foundation/UriSigner.php HTTP/2" 200 0 "https://www.diapersky.el-vanda.com/vendor/symfony/http-foundation/" "Mozilla/5.0 AppleWebKit/537.36 (KHTML, like Gecko; compatible; GPTBot/1.4; +https://openai.com/gptbot)"
74.7.227.11 - - [26/Jun/2026:22:38:37 +0700] "GET /vendor/symfony/routing/Matcher/Dumper/CompiledUrlMatcherDumper.php HTTP/2" 500 0 "https://diapersky.el-vanda.com/vendor/symfony/routing/Matcher/Dumper/" "Mozilla/5.0 AppleWebKit/537.36 (KHTML, like Gecko; compatible; GPTBot/1.4; +https://openai.com/gptbot)"
74.7.227.147 - - [26/Jun/2026:22:39:05 +0700] "GET /vendor/symfony/http-foundation/JsonResponse.php HTTP/2" 500 0 "https://www.diapersky.el-vanda.com/vendor/symfony/http-foundation/" "Mozilla/5.0 AppleWebKit/537.36 (KHTML, like Gecko; compatible; GPTBot/1.4; +https://openai.com/gptbot)"
74.7.227.11 - - [26/Jun/2026:22:39:41 +0700] "GET /vendor/spatie/laravel-permission/src/Commands/Show.php HTTP/2" 500 0 "https://diapersky.el-vanda.com/vendor/spatie/laravel-permission/src/Commands/" "Mozilla/5.0 AppleWebKit/537.36 (KHTML, like Gecko; compatible; GPTBot/1.4; +https://openai.com/gptbot)"
74.7.227.147 - - [26/Jun/2026:22:39:57 +0700] "GET /vendor/symfony/http-foundation/RateLimiter/AbstractRequestRateLimiter.php HTTP/2" 500 0 "https://www.diapersky.el-vanda.com/vendor/symfony/http-foundation/RateLimiter/" "Mozilla/5.0 AppleWebKit/537.36 (KHTML, like Gecko; compatible; GPTBot/1.4; +https://openai.com/gptbot)"
74.7.227.11 - - [26/Jun/2026:22:40:47 +0700] "GET /vendor/dragonmantank/cron-expression/src/Cron/MinutesField.php HTTP/2" 500 0 "https://diapersky.el-vanda.com/vendor/dragonmantank/cron-expression/src/Cron/" "Mozilla/5.0 AppleWebKit/537.36 (KHTML, like Gecko; compatible; GPTBot/1.4; +https://openai.com/gptbot)"
74.7.227.147 - - [26/Jun/2026:22:41:02 +0700] "GET /vendor/symfony/http-foundation/UrlHelper.php HTTP/2" 200 0 "https://www.diapersky.el-vanda.com/vendor/symfony/http-foundation/" "Mozilla/5.0 AppleWebKit/537.36 (KHTML, like Gecko; compatible; GPTBot/1.4; +https://openai.com/gptbot)"
74.7.227.11 - - [26/Jun/2026:22:41:50 +0700] "GET /vendor/symfony/mailer/Test/Constraint/?MA HTTP/2" 200 742 "https://diapersky.el-vanda.com/vendor/symfony/mailer/Test/Constraint/" "Mozilla/5.0 AppleWebKit/537.36 (KHTML, like Gecko; compatible; GPTBot/1.4; +https://openai.com/gptbot)"
74.7.227.147 - - [26/Jun/2026:22:42:08 +0700] "GET /resources/views/layouts/app.blade.php HTTP/2" 200 949 "https://www.diapersky.el-vanda.com/resources/views/layouts/" "Mozilla/5.0 AppleWebKit/537.36 (KHTML, like Gecko; compatible; GPTBot/1.4; +https://openai.com/gptbot)"
74.7.227.11 - - [26/Jun/2026:22:42:52 +0700] "GET /vendor/vlucas/phpdotenv/src/Exception/?SA HTTP/2" 200 1097 "https://diapersky.el-vanda.com/vendor/vlucas/phpdotenv/src/Exception/" "Mozilla/5.0 AppleWebKit/537.36 (KHTML, like Gecko; compatible; GPTBot/1.4; +https://openai.com/gptbot)"
74.7.227.147 - - [26/Jun/2026:22:43:04 +0700] "GET /storage/framework/views/420e9ce28d8160fdfab9dfd5165f09c3.php HTTP/2" 500 0 "https://www.diapersky.el-vanda.com/storage/framework/views/" "Mozilla/5.0 AppleWebKit/537.36 (KHTML, like Gecko; compatible; GPTBot/1.4; +https://openai.com/gptbot)"
74.7.227.11 - - [26/Jun/2026:22:43:50 +0700] "GET /app/Http/Controllers/Report/Cashflows/?ND HTTP/2" 200 716 "https://diapersky.el-vanda.com/app/Http/Controllers/Report/Cashflows/" "Mozilla/5.0 AppleWebKit/537.36 (KHTML, like Gecko; compatible; GPTBot/1.4; +https://openai.com/gptbot)"
74.7.227.147 - - [26/Jun/2026:22:43:53 +0700] "GET /storage/framework/views/9c061c470596927129b7345466cac917.php HTTP/2" 500 80 "https://www.diapersky.el-vanda.com/storage/framework/views/" "Mozilla/5.0 AppleWebKit/537.36 (KHTML, like Gecko; compatible; GPTBot/1.4; +https://openai.com/gptbot)"
74.7.227.11 - - [26/Jun/2026:22:44:43 +0700] "GET /vendor/laravel/sanctum/src/Exceptions/?ND HTTP/2" 200 737 "https://diapersky.el-vanda.com/vendor/laravel/sanctum/src/Exceptions/" "Mozilla/5.0 AppleWebKit/537.36 (KHTML, like Gecko; compatible; GPTBot/1.4; +https://openai.com/gptbot)"
74.7.227.147 - - [26/Jun/2026:22:44:56 +0700] "GET /storage/framework/views/0050123e1a3b8305c481ef5833475c05.php HTTP/2" 500 0 "https://www.diapersky.el-vanda.com/storage/framework/views/" "Mozilla/5.0 AppleWebKit/537.36 (KHTML, like Gecko; compatible; GPTBot/1.4; +https://openai.com/gptbot)"
74.7.227.11 - - [26/Jun/2026:22:45:30 +0700] "GET /vendor/vlucas/phpdotenv/src/Exception/?ND HTTP/2" 200 1091 "https://diapersky.el-vanda.com/vendor/vlucas/phpdotenv/src/Exception/" "Mozilla/5.0 AppleWebKit/537.36 (KHTML, like Gecko; compatible; GPTBot/1.4; +https://openai.com/gptbot)"
74.7.227.147 - - [26/Jun/2026:22:46:00 +0700] "GET /storage/framework/views/568269f2e1146b358a5272350c121c9b.php HTTP/2" 500 107 "https://www.diapersky.el-vanda.com/storage/framework/views/" "Mozilla/5.0 AppleWebKit/537.36 (KHTML, like Gecko; compatible; GPTBot/1.4; +https://openai.com/gptbot)"
74.7.227.11 - - [26/Jun/2026:22:46:09 +0700] "GET /vendor/laravel/sanctum/src/Exceptions/?SA HTTP/2" 200 739 "https://diapersky.el-vanda.com/vendor/laravel/sanctum/src/Exceptions/" "Mozilla/5.0 AppleWebKit/537.36 (KHTML, like Gecko; compatible; GPTBot/1.4; +https://openai.com/gptbot)"
74.7.227.11 - - [26/Jun/2026:22:46:47 +0700] "GET /vendor/laravel/prompts/src/Exceptions/?MA HTTP/2" 200 707 "https://diapersky.el-vanda.com/vendor/laravel/prompts/src/Exceptions/" "Mozilla/5.0 AppleWebKit/537.36 (KHTML, like Gecko; compatible; GPTBot/1.4; +https://openai.com/gptbot)"
74.7.227.147 - - [26/Jun/2026:22:47:02 +0700] "GET /storage/framework/views/05c6049e25743576d8445513e43ba71f.php HTTP/2" 500 0 "https://www.diapersky.el-vanda.com/storage/framework/views/" "Mozilla/5.0 AppleWebKit/537.36 (KHTML, like Gecko; compatible; GPTBot/1.4; +https://openai.com/gptbot)"
74.7.227.11 - - [26/Jun/2026:22:47:21 +0700] "GET /vendor/vlucas/phpdotenv/src/Exception/?MA HTTP/2" 200 1104 "https://diapersky.el-vanda.com/vendor/vlucas/phpdotenv/src/Exception/" "Mozilla/5.0 AppleWebKit/537.36 (KHTML, like Gecko; compatible; GPTBot/1.4; +https://openai.com/gptbot)"
74.7.227.11 - - [26/Jun/2026:22:47:51 +0700] "GET /vendor/laravel/prompts/src/Exceptions/?ND HTTP/2" 200 701 "https://diapersky.el-vanda.com/vendor/laravel/prompts/src/Exceptions/" "Mozilla/5.0 AppleWebKit/537.36 (KHTML, like Gecko; compatible; GPTBot/1.4; +https://openai.com/gptbot)"
74.7.227.147 - - [26/Jun/2026:22:48:07 +0700] "GET /storage/framework/views/423009566007eb478be65725530785a7.php HTTP/2" 200 50 "https://www.diapersky.el-vanda.com/storage/framework/views/" "Mozilla/5.0 AppleWebKit/537.36 (KHTML, like Gecko; compatible; GPTBot/1.4; +https://openai.com/gptbot)"
74.7.227.11 - - [26/Jun/2026:22:48:18 +0700] "GET /vendor/symfony/mailer/Test/Constraint/?SA HTTP/2" 200 735 "https://diapersky.el-vanda.com/vendor/symfony/mailer/Test/Constraint/" "Mozilla/5.0 AppleWebKit/537.36 (KHTML, like Gecko; compatible; GPTBot/1.4; +https://openai.com/gptbot)"
